Results for 10.0.0 20191114 (experimental) [trunk revision 278265] (GCC) testsuite on i686-apple-darwin9
Iain Sandoe
iains.gcc@gmail.com
Fri Nov 15 21:07:00 GMT 2019
LAST_UPDATED: Thu Nov 14 21:58:11 UTC 2019 (revision 278265)
=== acats tests ===
FAIL: c392a01
=== acats Summary ===
# of expected passes 2319
# of unexpected failures 1
Native configuration is i686-apple-darwin9
=== g++ tests ===
Running target unix/-m32
WARNING: c-c++-common/Wstringop-truncation.c -std=gnu++98 (test for
warnings, line 59) program timed out.
WARNING: c-c++-common/Wunused-var-9.c -std=gnu++14 (test for warnings,
line 29) program timed out.
WARNING: g++.dg/cpp0x/decltype40.C -std=c++2a (test for excess errors)
program timed out.
FAIL: g++.dg/cpp0x/decltype40.C -std=c++2a (test for excess errors)
WARNING: g++.dg/cpp0x/ref-qual1.C -std=c++2a (test for excess errors)
program timed out.
FAIL: g++.dg/cpp0x/ref-qual1.C -std=c++2a (test for excess errors)
WARNING: g++.dg/cpp1y/constexpr-tracking-const16.C -std=c++14 (test for
errors, line 17) program timed out.
WARNING: g++.dg/cpp1y/pr57644.C -std=c++17 (test for excess errors)
program timed out.
FAIL: g++.dg/cpp1y/pr57644.C -std=c++17 (test for excess errors)
WARNING: g++.dg/cpp1z/inh-ctor24.C -std=gnu++2a (test for errors, line
24) program timed out.
WARNING: g++.dg/ext/label11.C -std=gnu++14 (test for errors, line 19)
program timed out.
FAIL: g++.dg/ext/pr84828.C -std=gnu++14 (internal compiler error)
FAIL: g++.dg/ext/pr84828.C -std=gnu++14 (test for excess errors)
FAIL: g++.dg/ext/pr84828.C -std=gnu++17 (internal compiler error)
FAIL: g++.dg/ext/pr84828.C -std=gnu++17 (test for excess errors)
FAIL: g++.dg/ext/pr84828.C -std=gnu++2a (internal compiler error)
FAIL: g++.dg/ext/pr84828.C -std=gnu++2a (test for excess errors)
FAIL: g++.dg/ext/pr84828.C -std=gnu++98 (internal compiler error)
FAIL: g++.dg/ext/pr84828.C -std=gnu++98 (test for excess errors)
XPASS: g++.dg/ext/sync-4.C -std=gnu++14 execution test
XPASS: g++.dg/ext/sync-4.C -std=gnu++17 execution test
XPASS: g++.dg/ext/sync-4.C -std=gnu++2a execution test
XPASS: g++.dg/ext/sync-4.C -std=gnu++98 execution test
FAIL: g++.dg/ipa/pr61160-1.C -std=gnu++14 (internal compiler error)
FAIL: g++.dg/ipa/pr61160-1.C -std=gnu++14 (test for excess errors)
FAIL: g++.dg/ipa/pr61160-1.C -std=gnu++17 (internal compiler error)
FAIL: g++.dg/ipa/pr61160-1.C -std=gnu++17 (test for excess errors)
FAIL: g++.dg/ipa/pr61160-1.C -std=gnu++2a (internal compiler error)
FAIL: g++.dg/ipa/pr61160-1.C -std=gnu++2a (test for excess errors)
FAIL: g++.dg/ipa/pr61160-1.C -std=gnu++98 (internal compiler error)
FAIL: g++.dg/ipa/pr61160-1.C -std=gnu++98 (test for excess errors)
FAIL: g++.dg/ipa/pr61160-2.C -std=gnu++14 (internal compiler error)
FAIL: g++.dg/ipa/pr61160-2.C -std=gnu++14 (test for excess errors)
UNRESOLVED: g++.dg/ipa/pr61160-2.C -std=gnu++14 compilation failed to
produce executable
FAIL: g++.dg/ipa/pr61160-2.C -std=gnu++17 (internal compiler error)
FAIL: g++.dg/ipa/pr61160-2.C -std=gnu++17 (test for excess errors)
UNRESOLVED: g++.dg/ipa/pr61160-2.C -std=gnu++17 compilation failed to
produce executable
FAIL: g++.dg/ipa/pr61160-2.C -std=gnu++2a (internal compiler error)
FAIL: g++.dg/ipa/pr61160-2.C -std=gnu++2a (test for excess errors)
UNRESOLVED: g++.dg/ipa/pr61160-2.C -std=gnu++2a compilation failed to
produce executable
FAIL: g++.dg/ipa/pr61160-2.C -std=gnu++98 (internal compiler error)
FAIL: g++.dg/ipa/pr61160-2.C -std=gnu++98 (test for excess errors)
UNRESOLVED: g++.dg/ipa/pr61160-2.C -std=gnu++98 compilation failed to
produce executable
FAIL: g++.dg/ipa/pr61160-3.C -std=gnu++14 (internal compiler error)
FAIL: g++.dg/ipa/pr61160-3.C -std=gnu++14 (test for excess errors)
UNRESOLVED: g++.dg/ipa/pr61160-3.C -std=gnu++14 compilation failed to
produce executable
FAIL: g++.dg/ipa/pr61160-3.C -std=gnu++17 (internal compiler error)
FAIL: g++.dg/ipa/pr61160-3.C -std=gnu++17 (test for excess errors)
UNRESOLVED: g++.dg/ipa/pr61160-3.C -std=gnu++17 compilation failed to
produce executable
FAIL: g++.dg/ipa/pr61160-3.C -std=gnu++2a (internal compiler error)
FAIL: g++.dg/ipa/pr61160-3.C -std=gnu++2a (test for excess errors)
UNRESOLVED: g++.dg/ipa/pr61160-3.C -std=gnu++2a compilation failed to
produce executable
FAIL: g++.dg/ipa/pr61160-3.C -std=gnu++98 (internal compiler error)
FAIL: g++.dg/ipa/pr61160-3.C -std=gnu++98 (test for excess errors)
UNRESOLVED: g++.dg/ipa/pr61160-3.C -std=gnu++98 compilation failed to
produce executable
FAIL: g++.dg/ipa/pr61654.C -std=gnu++14 (internal compiler error)
FAIL: g++.dg/ipa/pr61654.C -std=gnu++14 (test for excess errors)
FAIL: g++.dg/ipa/pr61654.C -std=gnu++17 (internal compiler error)
FAIL: g++.dg/ipa/pr61654.C -std=gnu++17 (test for excess errors)
FAIL: g++.dg/ipa/pr61654.C -std=gnu++2a (internal compiler error)
FAIL: g++.dg/ipa/pr61654.C -std=gnu++2a (test for excess errors)
FAIL: g++.dg/ipa/pr61654.C -std=gnu++98 (internal compiler error)
FAIL: g++.dg/ipa/pr61654.C -std=gnu++98 (test for excess errors)
FAIL: g++.dg/ipa/pr63814.C -std=gnu++14 (internal compiler error)
FAIL: g++.dg/ipa/pr63814.C -std=gnu++14 (test for excess errors)
UNRESOLVED: g++.dg/ipa/pr63814.C -std=gnu++14 compilation failed to
produce executable
FAIL: g++.dg/ipa/pr63814.C -std=gnu++17 (internal compiler error)
FAIL: g++.dg/ipa/pr63814.C -std=gnu++17 (test for excess errors)
UNRESOLVED: g++.dg/ipa/pr63814.C -std=gnu++17 compilation failed to
produce executable
FAIL: g++.dg/ipa/pr63814.C -std=gnu++2a (internal compiler error)
FAIL: g++.dg/ipa/pr63814.C -std=gnu++2a (test for excess errors)
UNRESOLVED: g++.dg/ipa/pr63814.C -std=gnu++2a compilation failed to
produce executable
FAIL: g++.dg/ipa/pr63814.C -std=gnu++98 (internal compiler error)
FAIL: g++.dg/ipa/pr63814.C -std=gnu++98 (test for excess errors)
UNRESOLVED: g++.dg/ipa/pr63814.C -std=gnu++98 compilation failed to
produce executable
FAIL: g++.dg/ipa/pr66616.C -std=gnu++14 (internal compiler error)
FAIL: g++.dg/ipa/pr66616.C -std=gnu++14 (test for excess errors)
UNRESOLVED: g++.dg/ipa/pr66616.C -std=gnu++14 compilation failed to
produce executable
FAIL: g++.dg/ipa/pr66616.C -std=gnu++17 (internal compiler error)
FAIL: g++.dg/ipa/pr66616.C -std=gnu++17 (test for excess errors)
UNRESOLVED: g++.dg/ipa/pr66616.C -std=gnu++17 compilation failed to
produce executable
FAIL: g++.dg/ipa/pr66616.C -std=gnu++2a (internal compiler error)
FAIL: g++.dg/ipa/pr66616.C -std=gnu++2a (test for excess errors)
UNRESOLVED: g++.dg/ipa/pr66616.C -std=gnu++2a compilation failed to
produce executable
FAIL: g++.dg/ipa/pr66616.C -std=gnu++98 (internal compiler error)
FAIL: g++.dg/ipa/pr66616.C -std=gnu++98 (test for excess errors)
UNRESOLVED: g++.dg/ipa/pr66616.C -std=gnu++98 compilation failed to
produce executable
FAIL: g++.dg/ipa/pr67056.C scan-ipa-dump cp "Speculative outer
type:struct CompositeClass"
FAIL: g++.dg/other/pr87916.C -std=gnu++14 (internal compiler error)
FAIL: g++.dg/other/pr87916.C -std=gnu++14 (test for excess errors)
FAIL: g++.dg/other/pr87916.C -std=gnu++17 (internal compiler error)
FAIL: g++.dg/other/pr87916.C -std=gnu++17 (test for excess errors)
FAIL: g++.dg/other/pr87916.C -std=gnu++2a (internal compiler error)
FAIL: g++.dg/other/pr87916.C -std=gnu++2a (test for excess errors)
FAIL: g++.dg/other/pr87916.C -std=gnu++98 (internal compiler error)
FAIL: g++.dg/other/pr87916.C -std=gnu++98 (test for excess errors)
WARNING: g++.dg/other/return1.C -std=c++98 (test for errors, line 10)
program timed out.
WARNING: g++.dg/parse/args1.C -std=c++17 (test for errors, line 11)
program timed out.
WARNING: g++.dg/parse/defarg4.C -std=gnu++14 (test for excess errors)
program timed out.
FAIL: g++.dg/parse/defarg4.C -std=gnu++14 (test for excess errors)
WARNING: g++.dg/parse/error27.C -std=gnu++2a (test for warnings, line 4)
program timed out.
WARNING: g++.dg/parse/error58.C -std=gnu++14 (test for errors, line 7)
program timed out.
FAIL: g++.dg/pr80481.C -std=gnu++14 scan-assembler-not vmovaps
FAIL: g++.dg/pr80481.C -std=gnu++17 scan-assembler-not vmovaps
FAIL: g++.dg/pr80481.C -std=gnu++2a scan-assembler-not vmovaps
FAIL: g++.dg/pr80481.C -std=gnu++98 scan-assembler-not vmovaps
FAIL: g++.dg/gomp/pr88182.C -std=gnu++14 (test for excess errors)
UNRESOLVED: g++.dg/gomp/pr88182.C -std=gnu++14 compilation failed to
produce executable
FAIL: g++.dg/gomp/pr88182.C -std=gnu++17 (test for excess errors)
UNRESOLVED: g++.dg/gomp/pr88182.C -std=gnu++17 compilation failed to
produce executable
FAIL: g++.dg/gomp/pr88182.C -std=gnu++2a (test for excess errors)
UNRESOLVED: g++.dg/gomp/pr88182.C -std=gnu++2a compilation failed to
produce executable
FAIL: g++.dg/gomp/pr88182.C -std=gnu++98 (test for excess errors)
UNRESOLVED: g++.dg/gomp/pr88182.C -std=gnu++98 compilation failed to
produce executable
FAIL: g++.dg/lto/pr65276 cp_lto_pr65276_0.o-cp_lto_pr65276_1.o link, -flto
-O0 -std=c++11
FAIL: g++.dg/lto/pr89335 cp_lto_pr89335_0.o assemble, -O2 -flto
-Wsuggest-final-methods
FAIL: g++.dg/tls/thread_local-order2.C -std=c++14 execution test
FAIL: g++.dg/tls/thread_local-order2.C -std=c++17 execution test
FAIL: g++.dg/tls/thread_local-order2.C -std=c++2a execution test
WARNING: g++.dg/torture/pr42760.C -O1 (test for excess errors) program
timed out.
FAIL: g++.dg/torture/pr42760.C -O1 (test for excess errors)
WARNING: g++.old-deja/g++.ns/crash2.C -std=c++98 (test for errors, line
11) program timed out.
FAIL: g++.old-deja/g++.ns/crash2.C -std=c++98 (test for excess errors)
WARNING: g++.old-deja/g++.pt/friend17.C -std=c++17 (test for excess
errors) program timed out.
FAIL: g++.old-deja/g++.pt/friend17.C -std=c++17 (test for excess errors)
=== g++ Summary for unix/-m32 ===
# of expected passes 172144
# of unexpected failures 85
# of unexpected successes 4
# of expected failures 734
# of unresolved testcases 20
# of unsupported tests 7102
Running target unix/-m64
WARNING: g++.dg/Wmissing-attributes-1.C -std=gnu++14 (test for warnings,
line 21) program timed out.
WARNING: g++.dg/cpp0x/constexpr-array-ptr4.C -std=c++17 (test for excess
errors) program timed out.
FAIL: g++.dg/cpp0x/constexpr-array-ptr4.C -std=c++17 (test for excess
errors)
WARNING: g++.dg/cpp0x/ref-qual18.C -std=c++17 (test for excess errors)
program timed out.
FAIL: g++.dg/cpp0x/ref-qual18.C -std=c++17 (test for excess errors)
WARNING: g++.dg/cpp0x/rv8p.C -std=c++14 (test for excess errors) program
timed out.
FAIL: g++.dg/cpp0x/rv8p.C -std=c++14 (test for excess errors)
WARNING: g++.dg/cpp0x/temp_default2.C -std=c++14 (test for warnings, line
4) program timed out.
WARNING: g++.dg/cpp1y/constexpr-sfinae.C -std=c++17 (test for excess
errors) program timed out.
FAIL: g++.dg/cpp1y/constexpr-sfinae.C -std=c++17 (test for excess errors)
WARNING: g++.dg/cpp1z/inh-ctor31.C -std=c++14 (test for excess errors)
program timed out.
FAIL: g++.dg/cpp1z/inh-ctor31.C -std=c++14 (test for excess errors)
FAIL: g++.dg/eh/weak1.C -std=gnu++14 execution test
FAIL: g++.dg/eh/weak1.C -std=gnu++17 execution test
FAIL: g++.dg/eh/weak1.C -std=gnu++2a execution test
FAIL: g++.dg/eh/weak1.C -std=gnu++98 execution test
XPASS: g++.dg/ext/sync-4.C -std=gnu++14 execution test
XPASS: g++.dg/ext/sync-4.C -std=gnu++17 execution test
XPASS: g++.dg/ext/sync-4.C -std=gnu++2a execution test
XPASS: g++.dg/ext/sync-4.C -std=gnu++98 execution test
FAIL: g++.dg/ipa/pr67056.C scan-ipa-dump cp "Speculative outer
type:struct CompositeClass"
WARNING: g++.dg/lookup/builtin1.C -std=c++14 (test for excess errors)
program timed out.
FAIL: g++.dg/lookup/builtin1.C -std=c++14 (test for excess errors)
WARNING: g++.dg/opt/cleanup1.C -std=gnu++17 (test for excess errors)
program timed out.
FAIL: g++.dg/opt/cleanup1.C -std=gnu++17 (test for excess errors)
WARNING: g++.dg/other/ptrmem7.C -std=c++17 (test for errors, line 4)
program timed out.
WARNING: g++.dg/parse/crash69.C -std=c++98 (test for errors, line 4)
program timed out.
WARNING: g++.dg/parse/ptrmem2.C -std=c++98 (test for errors, line 11)
program timed out.
WARNING: g++.dg/parse/struct-5.C -std=c++98 (test for errors, line 3)
program timed out.
FAIL: g++.dg/pr80481.C -std=gnu++14 scan-assembler-not vmovaps
FAIL: g++.dg/pr80481.C -std=gnu++17 scan-assembler-not vmovaps
FAIL: g++.dg/pr80481.C -std=gnu++2a scan-assembler-not vmovaps
FAIL: g++.dg/pr80481.C -std=gnu++98 scan-assembler-not vmovaps
WARNING: g++.dg/template/typedef6.C -std=c++17 (test for errors, line 5)
program timed out.
FAIL: g++.dg/tree-ssa/pr90883.C scan-tree-dump dse2 "Deleted redundant
store: .*.a = {}"
FAIL: g++.dg/gomp/pr88182.C -std=gnu++14 (test for excess errors)
UNRESOLVED: g++.dg/gomp/pr88182.C -std=gnu++14 compilation failed to
produce executable
FAIL: g++.dg/gomp/pr88182.C -std=gnu++17 (test for excess errors)
UNRESOLVED: g++.dg/gomp/pr88182.C -std=gnu++17 compilation failed to
produce executable
FAIL: g++.dg/gomp/pr88182.C -std=gnu++2a (test for excess errors)
UNRESOLVED: g++.dg/gomp/pr88182.C -std=gnu++2a compilation failed to
produce executable
FAIL: g++.dg/gomp/pr88182.C -std=gnu++98 (test for excess errors)
UNRESOLVED: g++.dg/gomp/pr88182.C -std=gnu++98 compilation failed to
produce executable
FAIL: g++.dg/lto/devirt-19 cp_lto_devirt-19_0.o-cp_lto_devirt-19_0.o link,
-O2 -fdump-ipa-cp -fipa-cp-clone -Wno-return-type -flto -r -nostdlib
FAIL: g++.dg/lto/pr65276 cp_lto_pr65276_0.o-cp_lto_pr65276_1.o link, -flto
-O0 -std=c++11
FAIL: g++.dg/lto/pr89335 cp_lto_pr89335_0.o assemble, -O2 -flto
-Wsuggest-final-methods
FAIL: g++.dg/tls/thread_local-order2.C -std=c++14 execution test
FAIL: g++.dg/tls/thread_local-order2.C -std=c++17 execution test
FAIL: g++.dg/tls/thread_local-order2.C -std=c++2a execution test
WARNING: g++.old-deja/g++.ext/array3.C -std=gnu++14 (test for excess
errors) program timed out.
FAIL: g++.old-deja/g++.ext/array3.C -std=gnu++14 (test for excess errors)
WARNING: g++.old-deja/g++.mike/misc13.C -std=c++2a (test for excess
errors) program timed out.
FAIL: g++.old-deja/g++.mike/misc13.C -std=c++2a (test for excess errors)
WARNING: g++.old-deja/g++.mike/ns15.C -std=c++98 (test for excess errors)
program timed out.
FAIL: g++.old-deja/g++.mike/ns15.C -std=c++98 (test for excess errors)
WARNING: g++.old-deja/g++.other/loop2.C -std=gnu++17 (test for excess
errors) program timed out.
FAIL: g++.old-deja/g++.other/loop2.C -std=gnu++17 (test for excess errors)
WARNING: g++.old-deja/g++.other/redecl2.C -std=c++2a (test for warnings,
line 4) program timed out.
=== g++ Summary for unix/-m64 ===
# of expected passes 174299
# of unexpected failures 31
# of unexpected successes 4
# of expected failures 738
# of unresolved testcases 4
# of unsupported tests 7302
=== g++ Summary ===
# of expected passes 346443
# of unexpected failures 116
# of unexpected successes 8
# of expected failures 1472
# of unresolved testcases 24
# of unsupported tests 14404
/Volumes/Work/10-5-leo/gcc-trunk-wip/gcc/testsuite/g++/../../xg++ version
10.0.0 20191114 (experimental) [trunk revision 278265] (GCC)
=== gcc tests ===
Running target unix/-m32
WARNING: gcc.c-torture/compile/920808-1.c -O1 (test for excess errors)
program timed out.
FAIL: gcc.c-torture/compile/920808-1.c -O1 (test for excess errors)
WARNING: gcc.c-torture/compile/andmem.c -O3 -g (test for excess errors)
program timed out.
FAIL: gcc.c-torture/compile/andmem.c -O3 -g (test for excess errors)
WARNING: gcc.c-torture/compile/pr32399.c -O2 -flto (test for excess
errors) program timed out.
FAIL: gcc.c-torture/compile/pr32399.c -O2 -flto (test for excess errors)
WARNING: gcc.c-torture/compile/pr41016.c -O3 -fomit-frame-pointer
-funroll-loops -fpeel-loops -ftracer -finline-functions (test for excess
errors) program timed out.
FAIL: gcc.c-torture/compile/pr41016.c -O3 -fomit-frame-pointer
-funroll-loops -fpeel-loops -ftracer -finline-functions (test for excess
errors)
WARNING: gcc.c-torture/compile/pr46832.c -O2 -flto (test for excess
errors) program timed out.
FAIL: gcc.c-torture/compile/pr46832.c -O2 -flto (test for excess errors)
WARNING: gcc.c-torture/execute/920411-1.c -O2 -flto (test for excess
errors) program timed out.
FAIL: gcc.c-torture/execute/920411-1.c -O2 -flto (test for excess errors)
WARNING: gcc.c-torture/execute/pr57344-2.c -O2 -flto
-flto-partition=none (test for excess errors) program timed out.
FAIL: gcc.c-torture/execute/pr57344-2.c -O2 -flto -flto-partition=none
(test for excess errors)
WARNING: gcc.c-torture/execute/pr82388.c -O2 -flto (test for excess
errors) program timed out.
FAIL: gcc.c-torture/execute/pr82388.c -O2 -flto (test for excess errors)
WARNING: gcc.dg/debug/const-2.c -gdwarf-2 -g3 (test for excess errors)
program timed out.
FAIL: gcc.dg/debug/const-2.c -gdwarf-2 -g3 (test for excess errors)
WARNING: gcc.dg/debug/dwarf2-2.c -gdwarf-2 -O (test for excess errors)
program timed out.
FAIL: gcc.dg/debug/dwarf2-2.c -gdwarf-2 -O (test for excess errors)
WARNING: gcc.dg/debug/pr65771.c -gdwarf-2 -g3 -O3 (test for excess errors)
program timed out.
FAIL: gcc.dg/debug/pr65771.c -gdwarf-2 -g3 -O3 (test for excess errors)
FAIL: gcc.dg/debug/dwarf2/inline4.c scan-assembler
DW_TAG_inlined_subroutine[^\\\\(]*\\\\([^\\\\)]*\\\\)[^\\\\(]*\\\\(DIE
\\\\(0x[0-9a-f]*\\\\) DW_TAG_formal_parameter[^\\\\(]*\\\\(DIE
\\\\(0x[0-9a-f]*\\\\) DW_TAG_variable
FAIL: gcc.dg/debug/dwarf2/inline5.c scan-assembler-not \\\\(DIE
\\\\(0x([0-9a-f]*)\\\\)
DW_TAG_lexical_block\\\\)[^#/!@;\\\\|]*[#/!@;\\\\|]+
+[^(].*DW_TAG_lexical_block\\\\)[^#/!@;\\\\|x]*x\\\\1[^#/!@;\\\\|]*[#/!@;\\\\|]
+DW_AT_abstract_origin
FAIL: gcc.dg/gnu2x-attrs-1.c (test for excess errors)
FAIL: gcc.dg/pr68766.c (internal compiler error)
FAIL: gcc.dg/pr68766.c (test for excess errors)
FAIL: gcc.dg/stack-layout-dynamic-1.c (test for excess errors)
UNRESOLVED: gcc.dg/stack-layout-dynamic-1.c scan-assembler-not
cfi_def_cfa_register
FAIL: c-c++-common/goacc/firstprivate-mappings-1.c scan-tree-dump omplower
"(?n)#pragma omp target oacc_parallel map\\\\(from:array_so \\\\[len:
4\\\\]\\\\) firstprivate\\\\(array_li.[0-9]+\\\\)
map\\\\(tofrom:\\\\(\\\\*array.[0-9]+\\\\) \\\\[len: D\\\\.[0-9]+\\\\]\\\\)
map\\\\(firstprivate:array \\\\[pointer assign, bias: 0\\\\]\\\\) \\\\["
UNRESOLVED: gcc.dg/ipa/inline-9.c scan-tree-dump inline "Inlined 1 calls"
FAIL: gcc.dg/ipa/ipa-icf-38.c scan-ltrans-tree-dump-not optimized "Function
bar"
FAIL: gcc.dg/torture/builtin-self.c -O0 scan-assembler-not \\tcall
WARNING: gcc.dg/torture/pr87280.c -O3 -g (test for excess errors)
program timed out.
FAIL: gcc.dg/torture/pr87280.c -O3 -g (test for excess errors)
WARNING: gcc.dg/tree-ssa/ifc-pr56541.c (test for excess errors) program
timed out.
FAIL: gcc.dg/tree-ssa/ifc-pr56541.c (test for excess errors)
WARNING: gcc.dg/tree-ssa/ssa-dom-thread-9.c (test for excess errors)
program timed out.
FAIL: gcc.dg/tree-ssa/ssa-dom-thread-9.c (test for excess errors)
FAIL: gcc.dg/vect/vect-epilogues.c -flto -ffat-lto-objects scan-tree-dump
vect "LOOP EPILOGUE VECTORIZED"
FAIL: gcc.dg/vect/vect-epilogues.c scan-tree-dump vect "LOOP EPILOGUE
VECTORIZED"
XPASS: gcc.dg/vect/vect-reduc-in-order-1.c -flto -ffat-lto-objects
execution test
XPASS: gcc.dg/vect/vect-reduc-in-order-1.c execution test
XPASS: gcc.dg/vect/vect-reduc-in-order-2.c -flto -ffat-lto-objects
execution test
XPASS: gcc.dg/vect/vect-reduc-in-order-2.c execution test
XPASS: gcc.dg/vect/vect-reduc-in-order-3.c -flto -ffat-lto-objects
execution test
XPASS: gcc.dg/vect/vect-reduc-in-order-3.c execution test
XPASS: gcc.dg/vect/vect-reduc-in-order-4.c -flto -ffat-lto-objects
execution test
XPASS: gcc.dg/vect/vect-reduc-in-order-4.c execution test
WARNING: gcc.dg/vect/vect-reduc-sad-7.c (test for excess errors) program
timed out.
FAIL: gcc.dg/vect/vect-reduc-sad-7.c (test for excess errors)
FAIL: gcc.target/i386/pad-3.c scan-assembler-not nop
FAIL: gcc.target/i386/pr15184-1.c scan-assembler-times movb[ \\\\t]+%al 4
FAIL: gcc.target/i386/pr15184-2.c scan-assembler-times movb[ \\\\t]+%al 2
WARNING: gcc.target/i386/pr26778.c (test for excess errors) program timed
out.
FAIL: gcc.target/i386/pr26778.c (test for excess errors)
FAIL: gcc.target/i386/pr36502.c scan-assembler-not esp
FAIL: gcc.target/i386/pr54855-3.c scan-assembler-not movsd
FAIL: gcc.target/i386/pr54855-7.c scan-assembler-not movss
FAIL: gcc.target/i386/pr57193.c scan-assembler-times movdqa 2
FAIL: gcc.target/i386/pr66334.c scan-assembler movl[ \\\\t].+, %ebx
FAIL: gcc.target/i386/pr71245-1.c scan-assembler-not (fistp|fild)
FAIL: gcc.target/i386/pr71245-2.c scan-assembler-not movlps
FAIL: gcc.target/i386/pr78035.c scan-assembler-times cmp 2
FAIL: gcc.target/i386/pr81736-5.c scan-assembler-not %[re]bp
FAIL: gcc.target/i386/pr84278.c scan-assembler-not \\\\(%.sp\\\\)
FAIL: gcc.target/i386/pr85667-6.c scan-assembler-times flds[^\\n\\r]* 1
FAIL: gcc.target/i386/pr88414.c (internal compiler error)
FAIL: gcc.target/i386/pr88414.c (test for excess errors)
=== gcc Summary for unix/-m32 ===
# of expected passes 129529
# of unexpected failures 43
# of unexpected successes 8
# of expected failures 550
# of unresolved testcases 2
# of unsupported tests 4785
Running target unix/-m64
WARNING: gcc.c-torture/compile/complex-4.c -O2 -flto
-flto-partition=none (test for excess errors) program timed out.
FAIL: gcc.c-torture/compile/complex-4.c -O2 -flto -flto-partition=none
(test for excess errors)
WARNING: gcc.c-torture/compile/flatten.c -O2 -flto -flto-partition=none
(test for excess errors) program timed out.
FAIL: gcc.c-torture/compile/flatten.c -O2 -flto -flto-partition=none
(test for excess errors)
WARNING: gcc.c-torture/compile/pr17397.c -O2 (test for excess errors)
program timed out.
FAIL: gcc.c-torture/compile/pr17397.c -O2 (test for excess errors)
WARNING: gcc.c-torture/compile/pr54103-3.c -Os (test for excess errors)
program timed out.
FAIL: gcc.c-torture/compile/pr54103-3.c -Os (test for excess errors)
WARNING: gcc.c-torture/compile/sym.c -O1 (test for excess errors)
program timed out.
FAIL: gcc.c-torture/compile/sym.c -O1 (test for excess errors)
WARNING: gcc.c-torture/execute/990811-1.c -O3 -fomit-frame-pointer
-funroll-loops -fpeel-loops -ftracer -finline-functions (test for excess
errors) program timed out.
FAIL: gcc.c-torture/execute/990811-1.c -O3 -fomit-frame-pointer
-funroll-loops -fpeel-loops -ftracer -finline-functions (test for excess
errors)
WARNING: gcc.c-torture/execute/ieee/hugeval.c compilation, -O2 -flto
program timed out.
FAIL: gcc.c-torture/execute/ieee/hugeval.c compilation, -O2 -flto
UNRESOLVED: gcc.c-torture/execute/ieee/hugeval.c execution, -O2 -flto
FAIL: gcc.dg/atomic/c11-atomic-exec-5.c -O0 execution test
FAIL: gcc.dg/atomic/c11-atomic-exec-5.c -O1 execution test
FAIL: gcc.dg/atomic/c11-atomic-exec-5.c -O2 execution test
FAIL: gcc.dg/atomic/c11-atomic-exec-5.c -O2 -flto execution test
FAIL: gcc.dg/atomic/c11-atomic-exec-5.c -O2 -flto -flto-partition=none
execution test
FAIL: gcc.dg/atomic/c11-atomic-exec-5.c -O3 -fomit-frame-pointer
-funroll-loops -fpeel-loops -ftracer -finline-functions execution test
FAIL: gcc.dg/atomic/c11-atomic-exec-5.c -O3 -g execution test
FAIL: gcc.dg/atomic/c11-atomic-exec-5.c -Os execution test
WARNING: gcc.dg/cpp/maccom2.c (test for excess errors) program timed out.
FAIL: gcc.dg/cpp/maccom2.c (test for excess errors)
WARNING: gcc.dg/debug/redecl-3.c -gdwarf-2 -g1 (test for excess errors)
program timed out.
FAIL: gcc.dg/debug/redecl-3.c -gdwarf-2 -g1 (test for excess errors)
FAIL: gcc.dg/debug/dwarf2/inline4.c scan-assembler
DW_TAG_inlined_subroutine[^\\\\(]*\\\\([^\\\\)]*\\\\)[^\\\\(]*\\\\(DIE
\\\\(0x[0-9a-f]*\\\\) DW_TAG_formal_parameter[^\\\\(]*\\\\(DIE
\\\\(0x[0-9a-f]*\\\\) DW_TAG_variable
FAIL: gcc.dg/debug/dwarf2/inline5.c scan-assembler-not \\\\(DIE
\\\\(0x([0-9a-f]*)\\\\)
DW_TAG_lexical_block\\\\)[^#/!@;\\\\|]*[#/!@;\\\\|]+
+[^(].*DW_TAG_lexical_block\\\\)[^#/!@;\\\\|x]*x\\\\1[^#/!@;\\\\|]*[#/!@;\\\\|]
+DW_AT_abstract_origin
FAIL: gcc.dg/attr-weakref-1.c execution test
FAIL: gcc.dg/gnu2x-attrs-1.c (test for excess errors)
WARNING: gcc.dg/nested-redef-1.c (test for errors, line 7) program timed
out.
FAIL: gcc.dg/pr68766.c (internal compiler error)
FAIL: gcc.dg/pr68766.c (test for excess errors)
FAIL: gcc.dg/stack-layout-dynamic-1.c (test for excess errors)
UNRESOLVED: gcc.dg/stack-layout-dynamic-1.c scan-assembler-not
cfi_def_cfa_register
FAIL: gcc.dg/strlenopt-82.c scan-tree-dump-times optimized
"call_in_true_branch_not_eliminated_" 0
UNRESOLVED: gcc.dg/ipa/inline-9.c scan-tree-dump inline "Inlined 1 calls"
FAIL: gcc.dg/ipa/ipa-icf-38.c scan-ltrans-tree-dump-not optimized "Function
bar"
FAIL: gcc.dg/rtl/x86_64/final.c (internal compiler error)
FAIL: gcc.dg/rtl/x86_64/final.c (test for excess errors)
UNRESOLVED: gcc.dg/rtl/x86_64/final.c scan-assembler .cfi_endproc
UNRESOLVED: gcc.dg/rtl/x86_64/final.c scan-assembler .cfi_startproc
UNRESOLVED: gcc.dg/rtl/x86_64/final.c scan-assembler ret
UNRESOLVED: gcc.dg/rtl/x86_64/final.c scan-assembler test_1:
WARNING: gcc.dg/torture/pr58626.c -O3 -fomit-frame-pointer -funroll-loops
-fpeel-loops -ftracer -finline-functions (test for excess errors) program
timed out.
FAIL: gcc.dg/torture/pr58626.c -O3 -fomit-frame-pointer -funroll-loops
-fpeel-loops -ftracer -finline-functions (test for excess errors)
WARNING: gcc.dg/torture/pr59047.c -O3 -g (test for excess errors)
program timed out.
FAIL: gcc.dg/torture/pr59047.c -O3 -g (test for excess errors)
WARNING: gcc.dg/torture/pr68951.c -O2 (test for excess errors) program
timed out.
FAIL: gcc.dg/torture/pr68951.c -O2 (test for excess errors)
WARNING: gcc.dg/torture/pr68963.c -O3 -fomit-frame-pointer -funroll-loops
-fpeel-loops -ftracer -finline-functions (test for excess errors) program
timed out.
FAIL: gcc.dg/torture/pr68963.c -O3 -fomit-frame-pointer -funroll-loops
-fpeel-loops -ftracer -finline-functions (test for excess errors)
WARNING: gcc.dg/torture/tls/tls-reload-1.c -O2 -flto
-flto-partition=none (test for excess errors) program timed out.
FAIL: gcc.dg/torture/tls/tls-reload-1.c -O2 -flto -flto-partition=none
(test for excess errors)
XPASS: gcc.dg/tree-ssa/builtin-snprintf-6.c scan-tree-dump-times optimized
"Function test_assign_aggregate" 1
XPASS: gcc.dg/tree-ssa/pr91091-2.c scan-tree-dump-times fre1 " = [^;]*x;" 1
XPASS: gcc.dg/tree-ssa/pr91091-2.c scan-tree-dump-times fre1 "x = " 1
XPASS: gcc.dg/tree-ssa/ssa-fre-77.c scan-tree-dump fre1 "return 1;"
WARNING: gcc.target/i386/avx2-i32gatherq-1.c (test for excess errors)
program timed out.
FAIL: gcc.target/i386/avx2-i32gatherq-1.c (test for excess errors)
FAIL: gcc.target/i386/pr57193.c scan-assembler-times movdqa 2
FAIL: gcc.target/i386/pr78035.c scan-assembler-times cmp 2
WARNING: gcc.target/i386/pr85323-3.c (test for excess errors) program timed
out.
FAIL: gcc.target/i386/pr85323-3.c (test for excess errors)
FAIL: gcc.target/i386/stackalign/pr88483-1.c -mno-stackrealign
scan-assembler-not and[lq]?[^\\\\n]*-[0-9]+,[^\\\\n]*sp
FAIL: gcc.target/i386/stackalign/pr88483-1.c -mstackrealign
scan-assembler-not and[lq]?[^\\\\n]*-[0-9]+,[^\\\\n]*sp
FAIL: gcc.target/i386/stackalign/pr88483-2.c -mno-stackrealign
scan-assembler-not (sub|add)(l|q)[\\\\t ]*\\\\\$[0-9]*,[\\\\t ]*%[re]?sp
FAIL: gcc.target/i386/stackalign/pr88483-2.c -mno-stackrealign
scan-assembler-not and[lq]?[^\\\\n]*-[0-9]+,[^\\\\n]*sp
FAIL: gcc.target/i386/stackalign/pr88483-2.c -mstackrealign
scan-assembler-not (sub|add)(l|q)[\\\\t ]*\\\\\$[0-9]*,[\\\\t ]*%[re]?sp
FAIL: gcc.target/i386/stackalign/pr88483-2.c -mstackrealign
scan-assembler-not and[lq]?[^\\\\n]*-[0-9]+,[^\\\\n]*sp
=== gcc Summary for unix/-m64 ===
# of expected passes 131364
# of unexpected failures 43
# of unexpected successes 4
# of expected failures 552
# of unresolved testcases 7
# of unsupported tests 4632
=== gcc Summary ===
# of expected passes 260893
# of unexpected failures 86
# of unexpected successes 12
# of expected failures 1102
# of unresolved testcases 9
# of unsupported tests 9417
/Volumes/Work/10-5-leo/gcc-trunk-wip/gcc/xgcc version 10.0.0 20191114
(experimental) [trunk revision 278265] (GCC)
=== gfortran tests ===
Running target unix/-m32
WARNING: gfortran.dg/byte_2.f90 -Os (test for excess errors) program
timed out.
FAIL: gfortran.dg/byte_2.f90 -Os (test for excess errors)
WARNING: gfortran.dg/fmt_fw_d.f90 -O0 (test for excess errors) program
timed out.
FAIL: gfortran.dg/fmt_fw_d.f90 -O0 (test for excess errors)
WARNING: gfortran.dg/fmt_g0_6.f08 -O2 (test for excess errors) program
timed out.
FAIL: gfortran.dg/fmt_g0_6.f08 -O2 (test for excess errors)
WARNING: gfortran.dg/fmt_i_default_field_width_1.f90 -O3
-fomit-frame-pointer -funroll-loops -fpeel-loops -ftracer
-finline-functions (test for excess errors) program timed out.
FAIL: gfortran.dg/fmt_i_default_field_width_1.f90 -O3
-fomit-frame-pointer -funroll-loops -fpeel-loops -ftracer
-finline-functions (test for excess errors)
WARNING: gfortran.dg/internal_write_1.f90 -O3 -fomit-frame-pointer
-funroll-loops -fpeel-loops -ftracer -finline-functions (test for excess
errors) program timed out.
FAIL: gfortran.dg/internal_write_1.f90 -O3 -fomit-frame-pointer
-funroll-loops -fpeel-loops -ftracer -finline-functions (test for excess
errors)
WARNING: gfortran.dg/move_alloc_15.f90 -O1 (test for excess errors)
program timed out.
FAIL: gfortran.dg/move_alloc_15.f90 -O1 (test for excess errors)
WARNING: gfortran.dg/string_ctor_1.f90 -O3 -fomit-frame-pointer
-funroll-loops -fpeel-loops -ftracer -finline-functions (test for excess
errors) program timed out.
FAIL: gfortran.dg/string_ctor_1.f90 -O3 -fomit-frame-pointer
-funroll-loops -fpeel-loops -ftracer -finline-functions (test for excess
errors)
WARNING: gfortran.dg/gomp/reduction3.f90 -O (test for errors, line 19)
program timed out.
WARNING: gfortran.fortran-torture/compile/pr65758.f90, -O0 program timed
out.
FAIL: gfortran.fortran-torture/compile/pr65758.f90, -O0
=== gfortran Summary for unix/-m32 ===
# of expected passes 51944
# of unexpected failures 8
# of expected failures 185
# of unsupported tests 205
Running target unix/-m64
WARNING: gfortran.dg/char_result_2.f90 -O0 (test for excess errors)
program timed out.
FAIL: gfortran.dg/char_result_2.f90 -O0 (test for excess errors)
WARNING: gfortran.dg/charlen_16.f90 -O0 (test for excess errors) program
timed out.
FAIL: gfortran.dg/charlen_16.f90 -O0 (test for excess errors)
WARNING: gfortran.dg/intent_out_10.f90 -O (test for excess errors)
program timed out.
FAIL: gfortran.dg/intent_out_10.f90 -O (test for excess errors)
=== gfortran Summary for unix/-m64 ===
# of expected passes 52180
# of unexpected failures 3
# of expected failures 185
# of unsupported tests 94
=== gfortran Summary ===
# of expected passes 104124
# of unexpected failures 11
# of expected failures 370
# of unsupported tests 299
/Volumes/Work/10-5-leo/gcc-trunk-wip/gcc/testsuite/gfortran/../../gfortran
version 10.0.0 20191114 (experimental) [trunk revision 278265] (GCC)
=== gnat tests ===
Running target unix/-m32
FAIL: gnat.dg/bias1.adb scan-assembler DW_AT_GNU_bias
WARNING: gnat.dg/specs/static_initializer3.ads (test for excess errors)
program timed out.
FAIL: gnat.dg/specs/static_initializer3.ads (test for excess errors)
=== gnat Summary for unix/-m32 ===
# of expected passes 3262
# of unexpected failures 2
# of expected failures 23
# of unsupported tests 13
Running target unix/-m64
FAIL: gnat.dg/bias1.adb scan-assembler DW_AT_GNU_bias
=== gnat Summary for unix/-m64 ===
# of expected passes 3263
# of unexpected failures 1
# of expected failures 23
# of unsupported tests 13
=== gnat Summary ===
# of expected passes 6525
# of unexpected failures 3
# of expected failures 46
# of unsupported tests 26
/Volumes/Work/10-5-leo/gcc-trunk-wip/gcc/gnatmake version 10.0.0 20191114
(experimental) [trunk revision 278265]
=== obj-c++ tests ===
Running target unix/-m32
=== obj-c++ Summary for unix/-m32 ===
# of expected passes 3103
# of expected failures 2
# of unsupported tests 62
Running target unix/-m64
FAIL: obj-c++.dg/bitfield-2.mm -fnext-runtime execution test
FAIL: obj-c++.dg/property/synthesize-10.mm -fnext-runtime execution test
=== obj-c++ Summary for unix/-m64 ===
# of expected passes 3047
# of unexpected failures 2
# of expected failures 19
# of unsupported tests 67
=== obj-c++ Summary ===
# of expected passes 6150
# of unexpected failures 2
# of expected failures 21
# of unsupported tests 129
/Volumes/Work/10-5-leo/gcc-trunk-wip/gcc/testsuite/obj-c++/../../xg++
version 10.0.0 20191114 (experimental) [trunk revision 278265] (GCC)
=== objc tests ===
Running target unix/-m32
FAIL: objc.dg/ivar-scope-4.m -fnext-runtime execution test
=== objc Summary for unix/-m32 ===
# of expected passes 5633
# of unexpected failures 1
# of expected failures 6
# of unsupported tests 78
Running target unix/-m64
FAIL: objc.dg/ivar-scope-4.m -fnext-runtime execution test
WARNING: objc.dg/property/dotsyntax-10.m -fnext-runtime (test for excess
errors) program timed out.
FAIL: objc.dg/property/dotsyntax-10.m -fnext-runtime (test for excess errors)
=== objc Summary for unix/-m64 ===
# of expected passes 5580
# of unexpected failures 2
# of expected failures 12
# of unsupported tests 85
=== objc Summary ===
# of expected passes 11213
# of unexpected failures 3
# of expected failures 18
# of unsupported tests 163
/Volumes/Work/10-5-leo/gcc-trunk-wip/gcc/xgcc version 10.0.0 20191114
(experimental) [trunk revision 278265] (GCC)
=== libatomic tests ===
Running target unix/-m32
=== libatomic Summary for unix/-m32 ===
# of expected passes 44
# of unsupported tests 5
Running target unix/-m64
=== libatomic Summary for unix/-m64 ===
# of expected passes 54
=== libatomic Summary ===
# of expected passes 98
# of unsupported tests 5
=== libgomp tests ===
Running target unix/-m32
WARNING: program timed out.
FAIL: libgomp.c++/task-reduction-10.C execution test
WARNING: program timed out.
FAIL: libgomp.c++/task-reduction-8.C execution test
WARNING: program timed out.
FAIL: libgomp.oacc-fortran/kernels-loop-2.f95 -DACC_DEVICE_TYPE_host=1
-DACC_MEM_SHARED=1 -foffload=disable -O0 (test for excess errors)
WARNING: program timed out.
FAIL: libgomp.oacc-fortran/vector-routine.f90 -DACC_DEVICE_TYPE_host=1
-DACC_MEM_SHARED=1 -foffload=disable -O3 -g (test for excess errors)
=== libgomp Summary for unix/-m32 ===
# of expected passes 6951
# of unexpected failures 4
# of expected failures 2
# of unsupported tests 431
Running target unix/-m64
WARNING: program timed out.
FAIL: libgomp.c++/task-reduction-10.C execution test
WARNING: program timed out.
FAIL: libgomp.c++/task-reduction-8.C execution test
=== libgomp Summary for unix/-m64 ===
# of expected passes 6953
# of unexpected failures 2
# of expected failures 2
# of unsupported tests 431
=== libgomp Summary ===
# of expected passes 13904
# of unexpected failures 6
# of expected failures 4
# of unsupported tests 862
=== libitm tests ===
Running target unix/-m32
=== libitm Summary for unix/-m32 ===
# of expected passes 40
# of expected failures 3
# of unsupported tests 2
Running target unix/-m64
=== libitm Summary for unix/-m64 ===
# of expected passes 40
# of expected failures 3
# of unsupported tests 2
=== libitm Summary ===
# of expected passes 80
# of expected failures 6
# of unsupported tests 4
=== libstdc++ tests ===
Running target unix/-m32
WARNING: 23_containers/multiset/14340.cc (test for excess errors) program
timed out.
FAIL: 23_containers/multiset/14340.cc (test for excess errors)
WARNING: 25_algorithms/stable_sort/3.cc (test for excess errors) program
timed out.
FAIL: 25_algorithms/stable_sort/3.cc (test for excess errors)
FAIL: 27_io/basic_filebuf/open/char/2.cc execution test
WARNING: 30_threads/condition_variable/54185.cc execution test program
timed out.
FAIL: 30_threads/condition_variable/54185.cc execution test
FAIL: experimental/net/internet/resolver/ops/reverse.cc execution test
FAIL: ext/mt_allocator/deallocate_global_thread-1.cc execution test
FAIL: ext/mt_allocator/deallocate_global_thread-3.cc execution test
FAIL: ext/stdio_filebuf/char/10063-2.cc execution test
FAIL: ext/stdio_filebuf/char/81751.cc execution test
=== libstdc++ Summary for unix/-m32 ===
# of expected passes 12401
# of unexpected failures 9
# of expected failures 92
# of unsupported tests 754
Running target unix/-m64
WARNING: 21_strings/basic_string/element_access/char/1.cc (test for excess
errors) program timed out.
FAIL: 21_strings/basic_string/element_access/char/1.cc (test for excess
errors)
WARNING: 23_containers/vector/bool/emplace_cxx17_return.cc (test for excess
errors) program timed out.
FAIL: 23_containers/vector/bool/emplace_cxx17_return.cc (test for excess
errors)
FAIL: 27_io/basic_filebuf/open/char/2.cc execution test
FAIL: 27_io/filesystem/operations/last_write_time.cc execution test
WARNING: 30_threads/condition_variable/54185.cc execution test program
timed out.
FAIL: 30_threads/condition_variable/54185.cc execution test
FAIL: experimental/filesystem/operations/last_write_time.cc execution test
FAIL: experimental/net/internet/resolver/ops/reverse.cc execution test
FAIL: ext/mt_allocator/deallocate_global_thread-1.cc execution test
FAIL: ext/mt_allocator/deallocate_global_thread-3.cc execution test
FAIL: ext/stdio_filebuf/char/10063-2.cc execution test
FAIL: ext/stdio_filebuf/char/81751.cc execution test
WARNING:
tr1/5_numerical_facilities/special_functions/14_ellint_3/check_value.cc
(test for excess errors) program timed out.
FAIL:
tr1/5_numerical_facilities/special_functions/14_ellint_3/check_value.cc
(test for excess errors)
=== libstdc++ Summary for unix/-m64 ===
# of expected passes 12396
# of unexpected failures 12
# of expected failures 92
# of unsupported tests 755
=== libstdc++ Summary ===
# of expected passes 24797
# of unexpected failures 21
# of expected failures 184
# of unsupported tests 1509
Compiler version: 10.0.0 20191114 (experimental) [trunk revision 278265]
(GCC)
Platform: i686-apple-darwin9
configure flags: --prefix=/opt/iains/i686-apple-darwin9/gcc-10-0-0
--target=i686-apple-darwin9 --host=i686-apple-darwin9
--build=i686-apple-darwin9 --disable-nls
--enable-version-specific-runtime-libs --enable-languages=all
--with-ld=/usr/bin/ld --with-as=/usr/bin/as --enable-checking=yes CC=gcc
CXX=g++
More information about the Gcc-testresults
mailing list