Results for 7.4.1 20191105 [gcc-7-branch revision 277823] (GCC) testsuite on x86_64-apple-darwin11
Iain Sandoe
iains.gcc@gmail.com
Thu Nov 14 08:20:00 GMT 2019
LAST_UPDATED: Tue Nov 5 13:01:29 UTC 2019 (revision 277823)
=== acats tests ===
=== acats Summary ===
# of expected passes 2320
# of unexpected failures 0
Native configuration is x86_64-apple-darwin11
=== g++ tests ===
Running target unix/-m32
FAIL: g++.dg/asan/pr78651.C -O2 -flto (internal compiler error)
FAIL: g++.dg/asan/pr78651.C -O2 -flto (test for excess errors)
FAIL: g++.dg/asan/pr78651.C -O2 -flto -flto-partition=none (internal compiler error)
FAIL: g++.dg/asan/pr78651.C -O2 -flto -flto-partition=none (test for excess errors)
FAIL: g++.dg/ipa/pr67056.C scan-ipa-dump cp "Speculative outer type:struct CompositeClass"
FAIL: g++.dg/lookup/struct2.C -std=c++11 (test for excess errors)
WARNING: program timed out.
WARNING: program timed out.
WARNING: program timed out.
UNRESOLVED: g++.dg/lto/pr65276 cp_lto_pr65276_0.o-cp_lto_pr65276_1.o execute -flto -O0 -std=c++11
FAIL: g++.dg/lto/pr65276 cp_lto_pr65276_0.o-cp_lto_pr65276_1.o link, -flto -O0 -std=c++11
UNRESOLVED: g++.dg/lto/pr65549 cp_lto_pr65549_0.o-cp_lto_pr65549_0.o execute -std=gnu++14 -flto -g -O2 -fno-inline -flto-partition=max
FAIL: g++.dg/lto/pr65549 cp_lto_pr65549_0.o-cp_lto_pr65549_0.o link, -std=gnu++14 -flto -g -O2 -fno-inline -flto-partition=max
FAIL: g++.dg/tls/thread_local-order2.C -std=c++11 execution test
FAIL: g++.dg/tls/thread_local-order2.C -std=c++14 execution test
FAIL: g++.dg/tree-prof/pr57451.C compilation, -fprofile-generate -D_PROFILE_GENERATE
UNRESOLVED: g++.dg/tree-prof/pr57451.C compilation, -fprofile-use -D_PROFILE_USE
UNRESOLVED: g++.dg/tree-prof/pr57451.C execution, -fprofile-generate -D_PROFILE_GENERATE
UNRESOLVED: g++.dg/tree-prof/pr57451.C execution, -fprofile-use -D_PROFILE_USE
FAIL: g++.dg/tree-prof/pr63581.C compilation, -fprofile-generate -D_PROFILE_GENERATE
UNRESOLVED: g++.dg/tree-prof/pr63581.C compilation, -fprofile-use -D_PROFILE_USE
UNRESOLVED: g++.dg/tree-prof/pr63581.C execution, -fprofile-generate -D_PROFILE_GENERATE
UNRESOLVED: g++.dg/tree-prof/pr63581.C execution, -fprofile-use -D_PROFILE_USE
WARNING: program timed out.
=== g++ Summary for unix/-m32 ===
# of expected passes 111261
# of unexpected failures 12
# of expected failures 410
# of unresolved testcases 8
# of unsupported tests 4706
Running target unix/-m64
FAIL: g++.dg/asan/pr78651.C -O2 -flto (internal compiler error)
FAIL: g++.dg/asan/pr78651.C -O2 -flto (test for excess errors)
FAIL: g++.dg/asan/pr78651.C -O2 -flto -flto-partition=none (internal compiler error)
FAIL: g++.dg/asan/pr78651.C -O2 -flto -flto-partition=none (test for excess errors)
FAIL: g++.dg/ipa/pr67056.C scan-ipa-dump cp "Speculative outer type:struct CompositeClass"
FAIL: g++.dg/other/i386-10.C -std=gnu++14 (test for excess errors)
FAIL: g++.dg/tree-ssa/pr27894.C -std=gnu++14 (test for excess errors)
WARNING: program timed out.
WARNING: program timed out.
UNRESOLVED: g++.dg/lto/pr65276 cp_lto_pr65276_0.o-cp_lto_pr65276_1.o execute -flto -O0 -std=c++11
FAIL: g++.dg/lto/pr65276 cp_lto_pr65276_0.o-cp_lto_pr65276_1.o link, -flto -O0 -std=c++11
UNRESOLVED: g++.dg/lto/pr65549 cp_lto_pr65549_0.o-cp_lto_pr65549_0.o execute -std=gnu++14 -flto -g -O2 -fno-inline -flto-partition=max
FAIL: g++.dg/lto/pr65549 cp_lto_pr65549_0.o-cp_lto_pr65549_0.o link, -std=gnu++14 -flto -g -O2 -fno-inline -flto-partition=max
FAIL: g++.dg/tls/thread_local-order2.C -std=c++11 execution test
FAIL: g++.dg/tls/thread_local-order2.C -std=c++14 execution test
FAIL: g++.dg/tree-prof/pr57451.C compilation, -fprofile-generate -D_PROFILE_GENERATE
UNRESOLVED: g++.dg/tree-prof/pr57451.C compilation, -fprofile-use -D_PROFILE_USE
UNRESOLVED: g++.dg/tree-prof/pr57451.C execution, -fprofile-generate -D_PROFILE_GENERATE
UNRESOLVED: g++.dg/tree-prof/pr57451.C execution, -fprofile-use -D_PROFILE_USE
FAIL: g++.dg/tree-prof/pr63581.C compilation, -fprofile-generate -D_PROFILE_GENERATE
UNRESOLVED: g++.dg/tree-prof/pr63581.C compilation, -fprofile-use -D_PROFILE_USE
UNRESOLVED: g++.dg/tree-prof/pr63581.C execution, -fprofile-generate -D_PROFILE_GENERATE
UNRESOLVED: g++.dg/tree-prof/pr63581.C execution, -fprofile-use -D_PROFILE_USE
=== g++ Summary for unix/-m64 ===
# of expected passes 112668
# of unexpected failures 13
# of expected failures 410
# of unresolved testcases 8
# of unsupported tests 4910
=== g++ Summary ===
# of expected passes 223929
# of unexpected failures 25
# of expected failures 820
# of unresolved testcases 16
# of unsupported tests 9616
/Volumes/compilers-10-7/10-07-lion/gcc-7-wip/gcc/testsuite/g++/../../xg++ version 7.4.1 20191105 [gcc-7-branch revision 277823] (GCC)
=== gcc tests ===
Running target unix/-m32
FAIL: gcc.c-torture/execute/builtins/strncpy.c compilation, -O1
UNRESOLVED: gcc.c-torture/execute/builtins/strncpy.c execution, -O1
WARNING: program timed out.
FAIL: c-c++-common/asan/strncpy-overflow-1.c -O0 execution test
FAIL: c-c++-common/asan/strncpy-overflow-1.c -O1 output pattern test
FAIL: c-c++-common/asan/strncpy-overflow-1.c -O2 output pattern test
FAIL: c-c++-common/asan/strncpy-overflow-1.c -O2 -flto output pattern test
FAIL: c-c++-common/asan/strncpy-overflow-1.c -O2 -flto -flto-partition=none output pattern test
FAIL: c-c++-common/asan/strncpy-overflow-1.c -O3 -g output pattern test
FAIL: c-c++-common/asan/strncpy-overflow-1.c -Os output pattern test
FAIL: c-c++-common/cilk-plus/CK/spawnee_inline.c -O3 -flto -g (test for excess errors)
WARNING: program timed out.
XPASS: gcc.dg/pr78768.c -Wformat-overflow (test for warnings, line 11)
FAIL: gcc.dg/stack-layout-dynamic-1.c (test for excess errors)
UNRESOLVED: gcc.dg/stack-layout-dynamic-1.c scan-assembler-not cfi_def_cfa_register
FAIL: gcc.dg/graphite/scop-19.c scan-tree-dump-times graphite "number of SCoPs: 0" 1
FAIL: gcc.dg/torture/builtin-self.c -O0 scan-assembler-not \\tcall
FAIL: gcc.dg/tree-prof/comp-goto-1.c compilation, -fprofile-use -D_PROFILE_USE
UNRESOLVED: gcc.dg/tree-prof/comp-goto-1.c execution, -fprofile-use -D_PROFILE_USE
FAIL: gcc.misc-tests/linkage.c link
FAIL: gcc.target/i386/align-limit.c scan-assembler .p2align 6,,1
FAIL: gcc.target/i386/pad-3.c scan-assembler-not nop
FAIL: gcc.target/i386/pr36502.c scan-assembler-not esp
FAIL: gcc.target/i386/pr66334.c scan-assembler movl[ \\\\t].+, %ebx
FAIL: gcc.target/i386/pr71245-1.c scan-assembler-not (fistp|fild)
FAIL: gcc.target/i386/pr71245-2.c scan-assembler-not movlps
FAIL: gcc.target/i386/pr78035.c scan-assembler-times cmp 2
=== gcc Summary for unix/-m32 ===
# of expected passes 119345
# of unexpected failures 21
# of unexpected successes 1
# of expected failures 372
# of unresolved testcases 3
# of unsupported tests 4659
Running target unix/-m64
FAIL: gcc.c-torture/execute/stdarg-1.c -O0 (test for excess errors)
WARNING: program timed out.
FAIL: c-c++-common/asan/strncpy-overflow-1.c -O0 execution test
FAIL: c-c++-common/asan/strncpy-overflow-1.c -O1 output pattern test
FAIL: c-c++-common/asan/strncpy-overflow-1.c -O2 output pattern test
FAIL: c-c++-common/asan/strncpy-overflow-1.c -O2 -flto output pattern test
FAIL: c-c++-common/asan/strncpy-overflow-1.c -O2 -flto -flto-partition=none output pattern test
FAIL: c-c++-common/asan/strncpy-overflow-1.c -O3 -g output pattern test
FAIL: c-c++-common/asan/strncpy-overflow-1.c -Os output pattern test
XPASS: gcc.dg/pr78768.c -Wformat-overflow (test for warnings, line 11)
FAIL: gcc.dg/graphite/scop-19.c scan-tree-dump-times graphite "number of SCoPs: 0" 1
FAIL: gcc.dg/rtl/x86_64/final.c (internal compiler error)
FAIL: gcc.dg/rtl/x86_64/final.c (test for excess errors)
UNRESOLVED: gcc.dg/rtl/x86_64/final.c scan-assembler .cfi_endproc
UNRESOLVED: gcc.dg/rtl/x86_64/final.c scan-assembler .cfi_startproc
UNRESOLVED: gcc.dg/rtl/x86_64/final.c scan-assembler ret
UNRESOLVED: gcc.dg/rtl/x86_64/final.c scan-assembler test_1:
FAIL: gcc.dg/simulate-thread/atomic-load-int.c -O0 -g thread simulation test
FAIL: gcc.dg/simulate-thread/atomic-load-int.c -O2 -g thread simulation test
FAIL: gcc.dg/simulate-thread/atomic-load-int.c -O3 -g thread simulation test
FAIL: gcc.dg/simulate-thread/atomic-load-longlong.c -O0 -g thread simulation test
FAIL: gcc.dg/simulate-thread/atomic-load-short.c -O0 -g thread simulation test
FAIL: gcc.dg/simulate-thread/atomic-load-short.c -O2 -g thread simulation test
FAIL: gcc.dg/simulate-thread/atomic-load-short.c -O3 -g thread simulation test
FAIL: gcc.dg/simulate-thread/subfields.c -O0 -g thread simulation test
FAIL: gcc.dg/simulate-thread/subfields.c -O2 -g thread simulation test
FAIL: gcc.dg/simulate-thread/subfields.c -O3 -g thread simulation test
FAIL: gcc.dg/torture/restrict-6.c -O2 -flto -flto-partition=none (test for excess errors)
WARNING: program timed out.
FAIL: gcc.target/i386/align-limit.c scan-assembler .p2align 6,,1
FAIL: gcc.target/i386/pr78035.c scan-assembler-times cmp 2
=== gcc Summary for unix/-m64 ===
# of expected passes 120948
# of unexpected failures 24
# of unexpected successes 1
# of expected failures 372
# of unresolved testcases 4
# of unsupported tests 4557
=== gcc Summary ===
# of expected passes 240293
# of unexpected failures 45
# of unexpected successes 2
# of expected failures 744
# of unresolved testcases 7
# of unsupported tests 9216
/Volumes/compilers-10-7/10-07-lion/gcc-7-wip/gcc/xgcc version 7.4.1 20191105 [gcc-7-branch revision 277823] (GCC)
=== gfortran tests ===
Running target unix/-m32
=== gfortran Summary for unix/-m32 ===
# of expected passes 45892
# of expected failures 87
# of unsupported tests 191
Running target unix/-m64
=== gfortran Summary for unix/-m64 ===
# of expected passes 46109
# of expected failures 87
# of unsupported tests 88
=== gfortran Summary ===
# of expected passes 92001
# of expected failures 174
# of unsupported tests 279
/Volumes/compilers-10-7/10-07-lion/gcc-7-wip/gcc/testsuite/gfortran/../../gfortran version 7.4.1 20191105 [gcc-7-branch revision 277823] (GCC)
=== gnat tests ===
Running target unix/-m32
=== gnat Summary for unix/-m32 ===
# of expected passes 2603
# of expected failures 25
# of unsupported tests 7
Running target unix/-m64
=== gnat Summary for unix/-m64 ===
# of expected passes 2603
# of expected failures 25
# of unsupported tests 7
=== gnat Summary ===
# of expected passes 5206
# of expected failures 50
# of unsupported tests 14
/Volumes/compilers-10-7/10-07-lion/gcc-7-wip/gcc/gnatmake version 7.4.1 20191105 [gcc-7-branch revision 277823]
=== obj-c++ tests ===
Running target unix/-m64
FAIL: obj-c++.dg/plugin/diagnostic-test-expressions-1.mm -fplugin=./diagnostic_plugin_test_tree_expression_range.so (test for warnings, line 60)
FAIL: obj-c++.dg/plugin/diagnostic-test-expressions-1.mm -fplugin=./diagnostic_plugin_test_tree_expression_range.so (test for warnings, line 68)
FAIL: obj-c++.dg/plugin/diagnostic-test-expressions-1.mm -fplugin=./diagnostic_plugin_test_tree_expression_range.so expected multiline pattern lines 62-63 not found: " __emit_expression_range \\( 0, @selector\\(func0\\) \\);.*\\n \\^~~~~~~~~~~~~~~~\\n"
FAIL: obj-c++.dg/plugin/diagnostic-test-expressions-1.mm -fplugin=./diagnostic_plugin_test_tree_expression_range.so expected multiline pattern lines 70-71 not found: " __emit_expression_range \\( 0, @protocol\\(prot\\) \\);.*\\n \\^~~~~~~~~~~~~~~\\n"
FAIL: obj-c++.dg/plugin/diagnostic-test-expressions-1.mm -fplugin=./diagnostic_plugin_test_tree_expression_range.so (test for excess errors)
=== obj-c++ Summary for unix/-m64 ===
# of expected passes 3069
# of unexpected failures 5
# of expected failures 19
# of unsupported tests 68
Running target unix/-m32
FAIL: obj-c++.dg/cxx-ivars-3.mm -fnext-runtime execution test
FAIL: obj-c++.dg/stubify-2.mm -fnext-runtime scan-rtl-dump-not jump "symbol_ref.*"objc_msgSend""
FAIL: obj-c++.dg/plugin/diagnostic-test-expressions-1.mm -fplugin=./diagnostic_plugin_test_tree_expression_range.so (test for warnings, line 60)
FAIL: obj-c++.dg/plugin/diagnostic-test-expressions-1.mm -fplugin=./diagnostic_plugin_test_tree_expression_range.so expected multiline pattern lines 62-63 not found: " __emit_expression_range \\( 0, @selector\\(func0\\) \\);.*\\n \\^~~~~~~~~~~~~~~~\\n"
FAIL: obj-c++.dg/plugin/diagnostic-test-expressions-1.mm -fplugin=./diagnostic_plugin_test_tree_expression_range.so (test for excess errors)
=== obj-c++ Summary for unix/-m32 ===
# of expected passes 3128
# of unexpected failures 5
# of expected failures 2
# of unsupported tests 62
=== obj-c++ Summary ===
# of expected passes 6197
# of unexpected failures 10
# of expected failures 21
# of unsupported tests 130
/Volumes/compilers-10-7/10-07-lion/gcc-7-wip/gcc/testsuite/obj-c++/../../xg++ version 7.4.1 20191105 [gcc-7-branch revision 277823] (GCC)
=== objc tests ===
Running target unix/-m32
FAIL: objc.dg/ivar-scope-4.m -fnext-runtime execution test
FAIL: objc.dg/plugin/diagnostic-test-expressions-1.m -fplugin=./diagnostic_plugin_test_tree_expression_range.so (test for warnings, line 60)
FAIL: objc.dg/plugin/diagnostic-test-expressions-1.m -fplugin=./diagnostic_plugin_test_tree_expression_range.so expected multiline pattern lines 62-63 not found: " __emit_expression_range \\( 0, @selector\\(func0\\) \\);.*\\n \\^~~~~~~~~~~~~~~~\\n"
FAIL: objc.dg/plugin/diagnostic-test-expressions-1.m -fplugin=./diagnostic_plugin_test_tree_expression_range.so (test for excess errors)
=== objc Summary for unix/-m32 ===
# of expected passes 5684
# of unexpected failures 4
# of expected failures 6
# of unsupported tests 79
Running target unix/-m64
FAIL: objc.dg/pr23214.m -fnext-runtime (test for excess errors)
UNRESOLVED: objc.dg/pr23214.m -fnext-runtime compilation failed to produce executable
FAIL: objc.dg/plugin/diagnostic-test-expressions-1.m -fplugin=./diagnostic_plugin_test_tree_expression_range.so (test for warnings, line 60)
FAIL: objc.dg/plugin/diagnostic-test-expressions-1.m -fplugin=./diagnostic_plugin_test_tree_expression_range.so (test for warnings, line 68)
FAIL: objc.dg/plugin/diagnostic-test-expressions-1.m -fplugin=./diagnostic_plugin_test_tree_expression_range.so expected multiline pattern lines 62-63 not found: " __emit_expression_range \\( 0, @selector\\(func0\\) \\);.*\\n \\^~~~~~~~~~~~~~~~\\n"
FAIL: objc.dg/plugin/diagnostic-test-expressions-1.m -fplugin=./diagnostic_plugin_test_tree_expression_range.so expected multiline pattern lines 70-71 not found: " __emit_expression_range \\( 0, @protocol\\(prot\\) \\);.*\\n ~~~~~~~~~~~~~~~\\n"
FAIL: objc.dg/plugin/diagnostic-test-expressions-1.m -fplugin=./diagnostic_plugin_test_tree_expression_range.so (test for excess errors)
=== objc Summary for unix/-m64 ===
# of expected passes 5635
# of unexpected failures 6
# of expected failures 12
# of unresolved testcases 1
# of unsupported tests 85
=== objc Summary ===
# of expected passes 11319
# of unexpected failures 10
# of expected failures 18
# of unresolved testcases 1
# of unsupported tests 164
/Volumes/compilers-10-7/10-07-lion/gcc-7-wip/gcc/xgcc version 7.4.1 20191105 [gcc-7-branch revision 277823] (GCC)
=== libatomic tests ===
Running target unix/-m64
=== libatomic Summary for unix/-m64 ===
# of expected passes 54
Running target unix/-m32
=== libatomic Summary for unix/-m32 ===
# of expected passes 44
# of unsupported tests 5
=== libatomic Summary ===
# of expected passes 98
# of unsupported tests 5
=== libgomp tests ===
Running target unix/-m64
=== libgomp Summary for unix/-m64 ===
# of expected passes 5126
# of unsupported tests 393
Running target unix/-m32
=== libgomp Summary for unix/-m32 ===
# of expected passes 5126
# of unsupported tests 393
=== libgomp Summary ===
# of expected passes 10252
# of unsupported tests 786
=== libitm tests ===
Running target unix/-m64
=== libitm Summary for unix/-m64 ===
# of expected passes 40
# of expected failures 3
# of unsupported tests 2
Running target unix/-m32
=== libitm Summary for unix/-m32 ===
# of expected passes 40
# of expected failures 3
# of unsupported tests 2
=== libitm Summary ===
# of expected passes 80
# of expected failures 6
# of unsupported tests 4
=== libstdc++ tests ===
Running target unix/-m32
FAIL: 27_io/basic_filebuf/open/char/2.cc execution test
FAIL: experimental/filesystem/path/append/path.cc (test for excess errors)
FAIL: experimental/filesystem/path/compare/path.cc (test for excess errors)
FAIL: experimental/filesystem/path/concat/path.cc (test for excess errors)
FAIL: ext/stdio_filebuf/char/10063-2.cc execution test
FAIL: ext/stdio_filebuf/char/81751.cc execution test
=== libstdc++ Summary for unix/-m32 ===
# of expected passes 10907
# of unexpected failures 6
# of expected failures 66
# of unsupported tests 669
Running target unix/-m64
FAIL: 27_io/basic_filebuf/open/char/2.cc execution test
FAIL: experimental/filesystem/path/append/path.cc (test for excess errors)
FAIL: experimental/filesystem/path/compare/path.cc (test for excess errors)
FAIL: experimental/filesystem/path/concat/path.cc (test for excess errors)
FAIL: ext/stdio_filebuf/char/10063-2.cc execution test
FAIL: ext/stdio_filebuf/char/81751.cc execution test
=== libstdc++ Summary for unix/-m64 ===
# of expected passes 10905
# of unexpected failures 6
# of expected failures 66
# of unsupported tests 670
=== libstdc++ Summary ===
# of expected passes 21812
# of unexpected failures 12
# of expected failures 132
# of unsupported tests 1339
Compiler version: 7.4.1 20191105 [gcc-7-branch revision 277823] (GCC)
Platform: x86_64-apple-darwin11
configure flags: --prefix=/opt/iains/x86_64-apple-darwin11/gcc-7-wip --target=x86_64-apple-darwin11 --host=x86_64-apple-darwin11 --build=x86_64-apple-darwin11 --disable-nls --enable-version-specific-runtime-libs --with-as=/usr/bin/as --with-ld=/usr/bin/ld --enable-languages=all,ada,obj-c++
More information about the Gcc-testresults
mailing list