esults for 8.3.0 (GCC) testsuite on sparc64-sun-solaris2.10
dclarke blastwave.org
dclarke@blastwave.org
Wed Nov 13 09:30:00 GMT 2019
LAST_UPDATED: Obtained from SVN: tags/gcc_8_3_0_release revision 269117
=== acats tests ===
=== acats Summary ===
# of expected passes 2320
# of unexpected failures 0
Native configuration is sparc64-sun-solaris2.10
=== gcc tests ===
Running target unix
FAIL: gcc.dg/visibility-22.c execution test
FAIL: gcc.dg/visibility-d.c scan-not-hidden
FAIL: gcc.dg/visibility-d.c scan-not-hidden
FAIL: gcc.dg/visibility-d.c scan-not-hidden
FAIL: gcc.dg/visibility-d.c scan-not-hidden
FAIL: gcc.dg/visibility-d.c scan-not-hidden
FAIL: gcc.dg/visibility-d.c scan-not-hidden
FAIL: gcc.dg/visibility-d.c scan-not-hidden
FAIL: gcc.dg/visibility-d.c scan-not-hidden
FAIL: gcc.dg/visibility-d.c scan-not-hidden
FAIL: gcc.dg/visibility-d.c scan-not-hidden
FAIL: gcc.dg/visibility-d.c scan-not-hidden
FAIL: gcc.dg/visibility-d.c scan-not-hidden
FAIL: gcc.dg/visibility-d.c scan-not-hidden
FAIL: gcc.dg/visibility-d.c scan-not-hidden
FAIL: gcc.dg/visibility-d.c scan-not-hidden
FAIL: gcc.dg/visibility-d.c scan-not-hidden
FAIL: gcc.dg/visibility-d.c scan-not-hidden
FAIL: gcc.dg/visibility-d.c scan-not-hidden
FAIL: gcc.dg/visibility-d.c scan-not-hidden
FAIL: gcc.dg/visibility-d.c scan-not-hidden
FAIL: gcc.dg/visibility-d.c scan-not-hidden
FAIL: gcc.dg/visibility-d.c scan-not-hidden
FAIL: gcc.dg/visibility-d.c scan-not-hidden
FAIL: gcc.dg/visibility-d.c scan-not-hidden
FAIL: gcc.dg/visibility-d.c scan-not-hidden
FAIL: gcc.dg/visibility-d.c scan-not-hidden
FAIL: gcc.dg/visibility-d.c scan-not-hidden
FAIL: gcc.dg/visibility-d.c scan-not-hidden
FAIL: gcc.dg/visibility-d.c scan-not-hidden
FAIL: gcc.dg/visibility-d.c scan-not-hidden
FAIL: gcc.dg/lto/pr83719 c_lto_pr83719_0.o assemble, -flto -g -gsplit-dwarf
=== gcc Summary ===
# of expected passes 103571
# of unexpected failures 32
# of expected failures 466
# of unsupported tests 2539
/usr/local/build/gcc-8.3.0_Oracle_sparc64vii+.002/gcc/xgcc version 8.3.0 (GCC)
=== gfortran tests ===
Running target unix
FAIL: gfortran.dg/elemental_subroutine_3.f90 -O1 (test for excess errors)
FAIL: gfortran.dg/elemental_subroutine_3.f90 -O2 (test for excess errors)
FAIL: gfortran.dg/elemental_subroutine_3.f90 -O3 -fomit-frame-pointer -funroll-loops -fpeel-loops -ftracer -finline-functions (test for excess errors)
FAIL: gfortran.dg/elemental_subroutine_3.f90 -O3 -g (test for excess errors)
FAIL: gfortran.dg/elemental_subroutine_3.f90 -Os (test for excess errors)
FAIL: gfortran.dg/unlimited_polymorphic_30.f03 -O0 execution test
FAIL: gfortran.dg/unlimited_polymorphic_30.f03 -O1 execution test
FAIL: gfortran.dg/unlimited_polymorphic_30.f03 -O2 execution test
FAIL: gfortran.dg/unlimited_polymorphic_30.f03 -O3 -fomit-frame-pointer -funroll-loops -fpeel-loops -ftracer -finline-functions execution test
FAIL: gfortran.dg/unlimited_polymorphic_30.f03 -O3 -g execution test
FAIL: gfortran.dg/unlimited_polymorphic_30.f03 -Os execution test
=== gfortran Summary ===
# of expected passes 47738
# of unexpected failures 11
# of expected failures 92
# of unsupported tests 154
/usr/local/build/gcc-8.3.0_Oracle_sparc64vii+.002/gcc/testsuite/gfortran/../../gfortran version 8.3.0 (GCC)
=== g++ tests ===
Running target unix
FAIL: g++.dg/pr83239.C -std=gnu++98 (test for excess errors)
FAIL: g++.dg/ext/visibility/fvisibility-inlines-hidden-2.C -std=gnu++98 scan-not-hidden
FAIL: g++.dg/ext/visibility/fvisibility-inlines-hidden-2.C -std=gnu++11 scan-not-hidden
FAIL: g++.dg/ext/visibility/fvisibility-inlines-hidden-2.C -std=gnu++14 scan-not-hidden
FAIL: g++.dg/ext/visibility/fvisibility-inlines-hidden-3.C -std=gnu++98 scan-not-hidden
FAIL: g++.dg/ext/visibility/fvisibility-inlines-hidden-3.C -std=gnu++98 scan-not-hidden
FAIL: g++.dg/ext/visibility/fvisibility-inlines-hidden-3.C -std=gnu++11 scan-not-hidden
FAIL: g++.dg/ext/visibility/fvisibility-inlines-hidden-3.C -std=gnu++11 scan-not-hidden
FAIL: g++.dg/ext/visibility/fvisibility-inlines-hidden-3.C -std=gnu++14 scan-not-hidden
FAIL: g++.dg/ext/visibility/fvisibility-inlines-hidden-3.C -std=gnu++14 scan-not-hidden
FAIL: g++.dg/ext/visibility/fvisibility-inlines-hidden-4.C -std=gnu++98 scan-not-hidden
FAIL: g++.dg/ext/visibility/fvisibility-inlines-hidden-4.C -std=gnu++98 scan-not-hidden
FAIL: g++.dg/ext/visibility/fvisibility-inlines-hidden-4.C -std=gnu++11 scan-not-hidden
FAIL: g++.dg/ext/visibility/fvisibility-inlines-hidden-4.C -std=gnu++11 scan-not-hidden
FAIL: g++.dg/ext/visibility/fvisibility-inlines-hidden-4.C -std=gnu++14 scan-not-hidden
FAIL: g++.dg/ext/visibility/fvisibility-inlines-hidden-4.C -std=gnu++14 scan-not-hidden
FAIL: g++.dg/ext/visibility/fvisibility-override1.C -std=gnu++98 scan-not-hidden
FAIL: g++.dg/ext/visibility/fvisibility-override1.C -std=gnu++11 scan-not-hidden
FAIL: g++.dg/ext/visibility/fvisibility-override1.C -std=gnu++14 scan-not-hidden
FAIL: g++.dg/ext/visibility/fvisibility-override2.C -std=gnu++98 scan-not-hidden
FAIL: g++.dg/ext/visibility/fvisibility-override2.C -std=gnu++11 scan-not-hidden
FAIL: g++.dg/ext/visibility/fvisibility-override2.C -std=gnu++14 scan-not-hidden
FAIL: g++.dg/ext/visibility/guard1.C -std=gnu++98 scan-not-hidden
FAIL: g++.dg/ext/visibility/guard1.C -std=gnu++11 scan-not-hidden
FAIL: g++.dg/ext/visibility/guard1.C -std=gnu++14 scan-not-hidden
FAIL: g++.dg/ext/visibility/ms-compat-1.C -std=gnu++98 scan-not-hidden
FAIL: g++.dg/ext/visibility/ms-compat-1.C -std=gnu++98 scan-not-hidden
FAIL: g++.dg/ext/visibility/ms-compat-1.C -std=gnu++98 scan-not-hidden
FAIL: g++.dg/ext/visibility/ms-compat-1.C -std=gnu++11 scan-not-hidden
FAIL: g++.dg/ext/visibility/ms-compat-1.C -std=gnu++11 scan-not-hidden
FAIL: g++.dg/ext/visibility/ms-compat-1.C -std=gnu++11 scan-not-hidden
FAIL: g++.dg/ext/visibility/ms-compat-1.C -std=gnu++14 scan-not-hidden
FAIL: g++.dg/ext/visibility/ms-compat-1.C -std=gnu++14 scan-not-hidden
FAIL: g++.dg/ext/visibility/ms-compat-1.C -std=gnu++14 scan-not-hidden
FAIL: g++.dg/ext/visibility/namespace1.C -std=c++98 scan-not-hidden
FAIL: g++.dg/ext/visibility/namespace1.C -std=c++11 scan-not-hidden
FAIL: g++.dg/ext/visibility/namespace1.C -std=c++14 scan-not-hidden
FAIL: g++.dg/ext/visibility/new1.C -std=gnu++98 scan-not-hidden
FAIL: g++.dg/ext/visibility/new1.C -std=gnu++11 scan-not-hidden
FAIL: g++.dg/ext/visibility/new1.C -std=gnu++14 scan-not-hidden
FAIL: g++.dg/ext/visibility/template1.C -std=gnu++98 scan-not-hidden
FAIL: g++.dg/ext/visibility/template1.C -std=gnu++98 scan-not-hidden
FAIL: g++.dg/ext/visibility/template1.C -std=gnu++11 scan-not-hidden
FAIL: g++.dg/ext/visibility/template1.C -std=gnu++11 scan-not-hidden
FAIL: g++.dg/ext/visibility/template1.C -std=gnu++14 scan-not-hidden
FAIL: g++.dg/ext/visibility/template1.C -std=gnu++14 scan-not-hidden
FAIL: g++.dg/ext/visibility/template10.C -std=gnu++98 scan-not-hidden
FAIL: g++.dg/ext/visibility/template10.C -std=gnu++11 scan-not-hidden
FAIL: g++.dg/ext/visibility/template10.C -std=gnu++14 scan-not-hidden
FAIL: g++.dg/ext/visibility/template11.C -std=gnu++98 scan-not-hidden
FAIL: g++.dg/ext/visibility/template11.C -std=gnu++11 scan-not-hidden
FAIL: g++.dg/ext/visibility/template11.C -std=gnu++14 scan-not-hidden
FAIL: g++.dg/ext/visibility/template12.C -std=gnu++98 scan-not-hidden
FAIL: g++.dg/ext/visibility/template12.C -std=gnu++11 scan-not-hidden
FAIL: g++.dg/ext/visibility/template12.C -std=gnu++14 scan-not-hidden
FAIL: g++.dg/ext/visibility/template2.C -std=c++98 scan-not-hidden
FAIL: g++.dg/ext/visibility/template2.C -std=c++98 scan-not-hidden
FAIL: g++.dg/ext/visibility/template2.C -std=c++11 scan-not-hidden
FAIL: g++.dg/ext/visibility/template2.C -std=c++11 scan-not-hidden
FAIL: g++.dg/ext/visibility/template2.C -std=c++14 scan-not-hidden
FAIL: g++.dg/ext/visibility/template2.C -std=c++14 scan-not-hidden
FAIL: g++.dg/ext/visibility/template3.C -std=c++98 scan-not-hidden
FAIL: g++.dg/ext/visibility/template3.C -std=c++98 scan-not-hidden
FAIL: g++.dg/ext/visibility/template3.C -std=c++11 scan-not-hidden
FAIL: g++.dg/ext/visibility/template3.C -std=c++11 scan-not-hidden
FAIL: g++.dg/ext/visibility/template3.C -std=c++14 scan-not-hidden
FAIL: g++.dg/ext/visibility/template3.C -std=c++14 scan-not-hidden
FAIL: g++.dg/ext/visibility/template4.C -std=c++98 scan-not-hidden
FAIL: g++.dg/ext/visibility/template4.C -std=c++98 scan-not-hidden
FAIL: g++.dg/ext/visibility/template4.C -std=c++98 scan-not-hidden
FAIL: g++.dg/ext/visibility/template4.C -std=c++98 scan-not-hidden
FAIL: g++.dg/ext/visibility/template4.C -std=c++11 scan-not-hidden
FAIL: g++.dg/ext/visibility/template4.C -std=c++11 scan-not-hidden
FAIL: g++.dg/ext/visibility/template4.C -std=c++11 scan-not-hidden
FAIL: g++.dg/ext/visibility/template4.C -std=c++11 scan-not-hidden
FAIL: g++.dg/ext/visibility/template4.C -std=c++14 scan-not-hidden
FAIL: g++.dg/ext/visibility/template4.C -std=c++14 scan-not-hidden
FAIL: g++.dg/ext/visibility/template4.C -std=c++14 scan-not-hidden
FAIL: g++.dg/ext/visibility/template4.C -std=c++14 scan-not-hidden
FAIL: g++.dg/ext/visibility/template6.C -std=c++98 scan-not-hidden
FAIL: g++.dg/ext/visibility/template6.C -std=c++11 scan-not-hidden
FAIL: g++.dg/ext/visibility/template6.C -std=c++14 scan-not-hidden
FAIL: g++.dg/ext/visibility/template9.C -std=gnu++98 scan-not-hidden
FAIL: g++.dg/ext/visibility/template9.C -std=gnu++11 scan-not-hidden
FAIL: g++.dg/ext/visibility/template9.C -std=gnu++14 scan-not-hidden
FAIL: g++.dg/ext/visibility/typeinfo1.C -std=gnu++98 scan-not-hidden
FAIL: g++.dg/ext/visibility/typeinfo1.C -std=gnu++98 scan-not-hidden
FAIL: g++.dg/ext/visibility/typeinfo1.C -std=gnu++11 scan-not-hidden
FAIL: g++.dg/ext/visibility/typeinfo1.C -std=gnu++11 scan-not-hidden
FAIL: g++.dg/ext/visibility/typeinfo1.C -std=gnu++14 scan-not-hidden
FAIL: g++.dg/ext/visibility/typeinfo1.C -std=gnu++14 scan-not-hidden
FAIL: g++.dg/ext/visibility/typeinfo2.C -std=c++98 scan-not-hidden
FAIL: g++.dg/ext/visibility/typeinfo2.C -std=c++11 scan-not-hidden
FAIL: g++.dg/ext/visibility/typeinfo2.C -std=c++14 scan-not-hidden
FAIL: g++.dg/ext/visibility/typeinfo3.C -std=c++98 scan-not-hidden
FAIL: g++.dg/ext/visibility/typeinfo3.C -std=c++98 scan-not-hidden
FAIL: g++.dg/ext/visibility/typeinfo3.C -std=c++11 scan-not-hidden
FAIL: g++.dg/ext/visibility/typeinfo3.C -std=c++11 scan-not-hidden
FAIL: g++.dg/ext/visibility/typeinfo3.C -std=c++14 scan-not-hidden
FAIL: g++.dg/ext/visibility/typeinfo3.C -std=c++14 scan-not-hidden
FAIL: g++.dg/ext/visibility/warn3.C -std=c++98 scan-not-hidden
FAIL: g++.dg/ext/visibility/warn3.C -std=c++11 scan-not-hidden
FAIL: g++.dg/ext/visibility/warn3.C -std=c++14 scan-not-hidden
FAIL: g++.old-deja/g++.mike/visibility-1.C -std=gnu++98 scan-not-hidden
FAIL: g++.old-deja/g++.mike/visibility-1.C -std=gnu++11 scan-not-hidden
FAIL: g++.old-deja/g++.mike/visibility-1.C -std=gnu++14 scan-not-hidden
=== g++ Summary ===
# of expected passes 115113
# of unexpected failures 106
# of expected failures 513
# of unsupported tests 5358
/usr/local/build/gcc-8.3.0_Oracle_sparc64vii+.002/gcc/testsuite/g++/../../xg++ version 8.3.0 (GCC)
=== gnat tests ===
Running target unix
=== gnat Summary ===
# of expected passes 2678
# of expected failures 24
# of unsupported tests 23
/usr/local/build/gcc-8.3.0_Oracle_sparc64vii+.002/gcc/gnatmake version 8.3.0
=== go tests ===
Running target unix
FAIL: go.go-torture/execute/printnil.go execution, -O0
FAIL: go.go-torture/execute/printnil.go execution, -O1
FAIL: go.go-torture/execute/printnil.go execution, -O2
FAIL: go.go-torture/execute/printnil.go execution, -O2 -fomit-frame-pointer -finline-functions
FAIL: go.go-torture/execute/printnil.go execution, -O2 -fomit-frame-pointer -finline-functions -funroll-loops
FAIL: go.go-torture/execute/printnil.go execution, -O2 -fbounds-check
FAIL: go.go-torture/execute/printnil.go execution, -O3 -g
FAIL: go.go-torture/execute/printnil.go execution, -Os
FAIL: go.test/test/closedchan.go execution, -O2 -g
FAIL: go.test/test/cmp.go execution, -O2 -g
FAIL: go.test/test/divmod.go execution, -O2 -g
FAIL: go.test/test/fixedbugs/bug113.go execution, -O2 -g
FAIL: go.test/test/fixedbugs/bug148.go execution, -O2 -g
FAIL: go.test/test/fixedbugs/bug266.go execution, -O2 -g
FAIL: go.test/test/fixedbugs/bug272.go execution, -O2 -g
FAIL: go.test/test/fixedbugs/bug273.go execution, -O2 -g
FAIL: go.test/test/fixedbugs/bug324.dir/prog.go execution, -O2 -g
FAIL: go.test/test/fixedbugs/bug347.go execution, -O0 -g
FAIL: go.test/test/fixedbugs/bug348.go execution, -O0 -g
FAIL: go.test/test/fixedbugs/bug444.go execution, -O2 -g
FAIL: go.test/test/fixedbugs/issue4066.go execution, -O2 -g
FAIL: go.test/test/fixedbugs/issue4353.go execution, -O2 -g
FAIL: go.test/test/fixedbugs/issue4562.go execution, -O2 -g
FAIL: go.test/test/fixedbugs/issue6055.go execution, -O2 -g
FAIL: ./index0-out.go execution, -O0 -g -fno-var-tracking-assignments
FAIL: go.test/test/interface/fail.go execution, -O2 -g
FAIL: go.test/test/interface/noeq.go execution, -O2 -g
FAIL: go.test/test/interface/returntype.go execution, -O2 -g
FAIL: go.test/test/method.go execution, -O2 -g
FAIL: go.test/test/method5.go execution, -O2 -g
FAIL: go.test/test/nil.go execution, -O2 -g
FAIL: go.test/test/recover.go execution, -O2 -g
FAIL: go.test/test/recover1.go execution, -O2 -g
FAIL: go.test/test/recover2.go execution, -O2 -g
FAIL: ./slice3-out.go execution, -O0 -g -fno-var-tracking-assignments
=== go Summary ===
# of expected passes 7239
# of unexpected failures 35
# of expected failures 1
# of untested testcases 11
# of unsupported tests 3
=== obj-c++ tests ===
Running target unix
=== obj-c++ Summary ===
# of expected passes 1440
# of expected failures 10
# of unsupported tests 77
/usr/local/build/gcc-8.3.0_Oracle_sparc64vii+.002/gcc/testsuite/obj-c++/../../xg++ version 8.3.0 (GCC)
=== objc tests ===
Running target unix
=== objc Summary ===
# of expected passes 2787
# of unsupported tests 68
/usr/local/build/gcc-8.3.0_Oracle_sparc64vii+.002/gcc/xgcc version 8.3.0 (GCC)
=== gotools tests ===
FAIL: go test cmd/go
FAIL: TestDotDotDotOutsideGOPATH
FAIL: TestGoTestXtestonlyWorks
FAIL: TestGoVetWithOnlyTestFiles
FAIL: TestTestRebuild
FAIL: TestTestRegexps
FAIL: TestVetWithOnlyCgoFiles
FAIL: go test runtime
FAIL: go test misc/cgo/test
FAIL: go test misc/cgo/testcarchive
FAIL: TestCompileWithoutShared
FAIL: TestEarlySignalHandler
FAIL: TestInstall
FAIL: TestOsSignal
FAIL: TestPIE
FAIL: TestSigaltstack
FAIL: TestSignalForwarding
FAIL: TestSignalForwardingExternal
FAIL: TestSIGPROF
FAIL: go test cmd/vet
FAIL: TestTags
FAIL: TestVetVerbose
=== gotools Summary ===
# of expected passes 153
# of unexpected failures 22
# of untested testcases 141
/usr/local/build/gcc-8.3.0_Oracle_sparc64vii+.002/./gcc/gccgo version 8.3.0 (GCC)
=== libatomic tests ===
Running target unix
=== libatomic Summary ===
# of expected passes 54
=== libffi tests ===
Running target unix
=== libffi Summary ===
# of expected passes 2214
=== libgo tests ===
Running target unix
FAIL: fmt
FAIL: math
FAIL: reflect
FAIL: time
FAIL: encoding/gob
FAIL: html/template
FAIL: go/constant
FAIL: golang_org/x/crypto/cryptobyte
FAIL: math/big
FAIL: net/http
FAIL: net/rpc
FAIL: os/signal
FAIL: runtime/debug
FAIL: runtime/pprof
FAIL: sync/atomic
FAIL: text/tabwriter
FAIL: text/template
FAIL: text/template/parse
=== libgo Summary for unix ===
# of expected passes 146
# of unexpected failures 18
Running target unix/-m32
FAIL: fmt
FAIL: math
FAIL: net
FAIL: reflect
FAIL: runtime
FAIL: time
FAIL: encoding/gob
FAIL: html/template
FAIL: go/constant
FAIL: golang_org/x/crypto/cryptobyte
FAIL: math/big
FAIL: net/http
FAIL: net/rpc
FAIL: os/exec
FAIL: runtime/debug
FAIL: runtime/pprof
FAIL: sync/atomic
FAIL: text/tabwriter
FAIL: text/template
FAIL: text/template/parse
=== libgo Summary for unix/-m32 ===
# of expected passes 144
# of unexpected failures 20
=== libgo Summary ===
# of expected passes 290
# of unexpected failures 38
/usr/local/build/gcc-8.3.0_Oracle_sparc64vii+.002/./gcc/gccgo version 8.3.0 (GCC)
=== libgomp tests ===
Running target unix
=== libgomp Summary ===
# of expected passes 5449
# of expected failures 2
# of unsupported tests 366
=== libitm tests ===
Running target unix
=== libitm Summary ===
# of expected passes 42
# of expected failures 3
# of unsupported tests 1
=== libstdc++ tests ===
Running target unix
FAIL: 27_io/filesystem/operations/last_write_time.cc execution test
FAIL: experimental/filesystem/operations/last_write_time.cc execution test
=== libstdc++ Summary ===
# of expected passes 11395
# of unexpected failures 2
# of expected failures 71
# of unsupported tests 653
Compiler version: 8.3.0 (GCC)
Platform: sparc64-sun-solaris2.10
configure flags: --prefix=/usr/local/gcc8 --build=sparc64-sun-solaris2.10 --target=sparc64-sun-solaris2.10 --host=sparc64-sun-solaris2.10 --without-gnu-as --without-gnu-ld --with-as=/usr/ccs/bin/as --with-ld=/usr/ccs/bin/sparcv9/ld --disable-nls --enable-threads=posix --enable-shared --with-gmp=/usr/local --with-mpfr=/usr/local --with-mpc=/usr/local --with-isl=/usr/local --with-build-time-tools=/usr/local/bin --with-cpu=v9 --enable-bootstrap --enable-stage1-languages=c,c++ --enable-stage1-checking=misc --enable-languages=ada,c,c++,fortran,go,lto,objc,obj-c++
EOF
Dennis Clarke
More information about the Gcc-testresults
mailing list