Results for 10.0.0 20191106 (experimental) [trunk revision 277882] (GCC) testsuite on hppa2.0w-hp-hpux11.11
John David Anglin
dave@hiauly3.hia.nrc.ca
Sun Nov 10 14:09:00 GMT 2019
=== acats tests ===
FAIL: c974013
FAIL: c9a011b
=== acats Summary ===
# of expected passes 2318
# of unexpected failures 2
Native configuration is hppa2.0w-hp-hpux11.11
=== g++ tests ===
Running target unix
WARNING: program timed out.
FAIL: c-c++-common/simulate-thread/bitfields-1.c -O2 -g -std=c++98 thread simulation test
FAIL: c-c++-common/simulate-thread/bitfields-1.c -O3 -g -std=c++11 thread simulation test
FAIL: g++.dg/torture/pr81812.C -O0 (test for excess errors)
FAIL: g++.dg/torture/pr81812.C -O1 (test for excess errors)
FAIL: g++.dg/torture/pr81812.C -O2 (test for excess errors)
FAIL: g++.dg/torture/pr81812.C -O3 -g (test for excess errors)
FAIL: g++.dg/torture/pr81812.C -Os (test for excess errors)
=== g++ Summary ===
# of expected passes 160785
# of unexpected failures 7
# of expected failures 700
# of unsupported tests 7960
/test/gnu/gcc/objdir/gcc/testsuite/g++/../../xg++ version 10.0.0 20191106 (experimental) [trunk revision 277882] (GCC)
=== gcc tests ===
Running target unix
FAIL: gcc.c-torture/compile/limits-exprparen.c -O0 (internal compiler error)
FAIL: gcc.c-torture/compile/limits-exprparen.c -O0 (test for excess errors)
FAIL: gcc.c-torture/compile/limits-exprparen.c -O1 (internal compiler error)
FAIL: gcc.c-torture/compile/limits-exprparen.c -O1 (test for excess errors)
FAIL: gcc.c-torture/compile/limits-exprparen.c -O2 (internal compiler error)
FAIL: gcc.c-torture/compile/limits-exprparen.c -O2 (test for excess errors)
FAIL: gcc.c-torture/compile/limits-exprparen.c -O3 -g (internal compiler error)
FAIL: gcc.c-torture/compile/limits-exprparen.c -O3 -g (test for excess errors)
FAIL: gcc.c-torture/compile/limits-exprparen.c -Os (internal compiler error)
FAIL: gcc.c-torture/compile/limits-exprparen.c -Os (test for excess errors)
FAIL: gcc.dg/atomic/c11-atomic-exec-5.c -O0 execution test
FAIL: gcc.dg/atomic/c11-atomic-exec-5.c -O1 execution test
FAIL: gcc.dg/atomic/c11-atomic-exec-5.c -O2 execution test
FAIL: gcc.dg/atomic/c11-atomic-exec-5.c -O3 -fomit-frame-pointer -funroll-loops -fpeel-loops -ftracer -finline-functions execution test
FAIL: gcc.dg/atomic/c11-atomic-exec-5.c -O3 -g execution test
FAIL: gcc.dg/atomic/c11-atomic-exec-5.c -Os execution test
FAIL: gcc.dg/spellcheck-options-21.c (test for excess errors)
FAIL: gcc.dg/strlenopt-81.c (test for excess errors)
FAIL: gcc.dg/strlenopt-81.c execution test
FAIL: gcc.dg/ucnid-16-utf8.c (test for excess errors)
UNRESOLVED: gcc.dg/ucnid-16-utf8.c scan-file ò
FAIL: c-c++-common/goacc/firstprivate-mappings-1.c scan-tree-dump omplower "(?n)#pragma omp target oacc_parallel map\\\\(from:array_so \\\\[len: 4\\\\]\\\\) firstprivate\\\\(array_li.[0-9]+\\\\) map\\\\(tofrom:\\\\(\\\\*array.[0-9]+\\\\) \\\\[len: D\\\\.[0-9]+\\\\]\\\\) map\\\\(firstprivate:array \\\\[pointer assign, bias: 0\\\\]\\\\) \\\\["
XPASS: gcc.dg/graphite/scop-21.c scan-tree-dump-times graphite "number of SCoPs: 1" 1
WARNING: program timed out.
FAIL: gcc.dg/ipa/ipa-sra-12.c scan-ipa-dump-times sra "Will split parameter" 2
FAIL: gcc.dg/ipa/ipa-sra-12.c scan-ipa-dump-times sra "component at byte offset" 4
FAIL: gcc.dg/ipa/ipa-sra-14.c scan-ipa-dump-times sra "Will split parameter" 2
FAIL: gcc.dg/ipa/ipa-sra-14.c scan-ipa-dump-times sra "component at byte offset" 4
FAIL: gcc.dg/ipa/ipa-sra-8.c execution test
FAIL: gcc.dg/ipa/ipa-sra-9.c execution test
FAIL: c-c++-common/simulate-thread/bitfields-1.c -O2 -g thread simulation test
FAIL: c-c++-common/simulate-thread/bitfields-1.c -O3 -g thread simulation test
XPASS: gcc.dg/torture/pr47917.c -O1 execution test
XPASS: gcc.dg/torture/pr47917.c -O2 execution test
XPASS: gcc.dg/torture/pr47917.c -O3 -g execution test
XPASS: gcc.dg/torture/pr47917.c -Os execution test
FAIL: gcc.dg/tree-ssa/builtin-sprintf.c execution test
=== gcc Summary ===
# of expected passes 88669
# of unexpected failures 30
# of unexpected successes 5
# of expected failures 454
# of unresolved testcases 1
# of unsupported tests 2507
/test/gnu/gcc/objdir/gcc/xgcc version 10.0.0 20191106 (experimental) [trunk revision 277882] (GCC)
=== gfortran tests ===
Running target unix
FAIL: gfortran.dg/class_61.f90 -O (internal compiler error)
FAIL: gfortran.dg/class_61.f90 -O (test for excess errors)
FAIL: gfortran.dg/fmt_f_default_field_width_3.f90 -O (test for excess errors)
FAIL: gfortran.dg/fmt_g_default_field_width_3.f90 -O (test for excess errors)
FAIL: gfortran.dg/pr90988_4.f -O (test for excess errors)
FAIL: gfortran.dg/pr91372.f90 -O (test for excess errors)
FAIL: gfortran.dg/unlimited_polymorphic_30.f03 -O0 execution test
FAIL: gfortran.dg/unlimited_polymorphic_30.f03 -O1 execution test
FAIL: gfortran.dg/unlimited_polymorphic_30.f03 -O2 execution test
FAIL: gfortran.dg/unlimited_polymorphic_30.f03 -O3 -fomit-frame-pointer -funroll-loops -fpeel-loops -ftracer -finline-functions execution test
FAIL: gfortran.dg/unlimited_polymorphic_30.f03 -O3 -g execution test
FAIL: gfortran.dg/unlimited_polymorphic_30.f03 -Os execution test
WARNING: program timed out.
FAIL: gfortran.dg/graphite/pr90240.f -O (test for excess errors)
=== gfortran Summary ===
# of expected passes 48984
# of unexpected failures 13
# of expected failures 199
# of unsupported tests 536
/test/gnu/gcc/objdir/gcc/testsuite/gfortran/../../gfortran version 10.0.0 20191106 (experimental) [trunk revision 277882] (GCC)
=== gnat tests ===
Running target unix
FAIL: gnat.dg/bias1.adb scan-assembler DW_AT_GNU_bias
FAIL: gnat.dg/config_pragma1.adb execution test
FAIL: gnat.dg/debug11_pkg.adb scan-assembler local_imported_func
FAIL: gnat.dg/debug11_pkg.adb scan-assembler local_imported_var
FAIL: gnat.dg/debug11_pkg.adb scan-assembler global_imported_func
FAIL: gnat.dg/debug11_pkg.adb scan-assembler global_imported_var
FAIL: gnat.dg/opt39.adb scan-tree-dump-not optimized "tmp"
FAIL: gnat.dg/specs/debug1.ads scan-assembler-times DW_AT_upper_bound 4
=== gnat Summary ===
# of expected passes 3201
# of unexpected failures 8
# of expected failures 23
# of unsupported tests 40
/test/gnu/gcc/objdir/gcc/gnatmake version 10.0.0 20191106 (experimental) [trunk revision 277882]
=== obj-c++ tests ===
Running target unix
=== obj-c++ Summary ===
# of expected passes 1392
# of expected failures 2
# of unsupported tests 60
/test/gnu/gcc/objdir/gcc/testsuite/obj-c++/../../xg++ version 10.0.0 20191106 (experimental) [trunk revision 277882] (GCC)
=== objc tests ===
Running target unix
=== objc Summary ===
# of expected passes 2684
# of unsupported tests 61
/test/gnu/gcc/objdir/gcc/xgcc version 10.0.0 20191106 (experimental) [trunk revision 277882] (GCC)
=== libatomic tests ===
Running target unix
=== libatomic Summary ===
# of expected passes 44
# of unsupported tests 5
=== libgomp tests ===
Running target unix
FAIL: libgomp.c/target-29.c (internal compiler error)
FAIL: libgomp.c/target-29.c (test for excess errors)
UNRESOLVED: libgomp.c/target-29.c compilation failed to produce executable
FAIL: libgomp.c++/target-15.C (internal compiler error)
FAIL: libgomp.c++/target-15.C (test for excess errors)
UNRESOLVED: libgomp.c++/target-15.C compilation failed to produce executable
FAIL: libgomp.c++/target-16.C (internal compiler error)
FAIL: libgomp.c++/target-16.C (test for excess errors)
UNRESOLVED: libgomp.c++/target-16.C compilation failed to produce executable
FAIL: libgomp.c++/target-17.C (internal compiler error)
FAIL: libgomp.c++/target-17.C (test for excess errors)
UNRESOLVED: libgomp.c++/target-17.C compilation failed to produce executable
FAIL: libgomp.c++/target-19.C (internal compiler error)
FAIL: libgomp.c++/target-19.C (test for excess errors)
UNRESOLVED: libgomp.c++/target-19.C compilation failed to produce executable
FAIL: libgomp.oacc-c/../libgomp.oacc-c-c++-common/atomic_update-1.c -DACC_DEVICE_TYPE_host=1 -DACC_MEM_SHARED=1 -foffload=disable -O2 execution test
FAIL: libgomp.oacc-c++/../libgomp.oacc-c-c++-common/atomic_update-1.c -DACC_DEVICE_TYPE_host=1 -DACC_MEM_SHARED=1 -foffload=disable -O2 execution test
=== libgomp Summary ===
# of expected passes 6892
# of unexpected failures 12
# of expected failures 4
# of unresolved testcases 5
# of unsupported tests 443
=== libstdc++ tests ===
Running target unix
FAIL: 17_intro/headers/c++1998/charset.cc (test for excess errors)
FAIL: 17_intro/headers/c++2011/charset.cc (test for excess errors)
FAIL: 17_intro/headers/c++2014/charset.cc (test for excess errors)
FAIL: 17_intro/headers/c++2017/charset.cc (test for excess errors)
FAIL: 17_intro/headers/c++2020/charset.cc (test for excess errors)
FAIL: 26_numerics/complex/proj.cc execution test
FAIL: libstdc++-prettyprinters/48362.cc
FAIL: libstdc++-prettyprinters/59161.cc
FAIL: libstdc++-prettyprinters/80276.cc
FAIL: libstdc++-prettyprinters/compat.cc
FAIL: libstdc++-prettyprinters/cxx11.cc
FAIL: libstdc++-prettyprinters/debug_cxx11.cc
FAIL: libstdc++-prettyprinters/libfundts.cc
FAIL: libstdc++-prettyprinters/shared_ptr.cc
FAIL: libstdc++-prettyprinters/tr1.cc
FAIL: libstdc++-prettyprinters/whatis2.cc
FAIL: libstdc++-xmethods/array.cc
FAIL: libstdc++-xmethods/associative-containers.cc
FAIL: libstdc++-xmethods/deque.cc
FAIL: libstdc++-xmethods/forwardlist.cc
FAIL: libstdc++-xmethods/list.cc
FAIL: libstdc++-xmethods/shared_ptr.cc
FAIL: libstdc++-xmethods/unique_ptr.cc
FAIL: libstdc++-xmethods/vector.cc
=== libstdc++ Summary ===
# of expected passes 11852
# of unexpected failures 24
# of expected failures 92
# of unsupported tests 995
Compiler version: 10.0.0 20191106 (experimental) [trunk revision 277882] (GCC)
Platform: hppa2.0w-hp-hpux11.11
configure flags:Test Run By dave on Thu Nov 7 13:36:06 2019
More information about the Gcc-testresults
mailing list