Results for 10.0.0 20191108 (experimental) [trunk revision 277965] (GCC) testsuite on sparc-sun-solaris2.11
Rainer Orth
ro@CeBiTec.Uni-Bielefeld.DE
Fri Nov 8 23:07:00 GMT 2019
LAST_UPDATED: Fri Nov 8 12:18:18 UTC 2019 (revision 277965)
=== acats tests ===
=== acats Summary ===
# of expected passes 2320
# of unexpected failures 0
Native configuration is sparc-sun-solaris2.11
=== g++ tests ===
Running target unix
FAIL: g++.dg/lto/pr89335 cp_lto_pr89335_0.o assemble, -O2 -flto -Wsuggest-final-methods
=== g++ Summary for unix ===
# of expected passes 177046
# of unexpected failures 1
# of expected failures 715
# of unsupported tests 8011
Running target unix/-m64
FAIL: g++.dg/lto/pr89335 cp_lto_pr89335_0.o assemble, -O2 -flto -Wsuggest-final-methods
=== g++ Summary for unix/-m64 ===
# of expected passes 177818
# of unexpected failures 1
# of expected failures 719
# of unsupported tests 7715
=== g++ Summary ===
# of expected passes 354864
# of unexpected failures 2
# of expected failures 1434
# of unsupported tests 15726
/var/gcc/regression/trunk/11.3-gcc/build/gcc/xg++ version 10.0.0 20191108 (experimental) [trunk revision 277965] (GCC)
=== gcc tests ===
Running target unix
FAIL: gcc.c-torture/compile/20000804-1.c -O3 -g (test for excess errors)
FAIL: gcc.dg/cast-function-1.c (internal compiler error)
FAIL: gcc.dg/cast-function-1.c (test for excess errors)
FAIL: gcc.dg/strlenopt-81.c (test for excess errors)
UNRESOLVED: gcc.dg/strlenopt-81.c compilation failed to produce executable
FAIL: gcc.dg/visibility-22.c execution test
XPASS: gcc.dg/graphite/scop-21.c scan-tree-dump-times graphite "number of SCoPs: 1" 1
FAIL: gcc.dg/ipa/ipa-icf-38.c scan-ltrans-tree-dump-not optimized "Function bar"
FAIL: gcc.dg/simulate-thread/atomic-other-int.c -O2 -g thread simulation test
FAIL: gcc.dg/simulate-thread/atomic-other-int.c -O3 -g thread simulation test
FAIL: gcc.dg/simulate-thread/speculative-store-4.c -O0 -g thread simulation test
FAIL: gcc.dg/simulate-thread/speculative-store-4.c -O2 -g thread simulation test
FAIL: gcc.dg/simulate-thread/speculative-store-4.c -O3 -g thread simulation test
FAIL: gcc.dg/simulate-thread/speculative-store.c -O0 -g thread simulation test
FAIL: gcc.dg/torture/pr60092.c -O0 execution test
FAIL: gcc.dg/vect/bb-slp-22.c -flto -ffat-lto-objects scan-tree-dump-times slp2 "basic block vectorized" 1
FAIL: gcc.dg/vect/bb-slp-22.c scan-tree-dump-times slp2 "basic block vectorized" 1
FAIL: gcc.dg/vect/bb-slp-40.c -flto -ffat-lto-objects scan-tree-dump-times slp1 "Found vectorizable constructor" 1
FAIL: gcc.dg/vect/bb-slp-40.c -flto -ffat-lto-objects scan-tree-dump-times slp1 "vectorizing stmts using SLP" 1
FAIL: gcc.dg/vect/bb-slp-40.c scan-tree-dump-times slp1 "Found vectorizable constructor" 1
FAIL: gcc.dg/vect/bb-slp-40.c scan-tree-dump-times slp1 "vectorizing stmts using SLP" 1
FAIL: gcc.dg/vect/bb-slp-41.c -flto -ffat-lto-objects scan-tree-dump-times slp1 "Found vectorizable constructor" 12
FAIL: gcc.dg/vect/bb-slp-41.c -flto -ffat-lto-objects scan-tree-dump-times slp1 "vectorizing stmts using SLP" 4
FAIL: gcc.dg/vect/bb-slp-41.c scan-tree-dump-times slp1 "Found vectorizable constructor" 12
FAIL: gcc.dg/vect/bb-slp-41.c scan-tree-dump-times slp1 "vectorizing stmts using SLP" 4
FAIL: gcc.dg/vect/vect-epilogues.c -flto -ffat-lto-objects scan-tree-dump vect "LOOP EPILOGUE VECTORIZED"
FAIL: gcc.dg/vect/vect-epilogues.c scan-tree-dump vect "LOOP EPILOGUE VECTORIZED"
=== gcc Summary for unix ===
# of expected passes 118298
# of unexpected failures 25
# of unexpected successes 1
# of expected failures 631
# of unresolved testcases 1
# of unsupported tests 3535
Running target unix/-m64
FAIL: gcc.dg/strlenopt-81.c (test for excess errors)
UNRESOLVED: gcc.dg/strlenopt-81.c compilation failed to produce executable
FAIL: gcc.dg/visibility-22.c execution test
XPASS: gcc.dg/graphite/scop-21.c scan-tree-dump-times graphite "number of SCoPs: 1" 1
FAIL: gcc.dg/ipa/ipa-icf-38.c scan-ltrans-tree-dump-not optimized "Function bar"
FAIL: gcc.dg/torture/pr60092.c -O0 execution test
FAIL: gcc.dg/vect/bb-slp-22.c -flto -ffat-lto-objects scan-tree-dump-times slp2 "basic block vectorized" 1
FAIL: gcc.dg/vect/bb-slp-22.c scan-tree-dump-times slp2 "basic block vectorized" 1
FAIL: gcc.dg/vect/bb-slp-40.c -flto -ffat-lto-objects scan-tree-dump-times slp1 "Found vectorizable constructor" 1
FAIL: gcc.dg/vect/bb-slp-40.c -flto -ffat-lto-objects scan-tree-dump-times slp1 "vectorizing stmts using SLP" 1
FAIL: gcc.dg/vect/bb-slp-40.c scan-tree-dump-times slp1 "Found vectorizable constructor" 1
FAIL: gcc.dg/vect/bb-slp-40.c scan-tree-dump-times slp1 "vectorizing stmts using SLP" 1
FAIL: gcc.dg/vect/bb-slp-41.c -flto -ffat-lto-objects scan-tree-dump-times slp1 "Found vectorizable constructor" 12
FAIL: gcc.dg/vect/bb-slp-41.c -flto -ffat-lto-objects scan-tree-dump-times slp1 "vectorizing stmts using SLP" 4
FAIL: gcc.dg/vect/bb-slp-41.c scan-tree-dump-times slp1 "Found vectorizable constructor" 12
FAIL: gcc.dg/vect/bb-slp-41.c scan-tree-dump-times slp1 "vectorizing stmts using SLP" 4
FAIL: gcc.dg/vect/vect-epilogues.c -flto -ffat-lto-objects scan-tree-dump vect "LOOP EPILOGUE VECTORIZED"
FAIL: gcc.dg/vect/vect-epilogues.c scan-tree-dump vect "LOOP EPILOGUE VECTORIZED"
WARNING: gcc.target/sparc/ultrasp12.c (test for excess errors) program timed out.
FAIL: gcc.target/sparc/ultrasp12.c (test for excess errors)
=== gcc Summary for unix/-m64 ===
# of expected passes 117861
# of unexpected failures 17
# of unexpected successes 1
# of expected failures 622
# of unresolved testcases 1
# of unsupported tests 2930
=== gcc Summary ===
# of expected passes 236159
# of unexpected failures 42
# of unexpected successes 2
# of expected failures 1253
# of unresolved testcases 2
# of unsupported tests 6465
/var/gcc/regression/trunk/11.3-gcc/build/gcc/xgcc version 10.0.0 20191108 (experimental) [trunk revision 277965] (GCC)
=== gdc tests ===
Running target unix
FAIL: gdc.test/runnable/nested.d -O2 (internal compiler error)
FAIL: gdc.test/runnable/nested.d -O2 -frelease (internal compiler error)
FAIL: gdc.test/runnable/nested.d -O2 -frelease -g (internal compiler error)
FAIL: gdc.test/runnable/nested.d -O2 -g (internal compiler error)
WARNING: gdc.test/runnable/test17338.d (test for excess errors) program timed out.
=== gdc Summary for unix ===
# of expected passes 22867
# of unexpected failures 4
# of unsupported tests 40
Running target unix/-m64
FAIL: gdc.test/compilable/test15019.d -O2 -frelease -g output-exists test15019.o
WARNING: gdc.test/compilable/test15019.d -O2 -frelease -g (test for excess errors) program timed out.
=== gdc Summary for unix/-m64 ===
# of expected passes 22866
# of unexpected failures 1
# of unsupported tests 40
=== gdc Summary ===
# of expected passes 45733
# of unexpected failures 5
# of unsupported tests 80
/var/gcc/regression/trunk/11.3-gcc/build/gcc/gdc version 10.0.0 20191108 (experimental) [trunk revision 277965] (GCC)
=== gfortran tests ===
Running target unix
=== gfortran Summary for unix ===
# of expected passes 50786
# of expected failures 189
# of unsupported tests 277
Running target unix/-m64
=== gfortran Summary for unix/-m64 ===
# of expected passes 51045
# of expected failures 189
# of unsupported tests 150
=== gfortran Summary ===
# of expected passes 101831
# of expected failures 378
# of unsupported tests 427
/var/gcc/regression/trunk/11.3-gcc/build/gcc/gfortran version 10.0.0 20191108 (experimental) [trunk revision 277965] (GCC)
=== gnat tests ===
Running target unix
FAIL: gnat.dg/array3.adb (test for excess errors)
UNRESOLVED: gnat.dg/array3.adb compilation failed to produce executable
FAIL: gnat.dg/atomic10.adb (test for errors, line 17)
FAIL: gnat.dg/atomic10.adb (internal compiler error)
FAIL: gnat.dg/atomic10.adb (test for excess errors)
FAIL: gnat.dg/atomic5.adb (test for excess errors)
=== gnat Summary for unix ===
# of expected passes 3222
# of unexpected failures 5
# of expected failures 23
# of unresolved testcases 1
# of unsupported tests 32
Running target unix/-m64
=== gnat Summary for unix/-m64 ===
# of expected passes 3227
# of expected failures 23
# of unsupported tests 32
=== gnat Summary ===
# of expected passes 6449
# of unexpected failures 5
# of expected failures 46
# of unresolved testcases 1
# of unsupported tests 64
/var/gcc/regression/trunk/11.3-gcc/build/gcc/gnatmake version 10.0.0 20191108 (experimental) [trunk revision 277965]
=== go tests ===
Running target unix
FAIL: ./index0-out.go execution, -O0 -g -fno-var-tracking-assignments
FAIL: go.test/test/fixedbugs/issue4085b.go execution, -O2 -g
FAIL: go.test/test/fixedbugs/issue4562.go execution, -O2 -g
FAIL: go.test/test/nil.go execution, -O2 -g
=== go Summary for unix ===
# of expected passes 7466
# of unexpected failures 4
# of expected failures 1
# of untested testcases 11
# of unsupported tests 3
Running target unix/-m64
FAIL: ./index0-out.go execution, -O0 -g -fno-var-tracking-assignments
FAIL: go.test/test/fixedbugs/issue4348.go -O (test for excess errors)
=== go Summary for unix/-m64 ===
# of expected passes 7348
# of unexpected failures 2
# of expected failures 1
# of untested testcases 11
# of unsupported tests 3
=== go Summary ===
# of expected passes 14814
# of unexpected failures 6
# of expected failures 2
# of untested testcases 22
# of unsupported tests 6
=== obj-c++ tests ===
Running target unix
=== obj-c++ Summary for unix ===
# of expected passes 1450
# of expected failures 2
# of unsupported tests 77
Running target unix/-m64
=== obj-c++ Summary for unix/-m64 ===
# of expected passes 1442
# of expected failures 10
# of unsupported tests 77
=== obj-c++ Summary ===
# of expected passes 2892
# of expected failures 12
# of unsupported tests 154
/var/gcc/regression/trunk/11.3-gcc/build/gcc/xg++ version 10.0.0 20191108 (experimental) [trunk revision 277965] (GCC)
=== objc tests ===
Running target unix
=== objc Summary for unix ===
# of expected passes 2782
# of unsupported tests 68
Running target unix/-m64
=== objc Summary for unix/-m64 ===
# of expected passes 2782
# of unsupported tests 68
=== objc Summary ===
# of expected passes 5564
# of unsupported tests 136
/var/gcc/regression/trunk/11.3-gcc/build/gcc/xgcc version 10.0.0 20191108 (experimental) [trunk revision 277965] (GCC)
=== gotools tests ===
FAIL: go test cmd/go
FAIL: go test runtime
FAIL: go test misc/cgo/test
FAIL: TestInstall
FAIL: go test misc/cgo/testcarchive
FAIL: TestTags
FAIL: TestVet
FAIL: go test cmd/vet
=== gotools Summary ===
# of unexpected failures 8
/var/gcc/regression/trunk/11.3-gcc/build/./gcc/gccgo version 10.0.0 20191108 (experimental) [trunk revision 277965] (GCC)
=== libatomic tests ===
Running target unix
=== libatomic Summary for unix ===
# of expected passes 44
# of unsupported tests 5
Running target unix/-m64
=== libatomic Summary for unix/-m64 ===
# of expected passes 54
=== libatomic Summary ===
# of expected passes 98
# of unsupported tests 5
=== libffi tests ===
Running target unix
=== libffi Summary for unix ===
# of expected passes 2214
Running target unix/-m64
=== libffi Summary for unix/-m64 ===
# of expected passes 2214
=== libffi Summary ===
# of expected passes 4428
=== libgo tests ===
Running target unix
FAIL: go/build
FAIL: go/types
FAIL: os/signal
FAIL: runtime
FAIL: runtime/pprof
FAIL: sync/atomic
=== libgo Summary for unix ===
# of expected passes 168
# of unexpected failures 6
Running target unix/-m64
FAIL: archive/tar
FAIL: go/build
FAIL: net/http
FAIL: runtime
FAIL: runtime/pprof
FAIL: sync/atomic
=== libgo Summary for unix/-m64 ===
# of expected passes 168
# of unexpected failures 6
=== libgo Summary ===
# of expected passes 336
# of unexpected failures 12
/var/gcc/regression/trunk/11.3-gcc/build/./gcc/gccgo version 10.0.0 20191108 (experimental) [trunk revision 277965] (GCC)
=== libgomp tests ===
Running target unix
WARNING: libgomp.c++/task-reduction-10.C execution test program timed out.
FAIL: libgomp.c++/task-reduction-10.C execution test
WARNING: libgomp.c++/task-reduction-13.C execution test program timed out.
FAIL: libgomp.c++/task-reduction-13.C execution test
WARNING: libgomp.c++/task-reduction-8.C execution test program timed out.
FAIL: libgomp.c++/task-reduction-8.C execution test
FAIL: libgomp.c/../libgomp.c-c++-common/for-11.c (test for excess errors)
UNRESOLVED: libgomp.c/../libgomp.c-c++-common/for-11.c compilation failed to produce executable
FAIL: libgomp.c/../libgomp.c-c++-common/for-12.c (test for excess errors)
UNRESOLVED: libgomp.c/../libgomp.c-c++-common/for-12.c compilation failed to produce executable
=== libgomp Summary for unix ===
# of expected passes 6929
# of unexpected failures 5
# of expected failures 4
# of unresolved testcases 2
# of unsupported tests 427
Running target unix/-m64
WARNING: libgomp.c++/task-reduction-11.C execution test program timed out.
FAIL: libgomp.c++/task-reduction-11.C execution test
=== libgomp Summary for unix/-m64 ===
# of expected passes 6935
# of unexpected failures 1
# of expected failures 4
# of unsupported tests 427
=== libgomp Summary ===
# of expected passes 13864
# of unexpected failures 6
# of expected failures 8
# of unresolved testcases 2
# of unsupported tests 854
=== libitm tests ===
Running target unix
=== libitm Summary for unix ===
# of expected passes 42
# of expected failures 3
# of unsupported tests 1
Running target unix/-m64
=== libitm Summary for unix/-m64 ===
# of expected passes 42
# of expected failures 3
# of unsupported tests 1
=== libitm Summary ===
# of expected passes 84
# of expected failures 6
# of unsupported tests 2
=== libstdc++ tests ===
Running target unix
FAIL: experimental/net/internet/resolver/ops/lookup.cc execution test
=== libstdc++ Summary for unix ===
# of expected passes 12455
# of unexpected failures 1
# of expected failures 92
# of unsupported tests 727
Running target unix/-m64
FAIL: experimental/net/internet/resolver/ops/lookup.cc execution test
=== libstdc++ Summary for unix/-m64 ===
# of expected passes 12455
# of unexpected failures 1
# of expected failures 92
# of unsupported tests 727
=== libstdc++ Summary ===
# of expected passes 24910
# of unexpected failures 2
# of expected failures 184
# of unsupported tests 1454
Compiler version: 10.0.0 20191108 (experimental) [trunk revision 277965] (GCC)
Platform: sparc-sun-solaris2.11
configure flags: --prefix=/vol/gcc --target=sparc-sun-solaris2.11 --enable-objc-gc --with-target-bdw-gc-include=/vol/gcc/include --with-target-bdw-gc-lib=/vol/gcc/lib,sparcv9=/vol/gcc/lib/sparcv9 --with-as=/usr/ccs/bin/as --without-gnu-as --with-gmp-include=/vol/gcc/include --with-gmp-lib=/vol/gcc/lib --with-mpfr-include=/vol/gcc/include --with-mpfr-lib=/vol/gcc/lib --with-mpc-include=/vol/gcc/include --with-mpc-lib=/vol/gcc/lib --enable-languages=all,ada,obj-c++,go --with-isl-include=/vol/gcc/include --with-isl-lib=/vol/gcc/lib --with-zstd-include=/vol/gcc/include --with-zstd-lib=/vol/gcc/lib --build=sparc-sun-solaris2.11 --host=sparc-sun-solaris2.11
BOOT_CFLAGS=-g -O2
More information about the Gcc-testresults
mailing list