Results for 10.0.0 20191108 (experimental) [trunk revision 277971] (GCC) testsuite on powerpc64le-unknown-linux-gnu
Bill Seurer (POWER8)
seurer@linux.ibm.com
Fri Nov 8 15:34:00 GMT 2019
Linux 4.4.0-166-generic ppc64le
GNU C Library (Ubuntu GLIBC 2.23-0ubuntu11) stable release version 2.23
GNU ld (GNU Binutils for Ubuntu) 2.26.1
GNU assembler (GNU Binutils for Ubuntu) 2.26.1
GNU Make 4.1
DejaGnu:
DejaGnu version 1.6
Expect version 5.45
Tcl version 8.6
64-bit
LAST_UPDATED: Fri Nov 8 12:59:10 UTC 2019 (revision 277971)
Native configuration is powerpc64le-unknown-linux-gnu
=== gcc tests ===
Running target unix
FAIL: gcc.c-torture/execute/ieee/fp-cmp-1.c execution, -O1
FAIL: gcc.c-torture/execute/ieee/fp-cmp-1.c execution, -O2
FAIL: gcc.c-torture/execute/ieee/fp-cmp-1.c execution, -O2 -flto -fno-use-linker-plugin -flto-partition=none
FAIL: gcc.c-torture/execute/ieee/fp-cmp-1.c execution, -O3 -fomit-frame-pointer -funroll-loops -fpeel-loops -ftracer -finline-functions
FAIL: gcc.c-torture/execute/ieee/fp-cmp-1.c execution, -O3 -g
FAIL: gcc.c-torture/execute/ieee/fp-cmp-1.c execution, -Og -g
FAIL: gcc.c-torture/execute/ieee/fp-cmp-1.c execution, -Os
FAIL: gcc.c-torture/execute/ieee/fp-cmp-2.c execution, -O1
FAIL: gcc.c-torture/execute/ieee/fp-cmp-2.c execution, -O2
FAIL: gcc.c-torture/execute/ieee/fp-cmp-2.c execution, -O2 -flto -fno-use-linker-plugin -flto-partition=none
FAIL: gcc.c-torture/execute/ieee/fp-cmp-2.c execution, -O3 -fomit-frame-pointer -funroll-loops -fpeel-loops -ftracer -finline-functions
FAIL: gcc.c-torture/execute/ieee/fp-cmp-2.c execution, -O3 -g
FAIL: gcc.c-torture/execute/ieee/fp-cmp-2.c execution, -Og -g
FAIL: gcc.c-torture/execute/ieee/fp-cmp-2.c execution, -Os
FAIL: gcc.c-torture/execute/ieee/fp-cmp-3.c execution, -O1
FAIL: gcc.c-torture/execute/ieee/fp-cmp-3.c execution, -O2
FAIL: gcc.c-torture/execute/ieee/fp-cmp-3.c execution, -O2 -flto -fno-use-linker-plugin -flto-partition=none
FAIL: gcc.c-torture/execute/ieee/fp-cmp-3.c execution, -O3 -fomit-frame-pointer -funroll-loops -fpeel-loops -ftracer -finline-functions
FAIL: gcc.c-torture/execute/ieee/fp-cmp-3.c execution, -O3 -g
FAIL: gcc.c-torture/execute/ieee/fp-cmp-3.c execution, -Og -g
FAIL: gcc.c-torture/execute/ieee/fp-cmp-3.c execution, -Os
FAIL: gcc.c-torture/execute/ieee/fp-cmp-4.c execution, -O1
FAIL: gcc.c-torture/execute/ieee/fp-cmp-4.c execution, -O2
FAIL: gcc.c-torture/execute/ieee/fp-cmp-4.c execution, -O2 -flto -fno-use-linker-plugin -flto-partition=none
FAIL: gcc.c-torture/execute/ieee/fp-cmp-4.c execution, -O2 -flto -fuse-linker-plugin -fno-fat-lto-objects
FAIL: gcc.c-torture/execute/ieee/fp-cmp-4.c execution, -O3 -fomit-frame-pointer -funroll-loops -fpeel-loops -ftracer -finline-functions
FAIL: gcc.c-torture/execute/ieee/fp-cmp-4.c execution, -O3 -g
FAIL: gcc.c-torture/execute/ieee/fp-cmp-4.c execution, -Og -g
FAIL: gcc.c-torture/execute/ieee/fp-cmp-4.c execution, -Os
FAIL: gcc.c-torture/execute/ieee/fp-cmp-4f.c execution, -O1
FAIL: gcc.c-torture/execute/ieee/fp-cmp-4f.c execution, -O2
FAIL: gcc.c-torture/execute/ieee/fp-cmp-4f.c execution, -O2 -flto -fno-use-linker-plugin -flto-partition=none
FAIL: gcc.c-torture/execute/ieee/fp-cmp-4f.c execution, -O2 -flto -fuse-linker-plugin -fno-fat-lto-objects
FAIL: gcc.c-torture/execute/ieee/fp-cmp-4f.c execution, -O3 -g
FAIL: gcc.c-torture/execute/ieee/fp-cmp-4f.c execution, -Og -g
FAIL: gcc.c-torture/execute/ieee/fp-cmp-4f.c execution, -Os
FAIL: gcc.c-torture/execute/ieee/fp-cmp-4l.c execution, -O1
FAIL: gcc.c-torture/execute/ieee/fp-cmp-4l.c execution, -O2
FAIL: gcc.c-torture/execute/ieee/fp-cmp-4l.c execution, -O2 -flto -fno-use-linker-plugin -flto-partition=none
FAIL: gcc.c-torture/execute/ieee/fp-cmp-4l.c execution, -O2 -flto -fuse-linker-plugin -fno-fat-lto-objects
FAIL: gcc.c-torture/execute/ieee/fp-cmp-4l.c execution, -O3 -g
FAIL: gcc.c-torture/execute/ieee/fp-cmp-4l.c execution, -Og -g
FAIL: gcc.c-torture/execute/ieee/fp-cmp-4l.c execution, -Os
FAIL: gcc.c-torture/execute/ieee/fp-cmp-8.c execution, -O1
FAIL: gcc.c-torture/execute/ieee/fp-cmp-8.c execution, -O2
FAIL: gcc.c-torture/execute/ieee/fp-cmp-8.c execution, -O2 -flto -fno-use-linker-plugin -flto-partition=none
FAIL: gcc.c-torture/execute/ieee/fp-cmp-8.c execution, -O2 -flto -fuse-linker-plugin -fno-fat-lto-objects
FAIL: gcc.c-torture/execute/ieee/fp-cmp-8.c execution, -O3 -fomit-frame-pointer -funroll-loops -fpeel-loops -ftracer -finline-functions
FAIL: gcc.c-torture/execute/ieee/fp-cmp-8.c execution, -O3 -g
FAIL: gcc.c-torture/execute/ieee/fp-cmp-8.c execution, -Og -g
FAIL: gcc.c-torture/execute/ieee/fp-cmp-8.c execution, -Os
FAIL: gcc.c-torture/execute/ieee/fp-cmp-8f.c execution, -O1
FAIL: gcc.c-torture/execute/ieee/fp-cmp-8f.c execution, -O2
FAIL: gcc.c-torture/execute/ieee/fp-cmp-8f.c execution, -O2 -flto -fno-use-linker-plugin -flto-partition=none
FAIL: gcc.c-torture/execute/ieee/fp-cmp-8f.c execution, -O2 -flto -fuse-linker-plugin -fno-fat-lto-objects
FAIL: gcc.c-torture/execute/ieee/fp-cmp-8f.c execution, -O3 -g
FAIL: gcc.c-torture/execute/ieee/fp-cmp-8f.c execution, -Og -g
FAIL: gcc.c-torture/execute/ieee/fp-cmp-8f.c execution, -Os
FAIL: gcc.c-torture/execute/ieee/fp-cmp-8l.c execution, -O1
FAIL: gcc.c-torture/execute/ieee/fp-cmp-8l.c execution, -O2
FAIL: gcc.c-torture/execute/ieee/fp-cmp-8l.c execution, -O2 -flto -fno-use-linker-plugin -flto-partition=none
FAIL: gcc.c-torture/execute/ieee/fp-cmp-8l.c execution, -O2 -flto -fuse-linker-plugin -fno-fat-lto-objects
FAIL: gcc.c-torture/execute/ieee/fp-cmp-8l.c execution, -O3 -g
FAIL: gcc.c-torture/execute/ieee/fp-cmp-8l.c execution, -Og -g
FAIL: gcc.c-torture/execute/ieee/fp-cmp-8l.c execution, -Os
FAIL: gcc.c-torture/execute/ieee/pr38016.c execution, -O1
FAIL: gcc.c-torture/execute/ieee/pr38016.c execution, -O2
FAIL: gcc.c-torture/execute/ieee/pr38016.c execution, -O2 -flto -fno-use-linker-plugin -flto-partition=none
FAIL: gcc.c-torture/execute/ieee/pr38016.c execution, -O2 -flto -fuse-linker-plugin -fno-fat-lto-objects
FAIL: gcc.c-torture/execute/ieee/pr38016.c execution, -O3 -g
FAIL: gcc.c-torture/execute/ieee/pr38016.c execution, -Og -g
FAIL: gcc.c-torture/execute/ieee/pr38016.c execution, -Os
FAIL: gcc.c-torture/execute/ieee/pr50310.c execution, -O1
FAIL: gcc.c-torture/execute/ieee/pr50310.c execution, -O2
FAIL: gcc.c-torture/execute/ieee/pr50310.c execution, -O2 -flto -fno-use-linker-plugin -flto-partition=none
FAIL: gcc.c-torture/execute/ieee/pr50310.c execution, -O2 -flto -fuse-linker-plugin -fno-fat-lto-objects
FAIL: gcc.c-torture/execute/ieee/pr50310.c execution, -Og -g
FAIL: gcc.c-torture/execute/ieee/pr50310.c execution, -Os
XPASS: gcc.dg/Wtrampolines.c standard descriptors (test for warnings, line 29)
FAIL: gcc.dg/unroll-and-jam.c scan-tree-dump-times unrolljam "applying unroll and jam" 6
XPASS: gcc.dg/graphite/pr69728.c scan-tree-dump graphite "loop nest optimized"
XPASS: gcc.dg/graphite/scop-21.c scan-tree-dump-times graphite "number of SCoPs: 1" 1
XPASS: gcc.dg/guality/example.c -O0 execution test
XPASS: gcc.dg/guality/example.c -O1 -DPREVENT_OPTIMIZATION execution test
XPASS: gcc.dg/guality/example.c -Og -DPREVENT_OPTIMIZATION execution test
XPASS: gcc.dg/guality/guality.c -O0 execution test
XPASS: gcc.dg/guality/guality.c -O1 -DPREVENT_OPTIMIZATION execution test
XPASS: gcc.dg/guality/guality.c -O2 -DPREVENT_OPTIMIZATION execution test
XPASS: gcc.dg/guality/guality.c -O2 -flto -fno-use-linker-plugin -flto-partition=none -DPREVENT_OPTIMIZATION execution test
XPASS: gcc.dg/guality/guality.c -O2 -flto -fuse-linker-plugin -fno-fat-lto-objects -DPREVENT_OPTIMIZATION execution test
XPASS: gcc.dg/guality/guality.c -O3 -g -DPREVENT_OPTIMIZATION execution test
XPASS: gcc.dg/guality/guality.c -Os -DPREVENT_OPTIMIZATION execution test
XPASS: gcc.dg/guality/guality.c -Og -DPREVENT_OPTIMIZATION execution test
XPASS: gcc.dg/guality/inline-params.c -O2 -DPREVENT_OPTIMIZATION execution test
XPASS: gcc.dg/guality/inline-params.c -O2 -flto -fno-use-linker-plugin -flto-partition=none -DPREVENT_OPTIMIZATION execution test
XPASS: gcc.dg/guality/inline-params.c -O2 -flto -fuse-linker-plugin -fno-fat-lto-objects -DPREVENT_OPTIMIZATION execution test
XPASS: gcc.dg/guality/inline-params.c -O3 -g -DPREVENT_OPTIMIZATION execution test
XPASS: gcc.dg/guality/inline-params.c -Os -DPREVENT_OPTIMIZATION execution test
FAIL: gcc.dg/guality/loop-1.c -O2 -DPREVENT_OPTIMIZATION line 20 i == 1
FAIL: gcc.dg/guality/loop-1.c -O2 -flto -fno-use-linker-plugin -flto-partition=none -DPREVENT_OPTIMIZATION line 20 i == 1
FAIL: gcc.dg/guality/loop-1.c -O2 -flto -fuse-linker-plugin -fno-fat-lto-objects -DPREVENT_OPTIMIZATION line 20 i == 1
FAIL: gcc.dg/guality/loop-1.c -O3 -fomit-frame-pointer -funroll-loops -fpeel-loops -ftracer -finline-functions -DPREVENT_OPTIMIZATION line 20 i == 1
FAIL: gcc.dg/guality/loop-1.c -O3 -g -DPREVENT_OPTIMIZATION line 20 i == 1
FAIL: gcc.dg/guality/pr36728-1.c -O2 -flto -fuse-linker-plugin -fno-fat-lto-objects -DPREVENT_OPTIMIZATION line 18 y == 2
FAIL: gcc.dg/guality/pr36728-1.c -O3 -g -DPREVENT_OPTIMIZATION line 18 y == 2
FAIL: gcc.dg/guality/pr36728-2.c -O2 -flto -fuse-linker-plugin -fno-fat-lto-objects -DPREVENT_OPTIMIZATION line 16 arg1 == 1
FAIL: gcc.dg/guality/pr36728-2.c -O2 -flto -fuse-linker-plugin -fno-fat-lto-objects -DPREVENT_OPTIMIZATION line 16 arg2 == 2
FAIL: gcc.dg/guality/pr36728-2.c -O2 -flto -fuse-linker-plugin -fno-fat-lto-objects -DPREVENT_OPTIMIZATION line 16 arg3 == 3
FAIL: gcc.dg/guality/pr36728-2.c -O2 -flto -fuse-linker-plugin -fno-fat-lto-objects -DPREVENT_OPTIMIZATION line 16 arg4 == 4
FAIL: gcc.dg/guality/pr36728-2.c -O2 -flto -fuse-linker-plugin -fno-fat-lto-objects -DPREVENT_OPTIMIZATION line 16 arg5 == 5
FAIL: gcc.dg/guality/pr36728-2.c -O2 -flto -fuse-linker-plugin -fno-fat-lto-objects -DPREVENT_OPTIMIZATION line 16 arg6 == 6
FAIL: gcc.dg/guality/pr36728-2.c -O2 -flto -fuse-linker-plugin -fno-fat-lto-objects -DPREVENT_OPTIMIZATION line 16 arg7 == 30
FAIL: gcc.dg/guality/pr36728-2.c -O2 -flto -fuse-linker-plugin -fno-fat-lto-objects -DPREVENT_OPTIMIZATION line 18 arg1 == 1
FAIL: gcc.dg/guality/pr36728-2.c -O2 -flto -fuse-linker-plugin -fno-fat-lto-objects -DPREVENT_OPTIMIZATION line 18 arg2 == 2
FAIL: gcc.dg/guality/pr36728-2.c -O2 -flto -fuse-linker-plugin -fno-fat-lto-objects -DPREVENT_OPTIMIZATION line 18 arg3 == 3
FAIL: gcc.dg/guality/pr36728-2.c -O2 -flto -fuse-linker-plugin -fno-fat-lto-objects -DPREVENT_OPTIMIZATION line 18 arg4 == 4
FAIL: gcc.dg/guality/pr36728-2.c -O2 -flto -fuse-linker-plugin -fno-fat-lto-objects -DPREVENT_OPTIMIZATION line 18 arg5 == 5
FAIL: gcc.dg/guality/pr36728-2.c -O2 -flto -fuse-linker-plugin -fno-fat-lto-objects -DPREVENT_OPTIMIZATION line 18 arg6 == 6
FAIL: gcc.dg/guality/pr36728-2.c -O2 -flto -fuse-linker-plugin -fno-fat-lto-objects -DPREVENT_OPTIMIZATION line 18 arg7 == 30
FAIL: gcc.dg/guality/pr36728-2.c -O3 -g -DPREVENT_OPTIMIZATION line 16 arg1 == 1
FAIL: gcc.dg/guality/pr36728-2.c -O3 -g -DPREVENT_OPTIMIZATION line 16 arg2 == 2
FAIL: gcc.dg/guality/pr36728-2.c -O3 -g -DPREVENT_OPTIMIZATION line 16 arg3 == 3
FAIL: gcc.dg/guality/pr36728-2.c -O3 -g -DPREVENT_OPTIMIZATION line 16 arg4 == 4
FAIL: gcc.dg/guality/pr36728-2.c -O3 -g -DPREVENT_OPTIMIZATION line 16 arg5 == 5
FAIL: gcc.dg/guality/pr36728-2.c -O3 -g -DPREVENT_OPTIMIZATION line 16 arg6 == 6
FAIL: gcc.dg/guality/pr36728-2.c -O3 -g -DPREVENT_OPTIMIZATION line 16 arg7 == 30
FAIL: gcc.dg/guality/pr36728-2.c -O3 -g -DPREVENT_OPTIMIZATION line 18 arg1 == 1
FAIL: gcc.dg/guality/pr36728-2.c -O3 -g -DPREVENT_OPTIMIZATION line 18 arg2 == 2
FAIL: gcc.dg/guality/pr36728-2.c -O3 -g -DPREVENT_OPTIMIZATION line 18 arg3 == 3
FAIL: gcc.dg/guality/pr36728-2.c -O3 -g -DPREVENT_OPTIMIZATION line 18 arg4 == 4
FAIL: gcc.dg/guality/pr36728-2.c -O3 -g -DPREVENT_OPTIMIZATION line 18 arg5 == 5
FAIL: gcc.dg/guality/pr36728-2.c -O3 -g -DPREVENT_OPTIMIZATION line 18 arg6 == 6
FAIL: gcc.dg/guality/pr36728-2.c -O3 -g -DPREVENT_OPTIMIZATION line 18 arg7 == 30
FAIL: gcc.dg/guality/pr36728-3.c -O2 -flto -fuse-linker-plugin -fno-fat-lto-objects -DPREVENT_OPTIMIZATION line 16 y == 2
FAIL: gcc.dg/guality/pr36728-3.c -O3 -g -DPREVENT_OPTIMIZATION line 16 y == 2
XPASS: gcc.dg/guality/pr41353-1.c -O0 line 28 j == 28 + 37
FAIL: gcc.dg/guality/pr41353-1.c -Og -DPREVENT_OPTIMIZATION line 28 i == 37
FAIL: gcc.dg/guality/pr41353-1.c -Og -DPREVENT_OPTIMIZATION line 28 i1 == 2 * 37
FAIL: gcc.dg/guality/pr41353-1.c -Og -DPREVENT_OPTIMIZATION line 28 i2 == 3 * 37
XPASS: gcc.dg/guality/pr41353-1.c -Og -DPREVENT_OPTIMIZATION line 28 j == 28 + 37
FAIL: gcc.dg/guality/pr41616-1.c -O2 -DPREVENT_OPTIMIZATION execution test
FAIL: gcc.dg/guality/pr41616-1.c -O2 -flto -fno-use-linker-plugin -flto-partition=none -DPREVENT_OPTIMIZATION execution test
FAIL: gcc.dg/guality/pr41616-1.c -O2 -flto -fuse-linker-plugin -fno-fat-lto-objects -DPREVENT_OPTIMIZATION execution test
FAIL: gcc.dg/guality/pr41616-1.c -O3 -g -DPREVENT_OPTIMIZATION execution test
FAIL: gcc.dg/guality/pr43051-1.c -O1 -DPREVENT_OPTIMIZATION line 35 v == 1
FAIL: gcc.dg/guality/pr43051-1.c -O1 -DPREVENT_OPTIMIZATION line 40 v == 1
FAIL: gcc.dg/guality/pr43051-1.c -O2 -DPREVENT_OPTIMIZATION line 35 v == 1
FAIL: gcc.dg/guality/pr43051-1.c -O2 -DPREVENT_OPTIMIZATION line 40 v == 1
FAIL: gcc.dg/guality/pr43051-1.c -O2 -flto -fno-use-linker-plugin -flto-partition=none -DPREVENT_OPTIMIZATION line 35 v == 1
FAIL: gcc.dg/guality/pr43051-1.c -O2 -flto -fno-use-linker-plugin -flto-partition=none -DPREVENT_OPTIMIZATION line 40 v == 1
FAIL: gcc.dg/guality/pr43051-1.c -O2 -flto -fuse-linker-plugin -fno-fat-lto-objects -DPREVENT_OPTIMIZATION line 35 v == 1
FAIL: gcc.dg/guality/pr43051-1.c -O2 -flto -fuse-linker-plugin -fno-fat-lto-objects -DPREVENT_OPTIMIZATION line 40 v == 1
FAIL: gcc.dg/guality/pr43051-1.c -O3 -fomit-frame-pointer -funroll-loops -fpeel-loops -ftracer -finline-functions -DPREVENT_OPTIMIZATION line 35 v == 1
FAIL: gcc.dg/guality/pr43051-1.c -O3 -fomit-frame-pointer -funroll-loops -fpeel-loops -ftracer -finline-functions -DPREVENT_OPTIMIZATION line 40 v == 1
FAIL: gcc.dg/guality/pr43051-1.c -O3 -g -DPREVENT_OPTIMIZATION line 35 v == 1
FAIL: gcc.dg/guality/pr43051-1.c -O3 -g -DPREVENT_OPTIMIZATION line 40 v == 1
FAIL: gcc.dg/guality/pr43051-1.c -Os -DPREVENT_OPTIMIZATION line 35 v == 1
FAIL: gcc.dg/guality/pr43051-1.c -Os -DPREVENT_OPTIMIZATION line 40 v == 1
FAIL: gcc.dg/guality/pr43051-1.c -Og -DPREVENT_OPTIMIZATION line 35 v == 1
FAIL: gcc.dg/guality/pr43051-1.c -Og -DPREVENT_OPTIMIZATION line 40 v == 1
FAIL: gcc.dg/guality/pr54200.c -O1 -DPREVENT_OPTIMIZATION line 20 z == 3
FAIL: gcc.dg/guality/pr54200.c -O2 -DPREVENT_OPTIMIZATION line 20 z == 3
FAIL: gcc.dg/guality/pr54200.c -O2 -flto -fno-use-linker-plugin -flto-partition=none -DPREVENT_OPTIMIZATION line 20 z == 3
FAIL: gcc.dg/guality/pr54200.c -O3 -g -DPREVENT_OPTIMIZATION line 20 z == 3
FAIL: gcc.dg/guality/pr54200.c -Os -DPREVENT_OPTIMIZATION line 20 z == 3
FAIL: gcc.dg/guality/pr54519-1.c -O1 -DPREVENT_OPTIMIZATION line 20 x == 36
FAIL: gcc.dg/guality/pr54519-1.c -O1 -DPREVENT_OPTIMIZATION line 20 y == 25
FAIL: gcc.dg/guality/pr54519-1.c -O1 -DPREVENT_OPTIMIZATION line 23 x == 98
FAIL: gcc.dg/guality/pr54519-1.c -O1 -DPREVENT_OPTIMIZATION line 23 y == 117
FAIL: gcc.dg/guality/pr54519-1.c -O2 -DPREVENT_OPTIMIZATION line 20 x == 36
FAIL: gcc.dg/guality/pr54519-1.c -O2 -DPREVENT_OPTIMIZATION line 23 x == 98
FAIL: gcc.dg/guality/pr54519-1.c -O2 -flto -fno-use-linker-plugin -flto-partition=none -DPREVENT_OPTIMIZATION line 20 x == 36
FAIL: gcc.dg/guality/pr54519-1.c -O2 -flto -fno-use-linker-plugin -flto-partition=none -DPREVENT_OPTIMIZATION line 20 y == 25
FAIL: gcc.dg/guality/pr54519-1.c -O2 -flto -fno-use-linker-plugin -flto-partition=none -DPREVENT_OPTIMIZATION line 20 z == 6
FAIL: gcc.dg/guality/pr54519-1.c -O2 -flto -fno-use-linker-plugin -flto-partition=none -DPREVENT_OPTIMIZATION line 23 x == 98
FAIL: gcc.dg/guality/pr54519-1.c -O2 -flto -fno-use-linker-plugin -flto-partition=none -DPREVENT_OPTIMIZATION line 23 y == 117
FAIL: gcc.dg/guality/pr54519-1.c -O2 -flto -fno-use-linker-plugin -flto-partition=none -DPREVENT_OPTIMIZATION line 23 z == 8
FAIL: gcc.dg/guality/pr54519-1.c -Os -DPREVENT_OPTIMIZATION line 20 x == 36
FAIL: gcc.dg/guality/pr54519-1.c -Os -DPREVENT_OPTIMIZATION line 23 x == 98
FAIL: gcc.dg/guality/pr54519-1.c -Og -DPREVENT_OPTIMIZATION line 20 x == 36
FAIL: gcc.dg/guality/pr54519-1.c -Og -DPREVENT_OPTIMIZATION line 20 y == 25
FAIL: gcc.dg/guality/pr54519-1.c -Og -DPREVENT_OPTIMIZATION line 23 x == 98
FAIL: gcc.dg/guality/pr54519-1.c -Og -DPREVENT_OPTIMIZATION line 23 y == 117
FAIL: gcc.dg/guality/pr54519-2.c -O1 -DPREVENT_OPTIMIZATION line 17 x == 6
FAIL: gcc.dg/guality/pr54519-2.c -O2 -flto -fno-use-linker-plugin -flto-partition=none -DPREVENT_OPTIMIZATION line 17 y == 25
FAIL: gcc.dg/guality/pr54519-2.c -O2 -flto -fuse-linker-plugin -fno-fat-lto-objects -DPREVENT_OPTIMIZATION line 17 y == 25
FAIL: gcc.dg/guality/pr54519-2.c -Og -DPREVENT_OPTIMIZATION line 17 x == 6
FAIL: gcc.dg/guality/pr54519-3.c -O1 -DPREVENT_OPTIMIZATION line 20 x == 36
FAIL: gcc.dg/guality/pr54519-3.c -O1 -DPREVENT_OPTIMIZATION line 20 y == 25
FAIL: gcc.dg/guality/pr54519-3.c -O1 -DPREVENT_OPTIMIZATION line 20 z == 6
FAIL: gcc.dg/guality/pr54519-3.c -O1 -DPREVENT_OPTIMIZATION line 23 x == 98
FAIL: gcc.dg/guality/pr54519-3.c -O1 -DPREVENT_OPTIMIZATION line 23 y == 117
FAIL: gcc.dg/guality/pr54519-3.c -O1 -DPREVENT_OPTIMIZATION line 23 z == 8
FAIL: gcc.dg/guality/pr54519-3.c -O2 -DPREVENT_OPTIMIZATION line 20 x == 36
FAIL: gcc.dg/guality/pr54519-3.c -O2 -DPREVENT_OPTIMIZATION line 20 y == 25
FAIL: gcc.dg/guality/pr54519-3.c -O2 -DPREVENT_OPTIMIZATION line 20 z == 6
FAIL: gcc.dg/guality/pr54519-3.c -O2 -DPREVENT_OPTIMIZATION line 23 z == 8
FAIL: gcc.dg/guality/pr54519-3.c -O2 -flto -fno-use-linker-plugin -flto-partition=none -DPREVENT_OPTIMIZATION line 20 x == 36
FAIL: gcc.dg/guality/pr54519-3.c -O2 -flto -fno-use-linker-plugin -flto-partition=none -DPREVENT_OPTIMIZATION line 20 y == 25
FAIL: gcc.dg/guality/pr54519-3.c -O2 -flto -fno-use-linker-plugin -flto-partition=none -DPREVENT_OPTIMIZATION line 20 z == 6
FAIL: gcc.dg/guality/pr54519-3.c -O2 -flto -fno-use-linker-plugin -flto-partition=none -DPREVENT_OPTIMIZATION line 23 y == 117
FAIL: gcc.dg/guality/pr54519-3.c -O2 -flto -fno-use-linker-plugin -flto-partition=none -DPREVENT_OPTIMIZATION line 23 z == 8
FAIL: gcc.dg/guality/pr54519-3.c -O2 -flto -fuse-linker-plugin -fno-fat-lto-objects -DPREVENT_OPTIMIZATION line 23 y == 117
FAIL: gcc.dg/guality/pr54519-3.c -O2 -flto -fuse-linker-plugin -fno-fat-lto-objects -DPREVENT_OPTIMIZATION line 23 z == 8
FAIL: gcc.dg/guality/pr54519-3.c -O3 -g -DPREVENT_OPTIMIZATION line 20 x == 36
FAIL: gcc.dg/guality/pr54519-3.c -O3 -g -DPREVENT_OPTIMIZATION line 20 y == 25
FAIL: gcc.dg/guality/pr54519-3.c -O3 -g -DPREVENT_OPTIMIZATION line 20 z == 6
FAIL: gcc.dg/guality/pr54519-3.c -O3 -g -DPREVENT_OPTIMIZATION line 23 z == 8
FAIL: gcc.dg/guality/pr54519-3.c -Os -DPREVENT_OPTIMIZATION line 20 z == 6
FAIL: gcc.dg/guality/pr54519-3.c -Os -DPREVENT_OPTIMIZATION line 23 z == 8
FAIL: gcc.dg/guality/pr54519-3.c -Og -DPREVENT_OPTIMIZATION line 20 x == 36
FAIL: gcc.dg/guality/pr54519-3.c -Og -DPREVENT_OPTIMIZATION line 20 y == 25
FAIL: gcc.dg/guality/pr54519-3.c -Og -DPREVENT_OPTIMIZATION line 20 z == 6
FAIL: gcc.dg/guality/pr54519-3.c -Og -DPREVENT_OPTIMIZATION line 23 x == 98
FAIL: gcc.dg/guality/pr54519-3.c -Og -DPREVENT_OPTIMIZATION line 23 y == 117
FAIL: gcc.dg/guality/pr54519-3.c -Og -DPREVENT_OPTIMIZATION line 23 z == 8
FAIL: gcc.dg/guality/pr54519-4.c -O1 -DPREVENT_OPTIMIZATION line 17 x == 6
FAIL: gcc.dg/guality/pr54519-4.c -O1 -DPREVENT_OPTIMIZATION line 17 y == 25
FAIL: gcc.dg/guality/pr54519-4.c -O2 -DPREVENT_OPTIMIZATION line 17 y == 25
FAIL: gcc.dg/guality/pr54519-4.c -O2 -flto -fno-use-linker-plugin -flto-partition=none -DPREVENT_OPTIMIZATION line 17 y == 25
FAIL: gcc.dg/guality/pr54519-4.c -O2 -flto -fuse-linker-plugin -fno-fat-lto-objects -DPREVENT_OPTIMIZATION line 17 y == 25
FAIL: gcc.dg/guality/pr54519-4.c -O3 -g -DPREVENT_OPTIMIZATION line 17 y == 25
FAIL: gcc.dg/guality/pr54519-4.c -Os -DPREVENT_OPTIMIZATION line 17 y == 25
FAIL: gcc.dg/guality/pr54519-4.c -Og -DPREVENT_OPTIMIZATION line 17 x == 6
FAIL: gcc.dg/guality/pr54519-4.c -Og -DPREVENT_OPTIMIZATION line 17 y == 25
FAIL: gcc.dg/guality/pr54519-5.c -O1 -DPREVENT_OPTIMIZATION line 17 x == 6
FAIL: gcc.dg/guality/pr54519-5.c -O1 -DPREVENT_OPTIMIZATION line 17 y == 25
FAIL: gcc.dg/guality/pr54519-5.c -O2 -DPREVENT_OPTIMIZATION line 17 y == 25
FAIL: gcc.dg/guality/pr54519-5.c -O2 -flto -fno-use-linker-plugin -flto-partition=none -DPREVENT_OPTIMIZATION line 17 y == 25
FAIL: gcc.dg/guality/pr54519-5.c -O2 -flto -fuse-linker-plugin -fno-fat-lto-objects -DPREVENT_OPTIMIZATION line 17 y == 25
FAIL: gcc.dg/guality/pr54519-5.c -O3 -g -DPREVENT_OPTIMIZATION line 17 y == 25
FAIL: gcc.dg/guality/pr54519-5.c -Os -DPREVENT_OPTIMIZATION line 17 y == 25
FAIL: gcc.dg/guality/pr54519-5.c -Og -DPREVENT_OPTIMIZATION line 17 x == 6
FAIL: gcc.dg/guality/pr54519-5.c -Og -DPREVENT_OPTIMIZATION line 17 y == 25
FAIL: gcc.dg/guality/pr54519-6.c -Os -DPREVENT_OPTIMIZATION line 11 x == 2
FAIL: gcc.dg/guality/pr54551.c -O1 -DPREVENT_OPTIMIZATION line 18 a == 4
FAIL: gcc.dg/guality/pr54551.c -O2 -DPREVENT_OPTIMIZATION line 18 a == 4
FAIL: gcc.dg/guality/pr54551.c -O2 -flto -fno-use-linker-plugin -flto-partition=none -DPREVENT_OPTIMIZATION line 18 a == 4
FAIL: gcc.dg/guality/pr54551.c -O3 -g -DPREVENT_OPTIMIZATION line 18 a == 4
FAIL: gcc.dg/guality/pr54551.c -Os -DPREVENT_OPTIMIZATION line 18 a == 4
FAIL: gcc.dg/guality/pr54551.c -Og -DPREVENT_OPTIMIZATION line 18 a == 4
FAIL: gcc.dg/guality/pr54693-2.c -O1 -DPREVENT_OPTIMIZATION line 21 x == 10 - i
FAIL: gcc.dg/guality/pr54693-2.c -O1 -DPREVENT_OPTIMIZATION line 21 y == 20 - 2 * i
FAIL: gcc.dg/guality/pr54693-2.c -O2 -DPREVENT_OPTIMIZATION line 21 x == 10 - i
FAIL: gcc.dg/guality/pr54693-2.c -O2 -DPREVENT_OPTIMIZATION line 21 y == 20 - 2 * i
FAIL: gcc.dg/guality/pr54693-2.c -O2 -flto -fno-use-linker-plugin -flto-partition=none -DPREVENT_OPTIMIZATION line 21 x == 10 - i
FAIL: gcc.dg/guality/pr54693-2.c -O2 -flto -fno-use-linker-plugin -flto-partition=none -DPREVENT_OPTIMIZATION line 21 y == 20 - 2 * i
FAIL: gcc.dg/guality/pr54693-2.c -O3 -fomit-frame-pointer -funroll-loops -fpeel-loops -ftracer -finline-functions -DPREVENT_OPTIMIZATION line 21 x == 10 - i
FAIL: gcc.dg/guality/pr54693-2.c -O3 -fomit-frame-pointer -funroll-loops -fpeel-loops -ftracer -finline-functions -DPREVENT_OPTIMIZATION line 21 y == 20 - 2 * i
FAIL: gcc.dg/guality/pr54693-2.c -O3 -g -DPREVENT_OPTIMIZATION line 21 x == 10 - i
FAIL: gcc.dg/guality/pr54693-2.c -O3 -g -DPREVENT_OPTIMIZATION line 21 y == 20 - 2 * i
FAIL: gcc.dg/guality/pr54693-2.c -Os -DPREVENT_OPTIMIZATION line 21 y == 20 - 2 * i
FAIL: gcc.dg/guality/pr54693-2.c -Os -DPREVENT_OPTIMIZATION line 21 z == 30 - 3 * i
XPASS: gcc.dg/guality/pr54970.c -O0 line 15 a[0] == 1
XPASS: gcc.dg/guality/pr54970.c -O0 line 20 a[0] == 1
XPASS: gcc.dg/guality/pr54970.c -O0 line 25 a[0] == 1
XPASS: gcc.dg/guality/pr54970.c -O0 line 31 a[0] == 4
XPASS: gcc.dg/guality/pr54970.c -O0 line 36 a[0] == 4
XPASS: gcc.dg/guality/pr54970.c -O0 line 45 a[0] == 4
XPASS: gcc.dg/guality/pr54970.c -O0 line 45 p[-2] == 4
XPASS: gcc.dg/guality/pr54970.c -O0 line 45 q[-1] == 4
XPASS: gcc.dg/guality/pr54970.c -Og -DPREVENT_OPTIMIZATION line 15 a[0] == 1
XPASS: gcc.dg/guality/pr54970.c -Og -DPREVENT_OPTIMIZATION line 20 a[0] == 1
XPASS: gcc.dg/guality/pr54970.c -Og -DPREVENT_OPTIMIZATION line 25 a[0] == 1
XPASS: gcc.dg/guality/pr54970.c -Og -DPREVENT_OPTIMIZATION line 31 a[0] == 4
XPASS: gcc.dg/guality/pr54970.c -Og -DPREVENT_OPTIMIZATION line 36 a[0] == 4
XPASS: gcc.dg/guality/pr54970.c -Og -DPREVENT_OPTIMIZATION line 45 a[0] == 4
XPASS: gcc.dg/guality/pr54970.c -Og -DPREVENT_OPTIMIZATION line 45 p[-2] == 4
XPASS: gcc.dg/guality/pr54970.c -Og -DPREVENT_OPTIMIZATION line 45 q[-1] == 4
FAIL: gcc.dg/guality/pr56154-1.c -Og -DPREVENT_OPTIMIZATION line pr56154-1.c:20 x.a == 6
FAIL: gcc.dg/guality/pr59776.c -Og -DPREVENT_OPTIMIZATION line pr59776.c:17 s1.f == 5.0
FAIL: gcc.dg/guality/pr59776.c -Og -DPREVENT_OPTIMIZATION line pr59776.c:17 s1.g == 6.0
FAIL: gcc.dg/guality/pr59776.c -Og -DPREVENT_OPTIMIZATION line pr59776.c:17 s2.f == 0.0
FAIL: gcc.dg/guality/pr59776.c -Og -DPREVENT_OPTIMIZATION line pr59776.c:17 s2.g == 6.0
FAIL: gcc.dg/guality/pr59776.c -Og -DPREVENT_OPTIMIZATION line pr59776.c:20 s1.f == 5.0
FAIL: gcc.dg/guality/pr59776.c -Og -DPREVENT_OPTIMIZATION line pr59776.c:20 s1.g == 6.0
FAIL: gcc.dg/guality/pr59776.c -Og -DPREVENT_OPTIMIZATION line pr59776.c:20 s2.f == 5.0
FAIL: gcc.dg/guality/pr59776.c -Og -DPREVENT_OPTIMIZATION line pr59776.c:20 s2.g == 6.0
FAIL: gcc.dg/guality/pr68860-1.c -O2 -DPREVENT_OPTIMIZATION line 16 y == 2
FAIL: gcc.dg/guality/pr68860-1.c -O2 -flto -fno-use-linker-plugin -flto-partition=none -DPREVENT_OPTIMIZATION line 16 y == 2
FAIL: gcc.dg/guality/pr68860-1.c -O2 -flto -fuse-linker-plugin -fno-fat-lto-objects -DPREVENT_OPTIMIZATION line 16 y == 2
FAIL: gcc.dg/guality/pr68860-1.c -O3 -g -DPREVENT_OPTIMIZATION line 16 y == 2
FAIL: gcc.dg/guality/pr68860-1.c -Os -DPREVENT_OPTIMIZATION line 16 y == 2
FAIL: gcc.dg/guality/pr68860-2.c -O2 -flto -fuse-linker-plugin -fno-fat-lto-objects -DPREVENT_OPTIMIZATION line 16 y == 2
FAIL: gcc.dg/guality/pr68860-2.c -O3 -g -DPREVENT_OPTIMIZATION line 16 y == 2
FAIL: gcc.dg/guality/sra-1.c -O2 -flto -fuse-linker-plugin -fno-fat-lto-objects -DPREVENT_OPTIMIZATION line 21 a.i == 4
FAIL: gcc.dg/guality/sra-1.c -O2 -flto -fuse-linker-plugin -fno-fat-lto-objects -DPREVENT_OPTIMIZATION line 21 a.j == 14
FAIL: gcc.dg/guality/sra-1.c -O2 -flto -fuse-linker-plugin -fno-fat-lto-objects -DPREVENT_OPTIMIZATION line 32 a[0] == 4
FAIL: gcc.dg/guality/sra-1.c -O2 -flto -fuse-linker-plugin -fno-fat-lto-objects -DPREVENT_OPTIMIZATION line 32 a[1] == 14
FAIL: gcc.dg/guality/sra-1.c -Og -DPREVENT_OPTIMIZATION line 21 a.i == 4
FAIL: gcc.dg/guality/sra-1.c -Og -DPREVENT_OPTIMIZATION line 21 a.j == 14
FAIL: gcc.dg/guality/sra-1.c -Og -DPREVENT_OPTIMIZATION line 32 a[0] == 4
FAIL: gcc.dg/guality/sra-1.c -Og -DPREVENT_OPTIMIZATION line 32 a[1] == 14
FAIL: gcc.dg/guality/vla-1.c -O1 -DPREVENT_OPTIMIZATION line 17 sizeof (a) == 6
FAIL: gcc.dg/guality/vla-1.c -O2 -DPREVENT_OPTIMIZATION line 17 sizeof (a) == 6
FAIL: gcc.dg/guality/vla-1.c -O2 -flto -fno-use-linker-plugin -flto-partition=none -DPREVENT_OPTIMIZATION line 17 sizeof (a) == 6
FAIL: gcc.dg/guality/vla-1.c -O2 -flto -fuse-linker-plugin -fno-fat-lto-objects -DPREVENT_OPTIMIZATION line 17 sizeof (a) == 6
FAIL: gcc.dg/guality/vla-1.c -O3 -g -DPREVENT_OPTIMIZATION line 17 sizeof (a) == 6
FAIL: gcc.dg/guality/vla-1.c -Os -DPREVENT_OPTIMIZATION line 17 sizeof (a) == 6
FAIL: gcc.dg/guality/vla-2.c -O2 -flto -fuse-linker-plugin -fno-fat-lto-objects -DPREVENT_OPTIMIZATION line 25 sizeof (a) == 6 * sizeof (int)
FAIL: gcc.dg/simulate-thread/atomic-other-short.c -O0 -g thread simulation test
FAIL: gcc.dg/simulate-thread/atomic-other-short.c -O2 -g thread simulation test
FAIL: gcc.dg/simulate-thread/atomic-other-short.c -O3 -g thread simulation test
FAIL: gcc.dg/torture/float32-tg.c -O1 execution test
FAIL: gcc.dg/torture/float32-tg.c -O2 execution test
FAIL: gcc.dg/torture/float32-tg.c -O2 -flto -fno-use-linker-plugin -flto-partition=none execution test
FAIL: gcc.dg/torture/float32-tg.c -O2 -flto -fuse-linker-plugin -fno-fat-lto-objects execution test
FAIL: gcc.dg/torture/float32-tg.c -O3 -g execution test
FAIL: gcc.dg/torture/float32-tg.c -Os execution test
FAIL: gcc.dg/torture/float32x-tg.c -O1 execution test
FAIL: gcc.dg/torture/float32x-tg.c -O2 execution test
FAIL: gcc.dg/torture/float32x-tg.c -O2 -flto -fno-use-linker-plugin -flto-partition=none execution test
FAIL: gcc.dg/torture/float32x-tg.c -O2 -flto -fuse-linker-plugin -fno-fat-lto-objects execution test
FAIL: gcc.dg/torture/float32x-tg.c -O3 -g execution test
FAIL: gcc.dg/torture/float32x-tg.c -Os execution test
FAIL: gcc.dg/torture/float64-tg.c -O1 execution test
FAIL: gcc.dg/torture/float64-tg.c -O2 execution test
FAIL: gcc.dg/torture/float64-tg.c -O2 -flto -fno-use-linker-plugin -flto-partition=none execution test
FAIL: gcc.dg/torture/float64-tg.c -O2 -flto -fuse-linker-plugin -fno-fat-lto-objects execution test
FAIL: gcc.dg/torture/float64-tg.c -O3 -g execution test
FAIL: gcc.dg/torture/float64-tg.c -Os execution test
FAIL: gcc.dg/torture/pr52451.c -O0 execution test
FAIL: gcc.dg/torture/pr52451.c -O1 execution test
FAIL: gcc.dg/torture/pr52451.c -O2 execution test
FAIL: gcc.dg/torture/pr52451.c -O2 -flto -fno-use-linker-plugin -flto-partition=none execution test
FAIL: gcc.dg/torture/pr52451.c -O2 -flto -fuse-linker-plugin -fno-fat-lto-objects execution test
FAIL: gcc.dg/torture/pr52451.c -O3 -g execution test
FAIL: gcc.dg/torture/pr52451.c -Os execution test
FAIL: gcc.dg/torture/pr91323.c -O0 execution test
FAIL: gcc.dg/torture/pr91323.c -O1 execution test
FAIL: gcc.dg/torture/pr91323.c -O2 execution test
FAIL: gcc.dg/torture/pr91323.c -O2 -flto -fno-use-linker-plugin -flto-partition=none execution test
FAIL: gcc.dg/torture/pr91323.c -O2 -flto -fuse-linker-plugin -fno-fat-lto-objects execution test
FAIL: gcc.dg/torture/pr91323.c -O3 -g execution test
FAIL: gcc.dg/torture/pr91323.c -Os execution test
XPASS: gcc.dg/tree-ssa/ssa-dom-cse-2.c scan-tree-dump optimized "return 28;"
FAIL: gcc.dg/vect/bb-slp-41.c -flto -ffat-lto-objects scan-tree-dump-times slp1 "Found vectorizable constructor" 12
FAIL: gcc.dg/vect/bb-slp-41.c -flto -ffat-lto-objects scan-tree-dump-times slp1 "vectorizing stmts using SLP" 4
FAIL: gcc.dg/vect/bb-slp-41.c scan-tree-dump-times slp1 "Found vectorizable constructor" 12
FAIL: gcc.dg/vect/bb-slp-41.c scan-tree-dump-times slp1 "vectorizing stmts using SLP" 4
FAIL: gcc.dg/vect/vect-epilogues.c -flto -ffat-lto-objects scan-tree-dump vect "LOOP EPILOGUE VECTORIZED"
FAIL: gcc.dg/vect/vect-epilogues.c scan-tree-dump vect "LOOP EPILOGUE VECTORIZED"
XPASS: gcc.target/powerpc/20050603-3.c scan-assembler-not \\\\mrlwinm
XPASS: gcc.target/powerpc/20050603-3.c scan-assembler-times \\\\mrl[wd]imi 1
FAIL: gcc.target/powerpc/fold-vec-extract-longlong.p8.c scan-assembler-times \\\\mmfvsrd\\\\M 6
FAIL: gcc.target/powerpc/fold-vec-extract-longlong.p8.c scan-assembler-times \\\\mmtvsrd\\\\M 3
FAIL: gcc.target/powerpc/fold-vec-extract-longlong.p8.c scan-assembler-times \\\\mrldic\\\\M|\\\\mrlwinm\\\\M 3
FAIL: gcc.target/powerpc/fold-vec-extract-longlong.p8.c scan-assembler-times \\\\mvslo\\\\M 3
FAIL: gcc.target/powerpc/fold-vec-extract-longlong.p8.c scan-assembler-times \\\\mxori\\\\M 3
FAIL: gcc.target/powerpc/pr68805.c scan-assembler-times \\\\mld\\\\M 2
FAIL: gcc.target/powerpc/pr68805.c scan-assembler-times \\\\mstd\\\\M 2
FAIL: gcc.target/powerpc/pr87507.c scan-assembler-not \\\\mld\\\\M
FAIL: gcc.target/powerpc/pr87507.c scan-assembler-times \\\\mstd\\\\M 4
FAIL: gcc.target/powerpc/pr88233.c scan-assembler-times \\\\mlxvd2x\\\\M 1
FAIL: gcc.target/powerpc/pr88233.c scan-assembler-times \\\\mstxvd2x\\\\M 1
FAIL: gcc.target/powerpc/pr92132-fp-1.c execution test
FAIL: gcc.target/powerpc/pr92132-fp-2.c execution test
FAIL: gcc.target/powerpc/rlwimi-2.c scan-assembler-times (?n)^\\\\s+[a-z] 20217
FAIL: gcc.target/powerpc/rlwimi-2.c scan-assembler-times (?n)^\\\\s+rldicl 6728
FAIL: gcc.target/powerpc/rlwimi-2.c scan-assembler-times (?n)^\\\\s+rlwimi 1692
FAIL: gcc.target/powerpc/rs6000-fpint.c scan-assembler-not stfiwx
FAIL: gcc.target/powerpc/vec-rlmi-rlnm.c scan-assembler-times xxlor 2
XPASS: gcc.target/powerpc/ppc-fortran/ieee128-math.f90 -O (test for excess errors)
=== gcc Summary ===
# of expected passes 134891
# of unexpected failures 322
# of unexpected successes 41
# of expected failures 651
# of unsupported tests 2755
/home/gccbuild/build/nightly/build-gcc-trunk/gcc/xgcc version 10.0.0 20191108 (experimental) [trunk revision 277971] (GCC)
=== gfortran tests ===
Running target unix
FAIL: gfortran.dg/char4_iunit_1.f03 -O0 execution test
FAIL: gfortran.dg/char4_iunit_1.f03 -O1 execution test
FAIL: gfortran.dg/char4_iunit_1.f03 -O2 execution test
FAIL: gfortran.dg/char4_iunit_1.f03 -O3 -fomit-frame-pointer -funroll-loops -fpeel-loops -ftracer -finline-functions execution test
FAIL: gfortran.dg/char4_iunit_1.f03 -O3 -g execution test
FAIL: gfortran.dg/char4_iunit_1.f03 -Os execution test
FAIL: gfortran.dg/fmt_g0_5.f08 -O0 execution test
FAIL: gfortran.dg/fmt_g0_5.f08 -O1 execution test
FAIL: gfortran.dg/fmt_g0_5.f08 -O2 execution test
FAIL: gfortran.dg/fmt_g0_5.f08 -O3 -fomit-frame-pointer -funroll-loops -fpeel-loops -ftracer -finline-functions execution test
FAIL: gfortran.dg/fmt_g0_5.f08 -O3 -g execution test
FAIL: gfortran.dg/fmt_g0_5.f08 -Os execution test
FAIL: gfortran.dg/maxloc_2.f90 -O0 execution test
FAIL: gfortran.dg/maxloc_2.f90 -O1 execution test
FAIL: gfortran.dg/maxloc_2.f90 -O2 execution test
FAIL: gfortran.dg/maxloc_2.f90 -O3 -fomit-frame-pointer -funroll-loops -fpeel-loops -ftracer -finline-functions execution test
FAIL: gfortran.dg/maxloc_2.f90 -O3 -g execution test
FAIL: gfortran.dg/maxloc_2.f90 -Os execution test
FAIL: gfortran.dg/maxlocval_2.f90 -O1 execution test
FAIL: gfortran.dg/maxlocval_2.f90 -O2 execution test
FAIL: gfortran.dg/maxlocval_2.f90 -O3 -fomit-frame-pointer -funroll-loops -fpeel-loops -ftracer -finline-functions execution test
FAIL: gfortran.dg/maxlocval_2.f90 -O3 -g execution test
FAIL: gfortran.dg/maxlocval_2.f90 -Os execution test
FAIL: gfortran.dg/maxlocval_4.f90 -O0 execution test
FAIL: gfortran.dg/maxlocval_4.f90 -O1 execution test
FAIL: gfortran.dg/maxlocval_4.f90 -O2 execution test
FAIL: gfortran.dg/maxlocval_4.f90 -O3 -fomit-frame-pointer -funroll-loops -fpeel-loops -ftracer -finline-functions execution test
FAIL: gfortran.dg/maxlocval_4.f90 -O3 -g execution test
FAIL: gfortran.dg/maxlocval_4.f90 -Os execution test
FAIL: gfortran.dg/minloc_1.f90 -O0 execution test
FAIL: gfortran.dg/minloc_1.f90 -O1 execution test
FAIL: gfortran.dg/minloc_1.f90 -O2 execution test
FAIL: gfortran.dg/minloc_1.f90 -O3 -fomit-frame-pointer -funroll-loops -fpeel-loops -ftracer -finline-functions execution test
FAIL: gfortran.dg/minloc_1.f90 -O3 -g execution test
FAIL: gfortran.dg/minloc_1.f90 -Os execution test
FAIL: gfortran.dg/minlocval_1.f90 -O1 execution test
FAIL: gfortran.dg/minlocval_1.f90 -O2 execution test
FAIL: gfortran.dg/minlocval_1.f90 -O3 -fomit-frame-pointer -funroll-loops -fpeel-loops -ftracer -finline-functions execution test
FAIL: gfortran.dg/minlocval_1.f90 -O3 -g execution test
FAIL: gfortran.dg/minlocval_1.f90 -Os execution test
FAIL: gfortran.dg/minlocval_4.f90 -O0 execution test
FAIL: gfortran.dg/minlocval_4.f90 -O1 execution test
FAIL: gfortran.dg/minlocval_4.f90 -O2 execution test
FAIL: gfortran.dg/minlocval_4.f90 -O3 -fomit-frame-pointer -funroll-loops -fpeel-loops -ftracer -finline-functions execution test
FAIL: gfortran.dg/minlocval_4.f90 -O3 -g execution test
FAIL: gfortran.dg/minlocval_4.f90 -Os execution test
FAIL: gfortran.dg/module_nan.f90 -O0 execution test
FAIL: gfortran.dg/module_nan.f90 -O1 execution test
FAIL: gfortran.dg/module_nan.f90 -O2 execution test
FAIL: gfortran.dg/module_nan.f90 -O3 -fomit-frame-pointer -funroll-loops -fpeel-loops -ftracer -finline-functions execution test
FAIL: gfortran.dg/module_nan.f90 -O3 -g execution test
FAIL: gfortran.dg/module_nan.f90 -Os execution test
FAIL: gfortran.dg/read_infnan_1.f90 -O0 execution test
FAIL: gfortran.dg/read_infnan_1.f90 -O1 execution test
FAIL: gfortran.dg/read_infnan_1.f90 -O2 execution test
FAIL: gfortran.dg/read_infnan_1.f90 -O3 -fomit-frame-pointer -funroll-loops -fpeel-loops -ftracer -finline-functions execution test
FAIL: gfortran.dg/read_infnan_1.f90 -O3 -g execution test
FAIL: gfortran.dg/read_infnan_1.f90 -Os execution test
FAIL: gfortran.dg/real_const_3.f90 -O0 execution test
FAIL: gfortran.dg/real_const_3.f90 -O1 execution test
FAIL: gfortran.dg/real_const_3.f90 -O2 execution test
FAIL: gfortran.dg/real_const_3.f90 -O3 -fomit-frame-pointer -funroll-loops -fpeel-loops -ftracer -finline-functions execution test
FAIL: gfortran.dg/real_const_3.f90 -O3 -g execution test
FAIL: gfortran.dg/real_const_3.f90 -Os execution test
FAIL: gfortran.dg/transfer_simplify_1.f90 -O0 execution test
FAIL: gfortran.dg/transfer_simplify_1.f90 -O1 execution test
FAIL: gfortran.dg/transfer_simplify_1.f90 -O2 execution test
FAIL: gfortran.dg/transfer_simplify_1.f90 -O3 -fomit-frame-pointer -funroll-loops -fpeel-loops -ftracer -finline-functions execution test
FAIL: gfortran.dg/transfer_simplify_1.f90 -O3 -g execution test
FAIL: gfortran.dg/transfer_simplify_1.f90 -Os execution test
FAIL: gfortran.dg/ieee/ieee_3.f90 -O1 execution test
FAIL: gfortran.dg/ieee/ieee_3.f90 -O2 execution test
FAIL: gfortran.dg/ieee/ieee_3.f90 -O3 -fomit-frame-pointer -funroll-loops -fpeel-loops -ftracer -finline-functions execution test
FAIL: gfortran.dg/ieee/ieee_3.f90 -O3 -g execution test
FAIL: gfortran.dg/ieee/ieee_3.f90 -Os execution test
FAIL: gfortran.dg/ieee/intrinsics_2.F90 -O1 execution test
FAIL: gfortran.dg/ieee/intrinsics_2.F90 -O2 execution test
FAIL: gfortran.dg/ieee/intrinsics_2.F90 -O3 -fomit-frame-pointer -funroll-loops -fpeel-loops -ftracer -finline-functions execution test
FAIL: gfortran.dg/ieee/intrinsics_2.F90 -O3 -g execution test
FAIL: gfortran.dg/ieee/intrinsics_2.F90 -Os execution test
FAIL: gfortran.dg/ieee/large_1.f90 -O1 execution test
FAIL: gfortran.dg/ieee/large_1.f90 -O2 execution test
FAIL: gfortran.dg/ieee/large_1.f90 -O3 -fomit-frame-pointer -funroll-loops -fpeel-loops -ftracer -finline-functions execution test
FAIL: gfortran.dg/ieee/large_1.f90 -O3 -g execution test
FAIL: gfortran.dg/ieee/large_1.f90 -Os execution test
FAIL: gfortran.dg/ieee/large_2.f90 -O0 execution test
FAIL: gfortran.dg/ieee/large_2.f90 -O1 execution test
FAIL: gfortran.dg/ieee/large_2.f90 -O2 execution test
FAIL: gfortran.dg/ieee/large_2.f90 -O3 -fomit-frame-pointer -funroll-loops -fpeel-loops -ftracer -finline-functions execution test
FAIL: gfortran.dg/ieee/large_2.f90 -O3 -g execution test
FAIL: gfortran.dg/ieee/large_2.f90 -Os execution test
FAIL: gfortran.fortran-torture/execute/nan_inf_fmt.f90 execution, -O0
FAIL: gfortran.fortran-torture/execute/nan_inf_fmt.f90 execution, -O1
FAIL: gfortran.fortran-torture/execute/nan_inf_fmt.f90 execution, -O2
FAIL: gfortran.fortran-torture/execute/nan_inf_fmt.f90 execution, -O2 -fbounds-check
FAIL: gfortran.fortran-torture/execute/nan_inf_fmt.f90 execution, -O2 -fomit-frame-pointer -finline-functions
FAIL: gfortran.fortran-torture/execute/nan_inf_fmt.f90 execution, -O2 -fomit-frame-pointer -finline-functions -funroll-loops
FAIL: gfortran.fortran-torture/execute/nan_inf_fmt.f90 execution, -O3 -g
FAIL: gfortran.fortran-torture/execute/nan_inf_fmt.f90 execution, -Os
FAIL: gfortran.fortran-torture/execute/nan_inf_fmt.f90 execution, -O2 -ftree-vectorize -maltivec
=== gfortran Summary ===
# of expected passes 51052
# of unexpected failures 100
# of expected failures 207
# of unsupported tests 114
/home/gccbuild/build/nightly/build-gcc-trunk/gcc/gfortran version 10.0.0 20191108 (experimental) [trunk revision 277971] (GCC)
=== g++ tests ===
Running target unix
FAIL: g++.dg/lto/pr90990 cp_lto_pr90990_0.o-cp_lto_pr90990_0.o link, -O0 -flto -flto-partition=none -fuse-linker-plugin
FAIL: g++.dg/lto/pr90990 cp_lto_pr90990_0.o-cp_lto_pr90990_0.o link, -O0 -flto -fuse-linker-plugin -fno-fat-lto-objects
FAIL: g++.dg/lto/pr90990 cp_lto_pr90990_0.o-cp_lto_pr90990_0.o link, -O2 -flto -flto-partition=none -fuse-linker-plugin -fno-fat-lto-objects
FAIL: g++.dg/lto/pr90990 cp_lto_pr90990_0.o-cp_lto_pr90990_0.o link, -O2 -flto -fuse-linker-plugin
=== g++ Summary ===
# of expected passes 183212
# of unexpected failures 4
# of expected failures 724
# of unsupported tests 7506
/home/gccbuild/build/nightly/build-gcc-trunk/gcc/xg++ version 10.0.0 20191108 (experimental) [trunk revision 277971] (GCC)
=== go tests ===
Running target unix
FAIL: go.test/test/ken/cplx2.go execution, -O2 -g
=== go Summary ===
# of expected passes 7357
# of unexpected failures 1
# of expected failures 1
# of untested testcases 7
# of unsupported tests 3
/home/gccbuild/build/nightly/build-gcc-trunk/gcc/gccgo version 10.0.0 20191108 (experimental) [trunk revision 277971] (GCC)
=== obj-c++ tests ===
Running target unix
=== obj-c++ Summary ===
# of expected passes 1442
# of expected failures 10
# of unsupported tests 77
/home/gccbuild/build/nightly/build-gcc-trunk/gcc/xg++ version 10.0.0 20191108 (experimental) [trunk revision 277971] (GCC)
=== objc tests ===
Running target unix
=== objc Summary ===
# of expected passes 2782
# of unsupported tests 68
/home/gccbuild/build/nightly/build-gcc-trunk/gcc/xgcc version 10.0.0 20191108 (experimental) [trunk revision 277971] (GCC)
=== gotools tests ===
FAIL: go test runtime
=== gotools Summary ===
# of expected passes 228
# of unexpected failures 1
# of untested testcases 144
/home/gccbuild/build/nightly/build-gcc-trunk/./gcc/gccgo version 10.0.0 20191108 (experimental) [trunk revision 277971] (GCC)
=== libatomic tests ===
Running target unix
=== libatomic Summary ===
# of expected passes 54
=== libffi tests ===
Running target unix
=== libffi Summary ===
# of expected passes 1934
# of unsupported tests 28
=== libgo tests ===
Running target unix
FAIL: crypto/tls
FAIL: math
FAIL: net
FAIL: net/http
FAIL: runtime
FAIL: syscall
=== libgo Summary ===
# of expected passes 168
# of unexpected failures 6
/home/gccbuild/build/nightly/build-gcc-trunk/./gcc/gccgo version 10.0.0 20191108 (experimental) [trunk revision 277971] (GCC)
=== libgomp tests ===
Running target unix
FAIL: libgomp.fortran/use_device_addr-1.f90 -O0 execution test
FAIL: libgomp.fortran/use_device_addr-2.f90 -O0 execution test
=== libgomp Summary ===
# of expected passes 6940
# of unexpected failures 2
# of expected failures 4
# of unsupported tests 424
=== libitm tests ===
Running target unix
=== libitm Summary ===
# of expected passes 42
# of expected failures 3
# of unsupported tests 1
=== libstdc++ tests ===
Running target unix
FAIL: 29_atomics/atomic_float/1.cc execution test
FAIL: ext/special_functions/hyperg/check_nan.cc execution test
FAIL: tr1/5_numerical_facilities/special_functions/17_hyperg/check_nan.cc execution test
FAIL: libstdc++-prettyprinters/80276.cc whatis p4
FAIL: libstdc++-prettyprinters/80276.cc whatis p4
=== libstdc++ Summary ===
# of expected passes 13853
# of unexpected failures 5
# of expected failures 92
# of unsupported tests 483
Compiler version: 10.0.0 20191108 (experimental) [trunk revision 277971] (GCC)
Platform: powerpc64le-unknown-linux-gnu
configure flags: --prefix=/opt/gcc-nightly/trunk --with-as=/usr/bin/as --with-ld=/usr/bin/ld --enable-languages=c,c++,fortran,objc,obj-c++,go --with-cpu=power8
fail WARNING: Could not generate test framework tests
fail XPASS: gcc.test-framework/dg-bogus-exp-XF.c (test for excess errors)
fail FAIL: gcc.test-framework/dg-do-assemble-exp-P.c (test for excess errors) (PRMS 42)
fail FAIL: gcc.test-framework/dg-do-compile-exp-P.c (test for excess errors) (PRMS 42)
fail FAIL: gcc.test-framework/dg-do-link-exp-P.c (test for excess errors) (PRMS 42)
fail FAIL: gcc.test-framework/dg-do-run-exp-P.c (test for excess errors) (PRMS 42)
fail FAIL: gcc.test-framework/dg-dot-run-exp-P.c (test for excess errors) (PRMS 42)
fail FAIL: gcc.test-framework/dg-dox-run-exp-XF.c (test for excess errors) (PRMS 42)
fail FAIL: gcc.test-framework/dg-output-exp-P.c (test for excess errors) (PRMS 42)
fail FAIL: gcc.test-framework/dg-output-exp-XF.c (test for excess errors) (PRMS 42)
fail FAIL: gcc.test-framework/dg-warning-exp-P.c warning test (test for warnings, line 9) (PRMS 42)
=== Test Framework Summary ===
# of expected passes 68
# of unexpected failures 11
More information about the Gcc-testresults
mailing list