Results for 7.4.1 20191101 [gcc-7-branch revision 277727] (GCC) testsuite on x86_64-apple-darwin18
Iain Sandoe
iains.gcc@gmail.com
Sat Nov 2 21:48:00 GMT 2019
LAST_UPDATED: Fri Nov 1 20:52:40 UTC 2019 (revision 277727)
=== acats tests ===
=== acats Summary ===
# of expected passes 2320
# of unexpected failures 0
Native configuration is x86_64-apple-darwin18
=== g++ tests ===
Running target unix
FAIL: g++.dg/asan/pr78651.C -O2 -flto (internal compiler error)
FAIL: g++.dg/asan/pr78651.C -O2 -flto (test for excess errors)
FAIL: g++.dg/asan/pr78651.C -O2 -flto -flto-partition=none (internal compiler error)
FAIL: g++.dg/asan/pr78651.C -O2 -flto -flto-partition=none (test for excess errors)
FAIL: g++.dg/ipa/pr67056.C scan-ipa-dump cp "Speculative outer type:struct CompositeClass"
UNRESOLVED: g++.dg/lto/pr65276 cp_lto_pr65276_0.o-cp_lto_pr65276_1.o execute -flto -O0 -std=c++11
FAIL: g++.dg/lto/pr65276 cp_lto_pr65276_0.o-cp_lto_pr65276_1.o link, -flto -O0 -std=c++11
UNRESOLVED: g++.dg/lto/pr65549 cp_lto_pr65549_0.o-cp_lto_pr65549_0.o execute -std=gnu++14 -flto -g -O2 -fno-inline -flto-partition=max
FAIL: g++.dg/lto/pr65549 cp_lto_pr65549_0.o-cp_lto_pr65549_0.o link, -std=gnu++14 -flto -g -O2 -fno-inline -flto-partition=max
FAIL: g++.dg/tls/pr77285-2.C -std=c++11 scan-assembler _ZTH4var1B3tag
FAIL: g++.dg/tls/pr77285-2.C -std=c++14 scan-assembler _ZTH4var1B3tag
FAIL: g++.dg/tree-prof/pr57451.C compilation, -fprofile-generate -D_PROFILE_GENERATE
UNRESOLVED: g++.dg/tree-prof/pr57451.C compilation, -fprofile-use -D_PROFILE_USE
UNRESOLVED: g++.dg/tree-prof/pr57451.C execution, -fprofile-generate -D_PROFILE_GENERATE
UNRESOLVED: g++.dg/tree-prof/pr57451.C execution, -fprofile-use -D_PROFILE_USE
FAIL: g++.dg/tree-prof/pr63581.C compilation, -fprofile-generate -D_PROFILE_GENERATE
UNRESOLVED: g++.dg/tree-prof/pr63581.C compilation, -fprofile-use -D_PROFILE_USE
UNRESOLVED: g++.dg/tree-prof/pr63581.C execution, -fprofile-generate -D_PROFILE_GENERATE
UNRESOLVED: g++.dg/tree-prof/pr63581.C execution, -fprofile-use -D_PROFILE_USE
FAIL: g++.old-deja/g++.law/profile1.C -std=gnu++11 execution test
FAIL: g++.old-deja/g++.law/profile1.C -std=gnu++14 execution test
FAIL: g++.old-deja/g++.law/profile1.C -std=gnu++98 execution test
=== g++ Summary ===
# of expected passes 111284
# of unexpected failures 14
# of expected failures 408
# of unresolved testcases 8
# of unsupported tests 4885
/scratch/10-14-moj/gcc-7-wip/gcc/testsuite/g++/../../xg++ version 7.4.1 20191101 [gcc-7-branch revision 277727] (GCC)
=== gcc tests ===
Running target unix
FAIL: c-c++-common/asan/strncpy-overflow-1.c -O0 output pattern test
FAIL: c-c++-common/asan/strncpy-overflow-1.c -O1 output pattern test
FAIL: c-c++-common/asan/strncpy-overflow-1.c -O2 output pattern test
FAIL: c-c++-common/asan/strncpy-overflow-1.c -O2 -flto (test for excess errors)
FAIL: c-c++-common/asan/strncpy-overflow-1.c -O2 -flto output pattern test
FAIL: c-c++-common/asan/strncpy-overflow-1.c -O2 -flto -flto-partition=none (test for excess errors)
FAIL: c-c++-common/asan/strncpy-overflow-1.c -O2 -flto -flto-partition=none output pattern test
FAIL: c-c++-common/asan/strncpy-overflow-1.c -O3 -g output pattern test
FAIL: c-c++-common/asan/strncpy-overflow-1.c -Os output pattern test
FAIL: gcc.dg/aru-2.c execution test
FAIL: gcc.dg/darwin-version-1.c (test for excess errors)
FAIL: gcc.dg/framework-1.c (test for excess errors)
FAIL: gcc.dg/nest.c execution test
FAIL: gcc.dg/nested-func-4.c execution test
FAIL: gcc.dg/pr32450.c execution test
FAIL: gcc.dg/pr43643.c execution test
XPASS: gcc.dg/pr78768.c -Wformat-overflow (test for warnings, line 11)
FAIL: gcc.dg/pr90760.c (test for errors, line 6)
FAIL: gcc.dg/pr90760.c (test for errors, line 8)
FAIL: gcc.dg/pr90760.c (test for excess errors)
FAIL: gcc.dg/graphite/scop-19.c scan-tree-dump-times graphite "number of SCoPs: 0" 1
FAIL: gcc.target/i386/align-limit.c scan-assembler .p2align 6,,1
FAIL: gcc.target/i386/avx512vl-vcvtpd2dq-2.c (test for excess errors)
UNRESOLVED: gcc.target/i386/avx512vl-vcvtpd2dq-2.c compilation failed to produce executable
FAIL: gcc.target/i386/avx512vl-vcvtpd2ps-2.c (test for excess errors)
UNRESOLVED: gcc.target/i386/avx512vl-vcvtpd2ps-2.c compilation failed to produce executable
FAIL: gcc.target/i386/avx512vl-vcvtpd2udq-2.c (test for excess errors)
UNRESOLVED: gcc.target/i386/avx512vl-vcvtpd2udq-2.c compilation failed to produce executable
FAIL: gcc.target/i386/avx512vl-vcvtqq2ps-2.c (test for excess errors)
UNRESOLVED: gcc.target/i386/avx512vl-vcvtqq2ps-2.c compilation failed to produce executable
FAIL: gcc.target/i386/avx512vl-vcvttpd2dq-2.c (test for excess errors)
UNRESOLVED: gcc.target/i386/avx512vl-vcvttpd2dq-2.c compilation failed to produce executable
FAIL: gcc.target/i386/avx512vl-vcvttpd2udq-2.c (test for excess errors)
UNRESOLVED: gcc.target/i386/avx512vl-vcvttpd2udq-2.c compilation failed to produce executable
FAIL: gcc.target/i386/avx512vl-vcvtuqq2ps-2.c (test for excess errors)
UNRESOLVED: gcc.target/i386/avx512vl-vcvtuqq2ps-2.c compilation failed to produce executable
FAIL: gcc.target/i386/pr78035.c scan-assembler-times cmp 2
=== gcc Summary ===
# of expected passes 123259
# of unexpected failures 29
# of unexpected successes 1
# of expected failures 372
# of unresolved testcases 7
# of unsupported tests 2628
/scratch/10-14-moj/gcc-7-wip/gcc/xgcc version 7.4.1 20191101 [gcc-7-branch revision 277727] (GCC)
=== gfortran tests ===
Running target unix
=== gfortran Summary ===
# of expected passes 46048
# of expected failures 87
# of unsupported tests 70
/scratch/10-14-moj/gcc-7-wip/gcc/testsuite/gfortran/../../gfortran version 7.4.1 20191101 [gcc-7-branch revision 277727] (GCC)
=== gnat tests ===
Running target unix
=== gnat Summary ===
# of expected passes 2603
# of expected failures 25
# of unsupported tests 7
/scratch/10-14-moj/gcc-7-wip/gcc/gnatmake version 7.4.1 20191101 [gcc-7-branch revision 277727]
=== obj-c++ tests ===
Running target unix
FAIL: obj-c++.dg/gnu-api-2-objc.mm -fnext-runtime execution test
FAIL: obj-c++.dg/try-catch-2.mm -fnext-runtime execution test
FAIL: obj-c++.dg/try-catch-9.mm -fnext-runtime execution test
FAIL: obj-c++.dg/plugin/diagnostic-test-expressions-1.mm -fplugin=./diagnostic_plugin_test_tree_expression_range.so (test for warnings, line 60)
FAIL: obj-c++.dg/plugin/diagnostic-test-expressions-1.mm -fplugin=./diagnostic_plugin_test_tree_expression_range.so (test for warnings, line 68)
FAIL: obj-c++.dg/plugin/diagnostic-test-expressions-1.mm -fplugin=./diagnostic_plugin_test_tree_expression_range.so expected multiline pattern lines 62-63 not found: " __emit_expression_range \\( 0, @selector\\(func0\\) \\);.*\\n \\^~~~~~~~~~~~~~~~\\n"
FAIL: obj-c++.dg/plugin/diagnostic-test-expressions-1.mm -fplugin=./diagnostic_plugin_test_tree_expression_range.so expected multiline pattern lines 70-71 not found: " __emit_expression_range \\( 0, @protocol\\(prot\\) \\);.*\\n \\^~~~~~~~~~~~~~~\\n"
FAIL: obj-c++.dg/plugin/diagnostic-test-expressions-1.mm -fplugin=./diagnostic_plugin_test_tree_expression_range.so (test for excess errors)
=== obj-c++ Summary ===
# of expected passes 3064
# of unexpected failures 8
# of expected failures 18
# of unsupported tests 70
/scratch/10-14-moj/gcc-7-wip/gcc/testsuite/obj-c++/../../xg++ version 7.4.1 20191101 [gcc-7-branch revision 277727] (GCC)
=== objc tests ===
Running target unix
FAIL: objc.dg/call-super-2.m -fnext-runtime (test for warnings, line 104)
FAIL: objc.dg/call-super-2.m -fnext-runtime (test for warnings, line 74)
FAIL: objc.dg/category-1.m -fnext-runtime execution test
FAIL: objc.dg/exceptions-2.m -fnext-runtime execution test
FAIL: objc.dg/gnu-api-2-objc.m -fnext-runtime execution test
FAIL: objc.dg/super-class-3.m -fnext-runtime execution test
FAIL: objc.dg/plugin/diagnostic-test-expressions-1.m -fplugin=./diagnostic_plugin_test_tree_expression_range.so (test for warnings, line 60)
FAIL: objc.dg/plugin/diagnostic-test-expressions-1.m -fplugin=./diagnostic_plugin_test_tree_expression_range.so (test for warnings, line 68)
FAIL: objc.dg/plugin/diagnostic-test-expressions-1.m -fplugin=./diagnostic_plugin_test_tree_expression_range.so expected multiline pattern lines 62-63 not found: " __emit_expression_range \\( 0, @selector\\(func0\\) \\);.*\\n \\^~~~~~~~~~~~~~~~\\n"
FAIL: objc.dg/plugin/diagnostic-test-expressions-1.m -fplugin=./diagnostic_plugin_test_tree_expression_range.so expected multiline pattern lines 70-71 not found: " __emit_expression_range \\( 0, @protocol\\(prot\\) \\);.*\\n ~~~~~~~~~~~~~~~\\n"
FAIL: objc.dg/plugin/diagnostic-test-expressions-1.m -fplugin=./diagnostic_plugin_test_tree_expression_range.so (test for excess errors)
FAIL: objc.dg/torture/forward-1.m -O0 -fnext-runtime execution test
FAIL: objc.dg/torture/forward-1.m -O1 -fnext-runtime execution test
FAIL: objc.dg/torture/forward-1.m -O2 -fnext-runtime execution test
FAIL: objc.dg/torture/forward-1.m -O2 -flto -fnext-runtime execution test
FAIL: objc.dg/torture/forward-1.m -O2 -flto -flto-partition=none -fnext-runtime execution test
FAIL: objc.dg/torture/forward-1.m -O3 -fomit-frame-pointer -funroll-loops -fpeel-loops -ftracer -finline-functions -fnext-runtime execution test
FAIL: objc.dg/torture/forward-1.m -O3 -g -fnext-runtime execution test
FAIL: objc.dg/torture/forward-1.m -Os -fnext-runtime execution test
=== objc Summary ===
# of expected passes 5529
# of unexpected failures 19
# of expected failures 7
# of unsupported tests 88
/scratch/10-14-moj/gcc-7-wip/gcc/xgcc version 7.4.1 20191101 [gcc-7-branch revision 277727] (GCC)
=== libatomic tests ===
Running target unix
=== libatomic Summary ===
# of expected passes 54
=== libgomp tests ===
Running target unix
FAIL: libgomp.fortran/examples-4/simd-3.f90 -O1 execution test
FAIL: libgomp.fortran/examples-4/simd-3.f90 -Os execution test
=== libgomp Summary ===
# of expected passes 5268
# of unexpected failures 2
# of unsupported tests 321
=== libitm tests ===
Running target unix
=== libitm Summary ===
# of expected passes 40
# of expected failures 3
# of unsupported tests 2
=== libstdc++ tests ===
Running target unix
=== libstdc++ Summary ===
# of expected passes 10911
# of expected failures 66
# of unsupported tests 670
Compiler version: 7.4.1 20191101 [gcc-7-branch revision 277727] (GCC)
Platform: x86_64-apple-darwin18
configure flags: --prefix=/opt/iains/x86_64-apple-darwin18/gcc-7-wip --target=x86_64-apple-darwin18 --host=x86_64-apple-darwin18 --build=x86_64-apple-darwin18 --with-sysroot=/opt/iains/SDKs/darwin18-2 --disable-nls --enable-languages=all,ada,obj-c++ CC='gcc --sysroot=/opt/iains/SDKs/darwin14' CXX='g++ --sysroot=/opt/iains/SDKs/darwin14'
More information about the Gcc-testresults
mailing list