Results for 10.0.0 20191101 (experimental) [trunk revision 277705] (GCC) testsuite on sparc-sun-solaris2.11
Rainer Orth
ro@CeBiTec.Uni-Bielefeld.DE
Sat Nov 2 07:51:00 GMT 2019
LAST_UPDATED: Fri Nov 1 09:50:17 UTC 2019 (revision 277705)
=== acats tests ===
=== acats Summary ===
# of expected passes 2320
# of unexpected failures 0
Native configuration is sparc-sun-solaris2.11
=== g++ tests ===
Running target unix
FAIL: c-c++-common/asan/pointer-subtract-3.c -O0 execution test
FAIL: c-c++-common/asan/pointer-subtract-3.c -O1 execution test
FAIL: c-c++-common/asan/pointer-subtract-3.c -O2 execution test
FAIL: c-c++-common/asan/pointer-subtract-3.c -O2 -flto -fno-use-linker-plugin -flto-partition=none execution test
FAIL: c-c++-common/asan/pointer-subtract-3.c -O2 -flto -fuse-linker-plugin -fno-fat-lto-objects execution test
FAIL: c-c++-common/asan/pointer-subtract-3.c -O3 -g execution test
FAIL: c-c++-common/asan/pointer-subtract-3.c -Os execution test
FAIL: g++.dg/asan/deep-thread-stack-1.C -O0 output pattern test
FAIL: g++.dg/asan/deep-thread-stack-1.C -O1 output pattern test
FAIL: g++.dg/asan/deep-thread-stack-1.C -O2 output pattern test
FAIL: g++.dg/asan/deep-thread-stack-1.C -O2 -flto -fno-use-linker-plugin -flto-partition=none output pattern test
FAIL: g++.dg/asan/deep-thread-stack-1.C -O2 -flto -fuse-linker-plugin -fno-fat-lto-objects output pattern test
FAIL: g++.dg/asan/deep-thread-stack-1.C -O3 -g output pattern test
FAIL: g++.dg/asan/deep-thread-stack-1.C -Os output pattern test
FAIL: g++.dg/asan/default-options-1.C -O0 execution test
FAIL: g++.dg/asan/default-options-1.C -O1 execution test
FAIL: g++.dg/asan/default-options-1.C -O2 execution test
FAIL: g++.dg/asan/default-options-1.C -O2 -flto -fno-use-linker-plugin -flto-partition=none execution test
FAIL: g++.dg/asan/default-options-1.C -O2 -flto -fuse-linker-plugin -fno-fat-lto-objects execution test
FAIL: g++.dg/asan/default-options-1.C -O3 -g execution test
FAIL: g++.dg/asan/default-options-1.C -Os execution test
FAIL: g++.dg/cpp2a/nodiscard-once.C -std=gnu++2a (test for excess errors)
FAIL: g++.dg/cpp2a/nodiscard-reason.C -std=gnu++2a (test for warnings, line 16)
FAIL: g++.dg/cpp2a/nodiscard-reason.C -std=gnu++2a (test for warnings, line 17)
FAIL: g++.dg/cpp2a/nodiscard-reason.C -std=gnu++2a (test for warnings, line 176)
FAIL: g++.dg/cpp2a/nodiscard-reason.C -std=gnu++2a (test for warnings, line 178)
FAIL: g++.dg/cpp2a/nodiscard-reason.C -std=gnu++2a (test for warnings, line 183)
FAIL: g++.dg/cpp2a/nodiscard-reason.C -std=gnu++2a (test for warnings, line 185)
FAIL: g++.dg/cpp2a/nodiscard-reason.C -std=gnu++2a (test for warnings, line 190)
FAIL: g++.dg/cpp2a/nodiscard-reason.C -std=gnu++2a (test for warnings, line 192)
FAIL: g++.dg/cpp2a/nodiscard-reason.C -std=gnu++2a (test for excess errors)
FAIL: g++.dg/gcov/pr16855-priority.C -std=gnu++14 gcov: 1 failures in line counts, 0 in branch percentages, 0 in return percentages, 0 in intermediate format
FAIL: g++.dg/gcov/pr16855-priority.C -std=gnu++14 line 22: is #####:should be 1
FAIL: g++.dg/gcov/pr16855-priority.C -std=gnu++17 gcov: 1 failures in line counts, 0 in branch percentages, 0 in return percentages, 0 in intermediate format
FAIL: g++.dg/gcov/pr16855-priority.C -std=gnu++17 line 22: is #####:should be 1
FAIL: g++.dg/gcov/pr16855-priority.C -std=gnu++2a gcov: 1 failures in line counts, 0 in branch percentages, 0 in return percentages, 0 in intermediate format
FAIL: g++.dg/gcov/pr16855-priority.C -std=gnu++2a line 22: is #####:should be 1
FAIL: g++.dg/gcov/pr16855-priority.C -std=gnu++98 gcov: 1 failures in line counts, 0 in branch percentages, 0 in return percentages, 0 in intermediate format
FAIL: g++.dg/gcov/pr16855-priority.C -std=gnu++98 line 22: is #####:should be 1
FAIL: g++.dg/gcov/pr16855.C -std=gnu++14 gcov: 1 failures in line counts, 0 in branch percentages, 0 in return percentages, 0 in intermediate format
FAIL: g++.dg/gcov/pr16855.C -std=gnu++14 line 24: is #####:should be 1
FAIL: g++.dg/gcov/pr16855.C -std=gnu++17 gcov: 1 failures in line counts, 0 in branch percentages, 0 in return percentages, 0 in intermediate format
FAIL: g++.dg/gcov/pr16855.C -std=gnu++17 line 24: is #####:should be 1
FAIL: g++.dg/gcov/pr16855.C -std=gnu++2a gcov: 1 failures in line counts, 0 in branch percentages, 0 in return percentages, 0 in intermediate format
FAIL: g++.dg/gcov/pr16855.C -std=gnu++2a line 24: is #####:should be 1
FAIL: g++.dg/gcov/pr16855.C -std=gnu++98 gcov: 1 failures in line counts, 0 in branch percentages, 0 in return percentages, 0 in intermediate format
FAIL: g++.dg/gcov/pr16855.C -std=gnu++98 line 24: is #####:should be 1
=== g++ Summary for unix ===
# of expected passes 175984
# of unexpected failures 47
# of expected failures 759
# of unsupported tests 7870
Running target unix/-m64
FAIL: g++.dg/cpp2a/nodiscard-once.C -std=gnu++2a (test for excess errors)
FAIL: g++.dg/cpp2a/nodiscard-reason.C -std=gnu++2a (test for warnings, line 16)
FAIL: g++.dg/cpp2a/nodiscard-reason.C -std=gnu++2a (test for warnings, line 17)
FAIL: g++.dg/cpp2a/nodiscard-reason.C -std=gnu++2a (test for warnings, line 176)
FAIL: g++.dg/cpp2a/nodiscard-reason.C -std=gnu++2a (test for warnings, line 178)
FAIL: g++.dg/cpp2a/nodiscard-reason.C -std=gnu++2a (test for warnings, line 183)
FAIL: g++.dg/cpp2a/nodiscard-reason.C -std=gnu++2a (test for warnings, line 185)
FAIL: g++.dg/cpp2a/nodiscard-reason.C -std=gnu++2a (test for warnings, line 190)
FAIL: g++.dg/cpp2a/nodiscard-reason.C -std=gnu++2a (test for warnings, line 192)
FAIL: g++.dg/cpp2a/nodiscard-reason.C -std=gnu++2a (test for excess errors)
FAIL: g++.dg/gcov/pr16855-priority.C -std=gnu++14 gcov: 1 failures in line counts, 0 in branch percentages, 0 in return percentages, 0 in intermediate format
FAIL: g++.dg/gcov/pr16855-priority.C -std=gnu++14 line 22: is #####:should be 1
FAIL: g++.dg/gcov/pr16855-priority.C -std=gnu++17 gcov: 1 failures in line counts, 0 in branch percentages, 0 in return percentages, 0 in intermediate format
FAIL: g++.dg/gcov/pr16855-priority.C -std=gnu++17 line 22: is #####:should be 1
FAIL: g++.dg/gcov/pr16855-priority.C -std=gnu++2a gcov: 1 failures in line counts, 0 in branch percentages, 0 in return percentages, 0 in intermediate format
FAIL: g++.dg/gcov/pr16855-priority.C -std=gnu++2a line 22: is #####:should be 1
FAIL: g++.dg/gcov/pr16855-priority.C -std=gnu++98 gcov: 1 failures in line counts, 0 in branch percentages, 0 in return percentages, 0 in intermediate format
FAIL: g++.dg/gcov/pr16855-priority.C -std=gnu++98 line 22: is #####:should be 1
FAIL: g++.dg/gcov/pr16855.C -std=gnu++14 gcov: 1 failures in line counts, 0 in branch percentages, 0 in return percentages, 0 in intermediate format
FAIL: g++.dg/gcov/pr16855.C -std=gnu++14 line 24: is #####:should be 1
FAIL: g++.dg/gcov/pr16855.C -std=gnu++17 gcov: 1 failures in line counts, 0 in branch percentages, 0 in return percentages, 0 in intermediate format
FAIL: g++.dg/gcov/pr16855.C -std=gnu++17 line 24: is #####:should be 1
FAIL: g++.dg/gcov/pr16855.C -std=gnu++2a gcov: 1 failures in line counts, 0 in branch percentages, 0 in return percentages, 0 in intermediate format
FAIL: g++.dg/gcov/pr16855.C -std=gnu++2a line 24: is #####:should be 1
FAIL: g++.dg/gcov/pr16855.C -std=gnu++98 gcov: 1 failures in line counts, 0 in branch percentages, 0 in return percentages, 0 in intermediate format
FAIL: g++.dg/gcov/pr16855.C -std=gnu++98 line 24: is #####:should be 1
=== g++ Summary for unix/-m64 ===
# of expected passes 176819
# of unexpected failures 26
# of expected failures 763
# of unsupported tests 7553
=== g++ Summary ===
# of expected passes 352803
# of unexpected failures 73
# of expected failures 1522
# of unsupported tests 15423
/var/gcc/regression/trunk/11.5-gcc-gas-gld/build/gcc/xg++ version 10.0.0 20191101 (experimental) [trunk revision 277705] (GCC)
=== gcc tests ===
Running target unix
FAIL: c-c++-common/asan/pointer-subtract-3.c -O0 execution test
FAIL: c-c++-common/asan/pointer-subtract-3.c -O1 execution test
FAIL: c-c++-common/asan/pointer-subtract-3.c -O2 execution test
FAIL: c-c++-common/asan/pointer-subtract-3.c -O2 -flto -fno-use-linker-plugin -flto-partition=none execution test
FAIL: c-c++-common/asan/pointer-subtract-3.c -O2 -flto -fuse-linker-plugin -fno-fat-lto-objects execution test
FAIL: c-c++-common/asan/pointer-subtract-3.c -O3 -g execution test
FAIL: c-c++-common/asan/pointer-subtract-3.c -Os execution test
FAIL: gcc.dg/strlenopt-81.c (test for excess errors)
UNRESOLVED: gcc.dg/strlenopt-81.c compilation failed to produce executable
XPASS: gcc.dg/graphite/scop-21.c scan-tree-dump-times graphite "number of SCoPs: 1" 1
FAIL: gcc.dg/simulate-thread/atomic-other-int.c -O2 -g thread simulation test
FAIL: gcc.dg/simulate-thread/atomic-other-int.c -O3 -g thread simulation test
FAIL: gcc.dg/simulate-thread/speculative-store-4.c -O0 -g thread simulation test
FAIL: gcc.dg/simulate-thread/speculative-store-4.c -O2 -g thread simulation test
FAIL: gcc.dg/simulate-thread/speculative-store-4.c -O3 -g thread simulation test
FAIL: gcc.dg/simulate-thread/speculative-store.c -O0 -g thread simulation test
FAIL: gcc.dg/vect/bb-slp-22.c -flto -ffat-lto-objects scan-tree-dump-times slp2 "basic block vectorized" 1
FAIL: gcc.dg/vect/bb-slp-22.c scan-tree-dump-times slp2 "basic block vectorized" 1
FAIL: gcc.dg/vect/vect-epilogues.c -flto -ffat-lto-objects scan-tree-dump vect "LOOP EPILOGUE VECTORIZED"
FAIL: gcc.dg/vect/vect-epilogues.c scan-tree-dump vect "LOOP EPILOGUE VECTORIZED"
FAIL: gcc.target/sparc/sparc-ret-3.c scan-assembler ld[ \\t]*\\\\[%i5\\\\+8\\\\], %i0\\n[^\\n]*return[ \\t]*%i7\\\\+8
=== gcc Summary for unix ===
# of expected passes 117951
# of unexpected failures 19
# of unexpected successes 1
# of expected failures 626
# of unresolved testcases 1
# of unsupported tests 3556
Running target unix/-m64
FAIL: gcc.dg/strlenopt-81.c (test for excess errors)
UNRESOLVED: gcc.dg/strlenopt-81.c compilation failed to produce executable
XPASS: gcc.dg/graphite/scop-21.c scan-tree-dump-times graphite "number of SCoPs: 1" 1
FAIL: gcc.dg/vect/bb-slp-22.c -flto -ffat-lto-objects scan-tree-dump-times slp2 "basic block vectorized" 1
FAIL: gcc.dg/vect/bb-slp-22.c scan-tree-dump-times slp2 "basic block vectorized" 1
FAIL: gcc.dg/vect/vect-epilogues.c -flto -ffat-lto-objects scan-tree-dump vect "LOOP EPILOGUE VECTORIZED"
FAIL: gcc.dg/vect/vect-epilogues.c scan-tree-dump vect "LOOP EPILOGUE VECTORIZED"
WARNING: gcc.target/sparc/ultrasp12.c (test for excess errors) program timed out.
FAIL: gcc.target/sparc/ultrasp12.c (test for excess errors)
=== gcc Summary for unix/-m64 ===
# of expected passes 117553
# of unexpected failures 6
# of unexpected successes 1
# of expected failures 619
# of unresolved testcases 1
# of unsupported tests 2930
=== gcc Summary ===
# of expected passes 235504
# of unexpected failures 25
# of unexpected successes 2
# of expected failures 1245
# of unresolved testcases 2
# of unsupported tests 6486
/var/gcc/regression/trunk/11.5-gcc-gas-gld/build/gcc/xgcc version 10.0.0 20191101 (experimental) [trunk revision 277705] (GCC)
=== gdc tests ===
Running target unix
=== gdc Summary for unix ===
# of expected passes 25155
# of unsupported tests 40
Running target unix/-m64
=== gdc Summary for unix/-m64 ===
# of expected passes 25155
# of unsupported tests 40
=== gdc Summary ===
# of expected passes 50310
# of unsupported tests 80
/var/gcc/regression/trunk/11.5-gcc-gas-gld/build/gcc/gdc version 10.0.0 20191101 (experimental) [trunk revision 277705] (GCC)
=== gfortran tests ===
Running target unix
=== gfortran Summary for unix ===
# of expected passes 50622
# of expected failures 189
# of unsupported tests 277
Running target unix/-m64
=== gfortran Summary for unix/-m64 ===
# of expected passes 50881
# of expected failures 189
# of unsupported tests 150
=== gfortran Summary ===
# of expected passes 101503
# of expected failures 378
# of unsupported tests 427
/var/gcc/regression/trunk/11.5-gcc-gas-gld/build/gcc/gfortran version 10.0.0 20191101 (experimental) [trunk revision 277705] (GCC)
=== gnat tests ===
Running target unix
=== gnat Summary for unix ===
# of expected passes 3231
# of expected failures 23
# of unsupported tests 30
Running target unix/-m64
=== gnat Summary for unix/-m64 ===
# of expected passes 3231
# of expected failures 23
# of unsupported tests 30
=== gnat Summary ===
# of expected passes 6462
# of expected failures 46
# of unsupported tests 60
/var/gcc/regression/trunk/11.5-gcc-gas-gld/build/gcc/gnatmake version 10.0.0 20191101 (experimental) [trunk revision 277705]
=== go tests ===
Running target unix
FAIL: ./index0-out.go execution, -O0 -g -fno-var-tracking-assignments
FAIL: go.test/test/fixedbugs/issue4085b.go execution, -O2 -g
FAIL: go.test/test/fixedbugs/issue4562.go execution, -O2 -g
FAIL: go.test/test/nil.go execution, -O2 -g
=== go Summary for unix ===
# of expected passes 7466
# of unexpected failures 4
# of expected failures 1
# of untested testcases 11
# of unsupported tests 3
Running target unix/-m64
FAIL: ./index0-out.go execution, -O0 -g -fno-var-tracking-assignments
=== go Summary for unix/-m64 ===
# of expected passes 7349
# of unexpected failures 1
# of expected failures 1
# of untested testcases 11
# of unsupported tests 3
=== go Summary ===
# of expected passes 14815
# of unexpected failures 5
# of expected failures 2
# of untested testcases 22
# of unsupported tests 6
/var/gcc/regression/trunk/11.5-gcc-gas-gld/build/gcc/gccgo version 10.0.0 20191101 (experimental) [trunk revision 277705] (GCC)
=== obj-c++ tests ===
Running target unix
=== obj-c++ Summary for unix ===
# of expected passes 1450
# of expected failures 2
# of unsupported tests 77
Running target unix/-m64
=== obj-c++ Summary for unix/-m64 ===
# of expected passes 1442
# of expected failures 10
# of unsupported tests 77
=== obj-c++ Summary ===
# of expected passes 2892
# of expected failures 12
# of unsupported tests 154
/var/gcc/regression/trunk/11.5-gcc-gas-gld/build/gcc/xg++ version 10.0.0 20191101 (experimental) [trunk revision 277705] (GCC)
=== objc tests ===
Running target unix
=== objc Summary for unix ===
# of expected passes 2782
# of unsupported tests 68
Running target unix/-m64
=== objc Summary for unix/-m64 ===
# of expected passes 2782
# of unsupported tests 68
=== objc Summary ===
# of expected passes 5564
# of unsupported tests 136
/var/gcc/regression/trunk/11.5-gcc-gas-gld/build/gcc/xgcc version 10.0.0 20191101 (experimental) [trunk revision 277705] (GCC)
=== gotools tests ===
FAIL: TestAlwaysLinkSysoFiles
FAIL: TestCaseCollisions
FAIL: TestCgoAsmError
FAIL: TestCgoShowsFullPathNames
FAIL: TestDefaultGOPATH
FAIL: TestDontReportRemoveOfEmptyDir
FAIL: TestFFLAGS
FAIL: TestGOROOTSearchFailureReporting
FAIL: TestGenerateUsesBuildContext
FAIL: TestGoEnv
FAIL: TestGoGenerateEnv
FAIL: TestGoGenerateXTestPkgName
FAIL: TestGoListDeps
FAIL: TestGoTestBuildsAnXtestContainingOnlyNonRunnableExamples
FAIL: TestGoTestMinusN
FAIL: TestGoTestWithoutTests
FAIL: TestGoVetWithOnlyTestFiles
FAIL: TestImportCycle
FAIL: TestIssue22588
FAIL: TestIssue7573
FAIL: TestLdBindNow
FAIL: TestLegacyMod
FAIL: TestListTemplateContextFunction
FAIL: TestMatchesNoTests
FAIL: TestMatchesNoTestsDoesNotOverrideBuildFailure
FAIL: TestMentionGOPATHInFirstGOPATHEntry
FAIL: TestMentionGOPATHNotOnSecondEntry
FAIL: TestMultipleGOPATHEntriesReportedSeparately
FAIL: TestNonCanonicalImportPaths
FAIL: TestPackageMainTestCompilerFlags
FAIL: TestScript
FAIL: TestSymlinkWarning
FAIL: TestUnsuccessfulGoInstallShouldMentionMissingPackage
FAIL: TestVendor12156
FAIL: TestVendorBuild
FAIL: TestVendorCache
FAIL: TestVendorGOPATH
FAIL: TestVendorImportError
FAIL: TestVendorImports
FAIL: TestVendorInvalid
FAIL: TestVendorRun
FAIL: TestVendorTest
FAIL: go test cmd/go
FAIL: TestAbort
FAIL: TestBreakpoint
FAIL: TestCgoSignalDeadlock
FAIL: TestGccgoCrashTracebackNodebug
FAIL: TestPanicInlined
FAIL: TestSelectStackAdjust
FAIL: go test runtime
FAIL: go test misc/cgo/test
FAIL: TestCompileWithoutShared
FAIL: TestEarlySignalHandler
FAIL: TestOsSignal
FAIL: TestSigaltstack
FAIL: TestSignalForwarding
FAIL: TestSignalForwardingExternal
FAIL: go test misc/cgo/testcarchive
FAIL: TestVet
FAIL: go test cmd/vet
=== gotools Summary ===
# of expected passes 239
# of unexpected failures 60
# of untested testcases 188
/var/gcc/regression/trunk/11.5-gcc-gas-gld/build/./gcc/gccgo version 10.0.0 20191101 (experimental) [trunk revision 277705] (GCC)
=== libatomic tests ===
Running target unix
=== libatomic Summary for unix ===
# of expected passes 44
# of unsupported tests 5
Running target unix/-m64
=== libatomic Summary for unix/-m64 ===
# of expected passes 54
=== libatomic Summary ===
# of expected passes 98
# of unsupported tests 5
=== libffi tests ===
Running target unix
=== libffi Summary for unix ===
# of expected passes 2214
Running target unix/-m64
=== libffi Summary for unix/-m64 ===
# of expected passes 2214
=== libffi Summary ===
# of expected passes 4428
=== libgo tests ===
Running target unix
FAIL: go/build
FAIL: net/http
FAIL: os/signal
FAIL: runtime
FAIL: runtime/pprof
FAIL: sync/atomic
=== libgo Summary for unix ===
# of expected passes 168
# of unexpected failures 6
Running target unix/-m64
FAIL: go/build
FAIL: net
FAIL: net/http
FAIL: os/signal
FAIL: runtime
FAIL: runtime/pprof
FAIL: sync/atomic
=== libgo Summary for unix/-m64 ===
# of expected passes 167
# of unexpected failures 7
=== libgo Summary ===
# of expected passes 335
# of unexpected failures 13
/var/gcc/regression/trunk/11.5-gcc-gas-gld/build/./gcc/gccgo version 10.0.0 20191101 (experimental) [trunk revision 277705] (GCC)
=== libgomp tests ===
Running target unix
WARNING: libgomp.c++/task-reduction-11.C execution test program timed out.
FAIL: libgomp.c++/task-reduction-11.C execution test
=== libgomp Summary for unix ===
# of expected passes 6977
# of unexpected failures 1
# of expected failures 4
# of unsupported tests 427
Running target unix/-m64
=== libgomp Summary for unix/-m64 ===
# of expected passes 6978
# of expected failures 4
# of unsupported tests 427
=== libgomp Summary ===
# of expected passes 13955
# of unexpected failures 1
# of expected failures 8
# of unsupported tests 854
=== libitm tests ===
Running target unix
=== libitm Summary for unix ===
# of expected passes 42
# of expected failures 3
# of unsupported tests 1
Running target unix/-m64
=== libitm Summary for unix/-m64 ===
# of expected passes 42
# of expected failures 3
# of unsupported tests 1
=== libitm Summary ===
# of expected passes 84
# of expected failures 6
# of unsupported tests 2
=== libphobos tests ===
Running target unix
FAIL: libphobos.aa/test_aa.d (test for excess errors)
FAIL: libphobos.aa/test_aa.d execution test
FAIL: libphobos.allocations/overflow_from_existing.d (test for excess errors)
FAIL: libphobos.allocations/overflow_from_existing.d output pattern test
FAIL: libphobos.allocations/overflow_from_zero.d (test for excess errors)
FAIL: libphobos.allocations/overflow_from_zero.d output pattern test
FAIL: libphobos.allocations/tls_gc_integration.d (test for excess errors)
FAIL: libphobos.allocations/tls_gc_integration.d execution test
FAIL: libphobos.cycles/mod1.d --DRT-oncycle=abort (test for excess errors)
FAIL: libphobos.cycles/mod1.d --DRT-oncycle=deprecate (test for excess errors)
FAIL: libphobos.cycles/mod1.d --DRT-oncycle=deprecate execution test
FAIL: libphobos.cycles/mod1.d --DRT-oncycle=ignore (test for excess errors)
FAIL: libphobos.cycles/mod1.d --DRT-oncycle=ignore execution test
FAIL: libphobos.cycles/mod1.d --DRT-oncycle=print (test for excess errors)
FAIL: libphobos.cycles/mod1.d --DRT-oncycle=print execution test
FAIL: libphobos.cycles/mod2.d --DRT-oncycle=abort (test for excess errors)
FAIL: libphobos.cycles/mod2.d --DRT-oncycle=deprecate (test for excess errors)
FAIL: libphobos.cycles/mod2.d --DRT-oncycle=deprecate execution test
FAIL: libphobos.cycles/mod2.d --DRT-oncycle=ignore (test for excess errors)
FAIL: libphobos.cycles/mod2.d --DRT-oncycle=ignore execution test
FAIL: libphobos.cycles/mod2.d --DRT-oncycle=print (test for excess errors)
FAIL: libphobos.cycles/mod2.d --DRT-oncycle=print execution test
FAIL: libphobos.cycles/mod3.d --DRT-oncycle=abort (test for excess errors)
FAIL: libphobos.cycles/mod3.d --DRT-oncycle=deprecate (test for excess errors)
FAIL: libphobos.cycles/mod3.d --DRT-oncycle=deprecate execution test
FAIL: libphobos.cycles/mod3.d --DRT-oncycle=ignore (test for excess errors)
FAIL: libphobos.cycles/mod3.d --DRT-oncycle=ignore execution test
FAIL: libphobos.cycles/mod3.d --DRT-oncycle=print (test for excess errors)
FAIL: libphobos.cycles/mod3.d --DRT-oncycle=print execution test
FAIL: libphobos.exceptions/chain.d (test for excess errors)
FAIL: libphobos.exceptions/chain.d execution test
FAIL: libphobos.exceptions/invalid_memory_operation.d (test for excess errors)
FAIL: libphobos.exceptions/invalid_memory_operation.d output pattern test
FAIL: libphobos.exceptions/line_trace.d (test for excess errors)
FAIL: libphobos.exceptions/line_trace.d execution test
FAIL: libphobos.exceptions/static_dtor.d (test for excess errors)
FAIL: libphobos.exceptions/static_dtor.d output pattern test
FAIL: libphobos.exceptions/stderr_msg.d (test for excess errors)
FAIL: libphobos.exceptions/stderr_msg.d output pattern test
FAIL: libphobos.exceptions/unittest_assert.d (test for excess errors)
FAIL: libphobos.exceptions/unittest_assert.d output pattern test
FAIL: libphobos.hash/test_hash.d (test for excess errors)
FAIL: libphobos.hash/test_hash.d execution test
FAIL: libphobos.init_fini/runtime_args.d (test for excess errors)
FAIL: libphobos.init_fini/runtime_args.d execution test
FAIL: libphobos.init_fini/thread_join.d (test for excess errors)
FAIL: libphobos.init_fini/thread_join.d execution test
FAIL: libphobos.phobos_shared/std/datetime/systime.d execution test
FAIL: libphobos.phobos_shared/std/datetime/timezone.d execution test
FAIL: libphobos.phobos_shared/std/digest/murmurhash.d execution test
FAIL: libphobos.phobos_shared/std/experimental/allocator/building_blocks/region.d execution test
FAIL: libphobos.phobos_shared/std/experimental/logger/filelogger.d execution test
FAIL: libphobos.phobos_shared/std/experimental/logger/multilogger.d execution test
FAIL: libphobos.phobos_shared/std/format.d execution test
FAIL: libphobos.phobos_shared/std/internal/math/errorfunction.d execution test
FAIL: libphobos.phobos_shared/std/internal/math/gammafunction.d execution test
FAIL: libphobos.phobos_shared/std/math.d execution test
WARNING: libphobos.phobos_shared/std/net/curl.d execution test program timed out.
FAIL: libphobos.phobos_shared/std/net/curl.d execution test
FAIL: libphobos.phobos_shared/std/net/isemail.d execution test
FAIL: libphobos.phobos_shared/std/numeric.d execution test
FAIL: libphobos.phobos_shared/std/parallelism.d execution test
FAIL: libphobos.phobos_shared/std/regex/internal/kickstart.d execution test
FAIL: libphobos.phobos_shared/std/regex/internal/tests.d execution test
FAIL: libphobos.phobos_shared/std/regex/package.d execution test
FAIL: libphobos.phobos_shared/std/socket.d execution test
FAIL: libphobos.phobos_shared/std/stdio.d execution test
FAIL: libphobos.phobos_shared/std/variant.d execution test
FAIL: libphobos.shared/finalize.d -shared-libphobos -ldl execution test
FAIL: libphobos.shared/linkD.c lib.so -ldl -pthread (test for excess errors)
FAIL: libphobos.shared/linkD.c lib.so -ldl -pthread execution test
FAIL: libphobos.shared/load.d -shared-libphobos -ldl execution test
FAIL: libphobos.shared/load_13414.d -shared-libphobos -ldl execution test
FAIL: libphobos.thread/fiber_guard_page.d (test for excess errors)
FAIL: libphobos.thread/tlsgc_sections.d (test for excess errors)
FAIL: libphobos.thread/tlsgc_sections.d execution test
FAIL: libphobos.typeinfo/comparison.d (test for excess errors)
FAIL: libphobos.typeinfo/comparison.d execution test
FAIL: libphobos.typeinfo/struct-align.d (test for excess errors)
FAIL: libphobos.typeinfo/struct-align.d execution test
=== libphobos Summary for unix ===
# of expected passes 344
# of unexpected failures 79
Running target unix/-m64
FAIL: libphobos.aa/test_aa.d (test for excess errors)
FAIL: libphobos.aa/test_aa.d execution test
FAIL: libphobos.allocations/overflow_from_existing.d (test for excess errors)
FAIL: libphobos.allocations/overflow_from_existing.d output pattern test
FAIL: libphobos.allocations/overflow_from_zero.d (test for excess errors)
FAIL: libphobos.allocations/overflow_from_zero.d output pattern test
FAIL: libphobos.allocations/tls_gc_integration.d (test for excess errors)
FAIL: libphobos.allocations/tls_gc_integration.d execution test
FAIL: libphobos.cycles/mod1.d --DRT-oncycle=abort (test for excess errors)
FAIL: libphobos.cycles/mod1.d --DRT-oncycle=deprecate (test for excess errors)
FAIL: libphobos.cycles/mod1.d --DRT-oncycle=deprecate execution test
FAIL: libphobos.cycles/mod1.d --DRT-oncycle=ignore (test for excess errors)
FAIL: libphobos.cycles/mod1.d --DRT-oncycle=ignore execution test
FAIL: libphobos.cycles/mod1.d --DRT-oncycle=print (test for excess errors)
FAIL: libphobos.cycles/mod1.d --DRT-oncycle=print execution test
FAIL: libphobos.cycles/mod2.d --DRT-oncycle=abort (test for excess errors)
FAIL: libphobos.cycles/mod2.d --DRT-oncycle=deprecate (test for excess errors)
FAIL: libphobos.cycles/mod2.d --DRT-oncycle=deprecate execution test
FAIL: libphobos.cycles/mod2.d --DRT-oncycle=ignore (test for excess errors)
FAIL: libphobos.cycles/mod2.d --DRT-oncycle=ignore execution test
FAIL: libphobos.cycles/mod2.d --DRT-oncycle=print (test for excess errors)
FAIL: libphobos.cycles/mod2.d --DRT-oncycle=print execution test
FAIL: libphobos.cycles/mod3.d --DRT-oncycle=abort (test for excess errors)
FAIL: libphobos.cycles/mod3.d --DRT-oncycle=deprecate (test for excess errors)
FAIL: libphobos.cycles/mod3.d --DRT-oncycle=deprecate execution test
FAIL: libphobos.cycles/mod3.d --DRT-oncycle=ignore (test for excess errors)
FAIL: libphobos.cycles/mod3.d --DRT-oncycle=ignore execution test
FAIL: libphobos.cycles/mod3.d --DRT-oncycle=print (test for excess errors)
FAIL: libphobos.cycles/mod3.d --DRT-oncycle=print execution test
FAIL: libphobos.exceptions/chain.d (test for excess errors)
FAIL: libphobos.exceptions/chain.d execution test
FAIL: libphobos.exceptions/invalid_memory_operation.d (test for excess errors)
FAIL: libphobos.exceptions/invalid_memory_operation.d output pattern test
FAIL: libphobos.exceptions/line_trace.d (test for excess errors)
FAIL: libphobos.exceptions/line_trace.d execution test
FAIL: libphobos.exceptions/static_dtor.d (test for excess errors)
FAIL: libphobos.exceptions/static_dtor.d output pattern test
FAIL: libphobos.exceptions/stderr_msg.d (test for excess errors)
FAIL: libphobos.exceptions/stderr_msg.d output pattern test
FAIL: libphobos.exceptions/unittest_assert.d (test for excess errors)
FAIL: libphobos.exceptions/unittest_assert.d output pattern test
FAIL: libphobos.hash/test_hash.d (test for excess errors)
FAIL: libphobos.hash/test_hash.d execution test
FAIL: libphobos.init_fini/runtime_args.d (test for excess errors)
FAIL: libphobos.init_fini/runtime_args.d execution test
FAIL: libphobos.init_fini/thread_join.d (test for excess errors)
FAIL: libphobos.init_fini/thread_join.d execution test
FAIL: libphobos.phobos_shared/std/datetime/systime.d execution test
FAIL: libphobos.phobos_shared/std/datetime/timezone.d execution test
FAIL: libphobos.phobos_shared/std/digest/murmurhash.d execution test
FAIL: libphobos.phobos_shared/std/format.d execution test
FAIL: libphobos.phobos_shared/std/internal/math/errorfunction.d execution test
FAIL: libphobos.phobos_shared/std/internal/math/gammafunction.d execution test
FAIL: libphobos.phobos_shared/std/math.d execution test
FAIL: libphobos.phobos_shared/std/numeric.d execution test
FAIL: libphobos.phobos_shared/std/parallelism.d execution test
FAIL: libphobos.phobos_shared/std/regex/internal/kickstart.d execution test
FAIL: libphobos.phobos_shared/std/regex/internal/tests.d execution test
FAIL: libphobos.phobos_shared/std/regex/package.d execution test
FAIL: libphobos.shared/finalize.d -shared-libphobos -ldl execution test
FAIL: libphobos.shared/linkD.c lib.so -ldl -pthread (test for excess errors)
FAIL: libphobos.shared/linkD.c lib.so -ldl -pthread execution test
FAIL: libphobos.shared/load.d -shared-libphobos -ldl execution test
FAIL: libphobos.shared/load_13414.d -shared-libphobos -ldl execution test
FAIL: libphobos.thread/fiber_guard_page.d (test for excess errors)
FAIL: libphobos.thread/tlsgc_sections.d (test for excess errors)
FAIL: libphobos.thread/tlsgc_sections.d execution test
FAIL: libphobos.typeinfo/comparison.d (test for excess errors)
FAIL: libphobos.typeinfo/comparison.d execution test
FAIL: libphobos.typeinfo/struct-align.d (test for excess errors)
FAIL: libphobos.typeinfo/struct-align.d execution test
=== libphobos Summary for unix/-m64 ===
# of expected passes 352
# of unexpected failures 71
=== libphobos Summary ===
# of expected passes 696
# of unexpected failures 150
=== libstdc++ tests ===
Running target unix
=== libstdc++ Summary for unix ===
# of expected passes 12465
# of expected failures 92
# of unsupported tests 721
Running target unix/-m64
=== libstdc++ Summary for unix/-m64 ===
# of expected passes 12465
# of expected failures 92
# of unsupported tests 721
=== libstdc++ Summary ===
# of expected passes 24930
# of expected failures 184
# of unsupported tests 1442
Compiler version: 10.0.0 20191101 (experimental) [trunk revision 277705] (GCC)
Platform: sparc-sun-solaris2.11
configure flags: --prefix=/vol/gcc --target=sparc-sun-solaris2.11 --enable-objc-gc --with-target-bdw-gc-include=/vol/gcc/include --with-target-bdw-gc-lib=/vol/gcc/lib,sparcv9=/vol/gcc/lib/sparcv9 --with-as=/vol/gcc/bin/gas-2.33.1 --with-gnu-as --with-ld=/vol/gcc/bin/gld-2.33.1 --with-gnu-ld --with-gmp-include=/vol/gcc/include --with-gmp-lib=/vol/gcc/lib --with-mpfr-include=/vol/gcc/include --with-mpfr-lib=/vol/gcc/lib --with-mpc-include=/vol/gcc/include --with-mpc-lib=/vol/gcc/lib --enable-languages=all,ada,obj-c++,go --with-isl-include=/vol/gcc/include --with-isl-lib=/vol/gcc/lib --with-zstd-include=/vol/gcc/include --with-zstd-lib=/vol/gcc/lib --build=sparc-sun-solaris2.11 --host=sparc-sun-solaris2.11
BOOT_CFLAGS=-g -O2
More information about the Gcc-testresults
mailing list