Results for 10.0.0 20191101 (experimental) [trunk revision 277705] (GCC) testsuite on i386-pc-solaris2.11
Rainer Orth
ro@CeBiTec.Uni-Bielefeld.DE
Fri Nov 1 12:48:00 GMT 2019
LAST_UPDATED: Fri Nov 1 09:50:17 UTC 2019 (revision 277705)
=== acats tests ===
=== acats Summary ===
# of expected passes 2320
# of unexpected failures 0
Native configuration is i386-pc-solaris2.11
=== g++ tests ===
Running target unix
FAIL: c-c++-common/asan/swapcontext-test-1.c -O0 execution test
FAIL: c-c++-common/asan/swapcontext-test-1.c -O1 execution test
FAIL: c-c++-common/asan/swapcontext-test-1.c -O2 execution test
FAIL: c-c++-common/asan/swapcontext-test-1.c -O2 -flto execution test
FAIL: c-c++-common/asan/swapcontext-test-1.c -O2 -flto -flto-partition=none execution test
FAIL: c-c++-common/asan/swapcontext-test-1.c -O3 -fomit-frame-pointer -funroll-loops -fpeel-loops -ftracer -finline-functions execution test
FAIL: c-c++-common/asan/swapcontext-test-1.c -O3 -g execution test
FAIL: c-c++-common/asan/swapcontext-test-1.c -Os execution test
FAIL: g++.dg/asan/default-options-1.C -O0 execution test
FAIL: g++.dg/asan/default-options-1.C -O1 execution test
FAIL: g++.dg/asan/default-options-1.C -O2 execution test
FAIL: g++.dg/asan/default-options-1.C -O2 -flto execution test
FAIL: g++.dg/asan/default-options-1.C -O2 -flto -flto-partition=none execution test
FAIL: g++.dg/asan/default-options-1.C -O3 -g execution test
FAIL: g++.dg/asan/default-options-1.C -Os execution test
FAIL: g++.dg/cpp2a/nodiscard-once.C -std=gnu++2a (test for excess errors)
FAIL: g++.dg/cpp2a/nodiscard-reason.C -std=gnu++2a (test for warnings, line 16)
FAIL: g++.dg/cpp2a/nodiscard-reason.C -std=gnu++2a (test for warnings, line 17)
FAIL: g++.dg/cpp2a/nodiscard-reason.C -std=gnu++2a (test for warnings, line 176)
FAIL: g++.dg/cpp2a/nodiscard-reason.C -std=gnu++2a (test for warnings, line 178)
FAIL: g++.dg/cpp2a/nodiscard-reason.C -std=gnu++2a (test for warnings, line 183)
FAIL: g++.dg/cpp2a/nodiscard-reason.C -std=gnu++2a (test for warnings, line 185)
FAIL: g++.dg/cpp2a/nodiscard-reason.C -std=gnu++2a (test for warnings, line 190)
FAIL: g++.dg/cpp2a/nodiscard-reason.C -std=gnu++2a (test for warnings, line 192)
FAIL: g++.dg/cpp2a/nodiscard-reason.C -std=gnu++2a (test for excess errors)
FAIL: g++.dg/gcov/pr16855-priority.C -std=gnu++14 gcov: 1 failures in line counts, 0 in branch percentages, 0 in return percentages, 0 in intermediate format
FAIL: g++.dg/gcov/pr16855-priority.C -std=gnu++14 line 22: is #####:should be 1
FAIL: g++.dg/gcov/pr16855-priority.C -std=gnu++17 gcov: 1 failures in line counts, 0 in branch percentages, 0 in return percentages, 0 in intermediate format
FAIL: g++.dg/gcov/pr16855-priority.C -std=gnu++17 line 22: is #####:should be 1
FAIL: g++.dg/gcov/pr16855-priority.C -std=gnu++2a gcov: 1 failures in line counts, 0 in branch percentages, 0 in return percentages, 0 in intermediate format
FAIL: g++.dg/gcov/pr16855-priority.C -std=gnu++2a line 22: is #####:should be 1
FAIL: g++.dg/gcov/pr16855-priority.C -std=gnu++98 gcov: 1 failures in line counts, 0 in branch percentages, 0 in return percentages, 0 in intermediate format
FAIL: g++.dg/gcov/pr16855-priority.C -std=gnu++98 line 22: is #####:should be 1
FAIL: g++.dg/gcov/pr16855.C -std=gnu++14 gcov: 1 failures in line counts, 0 in branch percentages, 0 in return percentages, 0 in intermediate format
FAIL: g++.dg/gcov/pr16855.C -std=gnu++14 line 24: is #####:should be 1
FAIL: g++.dg/gcov/pr16855.C -std=gnu++17 gcov: 1 failures in line counts, 0 in branch percentages, 0 in return percentages, 0 in intermediate format
FAIL: g++.dg/gcov/pr16855.C -std=gnu++17 line 24: is #####:should be 1
FAIL: g++.dg/gcov/pr16855.C -std=gnu++2a gcov: 1 failures in line counts, 0 in branch percentages, 0 in return percentages, 0 in intermediate format
FAIL: g++.dg/gcov/pr16855.C -std=gnu++2a line 24: is #####:should be 1
FAIL: g++.dg/gcov/pr16855.C -std=gnu++98 gcov: 1 failures in line counts, 0 in branch percentages, 0 in return percentages, 0 in intermediate format
FAIL: g++.dg/gcov/pr16855.C -std=gnu++98 line 24: is #####:should be 1
FAIL: g++.dg/lto/pr89335 cp_lto_pr89335_0.o assemble, -O2 -flto -Wsuggest-final-methods
=== g++ Summary for unix ===
# of expected passes 178170
# of unexpected failures 42
# of expected failures 779
# of unsupported tests 7273
Running target unix/-m64
FAIL: g++.dg/cpp2a/nodiscard-once.C -std=gnu++2a (test for excess errors)
FAIL: g++.dg/cpp2a/nodiscard-reason.C -std=gnu++2a (test for warnings, line 16)
FAIL: g++.dg/cpp2a/nodiscard-reason.C -std=gnu++2a (test for warnings, line 17)
FAIL: g++.dg/cpp2a/nodiscard-reason.C -std=gnu++2a (test for warnings, line 176)
FAIL: g++.dg/cpp2a/nodiscard-reason.C -std=gnu++2a (test for warnings, line 178)
FAIL: g++.dg/cpp2a/nodiscard-reason.C -std=gnu++2a (test for warnings, line 183)
FAIL: g++.dg/cpp2a/nodiscard-reason.C -std=gnu++2a (test for warnings, line 185)
FAIL: g++.dg/cpp2a/nodiscard-reason.C -std=gnu++2a (test for warnings, line 190)
FAIL: g++.dg/cpp2a/nodiscard-reason.C -std=gnu++2a (test for warnings, line 192)
FAIL: g++.dg/cpp2a/nodiscard-reason.C -std=gnu++2a (test for excess errors)
FAIL: g++.dg/pr80481.C -std=gnu++14 scan-assembler-not vmovaps
FAIL: g++.dg/pr80481.C -std=gnu++17 scan-assembler-not vmovaps
FAIL: g++.dg/pr80481.C -std=gnu++2a scan-assembler-not vmovaps
FAIL: g++.dg/pr80481.C -std=gnu++98 scan-assembler-not vmovaps
FAIL: g++.dg/tree-ssa/pr90883.C scan-tree-dump dse2 "Deleted redundant store: .*.a = {}"
FAIL: g++.dg/gcov/pr16855-priority.C -std=gnu++14 gcov: 1 failures in line counts, 0 in branch percentages, 0 in return percentages, 0 in intermediate format
FAIL: g++.dg/gcov/pr16855-priority.C -std=gnu++14 line 22: is #####:should be 1
FAIL: g++.dg/gcov/pr16855-priority.C -std=gnu++17 gcov: 1 failures in line counts, 0 in branch percentages, 0 in return percentages, 0 in intermediate format
FAIL: g++.dg/gcov/pr16855-priority.C -std=gnu++17 line 22: is #####:should be 1
FAIL: g++.dg/gcov/pr16855-priority.C -std=gnu++2a gcov: 1 failures in line counts, 0 in branch percentages, 0 in return percentages, 0 in intermediate format
FAIL: g++.dg/gcov/pr16855-priority.C -std=gnu++2a line 22: is #####:should be 1
FAIL: g++.dg/gcov/pr16855-priority.C -std=gnu++98 gcov: 1 failures in line counts, 0 in branch percentages, 0 in return percentages, 0 in intermediate format
FAIL: g++.dg/gcov/pr16855-priority.C -std=gnu++98 line 22: is #####:should be 1
FAIL: g++.dg/gcov/pr16855.C -std=gnu++14 gcov: 1 failures in line counts, 0 in branch percentages, 0 in return percentages, 0 in intermediate format
FAIL: g++.dg/gcov/pr16855.C -std=gnu++14 line 24: is #####:should be 1
FAIL: g++.dg/gcov/pr16855.C -std=gnu++17 gcov: 1 failures in line counts, 0 in branch percentages, 0 in return percentages, 0 in intermediate format
FAIL: g++.dg/gcov/pr16855.C -std=gnu++17 line 24: is #####:should be 1
FAIL: g++.dg/gcov/pr16855.C -std=gnu++2a gcov: 1 failures in line counts, 0 in branch percentages, 0 in return percentages, 0 in intermediate format
FAIL: g++.dg/gcov/pr16855.C -std=gnu++2a line 24: is #####:should be 1
FAIL: g++.dg/gcov/pr16855.C -std=gnu++98 gcov: 1 failures in line counts, 0 in branch percentages, 0 in return percentages, 0 in intermediate format
FAIL: g++.dg/gcov/pr16855.C -std=gnu++98 line 24: is #####:should be 1
FAIL: g++.dg/lto/pr89335 cp_lto_pr89335_0.o assemble, -O2 -flto -Wsuggest-final-methods
=== g++ Summary for unix/-m64 ===
# of expected passes 178550
# of unexpected failures 32
# of expected failures 783
# of unsupported tests 7222
=== g++ Summary ===
# of expected passes 356720
# of unexpected failures 74
# of expected failures 1562
# of unsupported tests 14495
/var/gcc/regression/trunk/11.5-gcc/build/gcc/xg++ version 10.0.0 20191101 (experimental) [trunk revision 277705] (GCC)
=== gcc tests ===
Running target unix
FAIL: gcc.c-torture/compile/pr61159.c -O0 (test for excess errors)
FAIL: gcc.c-torture/compile/pr61159.c -O1 (test for excess errors)
FAIL: gcc.c-torture/compile/pr61159.c -O2 (test for excess errors)
FAIL: gcc.c-torture/compile/pr61159.c -O2 -flto (test for excess errors)
FAIL: gcc.c-torture/compile/pr61159.c -O2 -flto -flto-partition=none (test for excess errors)
FAIL: gcc.c-torture/compile/pr61159.c -O3 -g (test for excess errors)
FAIL: gcc.c-torture/compile/pr61159.c -Os (test for excess errors)
FAIL: c-c++-common/asan/swapcontext-test-1.c -O0 execution test
FAIL: c-c++-common/asan/swapcontext-test-1.c -O1 execution test
FAIL: c-c++-common/asan/swapcontext-test-1.c -O2 execution test
FAIL: c-c++-common/asan/swapcontext-test-1.c -O2 -flto execution test
FAIL: c-c++-common/asan/swapcontext-test-1.c -O2 -flto -flto-partition=none execution test
FAIL: c-c++-common/asan/swapcontext-test-1.c -O3 -fomit-frame-pointer -funroll-loops -fpeel-loops -ftracer -finline-functions execution test
FAIL: c-c++-common/asan/swapcontext-test-1.c -O3 -g execution test
FAIL: c-c++-common/asan/swapcontext-test-1.c -Os execution test
FAIL: gcc.dg/attr-weakref-1.c (test for excess errors)
UNRESOLVED: gcc.dg/attr-weakref-1.c compilation failed to produce executable
XPASS: gcc.dg/graphite/scop-21.c scan-tree-dump-times graphite "number of SCoPs: 1" 1
FAIL: gcc.dg/ipa/iinline-attr.c scan-ipa-dump inline "hooray[^\\\\n]*inline copy in test"
FAIL: gcc.dg/ipa/ipa-icf-38.c scan-ltrans-tree-dump-not optimized "Function bar"
FAIL: gcc.dg/vect/vect-epilogues.c -flto -ffat-lto-objects scan-tree-dump vect "LOOP EPILOGUE VECTORIZED"
FAIL: gcc.dg/vect/vect-epilogues.c scan-tree-dump vect "LOOP EPILOGUE VECTORIZED"
FAIL: gcc.target/i386/avx512bw-pr86036.c (test for excess errors)
UNRESOLVED: gcc.target/i386/avx512bw-pr86036.c compilation failed to produce executable
FAIL: gcc.target/i386/avx512bw-vpmovb2m-2.c (test for excess errors)
UNRESOLVED: gcc.target/i386/avx512bw-vpmovb2m-2.c compilation failed to produce executable
FAIL: gcc.target/i386/avx512bw-vpmovm2b-2.c (test for excess errors)
UNRESOLVED: gcc.target/i386/avx512bw-vpmovm2b-2.c compilation failed to produce executable
FAIL: gcc.target/i386/avx512bw-vpmovm2w-2.c (test for excess errors)
UNRESOLVED: gcc.target/i386/avx512bw-vpmovm2w-2.c compilation failed to produce executable
FAIL: gcc.target/i386/avx512bw-vpmovw2m-2.c (test for excess errors)
UNRESOLVED: gcc.target/i386/avx512bw-vpmovw2m-2.c compilation failed to produce executable
FAIL: gcc.target/i386/avx512dq-vpmovd2m-2.c (test for excess errors)
UNRESOLVED: gcc.target/i386/avx512dq-vpmovd2m-2.c compilation failed to produce executable
FAIL: gcc.target/i386/avx512dq-vpmovm2d-2.c (test for excess errors)
UNRESOLVED: gcc.target/i386/avx512dq-vpmovm2d-2.c compilation failed to produce executable
FAIL: gcc.target/i386/avx512dq-vpmovq2m-2.c (test for excess errors)
UNRESOLVED: gcc.target/i386/avx512dq-vpmovq2m-2.c compilation failed to produce executable
FAIL: gcc.target/i386/avx512vl-pr88514-3.c (test for excess errors)
FAIL: gcc.target/i386/avx512vl-pr88547-2.c (test for excess errors)
UNRESOLVED: gcc.target/i386/avx512vl-pr88547-2.c compilation failed to produce executable
FAIL: gcc.target/i386/avx512vl-vpmovb2m-2.c (test for excess errors)
UNRESOLVED: gcc.target/i386/avx512vl-vpmovb2m-2.c compilation failed to produce executable
FAIL: gcc.target/i386/avx512vl-vpmovd2m-2.c (test for excess errors)
UNRESOLVED: gcc.target/i386/avx512vl-vpmovd2m-2.c compilation failed to produce executable
FAIL: gcc.target/i386/avx512vl-vpmovm2b-2.c (test for excess errors)
UNRESOLVED: gcc.target/i386/avx512vl-vpmovm2b-2.c compilation failed to produce executable
FAIL: gcc.target/i386/avx512vl-vpmovm2d-2.c (test for excess errors)
UNRESOLVED: gcc.target/i386/avx512vl-vpmovm2d-2.c compilation failed to produce executable
FAIL: gcc.target/i386/avx512vl-vpmovm2w-2.c (test for excess errors)
UNRESOLVED: gcc.target/i386/avx512vl-vpmovm2w-2.c compilation failed to produce executable
FAIL: gcc.target/i386/avx512vl-vpmovq2m-2.c (test for excess errors)
UNRESOLVED: gcc.target/i386/avx512vl-vpmovq2m-2.c compilation failed to produce executable
FAIL: gcc.target/i386/avx512vl-vpmovw2m-2.c (test for excess errors)
UNRESOLVED: gcc.target/i386/avx512vl-vpmovw2m-2.c compilation failed to produce executable
FAIL: gcc.target/i386/pr57193.c scan-assembler-times movdqa 2
FAIL: gcc.target/i386/pr80569.c (test for excess errors)
FAIL: gcc.target/i386/pr83008.c scan-assembler-not vmovdq(a|u)(32|64)
=== gcc Summary for unix ===
# of expected passes 138753
# of unexpected failures 40
# of unexpected successes 1
# of expected failures 561
# of unresolved testcases 17
# of unsupported tests 3528
Running target unix/-m64
FAIL: gcc.c-torture/compile/pr61159.c -O0 (test for excess errors)
FAIL: gcc.c-torture/compile/pr61159.c -O1 (test for excess errors)
FAIL: gcc.c-torture/compile/pr61159.c -O2 (test for excess errors)
FAIL: gcc.c-torture/compile/pr61159.c -O2 -flto (test for excess errors)
FAIL: gcc.c-torture/compile/pr61159.c -O2 -flto -flto-partition=none (test for excess errors)
FAIL: gcc.c-torture/compile/pr61159.c -O3 -g (test for excess errors)
FAIL: gcc.c-torture/compile/pr61159.c -Os (test for excess errors)
FAIL: gcc.dg/attr-weakref-1.c (test for excess errors)
UNRESOLVED: gcc.dg/attr-weakref-1.c compilation failed to produce executable
XPASS: gcc.dg/graphite/scop-21.c scan-tree-dump-times graphite "number of SCoPs: 1" 1
FAIL: gcc.dg/ipa/iinline-attr.c scan-ipa-dump inline "hooray[^\\\\n]*inline copy in test"
FAIL: gcc.dg/ipa/ipa-icf-38.c scan-ltrans-tree-dump-not optimized "Function bar"
XPASS: gcc.dg/tree-ssa/builtin-snprintf-6.c scan-tree-dump-times optimized "Function test_assign_aggregate" 1
FAIL: gcc.target/i386/avx512bw-pr86036.c (test for excess errors)
UNRESOLVED: gcc.target/i386/avx512bw-pr86036.c compilation failed to produce executable
FAIL: gcc.target/i386/avx512bw-vpmovb2m-2.c (test for excess errors)
UNRESOLVED: gcc.target/i386/avx512bw-vpmovb2m-2.c compilation failed to produce executable
FAIL: gcc.target/i386/avx512bw-vpmovm2b-2.c (test for excess errors)
UNRESOLVED: gcc.target/i386/avx512bw-vpmovm2b-2.c compilation failed to produce executable
FAIL: gcc.target/i386/avx512bw-vpmovm2w-2.c (test for excess errors)
UNRESOLVED: gcc.target/i386/avx512bw-vpmovm2w-2.c compilation failed to produce executable
FAIL: gcc.target/i386/avx512bw-vpmovw2m-2.c (test for excess errors)
UNRESOLVED: gcc.target/i386/avx512bw-vpmovw2m-2.c compilation failed to produce executable
FAIL: gcc.target/i386/avx512dq-vpmovd2m-2.c (test for excess errors)
UNRESOLVED: gcc.target/i386/avx512dq-vpmovd2m-2.c compilation failed to produce executable
FAIL: gcc.target/i386/avx512dq-vpmovm2d-2.c (test for excess errors)
UNRESOLVED: gcc.target/i386/avx512dq-vpmovm2d-2.c compilation failed to produce executable
FAIL: gcc.target/i386/avx512dq-vpmovq2m-2.c (test for excess errors)
UNRESOLVED: gcc.target/i386/avx512dq-vpmovq2m-2.c compilation failed to produce executable
FAIL: gcc.target/i386/avx512vl-pr88514-3.c (test for excess errors)
FAIL: gcc.target/i386/avx512vl-pr88547-2.c (test for excess errors)
UNRESOLVED: gcc.target/i386/avx512vl-pr88547-2.c compilation failed to produce executable
FAIL: gcc.target/i386/avx512vl-vpmovb2m-2.c (test for excess errors)
UNRESOLVED: gcc.target/i386/avx512vl-vpmovb2m-2.c compilation failed to produce executable
FAIL: gcc.target/i386/avx512vl-vpmovd2m-2.c (test for excess errors)
UNRESOLVED: gcc.target/i386/avx512vl-vpmovd2m-2.c compilation failed to produce executable
FAIL: gcc.target/i386/avx512vl-vpmovm2b-2.c (test for excess errors)
UNRESOLVED: gcc.target/i386/avx512vl-vpmovm2b-2.c compilation failed to produce executable
FAIL: gcc.target/i386/avx512vl-vpmovm2d-2.c (test for excess errors)
UNRESOLVED: gcc.target/i386/avx512vl-vpmovm2d-2.c compilation failed to produce executable
FAIL: gcc.target/i386/avx512vl-vpmovm2w-2.c (test for excess errors)
UNRESOLVED: gcc.target/i386/avx512vl-vpmovm2w-2.c compilation failed to produce executable
FAIL: gcc.target/i386/avx512vl-vpmovq2m-2.c (test for excess errors)
UNRESOLVED: gcc.target/i386/avx512vl-vpmovq2m-2.c compilation failed to produce executable
FAIL: gcc.target/i386/avx512vl-vpmovw2m-2.c (test for excess errors)
UNRESOLVED: gcc.target/i386/avx512vl-vpmovw2m-2.c compilation failed to produce executable
FAIL: gcc.target/i386/pr57193.c scan-assembler-times movdqa 2
FAIL: gcc.target/i386/pr80569.c (test for excess errors)
FAIL: gcc.target/i386/pr83008.c scan-assembler-not vmovdq(a|u)(32|64)
=== gcc Summary for unix/-m64 ===
# of expected passes 139076
# of unexpected failures 30
# of unexpected successes 2
# of expected failures 554
# of unresolved testcases 17
# of unsupported tests 3033
=== gcc Summary ===
# of expected passes 277829
# of unexpected failures 70
# of unexpected successes 3
# of expected failures 1115
# of unresolved testcases 34
# of unsupported tests 6561
/var/gcc/regression/trunk/11.5-gcc/build/gcc/xgcc version 10.0.0 20191101 (experimental) [trunk revision 277705] (GCC)
=== gdc tests ===
Running target unix
=== gdc Summary for unix ===
# of expected passes 22867
# of unsupported tests 40
Running target unix/-m64
=== gdc Summary for unix/-m64 ===
# of expected passes 22867
# of unsupported tests 40
=== gdc Summary ===
# of expected passes 45734
# of unsupported tests 80
/var/gcc/regression/trunk/11.5-gcc/build/gcc/gdc version 10.0.0 20191101 (experimental) [trunk revision 277705] (GCC)
=== gfortran tests ===
Running target unix
FAIL: gfortran.dg/default_format_1.f90 -O0 execution test
FAIL: gfortran.dg/default_format_1.f90 -O1 execution test
FAIL: gfortran.dg/default_format_1.f90 -O2 execution test
FAIL: gfortran.dg/default_format_1.f90 -O3 -fomit-frame-pointer -funroll-loops -fpeel-loops -ftracer -finline-functions execution test
FAIL: gfortran.dg/default_format_1.f90 -O3 -g execution test
FAIL: gfortran.dg/default_format_1.f90 -Os execution test
FAIL: gfortran.dg/fmt_g0_1.f08 -O0 execution test
FAIL: gfortran.dg/fmt_g0_1.f08 -O1 execution test
FAIL: gfortran.dg/fmt_g0_1.f08 -O2 execution test
FAIL: gfortran.dg/fmt_g0_1.f08 -O3 -fomit-frame-pointer -funroll-loops -fpeel-loops -ftracer -finline-functions execution test
FAIL: gfortran.dg/fmt_g0_1.f08 -O3 -g execution test
FAIL: gfortran.dg/fmt_g0_1.f08 -Os execution test
FAIL: gfortran.dg/round_4.f90 -O0 execution test
FAIL: gfortran.dg/round_4.f90 -O1 execution test
FAIL: gfortran.dg/round_4.f90 -O2 execution test
FAIL: gfortran.dg/round_4.f90 -O3 -fomit-frame-pointer -funroll-loops -fpeel-loops -ftracer -finline-functions execution test
FAIL: gfortran.dg/round_4.f90 -O3 -g execution test
FAIL: gfortran.dg/round_4.f90 -Os execution test
=== gfortran Summary for unix ===
# of expected passes 50747
# of unexpected failures 18
# of expected failures 189
# of unsupported tests 207
Running target unix/-m64
=== gfortran Summary for unix/-m64 ===
# of expected passes 50994
# of expected failures 189
# of unsupported tests 98
=== gfortran Summary ===
# of expected passes 101741
# of unexpected failures 18
# of expected failures 378
# of unsupported tests 305
/var/gcc/regression/trunk/11.5-gcc/build/gcc/gfortran version 10.0.0 20191101 (experimental) [trunk revision 277705] (GCC)
=== gnat tests ===
Running target unix
=== gnat Summary for unix ===
# of expected passes 3272
# of expected failures 23
# of unsupported tests 9
Running target unix/-m64
=== gnat Summary for unix/-m64 ===
# of expected passes 3272
# of expected failures 23
# of unsupported tests 9
=== gnat Summary ===
# of expected passes 6544
# of expected failures 46
# of unsupported tests 18
/var/gcc/regression/trunk/11.5-gcc/build/gcc/gnatmake version 10.0.0 20191101 (experimental) [trunk revision 277705]
=== go tests ===
Running target unix
FAIL: ./index0-out.go execution, -O0 -g -fno-var-tracking-assignments
FAIL: go.test/test/fixedbugs/issue4085b.go execution, -O2 -g
=== go Summary for unix ===
# of expected passes 7471
# of unexpected failures 2
# of expected failures 1
# of untested testcases 10
# of unsupported tests 2
Running target unix/-m64
FAIL: ./index0-out.go execution, -O0 -g -fno-var-tracking-assignments
=== go Summary for unix/-m64 ===
# of expected passes 7353
# of unexpected failures 1
# of expected failures 1
# of untested testcases 10
# of unsupported tests 1
=== go Summary ===
# of expected passes 14824
# of unexpected failures 3
# of expected failures 2
# of untested testcases 20
# of unsupported tests 3
=== obj-c++ tests ===
Running target unix
=== obj-c++ Summary for unix ===
# of expected passes 1450
# of expected failures 2
# of unsupported tests 77
Running target unix/-m64
=== obj-c++ Summary for unix/-m64 ===
# of expected passes 1442
# of expected failures 10
# of unsupported tests 77
=== obj-c++ Summary ===
# of expected passes 2892
# of expected failures 12
# of unsupported tests 154
/var/gcc/regression/trunk/11.5-gcc/build/gcc/xg++ version 10.0.0 20191101 (experimental) [trunk revision 277705] (GCC)
=== objc tests ===
Running target unix
=== objc Summary for unix ===
# of expected passes 2776
# of expected failures 6
# of unsupported tests 68
Running target unix/-m64
=== objc Summary for unix/-m64 ===
# of expected passes 2776
# of expected failures 6
# of unsupported tests 68
=== objc Summary ===
# of expected passes 5552
# of expected failures 12
# of unsupported tests 136
/var/gcc/regression/trunk/11.5-gcc/build/gcc/xgcc version 10.0.0 20191101 (experimental) [trunk revision 277705] (GCC)
=== gotools tests ===
FAIL: TestScript
FAIL: go test cmd/go
FAIL: TestAbort
FAIL: TestGccgoCrashTracebackNodebug
FAIL: TestSelectStackAdjust
FAIL: go test runtime
FAIL: go test misc/cgo/test
=== gotools Summary ===
# of expected passes 345
# of unexpected failures 7
# of untested testcases 199
/var/gcc/regression/trunk/11.5-gcc/build/./gcc/gccgo version 10.0.0 20191101 (experimental) [trunk revision 277705] (GCC)
=== libatomic tests ===
Running target unix
=== libatomic Summary for unix ===
# of expected passes 44
# of unsupported tests 5
Running target unix/-m64
=== libatomic Summary for unix/-m64 ===
# of expected passes 54
=== libatomic Summary ===
# of expected passes 98
# of unsupported tests 5
=== libffi tests ===
Running target unix
=== libffi Summary for unix ===
# of expected passes 2799
Running target unix/-m64
=== libffi Summary for unix/-m64 ===
# of expected passes 2214
=== libffi Summary ===
# of expected passes 5013
=== libgo tests ===
Running target unix
FAIL: go/build
FAIL: runtime
=== libgo Summary for unix ===
# of expected passes 172
# of unexpected failures 2
Running target unix/-m64
FAIL: go/build
=== libgo Summary for unix/-m64 ===
# of expected passes 173
# of unexpected failures 1
=== libgo Summary ===
# of expected passes 345
# of unexpected failures 3
/var/gcc/regression/trunk/11.5-gcc/build/./gcc/gccgo version 10.0.0 20191101 (experimental) [trunk revision 277705] (GCC)
=== libgomp tests ===
Running target unix
=== libgomp Summary for unix ===
# of expected passes 6998
# of expected failures 4
# of unsupported tests 426
Running target unix/-m64
FAIL: libgomp.c++/../libgomp.c-c++-common/loop-1.c execution test
FAIL: libgomp.c++/simd-8.C execution test
WARNING: libgomp.c++/task-reduction-13.C execution test program timed out.
FAIL: libgomp.c++/task-reduction-13.C execution test
WARNING: libgomp.c++/task-reduction-8.C execution test program timed out.
FAIL: libgomp.c++/task-reduction-8.C execution test
FAIL: libgomp.c/../libgomp.c-c++-common/loop-1.c execution test
FAIL: libgomp.c/pr58392.c execution test
FAIL: libgomp.c/scan-19.c execution test
FAIL: libgomp.c/scan-20.c execution test
FAIL: libgomp.c/simd-10.c execution test
FAIL: libgomp.c/simd-12.c execution test
FAIL: libgomp.c/simd-13.c execution test
FAIL: libgomp.c/simd-6.c execution test
FAIL: libgomp.fortran/nestedfn5.f90 -O1 execution test
FAIL: libgomp.fortran/nestedfn5.f90 -O2 execution test
FAIL: libgomp.fortran/nestedfn5.f90 -O3 -fomit-frame-pointer -funroll-loops -fpeel-loops -ftracer -finline-functions execution test
FAIL: libgomp.fortran/nestedfn5.f90 -O3 -g execution test
FAIL: libgomp.fortran/nestedfn5.f90 -Os execution test
FAIL: libgomp.fortran/simd1.f90 -O1 execution test
FAIL: libgomp.fortran/simd1.f90 -O2 execution test
FAIL: libgomp.fortran/simd1.f90 -O3 -fomit-frame-pointer -funroll-loops -fpeel-loops -ftracer -finline-functions execution test
FAIL: libgomp.fortran/simd1.f90 -O3 -g execution test
FAIL: libgomp.fortran/simd1.f90 -Os execution test
=== libgomp Summary for unix/-m64 ===
# of expected passes 6976
# of unexpected failures 22
# of expected failures 4
# of unsupported tests 426
=== libgomp Summary ===
# of expected passes 13974
# of unexpected failures 22
# of expected failures 8
# of unsupported tests 852
=== libitm tests ===
Running target unix
=== libitm Summary for unix ===
# of expected passes 42
# of expected failures 3
# of unsupported tests 1
Running target unix/-m64
=== libitm Summary for unix/-m64 ===
# of expected passes 42
# of expected failures 3
# of unsupported tests 1
=== libitm Summary ===
# of expected passes 84
# of expected failures 6
# of unsupported tests 2
=== libstdc++ tests ===
Running target unix
FAIL: ext/random/k_distribution/operators/serialize.cc execution test
=== libstdc++ Summary for unix ===
# of expected passes 12498
# of unexpected failures 1
# of expected failures 93
# of unsupported tests 702
Running target unix/-m64
=== libstdc++ Summary for unix/-m64 ===
# of expected passes 12492
# of expected failures 92
# of unsupported tests 706
=== libstdc++ Summary ===
# of expected passes 24990
# of unexpected failures 1
# of expected failures 185
# of unsupported tests 1408
Compiler version: 10.0.0 20191101 (experimental) [trunk revision 277705] (GCC)
Platform: i386-pc-solaris2.11
configure flags: --prefix=/vol/gcc --target=i386-pc-solaris2.11 --enable-objc-gc --with-target-bdw-gc-include=/vol/gcc/include --with-target-bdw-gc-lib=/vol/gcc/lib,amd64=/vol/gcc/lib/amd64 --with-as=/usr/ccs/bin/as --without-gnu-as --with-gmp-include=/vol/gcc/include --with-gmp-lib=/vol/gcc/lib --with-mpfr-include=/vol/gcc/include --with-mpfr-lib=/vol/gcc/lib --with-mpc-include=/vol/gcc/include --with-mpc-lib=/vol/gcc/lib --enable-languages=all,ada,obj-c++,go --with-isl-include=/vol/gcc/include --with-isl-lib=/vol/gcc/lib --with-zstd-include=/vol/gcc/include --with-zstd-lib=/vol/gcc/lib --build=i386-pc-solaris2.11 --host=i386-pc-solaris2.11
BOOT_CFLAGS=-g -O2
More information about the Gcc-testresults
mailing list