Results for 9.0.1 20190322 (experimental) [trunk revision 269867] (GCC) testsuite on x86_64-pc-solaris2.10
Rainer Orth
ro@CeBiTec.Uni-Bielefeld.DE
Sat Mar 23 15:12:00 GMT 2019
LAST_UPDATED: Fri Mar 22 09:49:08 UTC 2019 (revision 269867)
Native configuration is x86_64-pc-solaris2.10
=== libatomic tests ===
Running target unix/-m32
=== libatomic Summary for unix/-m32 ===
# of expected passes 44
# of unsupported tests 5
Running target unix
=== libatomic Summary for unix ===
# of expected passes 54
=== libatomic Summary ===
# of expected passes 98
# of unsupported tests 5
=== libffi tests ===
Running target unix/-m32
=== libffi Summary for unix/-m32 ===
# of expected passes 2799
Running target unix
=== libffi Summary for unix ===
# of expected passes 2214
=== libffi Summary ===
# of expected passes 5013
=== libgo tests ===
Running target unix
FAIL: go/build
FAIL: math
FAIL: runtime/debug
=== libgo Summary for unix ===
# of expected passes 182
# of unexpected failures 3
Running target unix/-m32
FAIL: go/build
FAIL: go/internal/gccgoimporter
FAIL: os/signal
FAIL: runtime
FAIL: runtime/debug
=== libgo Summary for unix/-m32 ===
# of expected passes 180
# of unexpected failures 5
=== libgo Summary ===
# of expected passes 362
# of unexpected failures 8
=== libgomp tests ===
Running target unix/-m32
WARNING: program timed out.
FAIL: libgomp.c++/task-reduction-11.C execution test
WARNING: program timed out.
FAIL: libgomp.c++/task-reduction-8.C execution test
WARNING: program timed out
WARNING: program timed out
WARNING: program timed out
=== libgomp Summary for unix/-m32 ===
# of expected passes 6337
# of unexpected failures 2
# of expected failures 4
# of unsupported tests 429
Running target unix
WARNING: program timed out.
FAIL: libgomp.c++/task-reduction-10.C execution test
WARNING: program timed out.
FAIL: libgomp.c++/task-reduction-11.C execution test
=== libgomp Summary for unix ===
# of expected passes 6349
# of unexpected failures 2
# of expected failures 4
# of unsupported tests 423
=== libgomp Summary ===
# of expected passes 12686
# of unexpected failures 4
# of expected failures 8
# of unsupported tests 852
=== libitm tests ===
Running target unix/-m32
=== libitm Summary for unix/-m32 ===
# of expected passes 42
# of expected failures 3
# of unsupported tests 1
Running target unix
=== libitm Summary for unix ===
# of expected passes 42
# of expected failures 3
# of unsupported tests 1
=== libitm Summary ===
# of expected passes 84
# of expected failures 6
# of unsupported tests 2
=== libstdc++ tests ===
Running target unix
FAIL: 27_io/filesystem/operations/last_write_time.cc execution test
FAIL: experimental/filesystem/operations/last_write_time.cc execution test
FAIL: experimental/net/internet/resolver/ops/lookup.cc execution test
=== libstdc++ Summary for unix ===
# of expected passes 11975
# of unexpected failures 3
# of expected failures 78
# of unsupported tests 710
Running target unix/-m32
XPASS: experimental/memory_resource/resource_adaptor.cc execution test
FAIL: experimental/net/internet/resolver/ops/lookup.cc execution test
=== libstdc++ Summary for unix/-m32 ===
# of expected passes 11983
# of unexpected failures 1
# of unexpected successes 1
# of expected failures 79
# of unsupported tests 706
=== libstdc++ Summary ===
# of expected passes 23958
# of unexpected failures 4
# of unexpected successes 1
# of expected failures 157
# of unsupported tests 1416
=== acats tests ===
=== acats Summary ===
# of expected passes 2320
# of unexpected failures 0
=== g++ tests ===
Running target unix
FAIL: g++.dg/pr80481.C -std=gnu++14 scan-assembler-not vmovaps
FAIL: g++.dg/pr80481.C -std=gnu++17 scan-assembler-not vmovaps
FAIL: g++.dg/pr80481.C -std=gnu++98 scan-assembler-not vmovaps
FAIL: g++.dg/lto/pr89335 cp_lto_pr89335_0.o assemble, -O2 -flto -Wsuggest-final-methods
=== g++ Summary for unix ===
# of expected passes 124587
# of unexpected failures 4
# of expected failures 539
# of unsupported tests 5777
Running target unix/-m32
FAIL: g++.dg/lto/pr89335 cp_lto_pr89335_0.o assemble, -O2 -flto -Wsuggest-final-methods
=== g++ Summary for unix/-m32 ===
# of expected passes 123061
# of unexpected failures 1
# of expected failures 536
# of unsupported tests 5604
=== g++ Summary ===
# of expected passes 247648
# of unexpected failures 5
# of expected failures 1075
# of unsupported tests 11381
/var/gcc/regression/trunk/10-gcc-64/build/gcc/xg++ version 9.0.1 20190322 (experimental) [trunk revision 269867] (GCC)
=== gcc tests ===
Running target unix
FAIL: gcc.c-torture/compile/pr61159.c -O0 (test for excess errors)
FAIL: gcc.c-torture/compile/pr61159.c -O1 (test for excess errors)
FAIL: gcc.c-torture/compile/pr61159.c -O2 (test for excess errors)
FAIL: gcc.c-torture/compile/pr61159.c -O2 -flto (test for excess errors)
FAIL: gcc.c-torture/compile/pr61159.c -O2 -flto -flto-partition=none (test for excess errors)
FAIL: gcc.c-torture/compile/pr61159.c -O3 -g (test for excess errors)
FAIL: gcc.c-torture/compile/pr61159.c -Os (test for excess errors)
FAIL: gcc.c-torture/execute/alias-3.c -O0 execution test
FAIL: gcc.c-torture/execute/alias-3.c -O1 execution test
FAIL: gcc.c-torture/execute/alias-3.c -O2 execution test
FAIL: gcc.c-torture/execute/alias-3.c -O2 -flto execution test
FAIL: gcc.c-torture/execute/alias-3.c -O2 -flto -flto-partition=none execution test
FAIL: gcc.c-torture/execute/alias-3.c -O3 -g execution test
FAIL: gcc.c-torture/execute/alias-3.c -Os execution test
FAIL: gcc.dg/attr-weakref-1.c (test for excess errors)
UNRESOLVED: gcc.dg/attr-weakref-1.c compilation failed to produce executable
FAIL: gcc.dg/visibility-22.c execution test
FAIL: gcc.dg/ipa/ipa-icf-38.c scan-ltrans-tree-dump-not optimized "Function bar"
FAIL: gcc.target/i386/ifcvt-onecmpl-abs-1.c scan-assembler cltd
FAIL: gcc.target/i386/indirect-thunk-1.c scan-assembler jmp[ \\t]*__x86_indirect_thunk_(r|e)ax
FAIL: gcc.target/i386/indirect-thunk-2.c scan-assembler jmp[ \\t]*__x86_indirect_thunk_(r|e)ax
FAIL: gcc.target/i386/indirect-thunk-3.c scan-assembler call[ \\t]*__x86_indirect_thunk_(r|e)ax
FAIL: gcc.target/i386/indirect-thunk-4.c scan-assembler call[ \\t]*__x86_indirect_thunk_(r|e)ax
FAIL: gcc.target/i386/indirect-thunk-7.c scan-assembler jmp[ \\t]*__x86_indirect_thunk_(r|e)ax
FAIL: gcc.target/i386/indirect-thunk-attr-1.c scan-assembler jmp[ \\t]*__x86_indirect_thunk_(r|e)ax
FAIL: gcc.target/i386/indirect-thunk-attr-2.c scan-assembler jmp[ \\t]*__x86_indirect_thunk_(r|e)ax
FAIL: gcc.target/i386/indirect-thunk-attr-5.c scan-assembler call[ \\t]*__x86_indirect_thunk_(r|e)ax
FAIL: gcc.target/i386/indirect-thunk-attr-6.c scan-assembler call[ \\t]*__x86_indirect_thunk_(r|e)ax
FAIL: gcc.target/i386/indirect-thunk-attr-7.c scan-assembler jmp[ \\t]*__x86_indirect_thunk(_nt|)_(r|e)ax
FAIL: gcc.target/i386/indirect-thunk-extern-1.c scan-assembler jmp[ \\t]*__x86_indirect_thunk_(r|e)ax
FAIL: gcc.target/i386/indirect-thunk-extern-2.c scan-assembler jmp[ \\t]*__x86_indirect_thunk_(r|e)ax
FAIL: gcc.target/i386/indirect-thunk-extern-3.c scan-assembler call[ \\t]*__x86_indirect_thunk_(r|e)ax
FAIL: gcc.target/i386/indirect-thunk-extern-4.c scan-assembler call[ \\t]*__x86_indirect_thunk_(r|e)ax
FAIL: gcc.target/i386/indirect-thunk-extern-7.c scan-assembler jmp[ \\t]*__x86_indirect_thunk(_nt|)_(r|e)ax
FAIL: gcc.target/i386/indirect-thunk-register-1.c scan-assembler jmp[ \\t]*__x86_indirect_thunk_(r|e)ax
FAIL: gcc.target/i386/indirect-thunk-register-3.c scan-assembler jmp[ \\t]*__x86_indirect_thunk_(r|e)ax
FAIL: gcc.target/i386/pr49095.c scan-assembler-times \\\\), % 45
FAIL: gcc.target/i386/pr57193.c scan-assembler-times movdqa 2
FAIL: gcc.target/i386/pr80569.c (test for excess errors)
FAIL: gcc.target/i386/ret-thunk-1.c scan-assembler jmp[ \\t]*__x86_return_thunk
FAIL: gcc.target/i386/ret-thunk-10.c scan-assembler __x86_indirect_thunk_(r|e)ax:
FAIL: gcc.target/i386/ret-thunk-10.c scan-assembler call[ \\t]*__x86_indirect_thunk_(r|e)ax
FAIL: gcc.target/i386/ret-thunk-11.c scan-assembler __x86_indirect_thunk_(r|e)ax:
FAIL: gcc.target/i386/ret-thunk-11.c scan-assembler call[ \\t]*__x86_indirect_thunk_(r|e)ax
FAIL: gcc.target/i386/ret-thunk-11.c scan-assembler jmp[ \\t]*__x86_return_thunk
FAIL: gcc.target/i386/ret-thunk-12.c scan-assembler __x86_indirect_thunk_(r|e)ax:
FAIL: gcc.target/i386/ret-thunk-12.c scan-assembler call[ \\t]*__x86_indirect_thunk_(r|e)ax
FAIL: gcc.target/i386/ret-thunk-13.c scan-assembler jmp[ \\t]*__x86_return_thunk
FAIL: gcc.target/i386/ret-thunk-14.c scan-assembler call[ \\t]*__x86_indirect_thunk_(r|e)ax
FAIL: gcc.target/i386/ret-thunk-15.c scan-assembler call[ \\t]*__x86_indirect_thunk_(r|e)ax
FAIL: gcc.target/i386/ret-thunk-15.c scan-assembler jmp[ \\t]*__x86_return_thunk
FAIL: gcc.target/i386/ret-thunk-26.c execution test
FAIL: gcc.target/i386/ret-thunk-3.c scan-assembler jmp[ \\t]*__x86_return_thunk
FAIL: gcc.target/i386/ret-thunk-5.c scan-assembler jmp[ \\t]*__x86_return_thunk
FAIL: gcc.target/i386/ret-thunk-7.c scan-assembler jmp[ \\t]*__x86_return_thunk
FAIL: gcc.target/i386/ret-thunk-9.c scan-assembler __x86_return_thunk:
FAIL: gcc.target/i386/ret-thunk-9.c scan-assembler call[ \\t]*__x86_indirect_thunk_(r|e)ax
FAIL: gcc.target/i386/ret-thunk-9.c scan-assembler jmp[ \\t]*__x86_return_thunk
=== gcc Summary for unix ===
# of expected passes 128854
# of unexpected failures 57
# of expected failures 536
# of unresolved testcases 1
# of unsupported tests 3376
Running target unix/-m32
FAIL: gcc.c-torture/compile/pr61159.c -O0 (test for excess errors)
FAIL: gcc.c-torture/compile/pr61159.c -O1 (test for excess errors)
FAIL: gcc.c-torture/compile/pr61159.c -O2 (test for excess errors)
FAIL: gcc.c-torture/compile/pr61159.c -O2 -flto (test for excess errors)
FAIL: gcc.c-torture/compile/pr61159.c -O2 -flto -flto-partition=none (test for excess errors)
FAIL: gcc.c-torture/compile/pr61159.c -O3 -g (test for excess errors)
FAIL: gcc.c-torture/compile/pr61159.c -Os (test for excess errors)
FAIL: gcc.c-torture/execute/alias-3.c -O0 execution test
FAIL: gcc.c-torture/execute/alias-3.c -O1 execution test
FAIL: gcc.c-torture/execute/alias-3.c -O2 execution test
FAIL: gcc.c-torture/execute/alias-3.c -O2 -flto execution test
FAIL: gcc.c-torture/execute/alias-3.c -O2 -flto -flto-partition=none execution test
FAIL: gcc.c-torture/execute/alias-3.c -O3 -g execution test
FAIL: gcc.c-torture/execute/alias-3.c -Os execution test
WARNING: gcc.c-torture/execute/pr36034-2.c -O2 (test for excess errors) program timed out.
FAIL: gcc.c-torture/execute/pr36034-2.c -O2 (test for excess errors)
UNRESOLVED: gcc.c-torture/execute/pr36034-2.c -O2 compilation failed to produce executable
WARNING: gcc.c-torture/execute/pr36034-2.c -O3 -fomit-frame-pointer -funroll-loops -fpeel-loops -ftracer -finline-functions (test for excess errors) program timed out.
FAIL: gcc.c-torture/execute/pr36034-2.c -O3 -fomit-frame-pointer -funroll-loops -fpeel-loops -ftracer -finline-functions (test for excess errors)
UNRESOLVED: gcc.c-torture/execute/pr36034-2.c -O3 -fomit-frame-pointer -funroll-loops -fpeel-loops -ftracer -finline-functions compilation failed to produce executable
WARNING: gcc.c-torture/execute/pr36034-2.c -O3 -g (test for excess errors) program timed out.
FAIL: gcc.c-torture/execute/pr36034-2.c -O3 -g (test for excess errors)
UNRESOLVED: gcc.c-torture/execute/pr36034-2.c -O3 -g compilation failed to produce executable
WARNING: gcc.c-torture/execute/pr37102.c -O2 (test for excess errors) program timed out.
FAIL: gcc.c-torture/execute/pr37102.c -O2 (test for excess errors)
UNRESOLVED: gcc.c-torture/execute/pr37102.c -O2 compilation failed to produce executable
WARNING: gcc.c-torture/execute/pr37102.c -O3 -fomit-frame-pointer -funroll-loops -fpeel-loops -ftracer -finline-functions (test for excess errors) program timed out.
FAIL: gcc.c-torture/execute/pr37102.c -O3 -fomit-frame-pointer -funroll-loops -fpeel-loops -ftracer -finline-functions (test for excess errors)
UNRESOLVED: gcc.c-torture/execute/pr37102.c -O3 -fomit-frame-pointer -funroll-loops -fpeel-loops -ftracer -finline-functions compilation failed to produce executable
WARNING: gcc.c-torture/execute/pr37102.c -O3 -g (test for excess errors) program timed out.
FAIL: gcc.c-torture/execute/pr37102.c -O3 -g (test for excess errors)
UNRESOLVED: gcc.c-torture/execute/pr37102.c -O3 -g compilation failed to produce executable
WARNING: gcc.c-torture/execute/pr37924.c -O2 -flto (test for excess errors) program timed out.
FAIL: gcc.c-torture/execute/pr37924.c -O2 -flto (test for excess errors)
UNRESOLVED: gcc.c-torture/execute/pr37924.c -O2 -flto compilation failed to produce executable
WARNING: gcc.c-torture/execute/pr37931.c -O0 (test for excess errors) program timed out.
FAIL: gcc.c-torture/execute/pr37931.c -O0 (test for excess errors)
UNRESOLVED: gcc.c-torture/execute/pr37931.c -O0 compilation failed to produce executable
WARNING: gcc.c-torture/execute/pr37931.c -O1 (test for excess errors) program timed out.
FAIL: gcc.c-torture/execute/pr37931.c -O1 (test for excess errors)
UNRESOLVED: gcc.c-torture/execute/pr37931.c -O1 compilation failed to produce executable
WARNING: gcc.c-torture/execute/pr38533.c -O2 -flto (test for excess errors) program timed out.
FAIL: gcc.c-torture/execute/pr38533.c -O2 -flto (test for excess errors)
UNRESOLVED: gcc.c-torture/execute/pr38533.c -O2 -flto compilation failed to produce executable
WARNING: gcc.c-torture/execute/pr38819.c -O0 (test for excess errors) program timed out.
FAIL: gcc.c-torture/execute/pr38819.c -O0 (test for excess errors)
UNRESOLVED: gcc.c-torture/execute/pr38819.c -O0 compilation failed to produce executable
WARNING: gcc.c-torture/execute/pr38819.c -O1 (test for excess errors) program timed out.
FAIL: gcc.c-torture/execute/pr38819.c -O1 (test for excess errors)
UNRESOLVED: gcc.c-torture/execute/pr38819.c -O1 compilation failed to produce executable
FAIL: gcc.dg/attr-weakref-1.c (test for excess errors)
UNRESOLVED: gcc.dg/attr-weakref-1.c compilation failed to produce executable
FAIL: gcc.dg/visibility-22.c execution test
FAIL: gcc.dg/ipa/ipa-icf-38.c scan-ltrans-tree-dump-not optimized "Function bar"
FAIL: gcc.target/i386/indirect-thunk-1.c scan-assembler jmp[ \\t]*__x86_indirect_thunk_(r|e)ax
FAIL: gcc.target/i386/indirect-thunk-2.c scan-assembler jmp[ \\t]*__x86_indirect_thunk_(r|e)ax
FAIL: gcc.target/i386/indirect-thunk-3.c scan-assembler call[ \\t]*__x86_indirect_thunk_(r|e)ax
FAIL: gcc.target/i386/indirect-thunk-4.c scan-assembler call[ \\t]*__x86_indirect_thunk_(r|e)ax
FAIL: gcc.target/i386/indirect-thunk-7.c scan-assembler jmp[ \\t]*__x86_indirect_thunk_(r|e)ax
FAIL: gcc.target/i386/indirect-thunk-attr-1.c scan-assembler jmp[ \\t]*__x86_indirect_thunk_(r|e)ax
FAIL: gcc.target/i386/indirect-thunk-attr-2.c scan-assembler jmp[ \\t]*__x86_indirect_thunk_(r|e)ax
FAIL: gcc.target/i386/indirect-thunk-attr-5.c scan-assembler call[ \\t]*__x86_indirect_thunk_(r|e)ax
FAIL: gcc.target/i386/indirect-thunk-attr-6.c scan-assembler call[ \\t]*__x86_indirect_thunk_(r|e)ax
FAIL: gcc.target/i386/indirect-thunk-attr-7.c scan-assembler jmp[ \\t]*__x86_indirect_thunk(_nt|)_(r|e)ax
FAIL: gcc.target/i386/indirect-thunk-extern-1.c scan-assembler jmp[ \\t]*__x86_indirect_thunk_(r|e)ax
FAIL: gcc.target/i386/indirect-thunk-extern-2.c scan-assembler jmp[ \\t]*__x86_indirect_thunk_(r|e)ax
FAIL: gcc.target/i386/indirect-thunk-extern-3.c scan-assembler call[ \\t]*__x86_indirect_thunk_(r|e)ax
FAIL: gcc.target/i386/indirect-thunk-extern-4.c scan-assembler call[ \\t]*__x86_indirect_thunk_(r|e)ax
FAIL: gcc.target/i386/indirect-thunk-extern-7.c scan-assembler jmp[ \\t]*__x86_indirect_thunk(_nt|)_(r|e)ax
FAIL: gcc.target/i386/indirect-thunk-register-1.c scan-assembler jmp[ \\t]*__x86_indirect_thunk_(r|e)ax
FAIL: gcc.target/i386/indirect-thunk-register-3.c scan-assembler jmp[ \\t]*__x86_indirect_thunk_(r|e)ax
FAIL: gcc.target/i386/pr57193.c scan-assembler-times movdqa 2
FAIL: gcc.target/i386/pr80569.c (test for excess errors)
FAIL: gcc.target/i386/pr81563.c scan-assembler-times movl[\\\\t ]*-4\\\\(%ebp\\\\),[\\\\t ]*%edi 1
FAIL: gcc.target/i386/pr81563.c scan-assembler-times movl[\\\\t ]*-8\\\\(%ebp\\\\),[\\\\t ]*%esi 1
FAIL: gcc.target/i386/ret-thunk-1.c scan-assembler jmp[ \\t]*__x86_return_thunk
FAIL: gcc.target/i386/ret-thunk-10.c scan-assembler __x86_indirect_thunk_(r|e)ax:
FAIL: gcc.target/i386/ret-thunk-10.c scan-assembler call[ \\t]*__x86_indirect_thunk_(r|e)ax
FAIL: gcc.target/i386/ret-thunk-11.c scan-assembler __x86_indirect_thunk_(r|e)ax:
FAIL: gcc.target/i386/ret-thunk-11.c scan-assembler call[ \\t]*__x86_indirect_thunk_(r|e)ax
FAIL: gcc.target/i386/ret-thunk-11.c scan-assembler jmp[ \\t]*__x86_return_thunk
FAIL: gcc.target/i386/ret-thunk-12.c scan-assembler __x86_indirect_thunk_(r|e)ax:
FAIL: gcc.target/i386/ret-thunk-12.c scan-assembler call[ \\t]*__x86_indirect_thunk_(r|e)ax
FAIL: gcc.target/i386/ret-thunk-13.c scan-assembler jmp[ \\t]*__x86_return_thunk
FAIL: gcc.target/i386/ret-thunk-14.c scan-assembler call[ \\t]*__x86_indirect_thunk_(r|e)ax
FAIL: gcc.target/i386/ret-thunk-15.c scan-assembler call[ \\t]*__x86_indirect_thunk_(r|e)ax
FAIL: gcc.target/i386/ret-thunk-15.c scan-assembler jmp[ \\t]*__x86_return_thunk
FAIL: gcc.target/i386/ret-thunk-22.c scan-assembler jmp[ \\t]*__x86_return_thunk_ecx
FAIL: gcc.target/i386/ret-thunk-23.c scan-assembler jmp[ \\t]*__x86_return_thunk_ecx
FAIL: gcc.target/i386/ret-thunk-26.c (test for excess errors)
UNRESOLVED: gcc.target/i386/ret-thunk-26.c compilation failed to produce executable
FAIL: gcc.target/i386/ret-thunk-3.c scan-assembler jmp[ \\t]*__x86_return_thunk
FAIL: gcc.target/i386/ret-thunk-5.c scan-assembler jmp[ \\t]*__x86_return_thunk
FAIL: gcc.target/i386/ret-thunk-7.c scan-assembler jmp[ \\t]*__x86_return_thunk
FAIL: gcc.target/i386/ret-thunk-9.c scan-assembler __x86_return_thunk:
FAIL: gcc.target/i386/ret-thunk-9.c scan-assembler call[ \\t]*__x86_indirect_thunk_(r|e)ax
FAIL: gcc.target/i386/ret-thunk-9.c scan-assembler jmp[ \\t]*__x86_return_thunk
=== gcc Summary for unix/-m32 ===
# of expected passes 126882
# of unexpected failures 71
# of expected failures 544
# of unresolved testcases 14
# of unsupported tests 3590
=== gcc Summary ===
# of expected passes 255736
# of unexpected failures 128
# of expected failures 1080
# of unresolved testcases 15
# of unsupported tests 6966
/var/gcc/regression/trunk/10-gcc-64/build/gcc/xgcc version 9.0.1 20190322 (experimental) [trunk revision 269867] (GCC)
=== gdc tests ===
Running target unix
FAIL: gdc.test/compilable/line.d output-exists line.o
FAIL: gdc.test/compilable/line.d -O2 output-exists line.o
FAIL: gdc.test/compilable/line.d -O2 -frelease output-exists line.o
FAIL: gdc.test/compilable/line.d -frelease output-exists line.o
FAIL: gdc.test/compilable/line.d -g output-exists line.o
FAIL: gdc.test/compilable/line.d -g -O2 output-exists line.o
FAIL: gdc.test/compilable/line.d -g -O2 -frelease output-exists line.o
FAIL: gdc.test/compilable/line.d -g -frelease output-exists line.o
=== gdc Summary for unix ===
# of expected passes 23001
# of unexpected failures 8
# of unsupported tests 20
Running target unix/-m32
FAIL: gdc.test/compilable/line.d output-exists line.o
FAIL: gdc.test/compilable/line.d -O2 output-exists line.o
FAIL: gdc.test/compilable/line.d -O2 -frelease output-exists line.o
FAIL: gdc.test/compilable/line.d -frelease output-exists line.o
FAIL: gdc.test/compilable/line.d -g output-exists line.o
FAIL: gdc.test/compilable/line.d -g -O2 output-exists line.o
FAIL: gdc.test/compilable/line.d -g -O2 -frelease output-exists line.o
FAIL: gdc.test/compilable/line.d -g -frelease output-exists line.o
=== gdc Summary for unix/-m32 ===
# of expected passes 23001
# of unexpected failures 8
# of unsupported tests 20
=== gdc Summary ===
# of expected passes 46002
# of unexpected failures 16
# of unsupported tests 40
/var/gcc/regression/trunk/10-gcc-64/build/gcc/gdc version 9.0.1 20190322 (experimental) [trunk revision 269867] (GCC)
=== gfortran tests ===
Running target unix
=== gfortran Summary for unix ===
# of expected passes 49726
# of expected failures 126
# of unsupported tests 97
Running target unix/-m32
=== gfortran Summary for unix/-m32 ===
# of expected passes 49497
# of expected failures 126
# of unsupported tests 206
=== gfortran Summary ===
# of expected passes 99223
# of expected failures 252
# of unsupported tests 303
/var/gcc/regression/trunk/10-gcc-64/build/gcc/gfortran version 9.0.1 20190322 (experimental) [trunk revision 269867] (GCC)
=== gnat tests ===
Running target unix
=== gnat Summary for unix ===
# of expected passes 2963
# of expected failures 23
# of unsupported tests 10
Running target unix/-m32
=== gnat Summary for unix/-m32 ===
# of expected passes 2963
# of expected failures 23
# of unsupported tests 10
=== gnat Summary ===
# of expected passes 5926
# of expected failures 46
# of unsupported tests 20
/var/gcc/regression/trunk/10-gcc-64/build/gcc/gnatmake version 9.0.1 20190322 (experimental) [trunk revision 269867]
=== go tests ===
Running target unix
FAIL: ./index0-out.go compilation, -O0 -g -fno-var-tracking-assignments
FAIL: go.test/test/recover.go execution, -O2 -g
=== go Summary for unix ===
# of expected passes 7339
# of unexpected failures 2
# of expected failures 1
# of untested testcases 11
# of unsupported tests 1
Running target unix/-m32
FAIL: ./index0-out.go compilation, -O0 -g -fno-var-tracking-assignments
FAIL: go.test/test/recover.go execution, -O2 -g
=== go Summary for unix/-m32 ===
# of expected passes 7458
# of unexpected failures 2
# of expected failures 1
# of untested testcases 11
# of unsupported tests 2
=== go Summary ===
# of expected passes 14797
# of unexpected failures 4
# of expected failures 2
# of untested testcases 22
# of unsupported tests 3
=== obj-c++ tests ===
Running target unix/-m32
=== obj-c++ Summary for unix/-m32 ===
# of expected passes 1466
# of expected failures 2
# of unsupported tests 77
Running target unix
=== obj-c++ Summary for unix ===
# of expected passes 1458
# of expected failures 10
# of unsupported tests 77
=== obj-c++ Summary ===
# of expected passes 2924
# of expected failures 12
# of unsupported tests 154
/var/gcc/regression/trunk/10-gcc-64/build/gcc/xg++ version 9.0.1 20190322 (experimental) [trunk revision 269867] (GCC)
=== objc tests ===
Running target unix
=== objc Summary for unix ===
# of expected passes 2797
# of expected failures 6
# of unsupported tests 68
Running target unix/-m32
=== objc Summary for unix/-m32 ===
# of expected passes 2797
# of expected failures 6
# of unsupported tests 68
=== objc Summary ===
# of expected passes 5594
# of expected failures 12
# of unsupported tests 136
/var/gcc/regression/trunk/10-gcc-64/build/gcc/xgcc version 9.0.1 20190322 (experimental) [trunk revision 269867] (GCC)
=== gotools tests ===
FAIL: TestScript
FAIL: TestTestRegexps
FAIL: go test cmd/go
FAIL: go test runtime
FAIL: go test misc/cgo/test
FAIL: TestCompileWithoutShared
FAIL: TestEarlySignalHandler
FAIL: TestInstall
FAIL: TestOsSignal
FAIL: TestPIE
FAIL: TestSIGPROF
FAIL: TestSigaltstack
FAIL: TestSignalForwarding
FAIL: TestSignalForwardingExternal
FAIL: go test misc/cgo/testcarchive
FAIL: TestVet
FAIL: go test cmd/vet
=== gotools Summary ===
# of expected passes 140
# of unexpected failures 17
# of untested testcases 129
Compiler version: 9.0.1 20190322 (experimental) [trunk revision 269867] (GCC)
Platform: x86_64-pc-solaris2.10
configure flags: --prefix=/vol/gcc --target=amd64-pc-solaris2.10 --enable-obsolete --enable-objc-gc --with-target-bdw-gc-include=/vol/gcc/include --with-target-bdw-gc-lib=/vol/gcc/lib/amd64,32=/vol/gcc/lib --with-as=/usr/ccs/bin/as --without-gnu-as --with-gmp-include=/vol/gcc/include --with-gmp-lib=/vol/gcc/lib/amd64 --with-mpfr-include=/vol/gcc/include --with-mpfr-lib=/vol/gcc/lib/amd64 --with-mpc-include=/vol/gcc/include --with-mpc-lib=/vol/gcc/lib/amd64 --enable-languages=all,ada,obj-c++,go --with-isl-include=/vol/gcc/include --with-isl-lib=/vol/gcc/lib/amd64 --build=amd64-pc-solaris2.10 --host=amd64-pc-solaris2.10
BOOT_CFLAGS=-g -O2
More information about the Gcc-testresults
mailing list