Results for 9.0.1 20190303 (experimental) [trunk revision 269351] (GCC) testsuite on powerpc64le-unknown-linux-gnu
Bill Seurer (POWER9)
seurer@linux.ibm.com
Sun Mar 3 16:05:00 GMT 2019
Linux 4.15.0-43-generic ppc64le
GNU ld (GNU Binutils for Ubuntu) 2.30
GNU assembler (GNU Binutils for Ubuntu) 2.30
GNU Make 4.1
DejaGnu:
DejaGnu version 1.6.1
Expect version 5.45.4
Tcl version 8.6
64-bit
LAST_UPDATED: Sun Mar 3 12:04:49 UTC 2019 (revision 269351)
Native configuration is powerpc64le-unknown-linux-gnu
=== g++ tests ===
Running target unix
=== g++ Summary ===
# of expected passes 132317
# of expected failures 531
# of unsupported tests 6024
/home/gccbuild/build/nightly/build-gcc-trunk/gcc/xg++ version 9.0.1 20190303 (experimental) [trunk revision 269351] (GCC)
=== gcc tests ===
Running target unix
XPASS: gcc.dg/Wtrampolines.c standard descriptors (test for warnings, line 29)
FAIL: gcc.dg/sms-10.c scan-rtl-dump-times sms "SMS succeeded" 1
FAIL: gcc.dg/uninit-pred-8_b.c bogus warning (test for bogus messages, line 20)
FAIL: gcc.dg/uninit-pred-8_b.c bogus warning (test for bogus messages, line 39)
FAIL: gcc.dg/uninit-pred-8_b.c warning (test for warnings, line 42)
XPASS: gcc.dg/graphite/pr69728.c scan-tree-dump graphite "loop nest optimized"
FAIL: gcc.dg/torture/float128-cmp-invalid.c -O0 execution test
FAIL: gcc.dg/torture/float128-cmp-invalid.c -O1 execution test
FAIL: gcc.dg/torture/float128-cmp-invalid.c -O2 execution test
FAIL: gcc.dg/torture/float128-cmp-invalid.c -O2 -flto -fno-use-linker-plugin -flto-partition=none execution test
FAIL: gcc.dg/torture/float128-cmp-invalid.c -O2 -flto -fuse-linker-plugin -fno-fat-lto-objects execution test
FAIL: gcc.dg/torture/float128-cmp-invalid.c -O3 -g execution test
FAIL: gcc.dg/torture/float128-cmp-invalid.c -Os execution test
FAIL: gcc.dg/torture/pr52451.c -O0 execution test
FAIL: gcc.dg/torture/pr52451.c -O1 execution test
FAIL: gcc.dg/torture/pr52451.c -O2 execution test
FAIL: gcc.dg/torture/pr52451.c -O2 -flto -fno-use-linker-plugin -flto-partition=none execution test
FAIL: gcc.dg/torture/pr52451.c -O2 -flto -fuse-linker-plugin -fno-fat-lto-objects execution test
FAIL: gcc.dg/torture/pr52451.c -O3 -g execution test
FAIL: gcc.dg/torture/pr52451.c -Os execution test
XPASS: gcc.dg/tree-ssa/ssa-dom-cse-2.c scan-tree-dump optimized "return 28;"
XPASS: gcc.target/powerpc/20050603-3.c scan-assembler-not \\\\mrlwinm
XPASS: gcc.target/powerpc/20050603-3.c scan-assembler-times \\\\mrl[wd]imi 1
FAIL: gcc.target/powerpc/fold-vec-extract-double.p8.c scan-assembler-times \\\\mmtvsrd\\\\M 1
FAIL: gcc.target/powerpc/fold-vec-extract-double.p8.c scan-assembler-times \\\\mrldic\\\\M|\\\\mrlwinm\\\\M 1
FAIL: gcc.target/powerpc/fold-vec-extract-double.p8.c scan-assembler-times \\\\mvslo\\\\M 1
FAIL: gcc.target/powerpc/fold-vec-extract-double.p8.c scan-assembler-times \\\\mxori\\\\M 1
FAIL: gcc.target/powerpc/fold-vec-extract-double.p8.c scan-assembler-times \\\\mxxlor\\\\M 2
FAIL: gcc.target/powerpc/fold-vec-extract-double.p9.c scan-assembler-times \\\\mmtvsrdd\\\\M 1
FAIL: gcc.target/powerpc/fold-vec-extract-double.p9.c scan-assembler-times \\\\mrldic\\\\M 1
FAIL: gcc.target/powerpc/fold-vec-extract-double.p9.c scan-assembler-times \\\\mvslo\\\\M 1
FAIL: gcc.target/powerpc/fold-vec-extract-double.p9.c scan-assembler-times \\\\mxxlor\\\\M 2
FAIL: gcc.target/powerpc/fold-vec-extract-longlong.p8.c scan-assembler-times \\\\mmfvsrd\\\\M 6
FAIL: gcc.target/powerpc/fold-vec-extract-longlong.p8.c scan-assembler-times \\\\mmtvsrd\\\\M 3
FAIL: gcc.target/powerpc/fold-vec-extract-longlong.p8.c scan-assembler-times \\\\mrldic\\\\M|\\\\mrlwinm\\\\M 3
FAIL: gcc.target/powerpc/fold-vec-extract-longlong.p8.c scan-assembler-times \\\\mvslo\\\\M 3
FAIL: gcc.target/powerpc/fold-vec-extract-longlong.p8.c scan-assembler-times \\\\mxori\\\\M 3
FAIL: gcc.target/powerpc/fold-vec-extract-longlong.p9.c scan-assembler-times \\\\mmfvsrd\\\\M 6
FAIL: gcc.target/powerpc/fold-vec-extract-longlong.p9.c scan-assembler-times \\\\mmtvsrdd\\\\M 3
FAIL: gcc.target/powerpc/fold-vec-extract-longlong.p9.c scan-assembler-times \\\\mrldic\\\\M 3
FAIL: gcc.target/powerpc/fold-vec-extract-longlong.p9.c scan-assembler-times \\\\mvslo\\\\M 3
FAIL: gcc.target/powerpc/fold-vec-extract-longlong.p9.c scan-assembler-times \\\\mxori\\\\M 3
FAIL: gcc.target/powerpc/fold-vec-insert-char-p9.c scan-assembler-times \\\\mmtvsrwz\\\\M 4
FAIL: gcc.target/powerpc/fold-vec-insert-short-p9.c scan-assembler-times \\\\mmtvsrwz\\\\M 4
FAIL: gcc.target/powerpc/pr72804.c scan-assembler-times not 4
FAIL: gcc.target/powerpc/pr72804.c scan-assembler-times std 2
FAIL: gcc.target/powerpc/rlwimi-2.c scan-assembler-times (?n)^\\\\s+[a-z] 20217
FAIL: gcc.target/powerpc/rlwimi-2.c scan-assembler-times (?n)^\\\\s+rldicl 6728
FAIL: gcc.target/powerpc/rlwimi-2.c scan-assembler-times (?n)^\\\\s+rlwimi 1692
FAIL: gcc.target/powerpc/rlwinm-0.c scan-assembler-times (?n)^\\\\s+rlwinm 3094
FAIL: gcc.target/powerpc/rlwinm-0.c scan-assembler-times (?n)^\\\\s+srdi 12
FAIL: gcc.target/powerpc/rlwinm-1.c scan-assembler-times (?n)^\\\\s+[a-z] 9606
FAIL: gcc.target/powerpc/rlwinm-1.c scan-assembler-times (?n)^\\\\s+slwi 1
FAIL: gcc.target/powerpc/rlwinm-2.c scan-assembler-times (?n)^\\\\s+[a-z] 9466
FAIL: gcc.target/powerpc/rlwinm-2.c scan-assembler-times (?n)^\\\\s+rldic 2840
FAIL: gcc.target/powerpc/rlwinm-2.c scan-assembler-times (?n)^\\\\s+rlwinm 721
FAIL: gcc.target/powerpc/rlwinm-2.c scan-assembler-times (?n)^\\\\s+srdi 12
FAIL: gcc.target/powerpc/rs6000-fpint.c scan-assembler-not stfiwx
FAIL: gcc.target/powerpc/vec-rlmi-rlnm.c scan-assembler-times xxlor 2
FAIL: gcc.target/powerpc/vsx-himode2.c scan-assembler mtvsrwz
FAIL: gcc.target/powerpc/vsx-qimode2.c scan-assembler mtvsrwz
FAIL: gcc.target/powerpc/vsx-simode2.c scan-assembler mtvsrwz
=== gcc Summary ===
# of expected passes 125937
# of unexpected failures 57
# of unexpected successes 5
# of expected failures 538
# of unsupported tests 2404
/home/gccbuild/build/nightly/build-gcc-trunk/gcc/xgcc version 9.0.1 20190303 (experimental) [trunk revision 269351] (GCC)
=== gfortran tests ===
Running target unix
FAIL: gfortran.dg/elemental_subroutine_3.f90 -O1 (test for excess errors)
FAIL: gfortran.dg/elemental_subroutine_3.f90 -O2 (test for excess errors)
FAIL: gfortran.dg/elemental_subroutine_3.f90 -O3 -fomit-frame-pointer -funroll-loops -fpeel-loops -ftracer -finline-functions (test for excess errors)
FAIL: gfortran.dg/elemental_subroutine_3.f90 -O3 -g (test for excess errors)
FAIL: gfortran.dg/elemental_subroutine_3.f90 -Os (test for excess errors)
XPASS: gfortran.dg/large_real_kind_form_io_2.f90 -O0 execution test
XPASS: gfortran.dg/large_real_kind_form_io_2.f90 -O1 execution test
XPASS: gfortran.dg/large_real_kind_form_io_2.f90 -O2 execution test
XPASS: gfortran.dg/large_real_kind_form_io_2.f90 -O3 -fomit-frame-pointer -funroll-loops -fpeel-loops -ftracer -finline-functions execution test
XPASS: gfortran.dg/large_real_kind_form_io_2.f90 -O3 -g execution test
XPASS: gfortran.dg/large_real_kind_form_io_2.f90 -Os execution test
FAIL: gfortran.dg/ieee/large_2.f90 -O0 execution test
FAIL: gfortran.dg/ieee/large_2.f90 -O1 execution test
FAIL: gfortran.dg/ieee/large_2.f90 -O2 execution test
FAIL: gfortran.dg/ieee/large_2.f90 -O3 -fomit-frame-pointer -funroll-loops -fpeel-loops -ftracer -finline-functions execution test
FAIL: gfortran.dg/ieee/large_2.f90 -O3 -g execution test
FAIL: gfortran.dg/ieee/large_2.f90 -Os execution test
=== gfortran Summary ===
# of expected passes 49229
# of unexpected failures 11
# of unexpected successes 6
# of expected failures 138
# of unsupported tests 110
/home/gccbuild/build/nightly/build-gcc-trunk/gcc/gfortran version 9.0.1 20190303 (experimental) [trunk revision 269351] (GCC)
=== go tests ===
Running target unix
FAIL: go.test/test/ken/cplx2.go execution, -O2 -g
=== go Summary ===
# of expected passes 7345
# of unexpected failures 1
# of expected failures 1
# of untested testcases 7
# of unsupported tests 3
/home/gccbuild/build/nightly/build-gcc-trunk/gcc/gccgo version 9.0.1 20190303 (experimental) [trunk revision 269351] (GCC)
=== obj-c++ tests ===
Running target unix
=== obj-c++ Summary ===
# of expected passes 1458
# of expected failures 10
# of unsupported tests 77
/home/gccbuild/build/nightly/build-gcc-trunk/gcc/xg++ version 9.0.1 20190303 (experimental) [trunk revision 269351] (GCC)
=== objc tests ===
Running target unix
=== objc Summary ===
# of expected passes 2803
# of unsupported tests 68
/home/gccbuild/build/nightly/build-gcc-trunk/gcc/xgcc version 9.0.1 20190303 (experimental) [trunk revision 269351] (GCC)
=== gotools tests ===
FAIL: TestAbort
FAIL: go test runtime
=== gotools Summary ===
# of expected passes 416
# of unexpected failures 2
# of untested testcases 191
/home/gccbuild/build/nightly/build-gcc-trunk/./gcc/gccgo version 9.0.1 20190303 (experimental) [trunk revision 269351] (GCC)
=== libatomic tests ===
Running target unix
=== libatomic Summary ===
# of expected passes 54
=== libffi tests ===
Running target unix
=== libffi Summary ===
# of expected passes 1934
# of unsupported tests 28
=== libgo tests ===
Running target unix
FAIL: net
FAIL: net/http
=== libgo Summary ===
# of expected passes 182
# of unexpected failures 2
/home/gccbuild/build/nightly/build-gcc-trunk/./gcc/gccgo version 9.0.1 20190303 (experimental) [trunk revision 269351] (GCC)
=== libgomp tests ===
Running target unix
=== libgomp Summary ===
# of expected passes 6355
# of expected failures 4
# of unsupported tests 421
=== libitm tests ===
Running target unix
=== libitm Summary ===
# of expected passes 42
# of expected failures 3
# of unsupported tests 1
=== libstdc++ tests ===
Running target unix
FAIL: libstdc++-prettyprinters/80276.cc whatis p4
FAIL: libstdc++-prettyprinters/80276.cc whatis p4
=== libstdc++ Summary ===
# of expected passes 12974
# of unexpected failures 2
# of expected failures 77
# of unsupported tests 591
Compiler version: 9.0.1 20190303 (experimental) [trunk revision 269351] (GCC)
Platform: powerpc64le-unknown-linux-gnu
configure flags: --prefix=/opt/gcc-nightly/trunk --with-as=/usr/bin/as --with-ld=/usr/bin/ld --enable-languages=c,c++,fortran,objc,obj-c++,go --with-cpu=power9
fail WARNING: Could not generate test framework tests
fail XPASS: gcc.test-framework/dg-bogus-exp-XF.c (test for excess errors)
fail FAIL: gcc.test-framework/dg-do-assemble-exp-P.c (test for excess errors) (PRMS 42)
fail FAIL: gcc.test-framework/dg-do-compile-exp-P.c (test for excess errors) (PRMS 42)
fail FAIL: gcc.test-framework/dg-do-link-exp-P.c (test for excess errors) (PRMS 42)
fail FAIL: gcc.test-framework/dg-do-run-exp-P.c (test for excess errors) (PRMS 42)
fail FAIL: gcc.test-framework/dg-dot-run-exp-P.c (test for excess errors) (PRMS 42)
fail FAIL: gcc.test-framework/dg-dox-run-exp-XF.c (test for excess errors) (PRMS 42)
fail FAIL: gcc.test-framework/dg-output-exp-P.c (test for excess errors) (PRMS 42)
fail FAIL: gcc.test-framework/dg-output-exp-XF.c (test for excess errors) (PRMS 42)
fail FAIL: gcc.test-framework/dg-warning-exp-P.c warning test (test for warnings, line 9) (PRMS 42)
=== Test Framework Summary ===
# of expected passes 68
# of unexpected failures 11
More information about the Gcc-testresults
mailing list