Results for 8.3.1 20190301 [gcc-8-branch revision 269296] (GCC) testsuite on sparc-sun-solaris2.11
Rainer Orth
ro@CeBiTec.Uni-Bielefeld.DE
Sat Mar 2 23:10:00 GMT 2019
LAST_UPDATED: Fri Mar 1 09:44:55 UTC 2019 (revision 269296)
=== acats tests ===
FAIL: c32115a
=== acats Summary ===
# of expected passes 2319
# of unexpected failures 1
Native configuration is sparc-sun-solaris2.11
=== g++ tests ===
Running target unix
UNRESOLVED: g++.dg/debug/dwarf2/nested-3.C -std=gnu++14 scan-assembler [^\\n\\r]*\\\\(DIE \\\\(0x([0-9a-f]+)\\\\) DW_TAG_namespace\\\\)[\\n\\r]+[^\\n\\r]*"thread[^\\n\\r]+[\\n\\r]+([^\\n\\r]*[\\n\\r]+)+[^\\n\\r]*\\\\(DIE \\\\(0x([0-9a-f]+)\\\\) DW_TAG_class_type\\\\)([\\n\\r]+[^\\n\\r]*)+"Executor[^\\n\\r]+[\\n\\r]+[^\\n\\r]*DW_AT_declaration[\\n\\r]+[^\\n\\r]*DW_AT_signature[^#;/!|@]*[#;/!|@]+ [^\\n\\r]*\\\\(DIE[^\\n\\r]*DW_TAG_subprogram\\\\)[\\n\\r]+([^\\n\\r]*[\\n\\r]+)+[^\\n\\r]*"CurrentExecutor[^\\n\\r]+[\\n\\r]+([^\\n\\r]*[\\n\\r]+)+([^\\n\\r]*[\\n\\r]+)+[^\\n\\r]*end of children of DIE 0x\\\\3[\\n\\r]+[^\\n\\r]*end of children of DIE 0x\\\\1[\\n\\r]+
FAIL: g++.dg/debug/dwarf2/nested-3.C -std=gnu++14 (test for excess errors)
FAIL: g++.dg/pr83239.C -std=gnu++98 (test for excess errors)
FAIL: g++.dg/gcov/pr16855-priority.C -std=gnu++11 gcov: 1 failures in line counts, 0 in branch percentages, 0 in return percentages, 0 in intermediate format
FAIL: g++.dg/gcov/pr16855-priority.C -std=gnu++11 line 22: is #####:should be 1
FAIL: g++.dg/gcov/pr16855-priority.C -std=gnu++14 gcov: 1 failures in line counts, 0 in branch percentages, 0 in return percentages, 0 in intermediate format
FAIL: g++.dg/gcov/pr16855-priority.C -std=gnu++14 line 22: is #####:should be 1
FAIL: g++.dg/gcov/pr16855-priority.C -std=gnu++98 gcov: 1 failures in line counts, 0 in branch percentages, 0 in return percentages, 0 in intermediate format
FAIL: g++.dg/gcov/pr16855-priority.C -std=gnu++98 line 22: is #####:should be 1
FAIL: g++.dg/gcov/pr16855.C -std=gnu++11 gcov: 1 failures in line counts, 0 in branch percentages, 0 in return percentages, 0 in intermediate format
FAIL: g++.dg/gcov/pr16855.C -std=gnu++11 line 21: is #####:should be 1
FAIL: g++.dg/gcov/pr16855.C -std=gnu++14 gcov: 1 failures in line counts, 0 in branch percentages, 0 in return percentages, 0 in intermediate format
FAIL: g++.dg/gcov/pr16855.C -std=gnu++14 line 21: is #####:should be 1
FAIL: g++.dg/gcov/pr16855.C -std=gnu++98 gcov: 1 failures in line counts, 0 in branch percentages, 0 in return percentages, 0 in intermediate format
FAIL: g++.dg/gcov/pr16855.C -std=gnu++98 line 21: is #####:should be 1
=== g++ Summary for unix ===
# of expected passes 113886
# of unexpected failures 14
# of expected failures 512
# of unresolved testcases 1
# of unsupported tests 5343
Running target unix/-m64
FAIL: g++.dg/pr83239.C -std=gnu++98 (test for excess errors)
FAIL: g++.dg/gcov/pr16855-priority.C -std=gnu++11 gcov: 1 failures in line counts, 0 in branch percentages, 0 in return percentages, 0 in intermediate format
FAIL: g++.dg/gcov/pr16855-priority.C -std=gnu++11 line 22: is #####:should be 1
FAIL: g++.dg/gcov/pr16855-priority.C -std=gnu++14 gcov: 1 failures in line counts, 0 in branch percentages, 0 in return percentages, 0 in intermediate format
FAIL: g++.dg/gcov/pr16855-priority.C -std=gnu++14 line 22: is #####:should be 1
FAIL: g++.dg/gcov/pr16855-priority.C -std=gnu++98 gcov: 1 failures in line counts, 0 in branch percentages, 0 in return percentages, 0 in intermediate format
FAIL: g++.dg/gcov/pr16855-priority.C -std=gnu++98 line 22: is #####:should be 1
FAIL: g++.dg/gcov/pr16855.C -std=gnu++11 gcov: 1 failures in line counts, 0 in branch percentages, 0 in return percentages, 0 in intermediate format
FAIL: g++.dg/gcov/pr16855.C -std=gnu++11 line 21: is #####:should be 1
FAIL: g++.dg/gcov/pr16855.C -std=gnu++14 gcov: 1 failures in line counts, 0 in branch percentages, 0 in return percentages, 0 in intermediate format
FAIL: g++.dg/gcov/pr16855.C -std=gnu++14 line 21: is #####:should be 1
FAIL: g++.dg/gcov/pr16855.C -std=gnu++98 gcov: 1 failures in line counts, 0 in branch percentages, 0 in return percentages, 0 in intermediate format
FAIL: g++.dg/gcov/pr16855.C -std=gnu++98 line 21: is #####:should be 1
=== g++ Summary for unix/-m64 ===
# of expected passes 115785
# of unexpected failures 13
# of expected failures 515
# of unsupported tests 5312
=== g++ Summary ===
# of expected passes 229671
# of unexpected failures 27
# of expected failures 1027
# of unresolved testcases 1
# of unsupported tests 10655
/var/gcc/regression/gcc-8-branch/11-gcc/build/gcc/xg++ version 8.3.1 20190301 [gcc-8-branch revision 269296] (GCC)
=== gcc tests ===
Running target unix
FAIL: gcc.c-torture/compile/20071107-1.c -O2 -flto (test for excess errors)
FAIL: gcc.dg/simulate-thread/atomic-other-int.c -O2 -g thread simulation test
FAIL: gcc.dg/simulate-thread/atomic-other-int.c -O3 -g thread simulation test
FAIL: gcc.dg/simulate-thread/speculative-store-4.c -O0 -g thread simulation test
FAIL: gcc.dg/simulate-thread/speculative-store-4.c -O2 -g thread simulation test
FAIL: gcc.dg/simulate-thread/speculative-store-4.c -O3 -g thread simulation test
FAIL: gcc.dg/simulate-thread/speculative-store.c -O0 -g thread simulation test
=== gcc Summary for unix ===
# of expected passes 103189
# of unexpected failures 7
# of expected failures 477
# of unsupported tests 2783
Running target unix/-m64
=== gcc Summary for unix/-m64 ===
# of expected passes 104334
# of expected failures 467
# of unsupported tests 2530
=== gcc Summary ===
# of expected passes 207523
# of unexpected failures 7
# of expected failures 944
# of unsupported tests 5313
/var/gcc/regression/gcc-8-branch/11-gcc/build/gcc/xgcc version 8.3.1 20190301 [gcc-8-branch revision 269296] (GCC)
=== gfortran tests ===
Running target unix
FAIL: gfortran.dg/elemental_subroutine_3.f90 -O1 (test for excess errors)
FAIL: gfortran.dg/elemental_subroutine_3.f90 -O2 (test for excess errors)
FAIL: gfortran.dg/elemental_subroutine_3.f90 -O3 -fomit-frame-pointer -funroll-loops -fpeel-loops -ftracer -finline-functions (test for excess errors)
FAIL: gfortran.dg/elemental_subroutine_3.f90 -O3 -g (test for excess errors)
FAIL: gfortran.dg/elemental_subroutine_3.f90 -Os (test for excess errors)
FAIL: gfortran.dg/unlimited_polymorphic_30.f03 -O0 execution test
FAIL: gfortran.dg/unlimited_polymorphic_30.f03 -O1 execution test
=== gfortran Summary for unix ===
# of expected passes 47486
# of unexpected failures 7
# of expected failures 92
# of unsupported tests 263
Running target unix/-m64
FAIL: gfortran.dg/elemental_subroutine_3.f90 -O1 (test for excess errors)
FAIL: gfortran.dg/elemental_subroutine_3.f90 -O2 (test for excess errors)
FAIL: gfortran.dg/elemental_subroutine_3.f90 -O3 -fomit-frame-pointer -funroll-loops -fpeel-loops -ftracer -finline-functions (test for excess errors)
FAIL: gfortran.dg/elemental_subroutine_3.f90 -O3 -g (test for excess errors)
FAIL: gfortran.dg/elemental_subroutine_3.f90 -Os (test for excess errors)
FAIL: gfortran.dg/unlimited_polymorphic_30.f03 -O0 execution test
FAIL: gfortran.dg/unlimited_polymorphic_30.f03 -O1 execution test
FAIL: gfortran.dg/unlimited_polymorphic_30.f03 -O2 execution test
FAIL: gfortran.dg/unlimited_polymorphic_30.f03 -O3 -fomit-frame-pointer -funroll-loops -fpeel-loops -ftracer -finline-functions execution test
FAIL: gfortran.dg/unlimited_polymorphic_30.f03 -O3 -g execution test
FAIL: gfortran.dg/unlimited_polymorphic_30.f03 -Os execution test
=== gfortran Summary for unix/-m64 ===
# of expected passes 47729
# of unexpected failures 11
# of expected failures 92
# of unsupported tests 142
=== gfortran Summary ===
# of expected passes 95215
# of unexpected failures 18
# of expected failures 184
# of unsupported tests 405
/var/gcc/regression/gcc-8-branch/11-gcc/build/gcc/gfortran version 8.3.1 20190301 [gcc-8-branch revision 269296] (GCC)
=== gnat tests ===
Running target unix
=== gnat Summary for unix ===
# of expected passes 2681
# of expected failures 24
# of unsupported tests 23
Running target unix/-m64
FAIL: gnat.dg/sso/conv1.adb -Os (test for excess errors)
UNRESOLVED: gnat.dg/sso/conv1.adb -Os compilation failed to produce executable
FAIL: gnat.dg/sso/p13.adb -Os (test for excess errors)
UNRESOLVED: gnat.dg/sso/p13.adb -Os compilation failed to produce executable
FAIL: gnat.dg/sso/q10.adb -Os (test for excess errors)
UNRESOLVED: gnat.dg/sso/q10.adb -Os compilation failed to produce executable
FAIL: gnat.dg/sso/s12.adb -Os (test for excess errors)
UNRESOLVED: gnat.dg/sso/s12.adb -Os compilation failed to produce executable
FAIL: gnat.dg/sso/t13.adb -Os (test for excess errors)
UNRESOLVED: gnat.dg/sso/t13.adb -Os compilation failed to produce executable
=== gnat Summary for unix/-m64 ===
# of expected passes 2666
# of unexpected failures 5
# of expected failures 24
# of unresolved testcases 5
# of unsupported tests 23
=== gnat Summary ===
# of expected passes 5347
# of unexpected failures 5
# of expected failures 48
# of unresolved testcases 5
# of unsupported tests 46
/var/gcc/regression/gcc-8-branch/11-gcc/build/gcc/gnatmake version 8.3.1 20190301 [gcc-8-branch revision 269296]
=== go tests ===
Running target unix
FAIL: ./index0-out.go execution, -O0 -g -fno-var-tracking-assignments
FAIL: go.test/test/fixedbugs/issue4562.go execution, -O2 -g
FAIL: go.test/test/nil.go execution, -O2 -g
=== go Summary for unix ===
# of expected passes 7391
# of unexpected failures 3
# of expected failures 1
# of untested testcases 11
# of unsupported tests 3
Running target unix/-m64
FAIL: ./index0-out.go execution, -O0 -g -fno-var-tracking-assignments
=== go Summary for unix/-m64 ===
# of expected passes 7273
# of unexpected failures 1
# of expected failures 1
# of untested testcases 11
# of unsupported tests 3
=== go Summary ===
# of expected passes 14664
# of unexpected failures 4
# of expected failures 2
# of untested testcases 22
# of unsupported tests 6
=== obj-c++ tests ===
Running target unix
=== obj-c++ Summary for unix ===
# of expected passes 1464
# of expected failures 2
# of unsupported tests 77
Running target unix/-m64
=== obj-c++ Summary for unix/-m64 ===
# of expected passes 1456
# of expected failures 10
# of unsupported tests 77
=== obj-c++ Summary ===
# of expected passes 2920
# of expected failures 12
# of unsupported tests 154
/var/gcc/regression/gcc-8-branch/11-gcc/build/gcc/xg++ version 8.3.1 20190301 [gcc-8-branch revision 269296] (GCC)
=== objc tests ===
Running target unix
=== objc Summary for unix ===
# of expected passes 2803
# of unsupported tests 68
Running target unix/-m64
=== objc Summary for unix/-m64 ===
# of expected passes 2803
# of unsupported tests 68
=== objc Summary ===
# of expected passes 5606
# of unsupported tests 136
/var/gcc/regression/gcc-8-branch/11-gcc/build/gcc/xgcc version 8.3.1 20190301 [gcc-8-branch revision 269296] (GCC)
=== gotools tests ===
FAIL: go test cmd/go
FAIL: TestBreakpoint
FAIL: TestCgoExecSignalMask
FAIL: TestCgoExternalThreadPanic
FAIL: TestCgoLockOSThreadExit
FAIL: TestCgoSignalDeadlock
FAIL: TestCgoTraceback
FAIL: TestGccgoCrashTracebackNodebug
FAIL: TestNetpollDeadlock
FAIL: TestPanicInlined
FAIL: TestSelectStackAdjust
FAIL: go test runtime
FAIL: go test misc/cgo/test
FAIL: TestCompileWithoutShared
FAIL: TestEarlySignalHandler
FAIL: TestInstall
FAIL: TestOsSignal
FAIL: TestPIE
FAIL: TestSIGPROF
FAIL: TestSigaltstack
FAIL: TestSignalForwarding
FAIL: TestSignalForwardingExternal
FAIL: go test misc/cgo/testcarchive
=== gotools Summary ===
# of expected passes 252
# of unexpected failures 23
# of untested testcases 189
/var/gcc/regression/gcc-8-branch/11-gcc/build/./gcc/gccgo version 8.3.1 20190301 [gcc-8-branch revision 269296] (GCC)
=== libatomic tests ===
Running target unix
=== libatomic Summary for unix ===
# of expected passes 44
# of unsupported tests 5
Running target unix/-m64
=== libatomic Summary for unix/-m64 ===
# of expected passes 54
=== libatomic Summary ===
# of expected passes 98
# of unsupported tests 5
=== libffi tests ===
Running target unix
=== libffi Summary for unix ===
# of expected passes 2214
Running target unix/-m64
=== libffi Summary for unix/-m64 ===
# of expected passes 2214
=== libffi Summary ===
# of expected passes 4428
=== libgo tests ===
Running target unix
FAIL: runtime
FAIL: go/build
FAIL: net/http
FAIL: os/signal
=== libgo Summary for unix ===
# of expected passes 160
# of unexpected failures 4
Running target unix/-m64
FAIL: go/build
FAIL: net/http
=== libgo Summary for unix/-m64 ===
# of expected passes 162
# of unexpected failures 2
=== libgo Summary ===
# of expected passes 322
# of unexpected failures 6
/var/gcc/regression/gcc-8-branch/11-gcc/build/./gcc/gccgo version 8.3.1 20190301 [gcc-8-branch revision 269296] (GCC)
=== libgomp tests ===
Running target unix
=== libgomp Summary for unix ===
# of expected passes 5449
# of expected failures 2
# of unsupported tests 366
Running target unix/-m64
=== libgomp Summary for unix/-m64 ===
# of expected passes 5449
# of expected failures 2
# of unsupported tests 366
=== libgomp Summary ===
# of expected passes 10898
# of expected failures 4
# of unsupported tests 732
=== libitm tests ===
Running target unix
=== libitm Summary for unix ===
# of expected passes 42
# of expected failures 3
# of unsupported tests 1
Running target unix/-m64
=== libitm Summary for unix/-m64 ===
# of expected passes 42
# of expected failures 3
# of unsupported tests 1
=== libitm Summary ===
# of expected passes 84
# of expected failures 6
# of unsupported tests 2
=== libstdc++ tests ===
Running target unix
FAIL: 17_intro/using_namespace_std.cc (test for excess errors)
=== libstdc++ Summary for unix ===
# of expected passes 11424
# of unexpected failures 1
# of expected failures 71
# of unsupported tests 640
Running target unix/-m64
=== libstdc++ Summary for unix/-m64 ===
# of expected passes 11425
# of expected failures 71
# of unsupported tests 640
=== libstdc++ Summary ===
# of expected passes 22849
# of unexpected failures 1
# of expected failures 142
# of unsupported tests 1280
Compiler version: 8.3.1 20190301 [gcc-8-branch revision 269296] (GCC)
Platform: sparc-sun-solaris2.11
configure flags: --prefix=/vol/gcc --target=sparc-sun-solaris2.11 --enable-objc-gc --with-target-bdw-gc-include=/vol/gcc/include --with-target-bdw-gc-lib=/vol/gcc/lib,sparcv9=/vol/gcc/lib/sparcv9 --with-as=/usr/ccs/bin/as --without-gnu-as --with-gmp-include=/vol/gcc/include --with-gmp-lib=/vol/gcc/lib --with-mpfr-include=/vol/gcc/include --with-mpfr-lib=/vol/gcc/lib --with-mpc-include=/vol/gcc/include --with-mpc-lib=/vol/gcc/lib --enable-languages=all,ada,obj-c++,go --with-isl-include=/vol/gcc/include --with-isl-lib=/vol/gcc/lib --build=sparc-sun-solaris2.11 --host=sparc-sun-solaris2.11
BOOT_CFLAGS=-g -O2
More information about the Gcc-testresults
mailing list