Results for 10.0.0 20190531 (experimental) [trunk revision 271803] (GCC) testsuite on sparc-sun-solaris2.11
Rainer Orth
ro@CeBiTec.Uni-Bielefeld.DE
Sat Jun 1 12:14:00 GMT 2019
LAST_UPDATED: Fri May 31 08:42:08 UTC 2019 (revision 271803)
=== acats tests ===
=== acats Summary ===
# of expected passes 2320
# of unexpected failures 0
Native configuration is sparc-sun-solaris2.11
=== g++ tests ===
Running target unix
FAIL: c-c++-common/asan/pointer-subtract-3.c -O0 execution test
FAIL: c-c++-common/asan/pointer-subtract-3.c -O1 execution test
FAIL: c-c++-common/asan/pointer-subtract-3.c -O2 execution test
FAIL: c-c++-common/asan/pointer-subtract-3.c -O2 -flto -fno-use-linker-plugin -flto-partition=none execution test
FAIL: c-c++-common/asan/pointer-subtract-3.c -O2 -flto -fuse-linker-plugin -fno-fat-lto-objects execution test
FAIL: c-c++-common/asan/pointer-subtract-3.c -O3 -g execution test
FAIL: c-c++-common/asan/pointer-subtract-3.c -Os execution test
FAIL: g++.dg/asan/default-options-1.C -O0 execution test
FAIL: g++.dg/asan/default-options-1.C -O1 execution test
FAIL: g++.dg/asan/default-options-1.C -O2 execution test
FAIL: g++.dg/asan/default-options-1.C -O2 -flto -fno-use-linker-plugin -flto-partition=none execution test
FAIL: g++.dg/asan/default-options-1.C -O2 -flto -fuse-linker-plugin -fno-fat-lto-objects execution test
FAIL: g++.dg/asan/default-options-1.C -O3 -g execution test
FAIL: g++.dg/asan/default-options-1.C -Os execution test
FAIL: g++.dg/gcov/pr16855-priority.C -std=gnu++14 gcov: 1 failures in line counts, 0 in branch percentages, 0 in return percentages, 0 in intermediate format
FAIL: g++.dg/gcov/pr16855-priority.C -std=gnu++14 line 22: is #####:should be 1
FAIL: g++.dg/gcov/pr16855-priority.C -std=gnu++17 gcov: 1 failures in line counts, 0 in branch percentages, 0 in return percentages, 0 in intermediate format
FAIL: g++.dg/gcov/pr16855-priority.C -std=gnu++17 line 22: is #####:should be 1
FAIL: g++.dg/gcov/pr16855-priority.C -std=gnu++98 gcov: 1 failures in line counts, 0 in branch percentages, 0 in return percentages, 0 in intermediate format
FAIL: g++.dg/gcov/pr16855-priority.C -std=gnu++98 line 22: is #####:should be 1
FAIL: g++.dg/gcov/pr16855.C -std=gnu++14 gcov: 1 failures in line counts, 0 in branch percentages, 0 in return percentages, 0 in intermediate format
FAIL: g++.dg/gcov/pr16855.C -std=gnu++14 line 21: is #####:should be 1
FAIL: g++.dg/gcov/pr16855.C -std=gnu++17 gcov: 1 failures in line counts, 0 in branch percentages, 0 in return percentages, 0 in intermediate format
FAIL: g++.dg/gcov/pr16855.C -std=gnu++17 line 21: is #####:should be 1
FAIL: g++.dg/gcov/pr16855.C -std=gnu++98 gcov: 1 failures in line counts, 0 in branch percentages, 0 in return percentages, 0 in intermediate format
FAIL: g++.dg/gcov/pr16855.C -std=gnu++98 line 21: is #####:should be 1
=== g++ Summary for unix ===
# of expected passes 129347
# of unexpected failures 26
# of expected failures 510
# of unsupported tests 6642
Running target unix/-m64
FAIL: g++.dg/gcov/pr16855-priority.C -std=gnu++14 gcov: 1 failures in line counts, 0 in branch percentages, 0 in return percentages, 0 in intermediate format
FAIL: g++.dg/gcov/pr16855-priority.C -std=gnu++14 line 22: is #####:should be 1
FAIL: g++.dg/gcov/pr16855-priority.C -std=gnu++17 gcov: 1 failures in line counts, 0 in branch percentages, 0 in return percentages, 0 in intermediate format
FAIL: g++.dg/gcov/pr16855-priority.C -std=gnu++17 line 22: is #####:should be 1
FAIL: g++.dg/gcov/pr16855-priority.C -std=gnu++98 gcov: 1 failures in line counts, 0 in branch percentages, 0 in return percentages, 0 in intermediate format
FAIL: g++.dg/gcov/pr16855-priority.C -std=gnu++98 line 22: is #####:should be 1
FAIL: g++.dg/gcov/pr16855.C -std=gnu++14 gcov: 1 failures in line counts, 0 in branch percentages, 0 in return percentages, 0 in intermediate format
FAIL: g++.dg/gcov/pr16855.C -std=gnu++14 line 21: is #####:should be 1
FAIL: g++.dg/gcov/pr16855.C -std=gnu++17 gcov: 1 failures in line counts, 0 in branch percentages, 0 in return percentages, 0 in intermediate format
FAIL: g++.dg/gcov/pr16855.C -std=gnu++17 line 21: is #####:should be 1
FAIL: g++.dg/gcov/pr16855.C -std=gnu++98 gcov: 1 failures in line counts, 0 in branch percentages, 0 in return percentages, 0 in intermediate format
FAIL: g++.dg/gcov/pr16855.C -std=gnu++98 line 21: is #####:should be 1
=== g++ Summary for unix/-m64 ===
# of expected passes 129533
# of unexpected failures 12
# of expected failures 513
# of unsupported tests 6341
=== g++ Summary ===
# of expected passes 258880
# of unexpected failures 38
# of expected failures 1023
# of unsupported tests 12983
/var/gcc/regression/trunk/11-gcc-gas-gld/build/gcc/xg++ version 10.0.0 20190531 (experimental) [trunk revision 271803] (GCC)
=== gcc tests ===
Running target unix
FAIL: gcc.c-torture/compile/20000606-1.c -Os (test for excess errors)
FAIL: gcc.c-torture/execute/pr64242.c -O2 execution test
FAIL: gcc.c-torture/execute/pr64242.c -O2 -flto -fno-use-linker-plugin -flto-partition=none execution test
FAIL: gcc.c-torture/execute/pr64242.c -O2 -flto -fuse-linker-plugin -fno-fat-lto-objects execution test
FAIL: gcc.c-torture/execute/pr64242.c -O3 -g execution test
FAIL: gcc.c-torture/execute/pr64242.c -Os execution test
FAIL: c-c++-common/asan/pointer-subtract-3.c -O0 execution test
FAIL: c-c++-common/asan/pointer-subtract-3.c -O1 execution test
FAIL: c-c++-common/asan/pointer-subtract-3.c -O2 execution test
FAIL: c-c++-common/asan/pointer-subtract-3.c -O2 -flto -fno-use-linker-plugin -flto-partition=none execution test
FAIL: c-c++-common/asan/pointer-subtract-3.c -O2 -flto -fuse-linker-plugin -fno-fat-lto-objects execution test
FAIL: c-c++-common/asan/pointer-subtract-3.c -O3 -g execution test
FAIL: c-c++-common/asan/pointer-subtract-3.c -Os execution test
FAIL: gcc.dg/pr84877.c execution test
FAIL: gcc.dg/simulate-thread/atomic-other-int.c -O2 -g thread simulation test
FAIL: gcc.dg/simulate-thread/atomic-other-int.c -O3 -g thread simulation test
FAIL: gcc.dg/simulate-thread/speculative-store-4.c -O0 -g thread simulation test
FAIL: gcc.dg/simulate-thread/speculative-store-4.c -O2 -g thread simulation test
FAIL: gcc.dg/simulate-thread/speculative-store-4.c -O3 -g thread simulation test
FAIL: gcc.dg/simulate-thread/speculative-store.c -O0 -g thread simulation test
XPASS: gcc.dg/vect/bb-slp-div-1.c -flto -ffat-lto-objects scan-tree-dump slp2 "basic block vectorized"
XPASS: gcc.dg/vect/bb-slp-div-1.c scan-tree-dump slp2 "basic block vectorized"
=== gcc Summary for unix ===
# of expected passes 114562
# of unexpected failures 20
# of unexpected successes 2
# of expected failures 602
# of unsupported tests 3500
Running target unix/-m64
FAIL: gcc.c-torture/execute/pr64242.c -O2 execution test
FAIL: gcc.c-torture/execute/pr64242.c -O2 -flto -fno-use-linker-plugin -flto-partition=none execution test
FAIL: gcc.c-torture/execute/pr64242.c -O2 -flto -fuse-linker-plugin -fno-fat-lto-objects execution test
FAIL: gcc.c-torture/execute/pr64242.c -O3 -g execution test
FAIL: gcc.c-torture/execute/pr64242.c -Os execution test
XPASS: gcc.dg/vect/bb-slp-div-1.c -flto -ffat-lto-objects scan-tree-dump slp2 "basic block vectorized"
XPASS: gcc.dg/vect/bb-slp-div-1.c scan-tree-dump slp2 "basic block vectorized"
=== gcc Summary for unix/-m64 ===
# of expected passes 114135
# of unexpected failures 5
# of unexpected successes 2
# of expected failures 596
# of unsupported tests 2890
=== gcc Summary ===
# of expected passes 228697
# of unexpected failures 25
# of unexpected successes 4
# of expected failures 1198
# of unsupported tests 6390
/var/gcc/regression/trunk/11-gcc-gas-gld/build/gcc/xgcc version 10.0.0 20190531 (experimental) [trunk revision 271803] (GCC)
=== gdc tests ===
Running target unix
FAIL: gdc.test/runnable/mars1.d -O2 (internal compiler error)
FAIL: gdc.test/runnable/mars1.d -O2 -finline-functions (internal compiler error)
=== gdc Summary for unix ===
# of expected passes 22445
# of unexpected failures 2
# of unsupported tests 40
Running target unix/-m64
=== gdc Summary for unix/-m64 ===
# of expected passes 22445
# of unsupported tests 40
=== gdc Summary ===
# of expected passes 44890
# of unexpected failures 2
# of unsupported tests 80
/var/gcc/regression/trunk/11-gcc-gas-gld/build/gcc/gdc version 10.0.0 20190531 (experimental) [trunk revision 271803] (GCC)
=== gfortran tests ===
Running target unix
FAIL: gfortran.dg/elemental_subroutine_3.f90 -O1 (test for excess errors)
FAIL: gfortran.dg/elemental_subroutine_3.f90 -O2 (test for excess errors)
FAIL: gfortran.dg/elemental_subroutine_3.f90 -O3 -fomit-frame-pointer -funroll-loops -fpeel-loops -ftracer -finline-functions (test for excess errors)
FAIL: gfortran.dg/elemental_subroutine_3.f90 -O3 -g (test for excess errors)
FAIL: gfortran.dg/elemental_subroutine_3.f90 -Os (test for excess errors)
=== gfortran Summary for unix ===
# of expected passes 49636
# of unexpected failures 5
# of expected failures 188
# of unsupported tests 275
Running target unix/-m64
FAIL: gfortran.dg/elemental_subroutine_3.f90 -O1 (test for excess errors)
FAIL: gfortran.dg/elemental_subroutine_3.f90 -O2 (test for excess errors)
FAIL: gfortran.dg/elemental_subroutine_3.f90 -O3 -fomit-frame-pointer -funroll-loops -fpeel-loops -ftracer -finline-functions (test for excess errors)
FAIL: gfortran.dg/elemental_subroutine_3.f90 -O3 -g (test for excess errors)
FAIL: gfortran.dg/elemental_subroutine_3.f90 -Os (test for excess errors)
=== gfortran Summary for unix/-m64 ===
# of expected passes 49895
# of unexpected failures 5
# of expected failures 188
# of unsupported tests 148
=== gfortran Summary ===
# of expected passes 99531
# of unexpected failures 10
# of expected failures 376
# of unsupported tests 423
/var/gcc/regression/trunk/11-gcc-gas-gld/build/gcc/gfortran version 10.0.0 20190531 (experimental) [trunk revision 271803] (GCC)
=== gnat tests ===
Running target unix
=== gnat Summary for unix ===
# of expected passes 2940
# of expected failures 23
# of unsupported tests 29
Running target unix/-m64
=== gnat Summary for unix/-m64 ===
# of expected passes 2940
# of expected failures 23
# of unsupported tests 29
=== gnat Summary ===
# of expected passes 5880
# of expected failures 46
# of unsupported tests 58
/var/gcc/regression/trunk/11-gcc-gas-gld/build/gcc/gnatmake version 10.0.0 20190531 (experimental) [trunk revision 271803]
=== go tests ===
Running target unix
FAIL: ./index0-out.go execution, -O0 -g -fno-var-tracking-assignments
=== go Summary for unix ===
# of expected passes 7469
# of unexpected failures 1
# of expected failures 1
# of untested testcases 11
# of unsupported tests 3
Running target unix/-m64
FAIL: ./index0-out.go execution, -O0 -g -fno-var-tracking-assignments
=== go Summary for unix/-m64 ===
# of expected passes 7349
# of unexpected failures 1
# of expected failures 1
# of untested testcases 11
# of unsupported tests 3
=== go Summary ===
# of expected passes 14818
# of unexpected failures 2
# of expected failures 2
# of untested testcases 22
# of unsupported tests 6
/var/gcc/regression/trunk/11-gcc-gas-gld/build/gcc/gccgo version 10.0.0 20190531 (experimental) [trunk revision 271803] (GCC)
=== obj-c++ tests ===
Running target unix
=== obj-c++ Summary for unix ===
# of expected passes 1450
# of expected failures 2
# of unsupported tests 77
Running target unix/-m64
=== obj-c++ Summary for unix/-m64 ===
# of expected passes 1442
# of expected failures 10
# of unsupported tests 77
=== obj-c++ Summary ===
# of expected passes 2892
# of expected failures 12
# of unsupported tests 154
/var/gcc/regression/trunk/11-gcc-gas-gld/build/gcc/xg++ version 10.0.0 20190531 (experimental) [trunk revision 271803] (GCC)
=== objc tests ===
Running target unix
=== objc Summary for unix ===
# of expected passes 2782
# of unsupported tests 68
Running target unix/-m64
=== objc Summary for unix/-m64 ===
# of expected passes 2782
# of unsupported tests 68
=== objc Summary ===
# of expected passes 5564
# of unsupported tests 136
/var/gcc/regression/trunk/11-gcc-gas-gld/build/gcc/xgcc version 10.0.0 20190531 (experimental) [trunk revision 271803] (GCC)
=== gotools tests ===
FAIL: go test cmd/go
FAIL: go test runtime
FAIL: go test misc/cgo/test
FAIL: TestCompileWithoutShared
FAIL: TestEarlySignalHandler
FAIL: TestOsSignal
FAIL: TestSigaltstack
FAIL: TestSignalForwarding
FAIL: TestSignalForwardingExternal
FAIL: go test misc/cgo/testcarchive
FAIL: TestTags
FAIL: TestVet
FAIL: go test cmd/vet
=== gotools Summary ===
# of expected passes 4
# of unexpected failures 13
# of untested testcases 1
/var/gcc/regression/trunk/11-gcc-gas-gld/build/./gcc/gccgo version 10.0.0 20190531 (experimental) [trunk revision 271803] (GCC)
=== libatomic tests ===
Running target unix
=== libatomic Summary for unix ===
# of expected passes 44
# of unsupported tests 5
Running target unix/-m64
=== libatomic Summary for unix/-m64 ===
# of expected passes 54
=== libatomic Summary ===
# of expected passes 98
# of unsupported tests 5
=== libffi tests ===
Running target unix
=== libffi Summary for unix ===
# of expected passes 2214
Running target unix/-m64
=== libffi Summary for unix/-m64 ===
# of expected passes 2214
=== libffi Summary ===
# of expected passes 4428
=== libgo tests ===
Running target unix
FAIL: go/build
FAIL: internal/x/crypto/cryptobyte
FAIL: runtime
FAIL: runtime/pprof
FAIL: sync/atomic
=== libgo Summary for unix ===
# of expected passes 180
# of unexpected failures 5
Running target unix/-m64
FAIL: go/build
FAIL: os/signal
FAIL: runtime
FAIL: runtime/pprof
FAIL: sync/atomic
=== libgo Summary for unix/-m64 ===
# of expected passes 180
# of unexpected failures 5
=== libgo Summary ===
# of expected passes 360
# of unexpected failures 10
/var/gcc/regression/trunk/11-gcc-gas-gld/build/./gcc/gccgo version 10.0.0 20190531 (experimental) [trunk revision 271803] (GCC)
=== libgomp tests ===
Running target unix
FAIL: libgomp.c/../libgomp.c-c++-common/for-15.c (test for excess errors)
UNRESOLVED: libgomp.c/../libgomp.c-c++-common/for-15.c compilation failed to produce executable
FAIL: libgomp.c/../libgomp.c-c++-common/for-6.c (test for excess errors)
UNRESOLVED: libgomp.c/../libgomp.c-c++-common/for-6.c compilation failed to produce executable
FAIL: libgomp.c/loop-6.c (test for excess errors)
UNRESOLVED: libgomp.c/loop-6.c compilation failed to produce executable
FAIL: libgomp.c/nestedfn-3.c execution test
FAIL: libgomp.c/omp-loop02.c (test for excess errors)
UNRESOLVED: libgomp.c/omp-loop02.c compilation failed to produce executable
=== libgomp Summary for unix ===
# of expected passes 6388
# of unexpected failures 5
# of expected failures 4
# of unresolved testcases 4
# of unsupported tests 424
Running target unix/-m64
WARNING: libgomp.c++/task-reduction-10.C execution test program timed out.
FAIL: libgomp.c++/task-reduction-10.C execution test
=== libgomp Summary for unix/-m64 ===
# of expected passes 6396
# of unexpected failures 1
# of expected failures 4
# of unsupported tests 424
=== libgomp Summary ===
# of expected passes 12784
# of unexpected failures 6
# of expected failures 8
# of unresolved testcases 4
# of unsupported tests 848
=== libitm tests ===
Running target unix
=== libitm Summary for unix ===
# of expected passes 42
# of expected failures 3
# of unsupported tests 1
Running target unix/-m64
=== libitm Summary for unix/-m64 ===
# of expected passes 42
# of expected failures 3
# of unsupported tests 1
=== libitm Summary ===
# of expected passes 84
# of expected failures 6
# of unsupported tests 2
=== libstdc++ tests ===
Running target unix
FAIL: 17_intro/headers/c++1998/complex.cc (test for excess errors)
FAIL: 18_support/50594.cc execution test
FAIL: 18_support/bad_typeid/cons_virtual_derivation.cc (test for excess errors)
UNRESOLVED: 18_support/bad_typeid/cons_virtual_derivation.cc compilation failed to produce executable
FAIL: 18_support/exception_ptr/40296.cc (test for excess errors)
FAIL: 18_support/exception_ptr/requirements.cc (test for excess errors)
UNRESOLVED: 18_support/exception_ptr/requirements.cc compilation failed to produce executable
FAIL: 18_support/headers/csignal/macros.cc (test for excess errors)
FAIL: 18_support/headers/cstdint/types_std_c++0x.cc (test for excess errors)
FAIL: 18_support/headers/new/types_std.cc (test for excess errors)
FAIL: 18_support/launder/1.cc execution test
=== libstdc++ Summary for unix ===
# of expected passes 12013
# of unexpected failures 9
# of expected failures 78
# of unresolved testcases 2
# of unsupported tests 712
Running target unix/-m64
=== libstdc++ Summary for unix/-m64 ===
# of expected passes 12024
# of expected failures 78
# of unsupported tests 712
=== libstdc++ Summary ===
# of expected passes 24037
# of unexpected failures 9
# of expected failures 156
# of unresolved testcases 2
# of unsupported tests 1424
Compiler version: 10.0.0 20190531 (experimental) [trunk revision 271803] (GCC)
Platform: sparc-sun-solaris2.11
configure flags: --prefix=/vol/gcc --target=sparc-sun-solaris2.11 --enable-objc-gc --with-target-bdw-gc-include=/vol/gcc/include --with-target-bdw-gc-lib=/vol/gcc/lib,sparcv9=/vol/gcc/lib/sparcv9 --with-as=/vol/gcc/bin/gas-2.32 --with-gnu-as --with-ld=/vol/gcc/bin/gld-2.32 --with-gnu-ld --with-gmp-include=/vol/gcc/include --with-gmp-lib=/vol/gcc/lib --with-mpfr-include=/vol/gcc/include --with-mpfr-lib=/vol/gcc/lib --with-mpc-include=/vol/gcc/include --with-mpc-lib=/vol/gcc/lib --enable-languages=all,ada,obj-c++,go --with-isl-include=/vol/gcc/include --with-isl-lib=/vol/gcc/lib --build=sparc-sun-solaris2.11 --host=sparc-sun-solaris2.11
BOOT_CFLAGS=-g -O2
More information about the Gcc-testresults
mailing list