Results for 10.0.0 20190705 (experimental) [trunk revision 273133] (GCC) testsuite on x86_64-pc-solaris2.11
Rainer Orth
ro@CeBiTec.Uni-Bielefeld.DE
Sat Jul 6 03:53:00 GMT 2019
LAST_UPDATED: Fri Jul 5 12:11:27 UTC 2019 (revision 273133)
Native configuration is x86_64-pc-solaris2.11
=== libatomic tests ===
Running target unix/-m32
=== libatomic Summary for unix/-m32 ===
# of expected passes 44
# of unsupported tests 5
Running target unix
=== libatomic Summary for unix ===
# of expected passes 54
=== libatomic Summary ===
# of expected passes 98
# of unsupported tests 5
=== libffi tests ===
Running target unix/-m32
=== libffi Summary for unix/-m32 ===
# of expected passes 2799
Running target unix
=== libffi Summary for unix ===
# of expected passes 2214
=== libffi Summary ===
# of expected passes 5013
=== libgo tests ===
Running target unix
FAIL: go/build
=== libgo Summary for unix ===
# of expected passes 184
# of unexpected failures 1
Running target unix/-m32
FAIL: go/build
FAIL: runtime
=== libgo Summary for unix/-m32 ===
# of expected passes 183
# of unexpected failures 2
=== libgo Summary ===
# of expected passes 367
# of unexpected failures 3
/var/gcc/regression/trunk/11-gcc-gas-64/build/./gcc/gccgo version 10.0.0 20190705 (experimental) [trunk revision 273133] (GCC)
=== libgomp tests ===
Running target unix
WARNING: libgomp.c++/task-reduction-10.C execution test program timed out.
FAIL: libgomp.c++/task-reduction-10.C execution test
=== libgomp Summary for unix ===
# of expected passes 6686
# of unexpected failures 1
# of expected failures 4
# of unsupported tests 351
Running target unix/-m32
=== libgomp Summary for unix/-m32 ===
# of expected passes 6687
# of expected failures 4
# of unsupported tests 351
=== libgomp Summary ===
# of expected passes 13373
# of unexpected failures 1
# of expected failures 8
# of unsupported tests 702
=== libitm tests ===
Running target unix/-m32
=== libitm Summary for unix/-m32 ===
# of expected passes 42
# of expected failures 3
# of unsupported tests 1
Running target unix
=== libitm Summary for unix ===
# of expected passes 42
# of expected failures 3
# of unsupported tests 1
=== libitm Summary ===
# of expected passes 84
# of expected failures 6
# of unsupported tests 2
=== libphobos tests ===
Running target unix
FAIL: libphobos.phobos_shared/std/datetime/systime.d execution test
FAIL: libphobos.phobos_shared/std/datetime/timezone.d execution test
FAIL: libphobos.phobos_shared/std/format.d execution test
FAIL: libphobos.phobos_shared/std/math.d execution test
FAIL: libphobos.phobos_shared/std/parallelism.d execution test
FAIL: libphobos.shared/finalize.d -shared-libphobos -ldl execution test
FAIL: libphobos.shared/linkD.c lib.so -ldl -pthread execution test
FAIL: libphobos.shared/load.d -shared-libphobos -ldl execution test
FAIL: libphobos.shared/load_13414.d -shared-libphobos -ldl execution test
=== libphobos Summary for unix ===
# of expected passes 415
# of unexpected failures 9
Running target unix/-m32
FAIL: libphobos.phobos_shared/std/datetime/systime.d execution test
FAIL: libphobos.phobos_shared/std/datetime/timezone.d execution test
FAIL: libphobos.phobos_shared/std/format.d execution test
FAIL: libphobos.phobos_shared/std/math.d execution test
FAIL: libphobos.phobos_shared/std/parallelism.d execution test
FAIL: libphobos.shared/finalize.d -shared-libphobos -ldl execution test
FAIL: libphobos.shared/linkD.c lib.so -ldl -pthread execution test
FAIL: libphobos.shared/load.d -shared-libphobos -ldl execution test
FAIL: libphobos.shared/load_13414.d -shared-libphobos -ldl execution test
=== libphobos Summary for unix/-m32 ===
# of expected passes 415
# of unexpected failures 9
=== libphobos Summary ===
# of expected passes 830
# of unexpected failures 18
=== libstdc++ tests ===
Running target unix
=== libstdc++ Summary for unix ===
# of expected passes 12139
# of expected failures 78
# of unsupported tests 702
Running target unix/-m32
XPASS: experimental/memory_resource/new_delete_resource.cc execution test
=== libstdc++ Summary for unix/-m32 ===
# of expected passes 12146
# of unexpected successes 1
# of expected failures 78
# of unsupported tests 698
=== libstdc++ Summary ===
# of expected passes 24285
# of unexpected successes 1
# of expected failures 156
# of unsupported tests 1400
=== acats tests ===
=== acats Summary ===
# of expected passes 2320
# of unexpected failures 0
=== g++ tests ===
Running target unix
FAIL: g++.dg/pr80481.C -std=gnu++14 scan-assembler-not vmovaps
FAIL: g++.dg/pr80481.C -std=gnu++17 scan-assembler-not vmovaps
FAIL: g++.dg/pr80481.C -std=gnu++98 scan-assembler-not vmovaps
FAIL: g++.dg/gcov/pr16855-priority.C -std=gnu++14 gcov: 1 failures in line counts, 0 in branch percentages, 0 in return percentages, 0 in intermediate format
FAIL: g++.dg/gcov/pr16855-priority.C -std=gnu++14 line 22: is #####:should be 1
FAIL: g++.dg/gcov/pr16855-priority.C -std=gnu++17 gcov: 1 failures in line counts, 0 in branch percentages, 0 in return percentages, 0 in intermediate format
FAIL: g++.dg/gcov/pr16855-priority.C -std=gnu++17 line 22: is #####:should be 1
FAIL: g++.dg/gcov/pr16855-priority.C -std=gnu++98 gcov: 1 failures in line counts, 0 in branch percentages, 0 in return percentages, 0 in intermediate format
FAIL: g++.dg/gcov/pr16855-priority.C -std=gnu++98 line 22: is #####:should be 1
FAIL: g++.dg/gcov/pr16855.C -std=gnu++14 gcov: 1 failures in line counts, 0 in branch percentages, 0 in return percentages, 0 in intermediate format
FAIL: g++.dg/gcov/pr16855.C -std=gnu++14 line 21: is #####:should be 1
FAIL: g++.dg/gcov/pr16855.C -std=gnu++17 gcov: 1 failures in line counts, 0 in branch percentages, 0 in return percentages, 0 in intermediate format
FAIL: g++.dg/gcov/pr16855.C -std=gnu++17 line 21: is #####:should be 1
FAIL: g++.dg/gcov/pr16855.C -std=gnu++98 gcov: 1 failures in line counts, 0 in branch percentages, 0 in return percentages, 0 in intermediate format
FAIL: g++.dg/gcov/pr16855.C -std=gnu++98 line 21: is #####:should be 1
FAIL: g++.dg/lto/alias-1 cp_lto_alias-1_0.o-cp_lto_alias-1_1.o execute -O2 -flto
FAIL: g++.dg/lto/alias-2 cp_lto_alias-2_0.o-cp_lto_alias-2_1.o execute -O2 -flto
FAIL: g++.dg/lto/pr89335 cp_lto_pr89335_0.o assemble, -O2 -flto -Wsuggest-final-methods
=== g++ Summary for unix ===
# of expected passes 131732
# of unexpected failures 18
# of expected failures 539
# of unsupported tests 6110
Running target unix/-m32
FAIL: c-c++-common/asan/swapcontext-test-1.c -O0 execution test
FAIL: c-c++-common/asan/swapcontext-test-1.c -O1 execution test
FAIL: c-c++-common/asan/swapcontext-test-1.c -O2 execution test
FAIL: c-c++-common/asan/swapcontext-test-1.c -O2 -flto execution test
FAIL: c-c++-common/asan/swapcontext-test-1.c -O2 -flto -flto-partition=none execution test
FAIL: c-c++-common/asan/swapcontext-test-1.c -O3 -fomit-frame-pointer -funroll-loops -fpeel-loops -ftracer -finline-functions execution test
FAIL: c-c++-common/asan/swapcontext-test-1.c -O3 -g execution test
FAIL: c-c++-common/asan/swapcontext-test-1.c -Os execution test
FAIL: g++.dg/asan/default-options-1.C -O0 execution test
FAIL: g++.dg/asan/default-options-1.C -O1 execution test
FAIL: g++.dg/asan/default-options-1.C -O2 execution test
FAIL: g++.dg/asan/default-options-1.C -O2 -flto execution test
FAIL: g++.dg/asan/default-options-1.C -O2 -flto -flto-partition=none execution test
FAIL: g++.dg/asan/default-options-1.C -O3 -g execution test
FAIL: g++.dg/asan/default-options-1.C -Os execution test
FAIL: g++.dg/opt/pr59470.C -std=gnu++14 (test for excess errors)
UNRESOLVED: g++.dg/opt/pr59470.C -std=gnu++14 compilation failed to produce executable
FAIL: g++.dg/opt/pr59470.C -std=gnu++17 (test for excess errors)
UNRESOLVED: g++.dg/opt/pr59470.C -std=gnu++17 compilation failed to produce executable
FAIL: g++.dg/opt/pr59470.C -std=gnu++98 (test for excess errors)
UNRESOLVED: g++.dg/opt/pr59470.C -std=gnu++98 compilation failed to produce executable
FAIL: g++.dg/tree-ssa/pr90883.C scan-tree-dump dse1 "Deleted redundant store: .*.a = {}"
FAIL: g++.dg/gcov/pr16855-priority.C -std=gnu++14 gcov: 1 failures in line counts, 0 in branch percentages, 0 in return percentages, 0 in intermediate format
FAIL: g++.dg/gcov/pr16855-priority.C -std=gnu++14 line 22: is #####:should be 1
FAIL: g++.dg/gcov/pr16855-priority.C -std=gnu++17 gcov: 1 failures in line counts, 0 in branch percentages, 0 in return percentages, 0 in intermediate format
FAIL: g++.dg/gcov/pr16855-priority.C -std=gnu++17 line 22: is #####:should be 1
FAIL: g++.dg/gcov/pr16855-priority.C -std=gnu++98 gcov: 1 failures in line counts, 0 in branch percentages, 0 in return percentages, 0 in intermediate format
FAIL: g++.dg/gcov/pr16855-priority.C -std=gnu++98 line 22: is #####:should be 1
FAIL: g++.dg/gcov/pr16855.C -std=gnu++14 gcov: 1 failures in line counts, 0 in branch percentages, 0 in return percentages, 0 in intermediate format
FAIL: g++.dg/gcov/pr16855.C -std=gnu++14 line 21: is #####:should be 1
FAIL: g++.dg/gcov/pr16855.C -std=gnu++17 gcov: 1 failures in line counts, 0 in branch percentages, 0 in return percentages, 0 in intermediate format
FAIL: g++.dg/gcov/pr16855.C -std=gnu++17 line 21: is #####:should be 1
FAIL: g++.dg/gcov/pr16855.C -std=gnu++98 gcov: 1 failures in line counts, 0 in branch percentages, 0 in return percentages, 0 in intermediate format
FAIL: g++.dg/gcov/pr16855.C -std=gnu++98 line 21: is #####:should be 1
FAIL: g++.dg/lto/alias-1 cp_lto_alias-1_0.o-cp_lto_alias-1_1.o execute -O2 -flto
FAIL: g++.dg/lto/alias-2 cp_lto_alias-2_0.o-cp_lto_alias-2_1.o execute -O2 -flto
FAIL: g++.dg/lto/pr89335 cp_lto_pr89335_0.o assemble, -O2 -flto -Wsuggest-final-methods
=== g++ Summary for unix/-m32 ===
# of expected passes 131948
# of unexpected failures 34
# of expected failures 536
# of unresolved testcases 3
# of unsupported tests 6174
=== g++ Summary ===
# of expected passes 263680
# of unexpected failures 52
# of expected failures 1075
# of unresolved testcases 3
# of unsupported tests 12284
/var/gcc/regression/trunk/11-gcc-gas-64/build/gcc/xg++ version 10.0.0 20190705 (experimental) [trunk revision 273133] (GCC)
=== gcc tests ===
Running target unix
FAIL: gcc.dg/ipa/ipa-icf-38.c scan-ltrans-tree-dump-not optimized "Function bar"
FAIL: gcc.target/i386/pr57193.c scan-assembler-times movdqa 2
=== gcc Summary for unix ===
# of expected passes 137372
# of unexpected failures 2
# of expected failures 537
# of unsupported tests 2360
Running target unix/-m32
FAIL: c-c++-common/asan/swapcontext-test-1.c -O0 execution test
FAIL: c-c++-common/asan/swapcontext-test-1.c -O1 execution test
FAIL: c-c++-common/asan/swapcontext-test-1.c -O2 execution test
FAIL: c-c++-common/asan/swapcontext-test-1.c -O2 -flto execution test
FAIL: c-c++-common/asan/swapcontext-test-1.c -O2 -flto -flto-partition=none execution test
FAIL: c-c++-common/asan/swapcontext-test-1.c -O3 -fomit-frame-pointer -funroll-loops -fpeel-loops -ftracer -finline-functions execution test
FAIL: c-c++-common/asan/swapcontext-test-1.c -O3 -g execution test
FAIL: c-c++-common/asan/swapcontext-test-1.c -Os execution test
FAIL: gcc.dg/ipa/ipa-icf-38.c scan-ltrans-tree-dump-not optimized "Function bar"
FAIL: gcc.target/i386/pr57193.c scan-assembler-times movdqa 2
=== gcc Summary for unix/-m32 ===
# of expected passes 136989
# of unexpected failures 10
# of expected failures 543
# of unsupported tests 2862
=== gcc Summary ===
# of expected passes 274361
# of unexpected failures 12
# of expected failures 1080
# of unsupported tests 5222
/var/gcc/regression/trunk/11-gcc-gas-64/build/gcc/xgcc version 10.0.0 20190705 (experimental) [trunk revision 273133] (GCC)
=== gdc tests ===
Running target unix
FAIL: gdc.dg/lto/ltotests d_lto_ltotests_0.o-d_lto_ltotests_1.o link, -O0 -flto (internal compiler error)
FAIL: gdc.dg/lto/ltotests d_lto_ltotests_0.o-d_lto_ltotests_1.o link, -O0 -flto -flto-partition=1to1 (internal compiler error)
FAIL: gdc.dg/lto/ltotests d_lto_ltotests_0.o-d_lto_ltotests_1.o link, -O0 -flto -flto-partition=none (internal compiler error)
FAIL: gdc.dg/lto/ltotests d_lto_ltotests_0.o-d_lto_ltotests_1.o link, -O2 -flto (internal compiler error)
FAIL: gdc.dg/lto/ltotests d_lto_ltotests_0.o-d_lto_ltotests_1.o link, -O2 -flto -flto-partition=1to1 (internal compiler error)
FAIL: gdc.dg/lto/ltotests d_lto_ltotests_0.o-d_lto_ltotests_1.o link, -O2 -flto -flto-partition=none (internal compiler error)
=== gdc Summary for unix ===
# of expected passes 29802
# of unexpected failures 6
Running target unix/-m32
FAIL: gdc.dg/lto/ltotests d_lto_ltotests_0.o-d_lto_ltotests_1.o link, -O0 -flto (internal compiler error)
FAIL: gdc.dg/lto/ltotests d_lto_ltotests_0.o-d_lto_ltotests_1.o link, -O0 -flto -flto-partition=1to1 (internal compiler error)
FAIL: gdc.dg/lto/ltotests d_lto_ltotests_0.o-d_lto_ltotests_1.o link, -O0 -flto -flto-partition=none (internal compiler error)
FAIL: gdc.dg/lto/ltotests d_lto_ltotests_0.o-d_lto_ltotests_1.o link, -O2 -flto (internal compiler error)
FAIL: gdc.dg/lto/ltotests d_lto_ltotests_0.o-d_lto_ltotests_1.o link, -O2 -flto -flto-partition=1to1 (internal compiler error)
FAIL: gdc.dg/lto/ltotests d_lto_ltotests_0.o-d_lto_ltotests_1.o link, -O2 -flto -flto-partition=none (internal compiler error)
FAIL: gdc.test/runnable/mars1.d -O2 (internal compiler error)
UNRESOLVED: gdc.test/runnable/mars1.d -O2 compilation failed to produce executable
FAIL: gdc.test/runnable/mars1.d -O2 -finline-functions (internal compiler error)
UNRESOLVED: gdc.test/runnable/mars1.d -O2 -finline-functions compilation failed to produce executable
FAIL: gdc.test/runnable/mars1.d -O2 -finline-functions -shared-libphobos (internal compiler error)
UNRESOLVED: gdc.test/runnable/mars1.d -O2 -finline-functions -shared-libphobos compilation failed to produce executable
FAIL: gdc.test/runnable/mars1.d -O2 -shared-libphobos (internal compiler error)
UNRESOLVED: gdc.test/runnable/mars1.d -O2 -shared-libphobos compilation failed to produce executable
=== gdc Summary for unix/-m32 ===
# of expected passes 29798
# of unexpected failures 10
# of unresolved testcases 4
=== gdc Summary ===
# of expected passes 59600
# of unexpected failures 16
# of unresolved testcases 4
/var/gcc/regression/trunk/11-gcc-gas-64/build/gcc/gdc version 10.0.0 20190705 (experimental) [trunk revision 273133] (GCC)
=== gfortran tests ===
Running target unix
=== gfortran Summary for unix ===
# of expected passes 50168
# of expected failures 188
# of unsupported tests 97
Running target unix/-m32
=== gfortran Summary for unix/-m32 ===
# of expected passes 49939
# of expected failures 188
# of unsupported tests 206
=== gfortran Summary ===
# of expected passes 100107
# of expected failures 376
# of unsupported tests 303
/var/gcc/regression/trunk/11-gcc-gas-64/build/gcc/gfortran version 10.0.0 20190705 (experimental) [trunk revision 273133] (GCC)
=== gnat tests ===
Running target unix
=== gnat Summary for unix ===
# of expected passes 3040
# of expected failures 23
# of unsupported tests 9
Running target unix/-m32
=== gnat Summary for unix/-m32 ===
# of expected passes 3040
# of expected failures 23
# of unsupported tests 9
=== gnat Summary ===
# of expected passes 6080
# of expected failures 46
# of unsupported tests 18
/var/gcc/regression/trunk/11-gcc-gas-64/build/gcc/gnatmake version 10.0.0 20190705 (experimental) [trunk revision 273133]
=== go tests ===
Running target unix
FAIL: ./index0-out.go execution, -O0 -g -fno-var-tracking-assignments
=== go Summary for unix ===
# of expected passes 7355
# of unexpected failures 1
# of expected failures 1
# of untested testcases 10
# of unsupported tests 1
Running target unix/-m32
FAIL: ./index0-out.go execution, -O0 -g -fno-var-tracking-assignments
FAIL: go.test/test/chan/nonblock.go execution, -O2 -g
FAIL: go.test/test/fixedbugs/issue4085b.go execution, -O2 -g
=== go Summary for unix/-m32 ===
# of expected passes 7472
# of unexpected failures 3
# of expected failures 1
# of untested testcases 10
# of unsupported tests 2
=== go Summary ===
# of expected passes 14827
# of unexpected failures 4
# of expected failures 2
# of untested testcases 20
# of unsupported tests 3
=== obj-c++ tests ===
Running target unix/-m32
=== obj-c++ Summary for unix/-m32 ===
# of expected passes 1450
# of expected failures 2
# of unsupported tests 77
Running target unix
=== obj-c++ Summary for unix ===
# of expected passes 1442
# of expected failures 10
# of unsupported tests 77
=== obj-c++ Summary ===
# of expected passes 2892
# of expected failures 12
# of unsupported tests 154
/var/gcc/regression/trunk/11-gcc-gas-64/build/gcc/xg++ version 10.0.0 20190705 (experimental) [trunk revision 273133] (GCC)
=== objc tests ===
Running target unix
=== objc Summary for unix ===
# of expected passes 2776
# of expected failures 6
# of unsupported tests 68
Running target unix/-m32
=== objc Summary for unix/-m32 ===
# of expected passes 2776
# of expected failures 6
# of unsupported tests 68
=== objc Summary ===
# of expected passes 5552
# of expected failures 12
# of unsupported tests 136
/var/gcc/regression/trunk/11-gcc-gas-64/build/gcc/xgcc version 10.0.0 20190705 (experimental) [trunk revision 273133] (GCC)
=== gotools tests ===
FAIL: TestScript
FAIL: go test cmd/go
FAIL: TestAbort
FAIL: go test runtime
=== gotools Summary ===
# of expected passes 408
# of unexpected failures 4
# of untested testcases 193
/var/gcc/regression/trunk/11-gcc-gas-64/build/./gcc/gccgo version 10.0.0 20190705 (experimental) [trunk revision 273133] (GCC)
Compiler version: 10.0.0 20190705 (experimental) [trunk revision 273133] (GCC)
Platform: x86_64-pc-solaris2.11
configure flags: --prefix=/vol/gcc --target=amd64-pc-solaris2.11 --enable-objc-gc --with-target-bdw-gc-include=/vol/gcc/include --with-target-bdw-gc-lib=/vol/gcc/lib/amd64,32=/vol/gcc/lib --with-as=/vol/gcc/bin/amd64/gas-2.32 --with-gnu-as --with-gmp-include=/vol/gcc/include --with-gmp-lib=/vol/gcc/lib/amd64 --with-mpfr-include=/vol/gcc/include --with-mpfr-lib=/vol/gcc/lib/amd64 --with-mpc-include=/vol/gcc/include --with-mpc-lib=/vol/gcc/lib/amd64 --enable-languages=all,ada,obj-c++,go --with-isl-include=/vol/gcc/include --with-isl-lib=/vol/gcc/lib/amd64 --with-zstd-include=/vol/gcc/include --with-zstd-lib=/vol/gcc/lib/amd64 --build=amd64-pc-solaris2.11 --host=amd64-pc-solaris2.11
BOOT_CFLAGS=-g -O2
More information about the Gcc-testresults
mailing list