Results for 10.0.0 20190705 (experimental) [trunk revision 273133] (GCC) testsuite on i386-pc-solaris2.11
Rainer Orth
ro@CeBiTec.Uni-Bielefeld.DE
Fri Jul 5 13:55:00 GMT 2019
LAST_UPDATED: Fri Jul 5 12:11:27 UTC 2019 (revision 273133)
=== acats tests ===
=== acats Summary ===
# of expected passes 2320
# of unexpected failures 0
Native configuration is i386-pc-solaris2.11
=== g++ tests ===
Running target unix
FAIL: c-c++-common/asan/swapcontext-test-1.c -O0 execution test
FAIL: c-c++-common/asan/swapcontext-test-1.c -O1 execution test
FAIL: c-c++-common/asan/swapcontext-test-1.c -O2 execution test
FAIL: c-c++-common/asan/swapcontext-test-1.c -O2 -flto execution test
FAIL: c-c++-common/asan/swapcontext-test-1.c -O2 -flto -flto-partition=none execution test
FAIL: c-c++-common/asan/swapcontext-test-1.c -O3 -fomit-frame-pointer -funroll-loops -fpeel-loops -ftracer -finline-functions execution test
FAIL: c-c++-common/asan/swapcontext-test-1.c -O3 -g execution test
FAIL: c-c++-common/asan/swapcontext-test-1.c -Os execution test
FAIL: g++.dg/asan/default-options-1.C -O0 execution test
FAIL: g++.dg/asan/default-options-1.C -O1 execution test
FAIL: g++.dg/asan/default-options-1.C -O2 execution test
FAIL: g++.dg/asan/default-options-1.C -O2 -flto execution test
FAIL: g++.dg/asan/default-options-1.C -O2 -flto -flto-partition=none execution test
FAIL: g++.dg/asan/default-options-1.C -O3 -g execution test
FAIL: g++.dg/asan/default-options-1.C -Os execution test
FAIL: g++.dg/gcov/pr16855-priority.C -std=gnu++14 gcov: 1 failures in line counts, 0 in branch percentages, 0 in return percentages, 0 in intermediate format
FAIL: g++.dg/gcov/pr16855-priority.C -std=gnu++14 line 22: is #####:should be 1
FAIL: g++.dg/gcov/pr16855-priority.C -std=gnu++17 gcov: 1 failures in line counts, 0 in branch percentages, 0 in return percentages, 0 in intermediate format
FAIL: g++.dg/gcov/pr16855-priority.C -std=gnu++17 line 22: is #####:should be 1
FAIL: g++.dg/gcov/pr16855-priority.C -std=gnu++98 gcov: 1 failures in line counts, 0 in branch percentages, 0 in return percentages, 0 in intermediate format
FAIL: g++.dg/gcov/pr16855-priority.C -std=gnu++98 line 22: is #####:should be 1
FAIL: g++.dg/gcov/pr16855.C -std=gnu++14 gcov: 1 failures in line counts, 0 in branch percentages, 0 in return percentages, 0 in intermediate format
FAIL: g++.dg/gcov/pr16855.C -std=gnu++14 line 21: is #####:should be 1
FAIL: g++.dg/gcov/pr16855.C -std=gnu++17 gcov: 1 failures in line counts, 0 in branch percentages, 0 in return percentages, 0 in intermediate format
FAIL: g++.dg/gcov/pr16855.C -std=gnu++17 line 21: is #####:should be 1
FAIL: g++.dg/gcov/pr16855.C -std=gnu++98 gcov: 1 failures in line counts, 0 in branch percentages, 0 in return percentages, 0 in intermediate format
FAIL: g++.dg/gcov/pr16855.C -std=gnu++98 line 21: is #####:should be 1
FAIL: g++.dg/lto/alias-1 cp_lto_alias-1_0.o-cp_lto_alias-1_1.o execute -O2 -flto
FAIL: g++.dg/lto/alias-2 cp_lto_alias-2_0.o-cp_lto_alias-2_1.o execute -O2 -flto
FAIL: g++.dg/lto/pr89335 cp_lto_pr89335_0.o assemble, -O2 -flto -Wsuggest-final-methods
FAIL: g++.old-deja/g++.pt/repo3.C -std=gnu++14 (test for excess errors)
FAIL: g++.old-deja/g++.pt/repo3.C -std=gnu++17 (test for excess errors)
FAIL: g++.old-deja/g++.pt/repo3.C -std=gnu++98 (test for excess errors)
=== g++ Summary for unix ===
# of expected passes 131874
# of unexpected failures 33
# of expected failures 539
# of unsupported tests 6210
Running target unix/-m64
FAIL: g++.dg/pr80481.C -std=gnu++14 scan-assembler-not vmovaps
FAIL: g++.dg/pr80481.C -std=gnu++17 scan-assembler-not vmovaps
FAIL: g++.dg/pr80481.C -std=gnu++98 scan-assembler-not vmovaps
FAIL: g++.dg/tree-ssa/pr90883.C scan-tree-dump dse2 "Deleted redundant store: .*.a = {}"
FAIL: g++.dg/gcov/pr16855-priority.C -std=gnu++14 gcov: 1 failures in line counts, 0 in branch percentages, 0 in return percentages, 0 in intermediate format
FAIL: g++.dg/gcov/pr16855-priority.C -std=gnu++14 line 22: is #####:should be 1
FAIL: g++.dg/gcov/pr16855-priority.C -std=gnu++17 gcov: 1 failures in line counts, 0 in branch percentages, 0 in return percentages, 0 in intermediate format
FAIL: g++.dg/gcov/pr16855-priority.C -std=gnu++17 line 22: is #####:should be 1
FAIL: g++.dg/gcov/pr16855-priority.C -std=gnu++98 gcov: 1 failures in line counts, 0 in branch percentages, 0 in return percentages, 0 in intermediate format
FAIL: g++.dg/gcov/pr16855-priority.C -std=gnu++98 line 22: is #####:should be 1
FAIL: g++.dg/gcov/pr16855.C -std=gnu++14 gcov: 1 failures in line counts, 0 in branch percentages, 0 in return percentages, 0 in intermediate format
FAIL: g++.dg/gcov/pr16855.C -std=gnu++14 line 21: is #####:should be 1
FAIL: g++.dg/gcov/pr16855.C -std=gnu++17 gcov: 1 failures in line counts, 0 in branch percentages, 0 in return percentages, 0 in intermediate format
FAIL: g++.dg/gcov/pr16855.C -std=gnu++17 line 21: is #####:should be 1
FAIL: g++.dg/gcov/pr16855.C -std=gnu++98 gcov: 1 failures in line counts, 0 in branch percentages, 0 in return percentages, 0 in intermediate format
FAIL: g++.dg/gcov/pr16855.C -std=gnu++98 line 21: is #####:should be 1
FAIL: g++.dg/lto/alias-1 cp_lto_alias-1_0.o-cp_lto_alias-1_1.o execute -O2 -flto
FAIL: g++.dg/lto/alias-2 cp_lto_alias-2_0.o-cp_lto_alias-2_1.o execute -O2 -flto
FAIL: g++.dg/lto/pr89335 cp_lto_pr89335_0.o assemble, -O2 -flto -Wsuggest-final-methods
FAIL: g++.old-deja/g++.pt/repo3.C -std=gnu++14 (test for excess errors)
FAIL: g++.old-deja/g++.pt/repo3.C -std=gnu++17 (test for excess errors)
FAIL: g++.old-deja/g++.pt/repo3.C -std=gnu++98 (test for excess errors)
=== g++ Summary for unix/-m64 ===
# of expected passes 131650
# of unexpected failures 22
# of expected failures 542
# of unsupported tests 6146
=== g++ Summary ===
# of expected passes 263524
# of unexpected failures 55
# of expected failures 1081
# of unsupported tests 12356
/var/gcc/regression/trunk/11-gcc/build/gcc/xg++ version 10.0.0 20190705 (experimental) [trunk revision 273133] (GCC)
=== gcc tests ===
Running target unix
FAIL: gcc.c-torture/compile/pr61159.c -O0 (test for excess errors)
FAIL: gcc.c-torture/compile/pr61159.c -O1 (test for excess errors)
FAIL: gcc.c-torture/compile/pr61159.c -O2 (test for excess errors)
FAIL: gcc.c-torture/compile/pr61159.c -O2 -flto (test for excess errors)
FAIL: gcc.c-torture/compile/pr61159.c -O2 -flto -flto-partition=none (test for excess errors)
FAIL: gcc.c-torture/compile/pr61159.c -O3 -g (test for excess errors)
FAIL: gcc.c-torture/compile/pr61159.c -Os (test for excess errors)
FAIL: c-c++-common/asan/swapcontext-test-1.c -O0 execution test
FAIL: c-c++-common/asan/swapcontext-test-1.c -O1 execution test
FAIL: c-c++-common/asan/swapcontext-test-1.c -O2 execution test
FAIL: c-c++-common/asan/swapcontext-test-1.c -O2 -flto execution test
FAIL: c-c++-common/asan/swapcontext-test-1.c -O2 -flto -flto-partition=none execution test
FAIL: c-c++-common/asan/swapcontext-test-1.c -O3 -fomit-frame-pointer -funroll-loops -fpeel-loops -ftracer -finline-functions execution test
FAIL: c-c++-common/asan/swapcontext-test-1.c -O3 -g execution test
FAIL: c-c++-common/asan/swapcontext-test-1.c -Os execution test
FAIL: gcc.dg/attr-weakref-1.c (test for excess errors)
UNRESOLVED: gcc.dg/attr-weakref-1.c compilation failed to produce executable
FAIL: gcc.dg/graphite/block-1.c (internal compiler error)
FAIL: gcc.dg/graphite/block-1.c (test for excess errors)
UNRESOLVED: gcc.dg/graphite/block-1.c compilation failed to produce executable
FAIL: gcc.dg/graphite/block-5.c (internal compiler error)
FAIL: gcc.dg/graphite/block-5.c (test for excess errors)
UNRESOLVED: gcc.dg/graphite/block-5.c compilation failed to produce executable
FAIL: gcc.dg/graphite/block-6.c (internal compiler error)
FAIL: gcc.dg/graphite/block-6.c (test for excess errors)
UNRESOLVED: gcc.dg/graphite/block-6.c compilation failed to produce executable
FAIL: gcc.dg/graphite/block-pr47654.c (internal compiler error)
FAIL: gcc.dg/graphite/block-pr47654.c (test for excess errors)
UNRESOLVED: gcc.dg/graphite/block-pr47654.c compilation failed to produce executable
FAIL: gcc.dg/graphite/fuse-1.c (internal compiler error)
FAIL: gcc.dg/graphite/fuse-1.c (test for excess errors)
UNRESOLVED: gcc.dg/graphite/fuse-1.c compilation failed to produce executable
UNRESOLVED: gcc.dg/graphite/fuse-1.c scan-tree-dump-times forwprop4 "gimple_simplified to[^\\\\n]*\\\\^ 12" 1
FAIL: gcc.dg/graphite/fuse-2.c (internal compiler error)
FAIL: gcc.dg/graphite/fuse-2.c (test for excess errors)
UNRESOLVED: gcc.dg/graphite/fuse-2.c compilation failed to produce executable
FAIL: gcc.dg/graphite/id-10.c (internal compiler error)
FAIL: gcc.dg/graphite/id-10.c (test for excess errors)
FAIL: gcc.dg/graphite/id-16.c (internal compiler error)
FAIL: gcc.dg/graphite/id-16.c (test for excess errors)
FAIL: gcc.dg/graphite/id-25.c (internal compiler error)
FAIL: gcc.dg/graphite/id-25.c (test for excess errors)
FAIL: gcc.dg/graphite/id-pr46834.c (internal compiler error)
FAIL: gcc.dg/graphite/id-pr46834.c (test for excess errors)
FAIL: gcc.dg/graphite/id-pr47046.c (internal compiler error)
FAIL: gcc.dg/graphite/id-pr47046.c (test for excess errors)
FAIL: gcc.dg/graphite/id-pr48805.c (internal compiler error)
FAIL: gcc.dg/graphite/id-pr48805.c (test for excess errors)
FAIL: gcc.dg/graphite/interchange-0.c (internal compiler error)
FAIL: gcc.dg/graphite/interchange-0.c (test for excess errors)
UNRESOLVED: gcc.dg/graphite/interchange-0.c compilation failed to produce executable
FAIL: gcc.dg/graphite/interchange-1.c (internal compiler error)
FAIL: gcc.dg/graphite/interchange-1.c (test for excess errors)
UNRESOLVED: gcc.dg/graphite/interchange-1.c compilation failed to produce executable
FAIL: gcc.dg/graphite/interchange-10.c (internal compiler error)
FAIL: gcc.dg/graphite/interchange-10.c (test for excess errors)
UNRESOLVED: gcc.dg/graphite/interchange-10.c compilation failed to produce executable
FAIL: gcc.dg/graphite/interchange-11.c (internal compiler error)
FAIL: gcc.dg/graphite/interchange-11.c (test for excess errors)
UNRESOLVED: gcc.dg/graphite/interchange-11.c compilation failed to produce executable
FAIL: gcc.dg/graphite/interchange-12.c (internal compiler error)
FAIL: gcc.dg/graphite/interchange-12.c (test for excess errors)
UNRESOLVED: gcc.dg/graphite/interchange-12.c compilation failed to produce executable
FAIL: gcc.dg/graphite/interchange-12.c scan-tree-dump graphite "tiled by"
FAIL: gcc.dg/graphite/interchange-13.c (internal compiler error)
FAIL: gcc.dg/graphite/interchange-13.c (test for excess errors)
UNRESOLVED: gcc.dg/graphite/interchange-13.c compilation failed to produce executable
FAIL: gcc.dg/graphite/interchange-14.c (internal compiler error)
FAIL: gcc.dg/graphite/interchange-14.c (test for excess errors)
UNRESOLVED: gcc.dg/graphite/interchange-14.c compilation failed to produce executable
FAIL: gcc.dg/graphite/interchange-14.c scan-tree-dump graphite "tiled by"
FAIL: gcc.dg/graphite/interchange-15.c (internal compiler error)
FAIL: gcc.dg/graphite/interchange-15.c (test for excess errors)
UNRESOLVED: gcc.dg/graphite/interchange-15.c compilation failed to produce executable
FAIL: gcc.dg/graphite/interchange-15.c scan-tree-dump graphite "tiled by"
FAIL: gcc.dg/graphite/interchange-2.c (internal compiler error)
FAIL: gcc.dg/graphite/interchange-2.c (test for excess errors)
UNRESOLVED: gcc.dg/graphite/interchange-2.c compilation failed to produce executable
FAIL: gcc.dg/graphite/interchange-3.c (internal compiler error)
FAIL: gcc.dg/graphite/interchange-3.c (test for excess errors)
UNRESOLVED: gcc.dg/graphite/interchange-3.c compilation failed to produce executable
FAIL: gcc.dg/graphite/interchange-4.c (internal compiler error)
FAIL: gcc.dg/graphite/interchange-4.c (test for excess errors)
UNRESOLVED: gcc.dg/graphite/interchange-4.c compilation failed to produce executable
FAIL: gcc.dg/graphite/interchange-5.c (internal compiler error)
FAIL: gcc.dg/graphite/interchange-5.c (test for excess errors)
UNRESOLVED: gcc.dg/graphite/interchange-5.c compilation failed to produce executable
FAIL: gcc.dg/graphite/interchange-6.c (internal compiler error)
FAIL: gcc.dg/graphite/interchange-6.c (test for excess errors)
UNRESOLVED: gcc.dg/graphite/interchange-6.c compilation failed to produce executable
FAIL: gcc.dg/graphite/interchange-7.c (internal compiler error)
FAIL: gcc.dg/graphite/interchange-7.c (test for excess errors)
UNRESOLVED: gcc.dg/graphite/interchange-7.c compilation failed to produce executable
FAIL: gcc.dg/graphite/interchange-8.c (internal compiler error)
FAIL: gcc.dg/graphite/interchange-8.c (test for excess errors)
UNRESOLVED: gcc.dg/graphite/interchange-8.c compilation failed to produce executable
FAIL: gcc.dg/graphite/interchange-8.c scan-tree-dump graphite "tiled by"
FAIL: gcc.dg/graphite/interchange-9.c (internal compiler error)
FAIL: gcc.dg/graphite/interchange-9.c (test for excess errors)
UNRESOLVED: gcc.dg/graphite/interchange-9.c compilation failed to produce executable
FAIL: gcc.dg/graphite/interchange-mvt.c (internal compiler error)
FAIL: gcc.dg/graphite/interchange-mvt.c (test for excess errors)
UNRESOLVED: gcc.dg/graphite/interchange-mvt.c compilation failed to produce executable
FAIL: gcc.dg/graphite/interchange-mvt.c scan-tree-dump graphite "tiled by"
FAIL: gcc.dg/graphite/pr29330.c (internal compiler error)
FAIL: gcc.dg/graphite/pr29330.c (test for excess errors)
FAIL: gcc.dg/graphite/pr29581-1.c (internal compiler error)
FAIL: gcc.dg/graphite/pr29581-1.c (test for excess errors)
UNRESOLVED: gcc.dg/graphite/pr29581-1.c compilation failed to produce executable
FAIL: gcc.dg/graphite/pr29581-2.c (internal compiler error)
FAIL: gcc.dg/graphite/pr29581-2.c (test for excess errors)
UNRESOLVED: gcc.dg/graphite/pr29581-2.c compilation failed to produce executable
FAIL: gcc.dg/graphite/pr29581-3.c (internal compiler error)
FAIL: gcc.dg/graphite/pr29581-3.c (test for excess errors)
UNRESOLVED: gcc.dg/graphite/pr29581-3.c compilation failed to produce executable
FAIL: gcc.dg/graphite/pr29581-4.c (internal compiler error)
FAIL: gcc.dg/graphite/pr29581-4.c (test for excess errors)
UNRESOLVED: gcc.dg/graphite/pr29581-4.c compilation failed to produce executable
FAIL: gcc.dg/graphite/pr30565.c (internal compiler error)
FAIL: gcc.dg/graphite/pr30565.c (test for excess errors)
FAIL: gcc.dg/graphite/pr31183.c (internal compiler error)
FAIL: gcc.dg/graphite/pr31183.c (test for excess errors)
FAIL: gcc.dg/graphite/pr33576.c (internal compiler error)
FAIL: gcc.dg/graphite/pr33576.c (test for excess errors)
FAIL: gcc.dg/graphite/pr36287.c (internal compiler error)
FAIL: gcc.dg/graphite/pr36287.c (test for excess errors)
FAIL: gcc.dg/graphite/pr42211.c (internal compiler error)
FAIL: gcc.dg/graphite/pr42211.c (test for excess errors)
FAIL: gcc.dg/graphite/pr42914.c (internal compiler error)
FAIL: gcc.dg/graphite/pr42914.c (test for excess errors)
FAIL: gcc.dg/graphite/pr42917.c (internal compiler error)
FAIL: gcc.dg/graphite/pr42917.c (test for excess errors)
FAIL: gcc.dg/graphite/pr43657.c (internal compiler error)
FAIL: gcc.dg/graphite/pr43657.c (test for excess errors)
UNRESOLVED: gcc.dg/graphite/pr43657.c compilation failed to produce executable
FAIL: gcc.dg/graphite/pr46168.c (internal compiler error)
FAIL: gcc.dg/graphite/pr46168.c (test for excess errors)
FAIL: gcc.dg/graphite/pr46185.c (internal compiler error)
FAIL: gcc.dg/graphite/pr46185.c (test for excess errors)
UNRESOLVED: gcc.dg/graphite/pr46185.c compilation failed to produce executable
FAIL: gcc.dg/graphite/pr46966.c (internal compiler error)
FAIL: gcc.dg/graphite/pr46966.c (test for excess errors)
FAIL: gcc.dg/graphite/pr68428.c (internal compiler error)
FAIL: gcc.dg/graphite/pr68428.c (test for excess errors)
FAIL: gcc.dg/graphite/pr68493.c (internal compiler error)
FAIL: gcc.dg/graphite/pr68493.c (test for excess errors)
FAIL: gcc.dg/graphite/pr68756.c (internal compiler error)
FAIL: gcc.dg/graphite/pr68756.c (test for excess errors)
FAIL: gcc.dg/graphite/pr69067.c (internal compiler error)
FAIL: gcc.dg/graphite/pr69067.c (test for excess errors)
FAIL: gcc.dg/graphite/pr69068.c (internal compiler error)
FAIL: gcc.dg/graphite/pr69068.c (test for excess errors)
FAIL: gcc.dg/graphite/pr69292.c (internal compiler error)
FAIL: gcc.dg/graphite/pr69292.c (test for excess errors)
FAIL: gcc.dg/graphite/pr70045.c (internal compiler error)
FAIL: gcc.dg/graphite/pr70045.c (test for excess errors)
FAIL: gcc.dg/graphite/pr77362.c (internal compiler error)
FAIL: gcc.dg/graphite/pr77362.c (test for excess errors)
FAIL: gcc.dg/graphite/pr80906.c (internal compiler error)
FAIL: gcc.dg/graphite/pr80906.c (test for excess errors)
FAIL: gcc.dg/graphite/pr80906.c scan-tree-dump graphite "isl AST to Gimple succeeded"
FAIL: gcc.dg/graphite/pr81373-2.c (internal compiler error)
FAIL: gcc.dg/graphite/pr81373-2.c (test for excess errors)
FAIL: gcc.dg/graphite/pr81373.c (internal compiler error)
FAIL: gcc.dg/graphite/pr81373.c (test for excess errors)
FAIL: gcc.dg/graphite/pr82421.c (internal compiler error)
FAIL: gcc.dg/graphite/pr82421.c (test for excess errors)
FAIL: gcc.dg/graphite/pr83255.c (internal compiler error)
FAIL: gcc.dg/graphite/pr83255.c (test for excess errors)
UNRESOLVED: gcc.dg/graphite/pr83255.c compilation failed to produce executable
FAIL: gcc.dg/graphite/pr83255.c scan-tree-dump graphite "loop nest optimized"
FAIL: gcc.dg/graphite/pr83385.c (internal compiler error)
FAIL: gcc.dg/graphite/pr83385.c (test for excess errors)
UNRESOLVED: gcc.dg/graphite/pr83385.c compilation failed to produce executable
FAIL: gcc.dg/graphite/pr83668.c (internal compiler error)
FAIL: gcc.dg/graphite/pr83668.c (test for excess errors)
UNRESOLVED: gcc.dg/graphite/pr83668.c compilation failed to produce executable
FAIL: gcc.dg/graphite/pr84204.c (internal compiler error)
FAIL: gcc.dg/graphite/pr84204.c (test for excess errors)
FAIL: gcc.dg/graphite/pr84205.c (internal compiler error)
FAIL: gcc.dg/graphite/pr84205.c (test for excess errors)
FAIL: gcc.dg/graphite/pr84872.c (internal compiler error)
FAIL: gcc.dg/graphite/pr84872.c (test for excess errors)
FAIL: gcc.dg/graphite/pr85935.c (internal compiler error)
FAIL: gcc.dg/graphite/pr85935.c (test for excess errors)
FAIL: gcc.dg/graphite/pr87931.c (internal compiler error)
FAIL: gcc.dg/graphite/pr87931.c (test for excess errors)
FAIL: gcc.dg/graphite/run-id-1.c (internal compiler error)
FAIL: gcc.dg/graphite/run-id-1.c (test for excess errors)
UNRESOLVED: gcc.dg/graphite/run-id-1.c compilation failed to produce executable
FAIL: gcc.dg/graphite/run-id-pr47653.c (internal compiler error)
FAIL: gcc.dg/graphite/run-id-pr47653.c (test for excess errors)
UNRESOLVED: gcc.dg/graphite/run-id-pr47653.c compilation failed to produce executable
FAIL: gcc.dg/graphite/run-id-pr47654.c (internal compiler error)
FAIL: gcc.dg/graphite/run-id-pr47654.c (test for excess errors)
UNRESOLVED: gcc.dg/graphite/run-id-pr47654.c compilation failed to produce executable
FAIL: gcc.dg/graphite/run-id-pr67700-1.c (internal compiler error)
FAIL: gcc.dg/graphite/run-id-pr67700-1.c (test for excess errors)
UNRESOLVED: gcc.dg/graphite/run-id-pr67700-1.c compilation failed to produce executable
FAIL: gcc.dg/graphite/uns-block-1.c (internal compiler error)
FAIL: gcc.dg/graphite/uns-block-1.c (test for excess errors)
UNRESOLVED: gcc.dg/graphite/uns-block-1.c compilation failed to produce executable
FAIL: gcc.dg/graphite/uns-interchange-12.c (internal compiler error)
FAIL: gcc.dg/graphite/uns-interchange-12.c (test for excess errors)
UNRESOLVED: gcc.dg/graphite/uns-interchange-12.c compilation failed to produce executable
FAIL: gcc.dg/graphite/uns-interchange-12.c scan-tree-dump graphite "tiled by"
FAIL: gcc.dg/graphite/uns-interchange-14.c (internal compiler error)
FAIL: gcc.dg/graphite/uns-interchange-14.c (test for excess errors)
UNRESOLVED: gcc.dg/graphite/uns-interchange-14.c compilation failed to produce executable
FAIL: gcc.dg/graphite/uns-interchange-14.c scan-tree-dump graphite "tiled by"
FAIL: gcc.dg/graphite/uns-interchange-15.c (internal compiler error)
FAIL: gcc.dg/graphite/uns-interchange-15.c (test for excess errors)
UNRESOLVED: gcc.dg/graphite/uns-interchange-15.c compilation failed to produce executable
FAIL: gcc.dg/graphite/uns-interchange-15.c scan-tree-dump graphite "tiled by"
FAIL: gcc.dg/graphite/uns-interchange-9.c (internal compiler error)
FAIL: gcc.dg/graphite/uns-interchange-9.c (test for excess errors)
UNRESOLVED: gcc.dg/graphite/uns-interchange-9.c compilation failed to produce executable
FAIL: gcc.dg/graphite/uns-interchange-mvt.c (internal compiler error)
FAIL: gcc.dg/graphite/uns-interchange-mvt.c (test for excess errors)
UNRESOLVED: gcc.dg/graphite/uns-interchange-mvt.c compilation failed to produce executable
FAIL: gcc.dg/graphite/uns-interchange-mvt.c scan-tree-dump graphite "tiled by"
FAIL: gcc.dg/ipa/ipa-icf-38.c scan-ltrans-tree-dump-not optimized "Function bar"
FAIL: gcc.target/i386/avx512bw-pr86036.c (test for excess errors)
UNRESOLVED: gcc.target/i386/avx512bw-pr86036.c compilation failed to produce executable
FAIL: gcc.target/i386/avx512bw-vpmovb2m-2.c (test for excess errors)
UNRESOLVED: gcc.target/i386/avx512bw-vpmovb2m-2.c compilation failed to produce executable
FAIL: gcc.target/i386/avx512bw-vpmovm2b-2.c (test for excess errors)
UNRESOLVED: gcc.target/i386/avx512bw-vpmovm2b-2.c compilation failed to produce executable
FAIL: gcc.target/i386/avx512bw-vpmovm2w-2.c (test for excess errors)
UNRESOLVED: gcc.target/i386/avx512bw-vpmovm2w-2.c compilation failed to produce executable
FAIL: gcc.target/i386/avx512bw-vpmovw2m-2.c (test for excess errors)
UNRESOLVED: gcc.target/i386/avx512bw-vpmovw2m-2.c compilation failed to produce executable
FAIL: gcc.target/i386/avx512dq-vpmovd2m-2.c (test for excess errors)
UNRESOLVED: gcc.target/i386/avx512dq-vpmovd2m-2.c compilation failed to produce executable
FAIL: gcc.target/i386/avx512dq-vpmovm2d-2.c (test for excess errors)
UNRESOLVED: gcc.target/i386/avx512dq-vpmovm2d-2.c compilation failed to produce executable
FAIL: gcc.target/i386/avx512dq-vpmovq2m-2.c (test for excess errors)
UNRESOLVED: gcc.target/i386/avx512dq-vpmovq2m-2.c compilation failed to produce executable
FAIL: gcc.target/i386/avx512vl-pr88514-3.c (test for excess errors)
FAIL: gcc.target/i386/avx512vl-pr88547-2.c (test for excess errors)
UNRESOLVED: gcc.target/i386/avx512vl-pr88547-2.c compilation failed to produce executable
FAIL: gcc.target/i386/avx512vl-vpmovb2m-2.c (test for excess errors)
UNRESOLVED: gcc.target/i386/avx512vl-vpmovb2m-2.c compilation failed to produce executable
FAIL: gcc.target/i386/avx512vl-vpmovd2m-2.c (test for excess errors)
UNRESOLVED: gcc.target/i386/avx512vl-vpmovd2m-2.c compilation failed to produce executable
FAIL: gcc.target/i386/avx512vl-vpmovm2b-2.c (test for excess errors)
UNRESOLVED: gcc.target/i386/avx512vl-vpmovm2b-2.c compilation failed to produce executable
FAIL: gcc.target/i386/avx512vl-vpmovm2d-2.c (test for excess errors)
UNRESOLVED: gcc.target/i386/avx512vl-vpmovm2d-2.c compilation failed to produce executable
FAIL: gcc.target/i386/avx512vl-vpmovm2w-2.c (test for excess errors)
UNRESOLVED: gcc.target/i386/avx512vl-vpmovm2w-2.c compilation failed to produce executable
FAIL: gcc.target/i386/avx512vl-vpmovq2m-2.c (test for excess errors)
UNRESOLVED: gcc.target/i386/avx512vl-vpmovq2m-2.c compilation failed to produce executable
FAIL: gcc.target/i386/avx512vl-vpmovw2m-2.c (test for excess errors)
UNRESOLVED: gcc.target/i386/avx512vl-vpmovw2m-2.c compilation failed to produce executable
FAIL: gcc.target/i386/pr57193.c scan-assembler-times movdqa 2
FAIL: gcc.target/i386/pr80569.c (test for excess errors)
=== gcc Summary for unix ===
# of expected passes 135600
# of unexpected failures 197
# of expected failures 544
# of unresolved testcases 60
# of unsupported tests 3470
Running target unix/-m64
FAIL: gcc.c-torture/compile/pr61159.c -O0 (test for excess errors)
FAIL: gcc.c-torture/compile/pr61159.c -O1 (test for excess errors)
FAIL: gcc.c-torture/compile/pr61159.c -O2 (test for excess errors)
FAIL: gcc.c-torture/compile/pr61159.c -O2 -flto (test for excess errors)
FAIL: gcc.c-torture/compile/pr61159.c -O2 -flto -flto-partition=none (test for excess errors)
FAIL: gcc.c-torture/compile/pr61159.c -O3 -g (test for excess errors)
FAIL: gcc.c-torture/compile/pr61159.c -Os (test for excess errors)
FAIL: gcc.dg/attr-weakref-1.c (test for excess errors)
UNRESOLVED: gcc.dg/attr-weakref-1.c compilation failed to produce executable
FAIL: gcc.dg/graphite/block-1.c (internal compiler error)
FAIL: gcc.dg/graphite/block-1.c (test for excess errors)
UNRESOLVED: gcc.dg/graphite/block-1.c compilation failed to produce executable
FAIL: gcc.dg/graphite/block-5.c (internal compiler error)
FAIL: gcc.dg/graphite/block-5.c (test for excess errors)
UNRESOLVED: gcc.dg/graphite/block-5.c compilation failed to produce executable
FAIL: gcc.dg/graphite/block-6.c (internal compiler error)
FAIL: gcc.dg/graphite/block-6.c (test for excess errors)
UNRESOLVED: gcc.dg/graphite/block-6.c compilation failed to produce executable
FAIL: gcc.dg/graphite/block-pr47654.c (internal compiler error)
FAIL: gcc.dg/graphite/block-pr47654.c (test for excess errors)
UNRESOLVED: gcc.dg/graphite/block-pr47654.c compilation failed to produce executable
FAIL: gcc.dg/graphite/fuse-1.c (internal compiler error)
FAIL: gcc.dg/graphite/fuse-1.c (test for excess errors)
UNRESOLVED: gcc.dg/graphite/fuse-1.c compilation failed to produce executable
UNRESOLVED: gcc.dg/graphite/fuse-1.c scan-tree-dump-times forwprop4 "gimple_simplified to[^\\\\n]*\\\\^ 12" 1
FAIL: gcc.dg/graphite/fuse-2.c (internal compiler error)
FAIL: gcc.dg/graphite/fuse-2.c (test for excess errors)
UNRESOLVED: gcc.dg/graphite/fuse-2.c compilation failed to produce executable
FAIL: gcc.dg/graphite/id-10.c (internal compiler error)
FAIL: gcc.dg/graphite/id-10.c (test for excess errors)
FAIL: gcc.dg/graphite/id-16.c (internal compiler error)
FAIL: gcc.dg/graphite/id-16.c (test for excess errors)
FAIL: gcc.dg/graphite/id-25.c (internal compiler error)
FAIL: gcc.dg/graphite/id-25.c (test for excess errors)
FAIL: gcc.dg/graphite/id-pr46834.c (internal compiler error)
FAIL: gcc.dg/graphite/id-pr46834.c (test for excess errors)
FAIL: gcc.dg/graphite/id-pr47046.c (internal compiler error)
FAIL: gcc.dg/graphite/id-pr47046.c (test for excess errors)
FAIL: gcc.dg/graphite/id-pr48805.c (internal compiler error)
FAIL: gcc.dg/graphite/id-pr48805.c (test for excess errors)
FAIL: gcc.dg/graphite/interchange-0.c (internal compiler error)
FAIL: gcc.dg/graphite/interchange-0.c (test for excess errors)
UNRESOLVED: gcc.dg/graphite/interchange-0.c compilation failed to produce executable
FAIL: gcc.dg/graphite/interchange-1.c (internal compiler error)
FAIL: gcc.dg/graphite/interchange-1.c (test for excess errors)
UNRESOLVED: gcc.dg/graphite/interchange-1.c compilation failed to produce executable
FAIL: gcc.dg/graphite/interchange-10.c (internal compiler error)
FAIL: gcc.dg/graphite/interchange-10.c (test for excess errors)
UNRESOLVED: gcc.dg/graphite/interchange-10.c compilation failed to produce executable
FAIL: gcc.dg/graphite/interchange-11.c (internal compiler error)
FAIL: gcc.dg/graphite/interchange-11.c (test for excess errors)
UNRESOLVED: gcc.dg/graphite/interchange-11.c compilation failed to produce executable
FAIL: gcc.dg/graphite/interchange-12.c (internal compiler error)
FAIL: gcc.dg/graphite/interchange-12.c (test for excess errors)
UNRESOLVED: gcc.dg/graphite/interchange-12.c compilation failed to produce executable
FAIL: gcc.dg/graphite/interchange-12.c scan-tree-dump graphite "tiled by"
FAIL: gcc.dg/graphite/interchange-13.c (internal compiler error)
FAIL: gcc.dg/graphite/interchange-13.c (test for excess errors)
UNRESOLVED: gcc.dg/graphite/interchange-13.c compilation failed to produce executable
FAIL: gcc.dg/graphite/interchange-14.c (internal compiler error)
FAIL: gcc.dg/graphite/interchange-14.c (test for excess errors)
UNRESOLVED: gcc.dg/graphite/interchange-14.c compilation failed to produce executable
FAIL: gcc.dg/graphite/interchange-14.c scan-tree-dump graphite "tiled by"
FAIL: gcc.dg/graphite/interchange-15.c (internal compiler error)
FAIL: gcc.dg/graphite/interchange-15.c (test for excess errors)
UNRESOLVED: gcc.dg/graphite/interchange-15.c compilation failed to produce executable
FAIL: gcc.dg/graphite/interchange-15.c scan-tree-dump graphite "tiled by"
FAIL: gcc.dg/graphite/interchange-2.c (internal compiler error)
FAIL: gcc.dg/graphite/interchange-2.c (test for excess errors)
UNRESOLVED: gcc.dg/graphite/interchange-2.c compilation failed to produce executable
FAIL: gcc.dg/graphite/interchange-3.c (internal compiler error)
FAIL: gcc.dg/graphite/interchange-3.c (test for excess errors)
UNRESOLVED: gcc.dg/graphite/interchange-3.c compilation failed to produce executable
FAIL: gcc.dg/graphite/interchange-4.c (internal compiler error)
FAIL: gcc.dg/graphite/interchange-4.c (test for excess errors)
UNRESOLVED: gcc.dg/graphite/interchange-4.c compilation failed to produce executable
FAIL: gcc.dg/graphite/interchange-5.c (internal compiler error)
FAIL: gcc.dg/graphite/interchange-5.c (test for excess errors)
UNRESOLVED: gcc.dg/graphite/interchange-5.c compilation failed to produce executable
FAIL: gcc.dg/graphite/interchange-6.c (internal compiler error)
FAIL: gcc.dg/graphite/interchange-6.c (test for excess errors)
UNRESOLVED: gcc.dg/graphite/interchange-6.c compilation failed to produce executable
FAIL: gcc.dg/graphite/interchange-7.c (internal compiler error)
FAIL: gcc.dg/graphite/interchange-7.c (test for excess errors)
UNRESOLVED: gcc.dg/graphite/interchange-7.c compilation failed to produce executable
FAIL: gcc.dg/graphite/interchange-8.c (internal compiler error)
FAIL: gcc.dg/graphite/interchange-8.c (test for excess errors)
UNRESOLVED: gcc.dg/graphite/interchange-8.c compilation failed to produce executable
FAIL: gcc.dg/graphite/interchange-8.c scan-tree-dump graphite "tiled by"
FAIL: gcc.dg/graphite/interchange-9.c (internal compiler error)
FAIL: gcc.dg/graphite/interchange-9.c (test for excess errors)
UNRESOLVED: gcc.dg/graphite/interchange-9.c compilation failed to produce executable
FAIL: gcc.dg/graphite/interchange-mvt.c (internal compiler error)
FAIL: gcc.dg/graphite/interchange-mvt.c (test for excess errors)
UNRESOLVED: gcc.dg/graphite/interchange-mvt.c compilation failed to produce executable
FAIL: gcc.dg/graphite/interchange-mvt.c scan-tree-dump graphite "tiled by"
FAIL: gcc.dg/graphite/pr29330.c (internal compiler error)
FAIL: gcc.dg/graphite/pr29330.c (test for excess errors)
FAIL: gcc.dg/graphite/pr29581-1.c (internal compiler error)
FAIL: gcc.dg/graphite/pr29581-1.c (test for excess errors)
UNRESOLVED: gcc.dg/graphite/pr29581-1.c compilation failed to produce executable
FAIL: gcc.dg/graphite/pr29581-2.c (internal compiler error)
FAIL: gcc.dg/graphite/pr29581-2.c (test for excess errors)
UNRESOLVED: gcc.dg/graphite/pr29581-2.c compilation failed to produce executable
FAIL: gcc.dg/graphite/pr29581-3.c (internal compiler error)
FAIL: gcc.dg/graphite/pr29581-3.c (test for excess errors)
UNRESOLVED: gcc.dg/graphite/pr29581-3.c compilation failed to produce executable
FAIL: gcc.dg/graphite/pr29581-4.c (internal compiler error)
FAIL: gcc.dg/graphite/pr29581-4.c (test for excess errors)
UNRESOLVED: gcc.dg/graphite/pr29581-4.c compilation failed to produce executable
FAIL: gcc.dg/graphite/pr30565.c (internal compiler error)
FAIL: gcc.dg/graphite/pr30565.c (test for excess errors)
FAIL: gcc.dg/graphite/pr31183.c (internal compiler error)
FAIL: gcc.dg/graphite/pr31183.c (test for excess errors)
FAIL: gcc.dg/graphite/pr33576.c (internal compiler error)
FAIL: gcc.dg/graphite/pr33576.c (test for excess errors)
FAIL: gcc.dg/graphite/pr36287.c (internal compiler error)
FAIL: gcc.dg/graphite/pr36287.c (test for excess errors)
FAIL: gcc.dg/graphite/pr42211.c (internal compiler error)
FAIL: gcc.dg/graphite/pr42211.c (test for excess errors)
FAIL: gcc.dg/graphite/pr42914.c (internal compiler error)
FAIL: gcc.dg/graphite/pr42914.c (test for excess errors)
FAIL: gcc.dg/graphite/pr42917.c (internal compiler error)
FAIL: gcc.dg/graphite/pr42917.c (test for excess errors)
FAIL: gcc.dg/graphite/pr43657.c (internal compiler error)
FAIL: gcc.dg/graphite/pr43657.c (test for excess errors)
UNRESOLVED: gcc.dg/graphite/pr43657.c compilation failed to produce executable
FAIL: gcc.dg/graphite/pr46168.c (internal compiler error)
FAIL: gcc.dg/graphite/pr46168.c (test for excess errors)
FAIL: gcc.dg/graphite/pr46185.c (internal compiler error)
FAIL: gcc.dg/graphite/pr46185.c (test for excess errors)
UNRESOLVED: gcc.dg/graphite/pr46185.c compilation failed to produce executable
FAIL: gcc.dg/graphite/pr46966.c (internal compiler error)
FAIL: gcc.dg/graphite/pr46966.c (test for excess errors)
FAIL: gcc.dg/graphite/pr68428.c (internal compiler error)
FAIL: gcc.dg/graphite/pr68428.c (test for excess errors)
FAIL: gcc.dg/graphite/pr68493.c (internal compiler error)
FAIL: gcc.dg/graphite/pr68493.c (test for excess errors)
FAIL: gcc.dg/graphite/pr68756.c (internal compiler error)
FAIL: gcc.dg/graphite/pr68756.c (test for excess errors)
FAIL: gcc.dg/graphite/pr69067.c (internal compiler error)
FAIL: gcc.dg/graphite/pr69067.c (test for excess errors)
FAIL: gcc.dg/graphite/pr69068.c (internal compiler error)
FAIL: gcc.dg/graphite/pr69068.c (test for excess errors)
FAIL: gcc.dg/graphite/pr69292.c (internal compiler error)
FAIL: gcc.dg/graphite/pr69292.c (test for excess errors)
FAIL: gcc.dg/graphite/pr70045.c (internal compiler error)
FAIL: gcc.dg/graphite/pr70045.c (test for excess errors)
FAIL: gcc.dg/graphite/pr71575-1.c (internal compiler error)
FAIL: gcc.dg/graphite/pr71575-1.c (test for excess errors)
FAIL: gcc.dg/graphite/pr77362.c (internal compiler error)
FAIL: gcc.dg/graphite/pr77362.c (test for excess errors)
FAIL: gcc.dg/graphite/pr80906.c (internal compiler error)
FAIL: gcc.dg/graphite/pr80906.c (test for excess errors)
FAIL: gcc.dg/graphite/pr80906.c scan-tree-dump graphite "isl AST to Gimple succeeded"
FAIL: gcc.dg/graphite/pr81373-2.c (internal compiler error)
FAIL: gcc.dg/graphite/pr81373-2.c (test for excess errors)
FAIL: gcc.dg/graphite/pr81373.c (internal compiler error)
FAIL: gcc.dg/graphite/pr81373.c (test for excess errors)
FAIL: gcc.dg/graphite/pr82421.c (internal compiler error)
FAIL: gcc.dg/graphite/pr82421.c (test for excess errors)
FAIL: gcc.dg/graphite/pr83255.c (internal compiler error)
FAIL: gcc.dg/graphite/pr83255.c (test for excess errors)
UNRESOLVED: gcc.dg/graphite/pr83255.c compilation failed to produce executable
FAIL: gcc.dg/graphite/pr83255.c scan-tree-dump graphite "loop nest optimized"
FAIL: gcc.dg/graphite/pr83385.c (internal compiler error)
FAIL: gcc.dg/graphite/pr83385.c (test for excess errors)
UNRESOLVED: gcc.dg/graphite/pr83385.c compilation failed to produce executable
FAIL: gcc.dg/graphite/pr83668.c (internal compiler error)
FAIL: gcc.dg/graphite/pr83668.c (test for excess errors)
UNRESOLVED: gcc.dg/graphite/pr83668.c compilation failed to produce executable
FAIL: gcc.dg/graphite/pr84204.c (internal compiler error)
FAIL: gcc.dg/graphite/pr84204.c (test for excess errors)
FAIL: gcc.dg/graphite/pr84205.c (internal compiler error)
FAIL: gcc.dg/graphite/pr84205.c (test for excess errors)
FAIL: gcc.dg/graphite/pr84872.c (internal compiler error)
FAIL: gcc.dg/graphite/pr84872.c (test for excess errors)
FAIL: gcc.dg/graphite/pr85935.c (internal compiler error)
FAIL: gcc.dg/graphite/pr85935.c (test for excess errors)
FAIL: gcc.dg/graphite/pr87931.c (internal compiler error)
FAIL: gcc.dg/graphite/pr87931.c (test for excess errors)
FAIL: gcc.dg/graphite/run-id-1.c (internal compiler error)
FAIL: gcc.dg/graphite/run-id-1.c (test for excess errors)
UNRESOLVED: gcc.dg/graphite/run-id-1.c compilation failed to produce executable
FAIL: gcc.dg/graphite/run-id-pr47653.c (internal compiler error)
FAIL: gcc.dg/graphite/run-id-pr47653.c (test for excess errors)
UNRESOLVED: gcc.dg/graphite/run-id-pr47653.c compilation failed to produce executable
FAIL: gcc.dg/graphite/run-id-pr47654.c (internal compiler error)
FAIL: gcc.dg/graphite/run-id-pr47654.c (test for excess errors)
UNRESOLVED: gcc.dg/graphite/run-id-pr47654.c compilation failed to produce executable
FAIL: gcc.dg/graphite/run-id-pr67700-1.c (internal compiler error)
FAIL: gcc.dg/graphite/run-id-pr67700-1.c (test for excess errors)
UNRESOLVED: gcc.dg/graphite/run-id-pr67700-1.c compilation failed to produce executable
FAIL: gcc.dg/graphite/uns-block-1.c (internal compiler error)
FAIL: gcc.dg/graphite/uns-block-1.c (test for excess errors)
UNRESOLVED: gcc.dg/graphite/uns-block-1.c compilation failed to produce executable
FAIL: gcc.dg/graphite/uns-interchange-12.c (internal compiler error)
FAIL: gcc.dg/graphite/uns-interchange-12.c (test for excess errors)
UNRESOLVED: gcc.dg/graphite/uns-interchange-12.c compilation failed to produce executable
FAIL: gcc.dg/graphite/uns-interchange-12.c scan-tree-dump graphite "tiled by"
FAIL: gcc.dg/graphite/uns-interchange-14.c (internal compiler error)
FAIL: gcc.dg/graphite/uns-interchange-14.c (test for excess errors)
UNRESOLVED: gcc.dg/graphite/uns-interchange-14.c compilation failed to produce executable
FAIL: gcc.dg/graphite/uns-interchange-14.c scan-tree-dump graphite "tiled by"
FAIL: gcc.dg/graphite/uns-interchange-15.c (internal compiler error)
FAIL: gcc.dg/graphite/uns-interchange-15.c (test for excess errors)
UNRESOLVED: gcc.dg/graphite/uns-interchange-15.c compilation failed to produce executable
FAIL: gcc.dg/graphite/uns-interchange-15.c scan-tree-dump graphite "tiled by"
FAIL: gcc.dg/graphite/uns-interchange-9.c (internal compiler error)
FAIL: gcc.dg/graphite/uns-interchange-9.c (test for excess errors)
UNRESOLVED: gcc.dg/graphite/uns-interchange-9.c compilation failed to produce executable
FAIL: gcc.dg/graphite/uns-interchange-mvt.c (internal compiler error)
FAIL: gcc.dg/graphite/uns-interchange-mvt.c (test for excess errors)
UNRESOLVED: gcc.dg/graphite/uns-interchange-mvt.c compilation failed to produce executable
FAIL: gcc.dg/graphite/uns-interchange-mvt.c scan-tree-dump graphite "tiled by"
FAIL: gcc.dg/ipa/ipa-icf-38.c scan-ltrans-tree-dump-not optimized "Function bar"
FAIL: gcc.target/i386/avx512bw-pr86036.c (test for excess errors)
UNRESOLVED: gcc.target/i386/avx512bw-pr86036.c compilation failed to produce executable
FAIL: gcc.target/i386/avx512bw-vpmovb2m-2.c (test for excess errors)
UNRESOLVED: gcc.target/i386/avx512bw-vpmovb2m-2.c compilation failed to produce executable
FAIL: gcc.target/i386/avx512bw-vpmovm2b-2.c (test for excess errors)
UNRESOLVED: gcc.target/i386/avx512bw-vpmovm2b-2.c compilation failed to produce executable
FAIL: gcc.target/i386/avx512bw-vpmovm2w-2.c (test for excess errors)
UNRESOLVED: gcc.target/i386/avx512bw-vpmovm2w-2.c compilation failed to produce executable
FAIL: gcc.target/i386/avx512bw-vpmovw2m-2.c (test for excess errors)
UNRESOLVED: gcc.target/i386/avx512bw-vpmovw2m-2.c compilation failed to produce executable
FAIL: gcc.target/i386/avx512dq-vpmovd2m-2.c (test for excess errors)
UNRESOLVED: gcc.target/i386/avx512dq-vpmovd2m-2.c compilation failed to produce executable
FAIL: gcc.target/i386/avx512dq-vpmovm2d-2.c (test for excess errors)
UNRESOLVED: gcc.target/i386/avx512dq-vpmovm2d-2.c compilation failed to produce executable
FAIL: gcc.target/i386/avx512dq-vpmovq2m-2.c (test for excess errors)
UNRESOLVED: gcc.target/i386/avx512dq-vpmovq2m-2.c compilation failed to produce executable
FAIL: gcc.target/i386/avx512vl-pr88514-3.c (test for excess errors)
FAIL: gcc.target/i386/avx512vl-pr88547-2.c (test for excess errors)
UNRESOLVED: gcc.target/i386/avx512vl-pr88547-2.c compilation failed to produce executable
FAIL: gcc.target/i386/avx512vl-vpmovb2m-2.c (test for excess errors)
UNRESOLVED: gcc.target/i386/avx512vl-vpmovb2m-2.c compilation failed to produce executable
FAIL: gcc.target/i386/avx512vl-vpmovd2m-2.c (test for excess errors)
UNRESOLVED: gcc.target/i386/avx512vl-vpmovd2m-2.c compilation failed to produce executable
FAIL: gcc.target/i386/avx512vl-vpmovm2b-2.c (test for excess errors)
UNRESOLVED: gcc.target/i386/avx512vl-vpmovm2b-2.c compilation failed to produce executable
FAIL: gcc.target/i386/avx512vl-vpmovm2d-2.c (test for excess errors)
UNRESOLVED: gcc.target/i386/avx512vl-vpmovm2d-2.c compilation failed to produce executable
FAIL: gcc.target/i386/avx512vl-vpmovm2w-2.c (test for excess errors)
UNRESOLVED: gcc.target/i386/avx512vl-vpmovm2w-2.c compilation failed to produce executable
FAIL: gcc.target/i386/avx512vl-vpmovq2m-2.c (test for excess errors)
UNRESOLVED: gcc.target/i386/avx512vl-vpmovq2m-2.c compilation failed to produce executable
FAIL: gcc.target/i386/avx512vl-vpmovw2m-2.c (test for excess errors)
UNRESOLVED: gcc.target/i386/avx512vl-vpmovw2m-2.c compilation failed to produce executable
FAIL: gcc.target/i386/pr57193.c scan-assembler-times movdqa 2
FAIL: gcc.target/i386/pr80569.c (test for excess errors)
=== gcc Summary for unix/-m64 ===
# of expected passes 135861
# of unexpected failures 191
# of expected failures 538
# of unresolved testcases 60
# of unsupported tests 2997
=== gcc Summary ===
# of expected passes 271461
# of unexpected failures 388
# of expected failures 1082
# of unresolved testcases 120
# of unsupported tests 6467
/var/gcc/regression/trunk/11-gcc/build/gcc/xgcc version 10.0.0 20190705 (experimental) [trunk revision 273133] (GCC)
=== gdc tests ===
Running target unix
FAIL: gdc.test/runnable/mars1.d -O2 (internal compiler error)
FAIL: gdc.test/runnable/mars1.d -O2 -finline-functions (internal compiler error)
=== gdc Summary for unix ===
# of expected passes 22827
# of unexpected failures 2
# of unsupported tests 40
Running target unix/-m64
=== gdc Summary for unix/-m64 ===
# of expected passes 22827
# of unsupported tests 40
=== gdc Summary ===
# of expected passes 45654
# of unexpected failures 2
# of unsupported tests 80
/var/gcc/regression/trunk/11-gcc/build/gcc/gdc version 10.0.0 20190705 (experimental) [trunk revision 273133] (GCC)
=== gfortran tests ===
Running target unix
FAIL: gfortran.dg/graphite/PR67518.f90 -O (internal compiler error)
FAIL: gfortran.dg/graphite/PR67518.f90 -O (test for excess errors)
FAIL: gfortran.dg/graphite/id-14.f -O (internal compiler error)
FAIL: gfortran.dg/graphite/id-14.f -O (test for excess errors)
FAIL: gfortran.dg/graphite/id-15.f -O (internal compiler error)
FAIL: gfortran.dg/graphite/id-15.f -O (test for excess errors)
FAIL: gfortran.dg/graphite/id-17.f -O (internal compiler error)
FAIL: gfortran.dg/graphite/id-17.f -O (test for excess errors)
FAIL: gfortran.dg/graphite/id-19.f -O (internal compiler error)
FAIL: gfortran.dg/graphite/id-19.f -O (test for excess errors)
FAIL: gfortran.dg/graphite/id-27.f90 -O (internal compiler error)
FAIL: gfortran.dg/graphite/id-27.f90 -O (test for excess errors)
FAIL: gfortran.dg/graphite/id-28.f90 -O (internal compiler error)
FAIL: gfortran.dg/graphite/id-28.f90 -O (test for excess errors)
FAIL: gfortran.dg/graphite/id-9.f -O (internal compiler error)
FAIL: gfortran.dg/graphite/id-9.f -O (test for excess errors)
FAIL: gfortran.dg/graphite/interchange-1.f -O (internal compiler error)
FAIL: gfortran.dg/graphite/interchange-1.f -O (test for excess errors)
FAIL: gfortran.dg/graphite/interchange-3.f90 -O (internal compiler error)
FAIL: gfortran.dg/graphite/interchange-3.f90 -O (test for excess errors)
FAIL: gfortran.dg/graphite/pr14741.f90 -O (internal compiler error)
FAIL: gfortran.dg/graphite/pr14741.f90 -O (test for excess errors)
FAIL: gfortran.dg/graphite/pr29581.f90 -O1 (internal compiler error)
FAIL: gfortran.dg/graphite/pr29581.f90 -O1 (test for excess errors)
UNRESOLVED: gfortran.dg/graphite/pr29581.f90 -O1 compilation failed to produce executable
FAIL: gfortran.dg/graphite/pr29832.f90 -O1 (internal compiler error)
FAIL: gfortran.dg/graphite/pr29832.f90 -O1 (test for excess errors)
UNRESOLVED: gfortran.dg/graphite/pr29832.f90 -O1 compilation failed to produce executable
FAIL: gfortran.dg/graphite/pr29832.f90 -O3 -fomit-frame-pointer -funroll-loops -fpeel-loops -ftracer -finline-functions (internal compiler error)
FAIL: gfortran.dg/graphite/pr29832.f90 -O3 -fomit-frame-pointer -funroll-loops -fpeel-loops -ftracer -finline-functions (test for excess errors)
UNRESOLVED: gfortran.dg/graphite/pr29832.f90 -O3 -fomit-frame-pointer -funroll-loops -fpeel-loops -ftracer -finline-functions compilation failed to produce executable
FAIL: gfortran.dg/graphite/pr29832.f90 -O3 -g (internal compiler error)
FAIL: gfortran.dg/graphite/pr29832.f90 -O3 -g (test for excess errors)
UNRESOLVED: gfortran.dg/graphite/pr29832.f90 -O3 -g compilation failed to produce executable
FAIL: gfortran.dg/graphite/pr42285.f90 -O (internal compiler error)
FAIL: gfortran.dg/graphite/pr42285.f90 -O (test for excess errors)
FAIL: gfortran.dg/graphite/pr42326-1.f90 -O (internal compiler error)
FAIL: gfortran.dg/graphite/pr42326-1.f90 -O (test for excess errors)
FAIL: gfortran.dg/graphite/pr42326.f90 -O (internal compiler error)
FAIL: gfortran.dg/graphite/pr42326.f90 -O (test for excess errors)
FAIL: gfortran.dg/graphite/pr42334.f90 -O (internal compiler error)
FAIL: gfortran.dg/graphite/pr42334.f90 -O (test for excess errors)
FAIL: gfortran.dg/graphite/pr43097.f -O (internal compiler error)
FAIL: gfortran.dg/graphite/pr43097.f -O (test for excess errors)
FAIL: gfortran.dg/graphite/pr68453.f90 -O (internal compiler error)
FAIL: gfortran.dg/graphite/pr68453.f90 -O (test for excess errors)
FAIL: gfortran.dg/graphite/pr68550-2.f90 -O (internal compiler error)
FAIL: gfortran.dg/graphite/pr68550-2.f90 -O (test for excess errors)
FAIL: gfortran.dg/graphite/pr71351.f90 -O (internal compiler error)
FAIL: gfortran.dg/graphite/pr71351.f90 -O (test for excess errors)
FAIL: gfortran.dg/graphite/pr71898.f90 -O (internal compiler error)
FAIL: gfortran.dg/graphite/pr71898.f90 -O (test for excess errors)
FAIL: gfortran.dg/graphite/pr82449.f -O (internal compiler error)
FAIL: gfortran.dg/graphite/pr82449.f -O (test for excess errors)
FAIL: gfortran.dg/graphite/pr89182.f90 -O (internal compiler error)
FAIL: gfortran.dg/graphite/pr89182.f90 -O (test for excess errors)
FAIL: gfortran.dg/graphite/run-id-1.f -O (internal compiler error)
FAIL: gfortran.dg/graphite/run-id-1.f -O (test for excess errors)
UNRESOLVED: gfortran.dg/graphite/run-id-1.f -O compilation failed to produce executable
FAIL: gfortran.dg/graphite/run-id-2.f90 -O (internal compiler error)
FAIL: gfortran.dg/graphite/run-id-2.f90 -O (test for excess errors)
UNRESOLVED: gfortran.dg/graphite/run-id-2.f90 -O compilation failed to produce executable
UNRESOLVED: gfortran.dg/graphite/vect-pr40979.f90 -O scan-tree-dump-times vect "vectorized 1 loops" 1
FAIL: gfortran.dg/graphite/vect-pr40979.f90 -O (internal compiler error)
FAIL: gfortran.dg/graphite/vect-pr40979.f90 -O (test for excess errors)
=== gfortran Summary for unix ===
# of expected passes 49901
# of unexpected failures 58
# of expected failures 188
# of unresolved testcases 7
# of unsupported tests 207
Running target unix/-m64
FAIL: gfortran.dg/graphite/PR67518.f90 -O (internal compiler error)
FAIL: gfortran.dg/graphite/PR67518.f90 -O (test for excess errors)
FAIL: gfortran.dg/graphite/id-14.f -O (internal compiler error)
FAIL: gfortran.dg/graphite/id-14.f -O (test for excess errors)
FAIL: gfortran.dg/graphite/id-15.f -O (internal compiler error)
FAIL: gfortran.dg/graphite/id-15.f -O (test for excess errors)
FAIL: gfortran.dg/graphite/id-27.f90 -O (internal compiler error)
FAIL: gfortran.dg/graphite/id-27.f90 -O (test for excess errors)
FAIL: gfortran.dg/graphite/id-28.f90 -O (internal compiler error)
FAIL: gfortran.dg/graphite/id-28.f90 -O (test for excess errors)
FAIL: gfortran.dg/graphite/id-9.f -O (internal compiler error)
FAIL: gfortran.dg/graphite/id-9.f -O (test for excess errors)
FAIL: gfortran.dg/graphite/interchange-1.f -O (internal compiler error)
FAIL: gfortran.dg/graphite/interchange-1.f -O (test for excess errors)
FAIL: gfortran.dg/graphite/interchange-3.f90 -O (internal compiler error)
FAIL: gfortran.dg/graphite/interchange-3.f90 -O (test for excess errors)
FAIL: gfortran.dg/graphite/pr14741.f90 -O (internal compiler error)
FAIL: gfortran.dg/graphite/pr14741.f90 -O (test for excess errors)
FAIL: gfortran.dg/graphite/pr29581.f90 -O1 (internal compiler error)
FAIL: gfortran.dg/graphite/pr29581.f90 -O1 (test for excess errors)
UNRESOLVED: gfortran.dg/graphite/pr29581.f90 -O1 compilation failed to produce executable
FAIL: gfortran.dg/graphite/pr29832.f90 -O1 (internal compiler error)
FAIL: gfortran.dg/graphite/pr29832.f90 -O1 (test for excess errors)
UNRESOLVED: gfortran.dg/graphite/pr29832.f90 -O1 compilation failed to produce executable
FAIL: gfortran.dg/graphite/pr29832.f90 -O3 -fomit-frame-pointer -funroll-loops -fpeel-loops -ftracer -finline-functions (internal compiler error)
FAIL: gfortran.dg/graphite/pr29832.f90 -O3 -fomit-frame-pointer -funroll-loops -fpeel-loops -ftracer -finline-functions (test for excess errors)
UNRESOLVED: gfortran.dg/graphite/pr29832.f90 -O3 -fomit-frame-pointer -funroll-loops -fpeel-loops -ftracer -finline-functions compilation failed to produce executable
FAIL: gfortran.dg/graphite/pr29832.f90 -O3 -g (internal compiler error)
FAIL: gfortran.dg/graphite/pr29832.f90 -O3 -g (test for excess errors)
UNRESOLVED: gfortran.dg/graphite/pr29832.f90 -O3 -g compilation failed to produce executable
FAIL: gfortran.dg/graphite/pr39516.f -O (internal compiler error)
FAIL: gfortran.dg/graphite/pr39516.f -O (test for excess errors)
FAIL: gfortran.dg/graphite/pr42285.f90 -O (internal compiler error)
FAIL: gfortran.dg/graphite/pr42285.f90 -O (test for excess errors)
FAIL: gfortran.dg/graphite/pr42334.f90 -O (internal compiler error)
FAIL: gfortran.dg/graphite/pr42334.f90 -O (test for excess errors)
FAIL: gfortran.dg/graphite/pr43097.f -O (internal compiler error)
FAIL: gfortran.dg/graphite/pr43097.f -O (test for excess errors)
FAIL: gfortran.dg/graphite/pr68453.f90 -O (internal compiler error)
FAIL: gfortran.dg/graphite/pr68453.f90 -O (test for excess errors)
FAIL: gfortran.dg/graphite/pr68550-2.f90 -O (internal compiler error)
FAIL: gfortran.dg/graphite/pr68550-2.f90 -O (test for excess errors)
FAIL: gfortran.dg/graphite/pr71351.f90 -O (internal compiler error)
FAIL: gfortran.dg/graphite/pr71351.f90 -O (test for excess errors)
FAIL: gfortran.dg/graphite/pr71898.f90 -O (internal compiler error)
FAIL: gfortran.dg/graphite/pr71898.f90 -O (test for excess errors)
FAIL: gfortran.dg/graphite/pr82449.f -O (internal compiler error)
FAIL: gfortran.dg/graphite/pr82449.f -O (test for excess errors)
FAIL: gfortran.dg/graphite/pr90240.f -O (internal compiler error)
FAIL: gfortran.dg/graphite/pr90240.f -O (test for excess errors)
FAIL: gfortran.dg/graphite/run-id-1.f -O (internal compiler error)
FAIL: gfortran.dg/graphite/run-id-1.f -O (test for excess errors)
UNRESOLVED: gfortran.dg/graphite/run-id-1.f -O compilation failed to produce executable
FAIL: gfortran.dg/graphite/run-id-2.f90 -O (internal compiler error)
FAIL: gfortran.dg/graphite/run-id-2.f90 -O (test for excess errors)
UNRESOLVED: gfortran.dg/graphite/run-id-2.f90 -O compilation failed to produce executable
UNRESOLVED: gfortran.dg/graphite/vect-pr40979.f90 -O scan-tree-dump-times vect "vectorized 1 loops" 1
FAIL: gfortran.dg/graphite/vect-pr40979.f90 -O (internal compiler error)
FAIL: gfortran.dg/graphite/vect-pr40979.f90 -O (test for excess errors)
=== gfortran Summary for unix/-m64 ===
# of expected passes 50133
# of unexpected failures 52
# of expected failures 188
# of unresolved testcases 7
# of unsupported tests 98
=== gfortran Summary ===
# of expected passes 100034
# of unexpected failures 110
# of expected failures 376
# of unresolved testcases 14
# of unsupported tests 305
/var/gcc/regression/trunk/11-gcc/build/gcc/gfortran version 10.0.0 20190705 (experimental) [trunk revision 273133] (GCC)
=== gnat tests ===
Running target unix
=== gnat Summary for unix ===
# of expected passes 3036
# of expected failures 23
# of unsupported tests 11
Running target unix/-m64
=== gnat Summary for unix/-m64 ===
# of expected passes 3036
# of expected failures 23
# of unsupported tests 11
=== gnat Summary ===
# of expected passes 6072
# of expected failures 46
# of unsupported tests 22
/var/gcc/regression/trunk/11-gcc/build/gcc/gnatmake version 10.0.0 20190705 (experimental) [trunk revision 273133]
=== go tests ===
Running target unix
FAIL: ./index0-out.go execution, -O0 -g -fno-var-tracking-assignments
FAIL: go.test/test/chan/nonblock.go execution, -O2 -g
FAIL: go.test/test/fixedbugs/issue4085b.go execution, -O2 -g
=== go Summary for unix ===
# of expected passes 7472
# of unexpected failures 3
# of expected failures 1
# of untested testcases 10
# of unsupported tests 2
Running target unix/-m64
FAIL: ./index0-out.go execution, -O0 -g -fno-var-tracking-assignments
=== go Summary for unix/-m64 ===
# of expected passes 7355
# of unexpected failures 1
# of expected failures 1
# of untested testcases 10
# of unsupported tests 1
=== go Summary ===
# of expected passes 14827
# of unexpected failures 4
# of expected failures 2
# of untested testcases 20
# of unsupported tests 3
=== obj-c++ tests ===
Running target unix
=== obj-c++ Summary for unix ===
# of expected passes 1450
# of expected failures 2
# of unsupported tests 77
Running target unix/-m64
=== obj-c++ Summary for unix/-m64 ===
# of expected passes 1442
# of expected failures 10
# of unsupported tests 77
=== obj-c++ Summary ===
# of expected passes 2892
# of expected failures 12
# of unsupported tests 154
/var/gcc/regression/trunk/11-gcc/build/gcc/xg++ version 10.0.0 20190705 (experimental) [trunk revision 273133] (GCC)
=== objc tests ===
Running target unix
=== objc Summary for unix ===
# of expected passes 2776
# of expected failures 6
# of unsupported tests 68
Running target unix/-m64
=== objc Summary for unix/-m64 ===
# of expected passes 2776
# of expected failures 6
# of unsupported tests 68
=== objc Summary ===
# of expected passes 5552
# of expected failures 12
# of unsupported tests 136
/var/gcc/regression/trunk/11-gcc/build/gcc/xgcc version 10.0.0 20190705 (experimental) [trunk revision 273133] (GCC)
=== gotools tests ===
FAIL: TestScript
FAIL: go test cmd/go
FAIL: TestAbort
FAIL: TestGccgoCrashTracebackNodebug
FAIL: TestSelectStackAdjust
FAIL: go test runtime
=== gotools Summary ===
# of expected passes 406
# of unexpected failures 6
# of untested testcases 193
/var/gcc/regression/trunk/11-gcc/build/./gcc/gccgo version 10.0.0 20190705 (experimental) [trunk revision 273133] (GCC)
=== libatomic tests ===
Running target unix
=== libatomic Summary for unix ===
# of expected passes 44
# of unsupported tests 5
Running target unix/-m64
=== libatomic Summary for unix/-m64 ===
# of expected passes 54
=== libatomic Summary ===
# of expected passes 98
# of unsupported tests 5
=== libffi tests ===
Running target unix
=== libffi Summary for unix ===
# of expected passes 2799
Running target unix/-m64
=== libffi Summary for unix/-m64 ===
# of expected passes 2214
=== libffi Summary ===
# of expected passes 5013
=== libgo tests ===
Running target unix
FAIL: go/build
FAIL: runtime
=== libgo Summary for unix ===
# of expected passes 183
# of unexpected failures 2
Running target unix/-m64
FAIL: go/build
=== libgo Summary for unix/-m64 ===
# of expected passes 184
# of unexpected failures 1
=== libgo Summary ===
# of expected passes 367
# of unexpected failures 3
/var/gcc/regression/trunk/11-gcc/build/./gcc/gccgo version 10.0.0 20190705 (experimental) [trunk revision 273133] (GCC)
=== libgomp tests ===
Running target unix
FAIL: libgomp.graphite/bounds.c (internal compiler error)
FAIL: libgomp.graphite/bounds.c (test for excess errors)
FAIL: libgomp.graphite/bounds.c scan-tree-dump-times graphite "0 loops carried no dependency" 1
FAIL: libgomp.graphite/force-parallel-1.c (internal compiler error)
FAIL: libgomp.graphite/force-parallel-1.c (test for excess errors)
UNRESOLVED: libgomp.graphite/force-parallel-1.c compilation failed to produce executable
FAIL: libgomp.graphite/force-parallel-1.c scan-tree-dump-times graphite "2 loops carried no dependency" 1
UNRESOLVED: libgomp.graphite/force-parallel-1.c scan-tree-dump-times optimized "loopfn" 8
FAIL: libgomp.graphite/force-parallel-2.c (internal compiler error)
FAIL: libgomp.graphite/force-parallel-2.c (test for excess errors)
UNRESOLVED: libgomp.graphite/force-parallel-2.c compilation failed to produce executable
FAIL: libgomp.graphite/force-parallel-2.c scan-tree-dump-times graphite "2 loops carried no dependency" 1
UNRESOLVED: libgomp.graphite/force-parallel-2.c scan-tree-dump-times optimized "loopfn" 4
FAIL: libgomp.graphite/force-parallel-3.c (internal compiler error)
FAIL: libgomp.graphite/force-parallel-3.c (test for excess errors)
UNRESOLVED: libgomp.graphite/force-parallel-3.c compilation failed to produce executable
FAIL: libgomp.graphite/force-parallel-3.c scan-tree-dump-times graphite "4 loops carried no dependency" 1
UNRESOLVED: libgomp.graphite/force-parallel-3.c scan-tree-dump-times optimized "loopfn.0" 4
UNRESOLVED: libgomp.graphite/force-parallel-3.c scan-tree-dump-times optimized "loopfn.1" 4
FAIL: libgomp.graphite/force-parallel-4.c (internal compiler error)
FAIL: libgomp.graphite/force-parallel-4.c (test for excess errors)
UNRESOLVED: libgomp.graphite/force-parallel-4.c compilation failed to produce executable
FAIL: libgomp.graphite/force-parallel-4.c scan-tree-dump-times graphite "1 loops carried no dependency" 1
UNRESOLVED: libgomp.graphite/force-parallel-4.c scan-tree-dump-times optimized "loopfn.0" 4
UNRESOLVED: libgomp.graphite/force-parallel-4.c scan-tree-dump-times optimized "loopfn.1" 4
FAIL: libgomp.graphite/force-parallel-6.c (internal compiler error)
FAIL: libgomp.graphite/force-parallel-6.c (test for excess errors)
UNRESOLVED: libgomp.graphite/force-parallel-6.c compilation failed to produce executable
FAIL: libgomp.graphite/force-parallel-6.c scan-tree-dump-times graphite "1 loops carried no dependency" 1
FAIL: libgomp.graphite/force-parallel-6.c scan-tree-dump-times optimized "loopfn.0" 4
FAIL: libgomp.graphite/force-parallel-7.c (internal compiler error)
FAIL: libgomp.graphite/force-parallel-7.c (test for excess errors)
UNRESOLVED: libgomp.graphite/force-parallel-7.c compilation failed to produce executable
FAIL: libgomp.graphite/force-parallel-7.c scan-tree-dump-times graphite "5 loops carried no dependency" 1
UNRESOLVED: libgomp.graphite/force-parallel-7.c scan-tree-dump-times optimized "loopfn.0" 4
FAIL: libgomp.graphite/force-parallel-8.c (internal compiler error)
FAIL: libgomp.graphite/force-parallel-8.c (test for excess errors)
UNRESOLVED: libgomp.graphite/force-parallel-8.c compilation failed to produce executable
FAIL: libgomp.graphite/force-parallel-8.c scan-tree-dump-times graphite "5 loops carried no dependency" 1
UNRESOLVED: libgomp.graphite/force-parallel-8.c scan-tree-dump-times optimized "loopfn.0" 4
UNRESOLVED: libgomp.graphite/force-parallel-8.c scan-tree-dump-times optimized "loopfn.1" 4
FAIL: libgomp.graphite/force-parallel-9.c (internal compiler error)
FAIL: libgomp.graphite/force-parallel-9.c (test for excess errors)
UNRESOLVED: libgomp.graphite/force-parallel-9.c compilation failed to produce executable
FAIL: libgomp.graphite/force-parallel-9.c scan-tree-dump-times graphite "4 loops carried no dependency" 1
UNRESOLVED: libgomp.graphite/force-parallel-9.c scan-tree-dump-times optimized "loopfn.0" 4
UNRESOLVED: libgomp.graphite/force-parallel-9.c scan-tree-dump-times optimized "loopfn.1" 4
=== libgomp Summary for unix ===
# of expected passes 6529
# of unexpected failures 28
# of expected failures 4
# of unresolved testcases 19
# of unsupported tests 411
Running target unix/-m64
WARNING: libgomp.c++/task-reduction-11.C execution test program timed out.
FAIL: libgomp.c++/task-reduction-11.C execution test
FAIL: libgomp.graphite/bounds.c (internal compiler error)
FAIL: libgomp.graphite/bounds.c (test for excess errors)
FAIL: libgomp.graphite/bounds.c scan-tree-dump-times graphite "0 loops carried no dependency" 1
FAIL: libgomp.graphite/force-parallel-1.c (internal compiler error)
FAIL: libgomp.graphite/force-parallel-1.c (test for excess errors)
UNRESOLVED: libgomp.graphite/force-parallel-1.c compilation failed to produce executable
FAIL: libgomp.graphite/force-parallel-1.c scan-tree-dump-times graphite "2 loops carried no dependency" 1
UNRESOLVED: libgomp.graphite/force-parallel-1.c scan-tree-dump-times optimized "loopfn" 8
FAIL: libgomp.graphite/force-parallel-2.c (internal compiler error)
FAIL: libgomp.graphite/force-parallel-2.c (test for excess errors)
UNRESOLVED: libgomp.graphite/force-parallel-2.c compilation failed to produce executable
FAIL: libgomp.graphite/force-parallel-2.c scan-tree-dump-times graphite "2 loops carried no dependency" 1
UNRESOLVED: libgomp.graphite/force-parallel-2.c scan-tree-dump-times optimized "loopfn" 4
FAIL: libgomp.graphite/force-parallel-3.c (internal compiler error)
FAIL: libgomp.graphite/force-parallel-3.c (test for excess errors)
UNRESOLVED: libgomp.graphite/force-parallel-3.c compilation failed to produce executable
FAIL: libgomp.graphite/force-parallel-3.c scan-tree-dump-times graphite "4 loops carried no dependency" 1
UNRESOLVED: libgomp.graphite/force-parallel-3.c scan-tree-dump-times optimized "loopfn.0" 4
UNRESOLVED: libgomp.graphite/force-parallel-3.c scan-tree-dump-times optimized "loopfn.1" 4
FAIL: libgomp.graphite/force-parallel-4.c (internal compiler error)
FAIL: libgomp.graphite/force-parallel-4.c (test for excess errors)
UNRESOLVED: libgomp.graphite/force-parallel-4.c compilation failed to produce executable
FAIL: libgomp.graphite/force-parallel-4.c scan-tree-dump-times graphite "1 loops carried no dependency" 1
UNRESOLVED: libgomp.graphite/force-parallel-4.c scan-tree-dump-times optimized "loopfn.0" 4
UNRESOLVED: libgomp.graphite/force-parallel-4.c scan-tree-dump-times optimized "loopfn.1" 4
FAIL: libgomp.graphite/force-parallel-6.c (internal compiler error)
FAIL: libgomp.graphite/force-parallel-6.c (test for excess errors)
UNRESOLVED: libgomp.graphite/force-parallel-6.c compilation failed to produce executable
FAIL: libgomp.graphite/force-parallel-6.c scan-tree-dump-times graphite "1 loops carried no dependency" 1
FAIL: libgomp.graphite/force-parallel-6.c scan-tree-dump-times optimized "loopfn.0" 4
FAIL: libgomp.graphite/force-parallel-7.c (internal compiler error)
FAIL: libgomp.graphite/force-parallel-7.c (test for excess errors)
UNRESOLVED: libgomp.graphite/force-parallel-7.c compilation failed to produce executable
FAIL: libgomp.graphite/force-parallel-7.c scan-tree-dump-times graphite "5 loops carried no dependency" 1
UNRESOLVED: libgomp.graphite/force-parallel-7.c scan-tree-dump-times optimized "loopfn.0" 4
FAIL: libgomp.graphite/force-parallel-8.c (internal compiler error)
FAIL: libgomp.graphite/force-parallel-8.c (test for excess errors)
UNRESOLVED: libgomp.graphite/force-parallel-8.c compilation failed to produce executable
FAIL: libgomp.graphite/force-parallel-8.c scan-tree-dump-times graphite "5 loops carried no dependency" 1
UNRESOLVED: libgomp.graphite/force-parallel-8.c scan-tree-dump-times optimized "loopfn.0" 4
UNRESOLVED: libgomp.graphite/force-parallel-8.c scan-tree-dump-times optimized "loopfn.1" 4
FAIL: libgomp.graphite/force-parallel-9.c (internal compiler error)
FAIL: libgomp.graphite/force-parallel-9.c (test for excess errors)
UNRESOLVED: libgomp.graphite/force-parallel-9.c compilation failed to produce executable
FAIL: libgomp.graphite/force-parallel-9.c scan-tree-dump-times graphite "4 loops carried no dependency" 1
UNRESOLVED: libgomp.graphite/force-parallel-9.c scan-tree-dump-times optimized "loopfn.0" 4
UNRESOLVED: libgomp.graphite/force-parallel-9.c scan-tree-dump-times optimized "loopfn.1" 4
=== libgomp Summary for unix/-m64 ===
# of expected passes 6528
# of unexpected failures 29
# of expected failures 4
# of unresolved testcases 19
# of unsupported tests 411
=== libgomp Summary ===
# of expected passes 13057
# of unexpected failures 57
# of expected failures 8
# of unresolved testcases 38
# of unsupported tests 822
=== libitm tests ===
Running target unix
=== libitm Summary for unix ===
# of expected passes 42
# of expected failures 3
# of unsupported tests 1
Running target unix/-m64
=== libitm Summary for unix/-m64 ===
# of expected passes 42
# of expected failures 3
# of unsupported tests 1
=== libitm Summary ===
# of expected passes 84
# of expected failures 6
# of unsupported tests 2
=== libstdc++ tests ===
Running target unix
=== libstdc++ Summary for unix ===
# of expected passes 12146
# of expected failures 79
# of unsupported tests 698
Running target unix/-m64
=== libstdc++ Summary for unix/-m64 ===
# of expected passes 12139
# of expected failures 78
# of unsupported tests 702
=== libstdc++ Summary ===
# of expected passes 24285
# of expected failures 157
# of unsupported tests 1400
Compiler version: 10.0.0 20190705 (experimental) [trunk revision 273133] (GCC)
Platform: i386-pc-solaris2.11
configure flags: --prefix=/vol/gcc --target=i386-pc-solaris2.11 --enable-objc-gc --with-target-bdw-gc-include=/vol/gcc/include --with-target-bdw-gc-lib=/vol/gcc/lib,amd64=/vol/gcc/lib/amd64 --with-as=/usr/ccs/bin/as --without-gnu-as --with-gmp-include=/vol/gcc/include --with-gmp-lib=/vol/gcc/lib --with-mpfr-include=/vol/gcc/include --with-mpfr-lib=/vol/gcc/lib --with-mpc-include=/vol/gcc/include --with-mpc-lib=/vol/gcc/lib --enable-languages=all,ada,obj-c++,go --with-isl-include=/vol/gcc/include --with-isl-lib=/vol/gcc/lib --with-zstd-include=/vol/gcc/include --with-zstd-lib=/vol/gcc/lib --build=i386-pc-solaris2.11 --host=i386-pc-solaris2.11
BOOT_CFLAGS=-g -O2
More information about the Gcc-testresults
mailing list