Results for 10.0.0 20190702 (experimental) [trunk revision 272947] (GCC) testsuite on x86_64-apple-darwin12
Iain Sandoe
iains.gcc@gmail.com
Wed Jul 3 19:37:00 GMT 2019
LAST_UPDATED: Tue Jul 2 19:04:07 UTC 2019 (revision 272947)
=== acats tests ===
=== acats Summary ===
# of expected passes 2320
# of unexpected failures 0
Native configuration is x86_64-apple-darwin12
=== g++ tests ===
Running target unix/-m32
FAIL: c-c++-common/asan/null-deref-1.c -O0 output pattern test
FAIL: c-c++-common/asan/null-deref-1.c -O1 output pattern test
FAIL: c-c++-common/asan/null-deref-1.c -O2 output pattern test
FAIL: c-c++-common/asan/null-deref-1.c -O2 -flto output pattern test
FAIL: c-c++-common/asan/null-deref-1.c -O2 -flto -flto-partition=none output pattern test
FAIL: c-c++-common/asan/null-deref-1.c -O3 -g output pattern test
FAIL: c-c++-common/asan/null-deref-1.c -Os output pattern test
WARNING: g++.dg/cpp0x/variadic-ref1.C -std=c++14 (test for excess errors) program timed out.
FAIL: g++.dg/cpp0x/variadic-ref1.C -std=c++14 (test for excess errors)
FAIL: g++.dg/ext/pr84828.C -std=gnu++14 (internal compiler error)
FAIL: g++.dg/ext/pr84828.C -std=gnu++14 (test for excess errors)
FAIL: g++.dg/ext/pr84828.C -std=gnu++17 (internal compiler error)
FAIL: g++.dg/ext/pr84828.C -std=gnu++17 (test for excess errors)
FAIL: g++.dg/ext/pr84828.C -std=gnu++98 (internal compiler error)
FAIL: g++.dg/ext/pr84828.C -std=gnu++98 (test for excess errors)
FAIL: g++.dg/ipa/pr67056.C scan-ipa-dump cp "Speculative outer type:struct CompositeClass"
FAIL: g++.dg/opt/flifetime-dse2.C -std=gnu++14 execution test
FAIL: g++.dg/opt/flifetime-dse2.C -std=gnu++17 execution test
FAIL: g++.dg/opt/flifetime-dse2.C -std=gnu++98 execution test
FAIL: g++.dg/opt/flifetime-dse4.C -std=gnu++14 execution test
FAIL: g++.dg/opt/flifetime-dse4.C -std=gnu++17 execution test
FAIL: g++.dg/opt/flifetime-dse4.C -std=gnu++98 execution test
WARNING: g++.dg/overload/rvalue1.C -std=c++98 (test for excess errors) program timed out.
FAIL: g++.dg/overload/rvalue1.C -std=c++98 (test for excess errors)
FAIL: g++.dg/pr80481.C -std=gnu++14 scan-assembler-not vmovaps
FAIL: g++.dg/pr80481.C -std=gnu++17 scan-assembler-not vmovaps
FAIL: g++.dg/pr80481.C -std=gnu++98 scan-assembler-not vmovaps
FAIL: g++.dg/warn/Warray-bounds-4.C -std=gnu++14 (test for warnings, line 25)
FAIL: g++.dg/warn/Warray-bounds-4.C -std=gnu++17 (test for warnings, line 25)
FAIL: g++.dg/warn/Warray-bounds-4.C -std=gnu++98 (test for warnings, line 25)
WARNING: g++.dg/warn/Wconversion-real-integer-3.C -std=gnu++98 (test for warnings, line 19) program timed out.
FAIL: g++.dg/gcov/pr16855.C -std=gnu++14 gcov: 2 failures in line counts, 0 in branch percentages, 0 in return percentages, 0 in intermediate format
FAIL: g++.dg/gcov/pr16855.C -std=gnu++14 line 21: is #####:should be 1
FAIL: g++.dg/gcov/pr16855.C -std=gnu++14 line 45: is #####:should be 1
FAIL: g++.dg/gcov/pr16855.C -std=gnu++17 gcov: 2 failures in line counts, 0 in branch percentages, 0 in return percentages, 0 in intermediate format
FAIL: g++.dg/gcov/pr16855.C -std=gnu++17 line 21: is #####:should be 1
FAIL: g++.dg/gcov/pr16855.C -std=gnu++17 line 45: is #####:should be 1
FAIL: g++.dg/gcov/pr16855.C -std=gnu++98 gcov: 2 failures in line counts, 0 in branch percentages, 0 in return percentages, 0 in intermediate format
FAIL: g++.dg/gcov/pr16855.C -std=gnu++98 line 21: is #####:should be 1
FAIL: g++.dg/gcov/pr16855.C -std=gnu++98 line 45: is #####:should be 1
FAIL: g++.dg/gomp/pr88182.C -std=gnu++14 (test for excess errors)
UNRESOLVED: g++.dg/gomp/pr88182.C -std=gnu++14 compilation failed to produce executable
FAIL: g++.dg/gomp/pr88182.C -std=gnu++17 (test for excess errors)
UNRESOLVED: g++.dg/gomp/pr88182.C -std=gnu++17 compilation failed to produce executable
FAIL: g++.dg/gomp/pr88182.C -std=gnu++98 (test for excess errors)
UNRESOLVED: g++.dg/gomp/pr88182.C -std=gnu++98 compilation failed to produce executable
FAIL: g++.dg/lto/alias-1 cp_lto_alias-1_0.o-cp_lto_alias-1_1.o execute -O2 -flto
FAIL: g++.dg/lto/alias-2 cp_lto_alias-2_0.o-cp_lto_alias-2_1.o execute -O2 -flto
FAIL: g++.dg/lto/pr65276 cp_lto_pr65276_0.o-cp_lto_pr65276_1.o link, -flto -O0 -std=c++11
FAIL: g++.dg/lto/pr65549 cp_lto_pr65549_0.o-cp_lto_pr65549_0.o link, -std=gnu++14 -flto -g -O2 -fno-inline -flto-partition=max -Wno-return-type
FAIL: g++.dg/lto/pr87906 cp_lto_pr87906_0.o-cp_lto_pr87906_1.o link, -O -fPIC -flto
FAIL: g++.dg/lto/pr89335 cp_lto_pr89335_0.o assemble, -O2 -flto -Wsuggest-final-methods
FAIL: g++.dg/tls/thread_local-order2.C -std=c++14 execution test
FAIL: g++.dg/tls/thread_local-order2.C -std=c++17 execution test
FAIL: g++.dg/tree-prof/pr57451.C compilation, -fprofile-generate -D_PROFILE_GENERATE
UNRESOLVED: g++.dg/tree-prof/pr57451.C compilation, -fprofile-use -D_PROFILE_USE
UNRESOLVED: g++.dg/tree-prof/pr57451.C execution, -fprofile-generate -D_PROFILE_GENERATE
UNRESOLVED: g++.dg/tree-prof/pr57451.C execution, -fprofile-use -D_PROFILE_USE
FAIL: g++.dg/tree-prof/pr63581.C compilation, -fprofile-generate -D_PROFILE_GENERATE
UNRESOLVED: g++.dg/tree-prof/pr63581.C compilation, -fprofile-use -D_PROFILE_USE
UNRESOLVED: g++.dg/tree-prof/pr63581.C execution, -fprofile-generate -D_PROFILE_GENERATE
UNRESOLVED: g++.dg/tree-prof/pr63581.C execution, -fprofile-use -D_PROFILE_USE
=== g++ Summary for unix/-m32 ===
# of expected passes 131402
# of unexpected failures 50
# of expected failures 540
# of unresolved testcases 9
# of unsupported tests 6335
Running target unix/-m64
WARNING: g++.dg/cpp0x/alias-decl-26.C -std=c++14 (test for excess errors) program timed out.
FAIL: g++.dg/cpp0x/alias-decl-26.C -std=c++14 (test for excess errors)
FAIL: g++.dg/ipa/pr67056.C scan-ipa-dump cp "Speculative outer type:struct CompositeClass"
FAIL: g++.dg/opt/flifetime-dse2.C -std=gnu++14 execution test
FAIL: g++.dg/opt/flifetime-dse2.C -std=gnu++17 execution test
FAIL: g++.dg/opt/flifetime-dse2.C -std=gnu++98 execution test
FAIL: g++.dg/opt/flifetime-dse4.C -std=gnu++14 execution test
FAIL: g++.dg/opt/flifetime-dse4.C -std=gnu++17 execution test
FAIL: g++.dg/opt/flifetime-dse4.C -std=gnu++98 execution test
FAIL: g++.dg/pr80481.C -std=gnu++14 scan-assembler-not vmovaps
FAIL: g++.dg/pr80481.C -std=gnu++17 scan-assembler-not vmovaps
FAIL: g++.dg/pr80481.C -std=gnu++98 scan-assembler-not vmovaps
FAIL: g++.dg/tree-ssa/ivopts-3.C -std=gnu++98 scan-tree-dump ivopts "Selected IV set for loop [0-9]* at [^ ]*:64, 3 avg niters, 1 IVs"
FAIL: g++.dg/warn/Warray-bounds-4.C -std=gnu++14 (test for warnings, line 25)
FAIL: g++.dg/warn/Warray-bounds-4.C -std=gnu++17 (test for warnings, line 25)
FAIL: g++.dg/warn/Warray-bounds-4.C -std=gnu++98 (test for warnings, line 25)
FAIL: g++.dg/gcov/pr16855.C -std=gnu++14 gcov: 2 failures in line counts, 0 in branch percentages, 0 in return percentages, 0 in intermediate format
FAIL: g++.dg/gcov/pr16855.C -std=gnu++14 line 21: is #####:should be 1
FAIL: g++.dg/gcov/pr16855.C -std=gnu++14 line 45: is #####:should be 1
FAIL: g++.dg/gcov/pr16855.C -std=gnu++17 gcov: 2 failures in line counts, 0 in branch percentages, 0 in return percentages, 0 in intermediate format
FAIL: g++.dg/gcov/pr16855.C -std=gnu++17 line 21: is #####:should be 1
FAIL: g++.dg/gcov/pr16855.C -std=gnu++17 line 45: is #####:should be 1
FAIL: g++.dg/gcov/pr16855.C -std=gnu++98 gcov: 2 failures in line counts, 0 in branch percentages, 0 in return percentages, 0 in intermediate format
FAIL: g++.dg/gcov/pr16855.C -std=gnu++98 line 21: is #####:should be 1
FAIL: g++.dg/gcov/pr16855.C -std=gnu++98 line 45: is #####:should be 1
FAIL: g++.dg/gomp/pr88182.C -std=gnu++14 (test for excess errors)
UNRESOLVED: g++.dg/gomp/pr88182.C -std=gnu++14 compilation failed to produce executable
FAIL: g++.dg/gomp/pr88182.C -std=gnu++17 (test for excess errors)
UNRESOLVED: g++.dg/gomp/pr88182.C -std=gnu++17 compilation failed to produce executable
FAIL: g++.dg/gomp/pr88182.C -std=gnu++98 (test for excess errors)
UNRESOLVED: g++.dg/gomp/pr88182.C -std=gnu++98 compilation failed to produce executable
FAIL: g++.dg/lto/alias-1 cp_lto_alias-1_0.o-cp_lto_alias-1_1.o execute -O2 -flto
FAIL: g++.dg/lto/alias-2 cp_lto_alias-2_0.o-cp_lto_alias-2_1.o execute -O2 -flto
FAIL: g++.dg/lto/pr65276 cp_lto_pr65276_0.o-cp_lto_pr65276_1.o link, -flto -O0 -std=c++11
FAIL: g++.dg/lto/pr65549 cp_lto_pr65549_0.o-cp_lto_pr65549_0.o link, -std=gnu++14 -flto -g -O2 -fno-inline -flto-partition=max -Wno-return-type
FAIL: g++.dg/lto/pr87906 cp_lto_pr87906_0.o-cp_lto_pr87906_1.o link, -O -fPIC -flto
FAIL: g++.dg/lto/pr89335 cp_lto_pr89335_0.o assemble, -O2 -flto -Wsuggest-final-methods
FAIL: g++.dg/tls/thread_local-order2.C -std=c++14 execution test
FAIL: g++.dg/tls/thread_local-order2.C -std=c++17 execution test
FAIL: g++.dg/tree-prof/pr57451.C compilation, -fprofile-generate -D_PROFILE_GENERATE
UNRESOLVED: g++.dg/tree-prof/pr57451.C compilation, -fprofile-use -D_PROFILE_USE
UNRESOLVED: g++.dg/tree-prof/pr57451.C execution, -fprofile-generate -D_PROFILE_GENERATE
UNRESOLVED: g++.dg/tree-prof/pr57451.C execution, -fprofile-use -D_PROFILE_USE
FAIL: g++.dg/tree-prof/pr63581.C compilation, -fprofile-generate -D_PROFILE_GENERATE
UNRESOLVED: g++.dg/tree-prof/pr63581.C compilation, -fprofile-use -D_PROFILE_USE
UNRESOLVED: g++.dg/tree-prof/pr63581.C execution, -fprofile-generate -D_PROFILE_GENERATE
UNRESOLVED: g++.dg/tree-prof/pr63581.C execution, -fprofile-use -D_PROFILE_USE
=== g++ Summary for unix/-m64 ===
# of expected passes 133021
# of unexpected failures 37
# of expected failures 543
# of unresolved testcases 9
# of unsupported tests 6477
=== g++ Summary ===
# of expected passes 264423
# of unexpected failures 87
# of expected failures 1083
# of unresolved testcases 18
# of unsupported tests 12812
/GCC/gcc-trunk/gcc/testsuite/g++/../../xg++ version 10.0.0 20190702 (experimental) [trunk revision 272947] (GCC)
=== gcc tests ===
Running target unix/-m32
FAIL: c-c++-common/asan/null-deref-1.c -O0 output pattern test
FAIL: c-c++-common/asan/null-deref-1.c -O1 output pattern test
FAIL: c-c++-common/asan/null-deref-1.c -O2 output pattern test
FAIL: c-c++-common/asan/null-deref-1.c -O2 -flto output pattern test
FAIL: c-c++-common/asan/null-deref-1.c -O2 -flto -flto-partition=none output pattern test
FAIL: c-c++-common/asan/null-deref-1.c -O3 -g output pattern test
FAIL: c-c++-common/asan/null-deref-1.c -Os output pattern test
FAIL: c-c++-common/asan/strncpy-overflow-1.c -O0 output pattern test
FAIL: c-c++-common/asan/strncpy-overflow-1.c -O1 output pattern test
FAIL: c-c++-common/asan/strncpy-overflow-1.c -O2 output pattern test
FAIL: c-c++-common/asan/strncpy-overflow-1.c -O2 -flto output pattern test
FAIL: c-c++-common/asan/strncpy-overflow-1.c -O2 -flto -flto-partition=none output pattern test
FAIL: c-c++-common/asan/strncpy-overflow-1.c -O3 -g output pattern test
FAIL: c-c++-common/asan/strncpy-overflow-1.c -Os output pattern test
FAIL: gcc.dg/debug/dwarf2/inline4.c scan-assembler DW_TAG_inlined_subroutine[^\\\\(]*\\\\([^\\\\)]*\\\\)[^\\\\(]*\\\\(DIE \\\\(0x[0-9a-f]*\\\\) DW_TAG_formal_parameter[^\\\\(]*\\\\(DIE \\\\(0x[0-9a-f]*\\\\) DW_TAG_variable
FAIL: gcc.dg/debug/dwarf2/inline5.c scan-assembler-not \\\\(DIE \\\\(0x([0-9a-f]*)\\\\) DW_TAG_lexical_block\\\\)[^#/!@;\\\\|]*[#/!@;\\\\|]+ +[^(].*DW_TAG_lexical_block\\\\)[^#/!@;\\\\|x]*x\\\\1[^#/!@;\\\\|]*[#/!@;\\\\|] +DW_AT_abstract_origin
FAIL: gcc.dg/20020312-2.c (test for excess errors)
FAIL: gcc.dg/Wnonnull.c (test for warnings, line 21)
FAIL: gcc.dg/Wnonnull.c (test for warnings, line 24)
FAIL: gcc.dg/pr57438-2.c scan-assembler nop\\\\nLFE.*
FAIL: gcc.dg/stack-layout-dynamic-1.c (test for excess errors)
UNRESOLVED: gcc.dg/stack-layout-dynamic-1.c scan-assembler-not cfi_def_cfa_register
FAIL: c-c++-common/goacc/firstprivate-mappings-1.c scan-tree-dump omplower "(?n)#pragma omp target oacc_parallel map\\\\(from:array_so \\\\[len: 4\\\\]\\\\) firstprivate\\\\(array_li.[0-9]+\\\\) map\\\\(tofrom:\\\\(\\\\*array.[0-9]+\\\\) \\\\[len: D\\\\.[0-9]+\\\\]\\\\) map\\\\(firstprivate:array \\\\[pointer assign, bias: 0\\\\]\\\\) \\\\["
FAIL: gcc.dg/graphite/scop-19.c scan-tree-dump-times graphite "number of SCoPs: 0" 1
FAIL: gcc.dg/ipa/ipa-icf-38.c scan-ltrans-tree-dump-not optimized "Function bar"
FAIL: gcc.dg/torture/builtin-self.c -O0 scan-assembler-not \\tcall
WARNING: gcc.dg/torture/pr24750-1.c -Os (test for excess errors) program timed out.
FAIL: gcc.dg/torture/pr24750-1.c -Os (test for excess errors)
WARNING: gcc.dg/torture/stackalign/setjmp-3.c -O2 -flto -flto-partition=none -mforce-drap -fpic (test for excess errors) program timed out.
FAIL: gcc.dg/torture/stackalign/setjmp-3.c -O2 -flto -flto-partition=none -mforce-drap -fpic (test for excess errors)
FAIL: gcc.dg/tree-ssa/ssa-dse-36.c scan-tree-dump-times dse1 "Deleted redundant call" 3
XPASS: gcc.dg/vect/vect-reduc-in-order-1.c -flto -ffat-lto-objects execution test
XPASS: gcc.dg/vect/vect-reduc-in-order-1.c execution test
XPASS: gcc.dg/vect/vect-reduc-in-order-2.c -flto -ffat-lto-objects execution test
XPASS: gcc.dg/vect/vect-reduc-in-order-2.c execution test
XPASS: gcc.dg/vect/vect-reduc-in-order-3.c -flto -ffat-lto-objects execution test
XPASS: gcc.dg/vect/vect-reduc-in-order-3.c execution test
XPASS: gcc.dg/vect/vect-reduc-in-order-4.c -flto -ffat-lto-objects execution test
XPASS: gcc.dg/vect/vect-reduc-in-order-4.c execution test
FAIL: gcc.misc-tests/linkage.c link
FAIL: gcc.target/i386/pr15184-1.c scan-assembler-times movb[ \\\\t]+%al 4
FAIL: gcc.target/i386/pr15184-2.c scan-assembler-times movb[ \\\\t]+%al 2
FAIL: gcc.target/i386/pr54855-3.c scan-assembler-not movsd
FAIL: gcc.target/i386/pr54855-7.c scan-assembler-not movss
FAIL: gcc.target/i386/pr57193.c scan-assembler-times movdqa 2
FAIL: gcc.target/i386/pr66334.c scan-assembler movl[ \\\\t].+, %ebx
FAIL: gcc.target/i386/pr71245-1.c scan-assembler-not (fistp|fild)
FAIL: gcc.target/i386/pr71245-2.c scan-assembler-not movlps
FAIL: gcc.target/i386/pr78035.c scan-assembler-times cmp 2
FAIL: gcc.target/i386/pr81736-5.c scan-assembler-not %[re]bp
FAIL: gcc.target/i386/pr84278.c scan-assembler-not \\\\(%.sp\\\\)
FAIL: gcc.target/i386/pr85667-6.c scan-assembler-times flds[^\\n\\r]* 1
FAIL: gcc.target/i386/pr88414.c (internal compiler error)
FAIL: gcc.target/i386/pr88414.c (test for excess errors)
=== gcc Summary for unix/-m32 ===
# of expected passes 131916
# of unexpected failures 43
# of unexpected successes 8
# of expected failures 533
# of unresolved testcases 1
# of unsupported tests 5212
Running target unix/-m64
FAIL: c-c++-common/asan/strncpy-overflow-1.c -O0 output pattern test
FAIL: c-c++-common/asan/strncpy-overflow-1.c -O1 output pattern test
FAIL: c-c++-common/asan/strncpy-overflow-1.c -O2 output pattern test
FAIL: c-c++-common/asan/strncpy-overflow-1.c -O2 -flto output pattern test
FAIL: c-c++-common/asan/strncpy-overflow-1.c -O2 -flto -flto-partition=none output pattern test
FAIL: c-c++-common/asan/strncpy-overflow-1.c -O3 -g output pattern test
FAIL: c-c++-common/asan/strncpy-overflow-1.c -Os output pattern test
FAIL: gcc.dg/debug/dwarf2/inline4.c scan-assembler DW_TAG_inlined_subroutine[^\\\\(]*\\\\([^\\\\)]*\\\\)[^\\\\(]*\\\\(DIE \\\\(0x[0-9a-f]*\\\\) DW_TAG_formal_parameter[^\\\\(]*\\\\(DIE \\\\(0x[0-9a-f]*\\\\) DW_TAG_variable
FAIL: gcc.dg/debug/dwarf2/inline5.c scan-assembler-not \\\\(DIE \\\\(0x([0-9a-f]*)\\\\) DW_TAG_lexical_block\\\\)[^#/!@;\\\\|]*[#/!@;\\\\|]+ +[^(].*DW_TAG_lexical_block\\\\)[^#/!@;\\\\|x]*x\\\\1[^#/!@;\\\\|]*[#/!@;\\\\|] +DW_AT_abstract_origin
FAIL: gcc.dg/Wnonnull.c (test for warnings, line 21)
FAIL: gcc.dg/Wnonnull.c (test for warnings, line 24)
FAIL: gcc.dg/pr57438-2.c scan-assembler nop\\\\nLFE.*
FAIL: gcc.dg/stack-layout-dynamic-1.c (test for excess errors)
UNRESOLVED: gcc.dg/stack-layout-dynamic-1.c scan-assembler-not cfi_def_cfa_register
FAIL: gcc.dg/graphite/scop-19.c scan-tree-dump-times graphite "number of SCoPs: 0" 1
FAIL: gcc.dg/ipa/ipa-icf-38.c scan-ltrans-tree-dump-not optimized "Function bar"
FAIL: gcc.dg/rtl/x86_64/final.c (internal compiler error)
FAIL: gcc.dg/rtl/x86_64/final.c (test for excess errors)
UNRESOLVED: gcc.dg/rtl/x86_64/final.c scan-assembler .cfi_endproc
UNRESOLVED: gcc.dg/rtl/x86_64/final.c scan-assembler .cfi_startproc
UNRESOLVED: gcc.dg/rtl/x86_64/final.c scan-assembler ret
UNRESOLVED: gcc.dg/rtl/x86_64/final.c scan-assembler test_1:
FAIL: gcc.dg/torture/fp-int-convert-timode-3.c -O0 execution test
FAIL: gcc.dg/torture/fp-int-convert-timode-3.c -O1 execution test
FAIL: gcc.dg/torture/fp-int-convert-timode-3.c -O2 execution test
FAIL: gcc.dg/torture/fp-int-convert-timode-3.c -O2 -flto execution test
FAIL: gcc.dg/torture/fp-int-convert-timode-3.c -O2 -flto -flto-partition=none execution test
FAIL: gcc.dg/torture/fp-int-convert-timode-3.c -O3 -g execution test
FAIL: gcc.dg/torture/fp-int-convert-timode-3.c -Os execution test
FAIL: gcc.dg/torture/fp-int-convert-timode-4.c -O0 execution test
FAIL: gcc.dg/torture/fp-int-convert-timode-4.c -O1 execution test
FAIL: gcc.dg/torture/fp-int-convert-timode-4.c -O2 execution test
FAIL: gcc.dg/torture/fp-int-convert-timode-4.c -O2 -flto execution test
FAIL: gcc.dg/torture/fp-int-convert-timode-4.c -O2 -flto -flto-partition=none execution test
FAIL: gcc.dg/torture/fp-int-convert-timode-4.c -O3 -g execution test
FAIL: gcc.dg/torture/fp-int-convert-timode-4.c -Os execution test
FAIL: gcc.dg/tree-ssa/ssa-dse-36.c scan-tree-dump-times dse1 "Deleted redundant call" 3
FAIL: gcc.target/i386/pr57193.c scan-assembler-times movdqa 2
FAIL: gcc.target/i386/pr78035.c scan-assembler-times cmp 2
FAIL: gcc.target/i386/stackalign/pr88483-1.c -mno-stackrealign scan-assembler-not and[lq]?[^\\\\n]*-[0-9]+,[^\\\\n]*sp
FAIL: gcc.target/i386/stackalign/pr88483-1.c -mstackrealign scan-assembler-not and[lq]?[^\\\\n]*-[0-9]+,[^\\\\n]*sp
FAIL: gcc.target/i386/stackalign/pr88483-2.c -mno-stackrealign scan-assembler-not (sub|add)(l|q)[\\\\t ]*\\\\\$[0-9]*,[\\\\t ]*%[re]?sp
FAIL: gcc.target/i386/stackalign/pr88483-2.c -mno-stackrealign scan-assembler-not and[lq]?[^\\\\n]*-[0-9]+,[^\\\\n]*sp
FAIL: gcc.target/i386/stackalign/pr88483-2.c -mstackrealign scan-assembler-not (sub|add)(l|q)[\\\\t ]*\\\\\$[0-9]*,[\\\\t ]*%[re]?sp
FAIL: gcc.target/i386/stackalign/pr88483-2.c -mstackrealign scan-assembler-not and[lq]?[^\\\\n]*-[0-9]+,[^\\\\n]*sp
=== gcc Summary for unix/-m64 ===
# of expected passes 133900
# of unexpected failures 40
# of expected failures 538
# of unresolved testcases 5
# of unsupported tests 4973
=== gcc Summary ===
# of expected passes 265816
# of unexpected failures 83
# of unexpected successes 8
# of expected failures 1071
# of unresolved testcases 6
# of unsupported tests 10185
/GCC/gcc-trunk/gcc/xgcc version 10.0.0 20190702 (experimental) [trunk revision 272947] (GCC)
=== gfortran tests ===
Running target unix/-m32
=== gfortran Summary for unix/-m32 ===
# of expected passes 49931
# of expected failures 188
# of unsupported tests 207
Running target unix/-m64
=== gfortran Summary for unix/-m64 ===
# of expected passes 50160
# of expected failures 188
# of unsupported tests 98
=== gfortran Summary ===
# of expected passes 100091
# of expected failures 376
# of unsupported tests 305
/GCC/gcc-trunk/gcc/testsuite/gfortran/../../gfortran version 10.0.0 20190702 (experimental) [trunk revision 272947] (GCC)
=== gnat tests ===
Running target unix/-m32
=== gnat Summary for unix/-m32 ===
# of expected passes 2994
# of expected failures 23
# of unsupported tests 12
Running target unix/-m64
=== gnat Summary for unix/-m64 ===
# of expected passes 2994
# of expected failures 23
# of unsupported tests 12
=== gnat Summary ===
# of expected passes 5988
# of expected failures 46
# of unsupported tests 24
/GCC/gcc-trunk/gcc/gnatmake version 10.0.0 20190702 (experimental) [trunk revision 272947]
=== obj-c++ tests ===
Running target unix/-m64
FAIL: obj-c++.dg/bitfield-2.mm -fnext-runtime execution test
FAIL: obj-c++.dg/gnu-api-2-objc.mm -fnext-runtime execution test
FAIL: obj-c++.dg/plugin/diagnostic-test-expressions-1.mm -fplugin=./diagnostic_plugin_test_tree_expression_range.so (test for warnings, line 60)
FAIL: obj-c++.dg/plugin/diagnostic-test-expressions-1.mm -fplugin=./diagnostic_plugin_test_tree_expression_range.so (test for warnings, line 68)
FAIL: obj-c++.dg/plugin/diagnostic-test-expressions-1.mm -fplugin=./diagnostic_plugin_test_tree_expression_range.so expected multiline pattern lines 62-63 not found: " __emit_expression_range \\( 0, @selector\\(func0\\) \\);.*\\n \\^~~~~~~~~~~~~~~~\\n"
FAIL: obj-c++.dg/plugin/diagnostic-test-expressions-1.mm -fplugin=./diagnostic_plugin_test_tree_expression_range.so expected multiline pattern lines 70-71 not found: " __emit_expression_range \\( 0, @protocol\\(prot\\) \\);.*\\n \\^~~~~~~~~~~~~~~\\n"
FAIL: obj-c++.dg/plugin/diagnostic-test-expressions-1.mm -fplugin=./diagnostic_plugin_test_tree_expression_range.so (test for excess errors)
FAIL: obj-c++.dg/property/at-property-13.mm -fgnu-runtime execution test
FAIL: obj-c++.dg/property/synthesize-10.mm -fnext-runtime execution test
=== obj-c++ Summary for unix/-m64 ===
# of expected passes 3049
# of unexpected failures 9
# of expected failures 19
# of unsupported tests 68
Running target unix/-m32
FAIL: obj-c++.dg/cxx-ivars-3.mm -fnext-runtime execution test
FAIL: obj-c++.dg/gnu-api-2-objc.mm -fnext-runtime execution test
FAIL: obj-c++.dg/plugin/diagnostic-test-expressions-1.mm -fplugin=./diagnostic_plugin_test_tree_expression_range.so (test for warnings, line 60)
FAIL: obj-c++.dg/plugin/diagnostic-test-expressions-1.mm -fplugin=./diagnostic_plugin_test_tree_expression_range.so expected multiline pattern lines 62-63 not found: " __emit_expression_range \\( 0, @selector\\(func0\\) \\);.*\\n \\^~~~~~~~~~~~~~~~\\n"
FAIL: obj-c++.dg/plugin/diagnostic-test-expressions-1.mm -fplugin=./diagnostic_plugin_test_tree_expression_range.so (test for excess errors)
=== obj-c++ Summary for unix/-m32 ===
# of expected passes 3114
# of unexpected failures 5
# of expected failures 2
# of unsupported tests 62
=== obj-c++ Summary ===
# of expected passes 6163
# of unexpected failures 14
# of expected failures 21
# of unsupported tests 130
/GCC/gcc-trunk/gcc/testsuite/obj-c++/../../xg++ version 10.0.0 20190702 (experimental) [trunk revision 272947] (GCC)
=== objc tests ===
Running target unix/-m32
FAIL: objc.dg/gnu-api-2-objc.m -fnext-runtime execution test
FAIL: objc.dg/ivar-scope-4.m -fnext-runtime execution test
FAIL: objc.dg/plugin/diagnostic-test-expressions-1.m -fplugin=./diagnostic_plugin_test_tree_expression_range.so (test for warnings, line 60)
FAIL: objc.dg/plugin/diagnostic-test-expressions-1.m -fplugin=./diagnostic_plugin_test_tree_expression_range.so expected multiline pattern lines 62-63 not found: " __emit_expression_range \\( 0, @selector\\(func0\\) \\);.*\\n \\^~~~~~~~~~~~~~~~\\n"
FAIL: objc.dg/plugin/diagnostic-test-expressions-1.m -fplugin=./diagnostic_plugin_test_tree_expression_range.so (test for excess errors)
WARNING: objc/execute/private.m compilation, -O2 -fnext-runtime program timed out.
FAIL: objc/execute/private.m compilation, -O2 -fnext-runtime
UNRESOLVED: objc/execute/private.m execution, -O2 -fnext-runtime
=== objc Summary for unix/-m32 ===
# of expected passes 5643
# of unexpected failures 6
# of expected failures 6
# of unresolved testcases 1
# of unsupported tests 78
Running target unix/-m64
FAIL: objc.dg/gnu-api-2-objc.m -fnext-runtime execution test
FAIL: objc.dg/plugin/diagnostic-test-expressions-1.m -fplugin=./diagnostic_plugin_test_tree_expression_range.so (test for warnings, line 60)
FAIL: objc.dg/plugin/diagnostic-test-expressions-1.m -fplugin=./diagnostic_plugin_test_tree_expression_range.so (test for warnings, line 68)
FAIL: objc.dg/plugin/diagnostic-test-expressions-1.m -fplugin=./diagnostic_plugin_test_tree_expression_range.so expected multiline pattern lines 62-63 not found: " __emit_expression_range \\( 0, @selector\\(func0\\) \\);.*\\n \\^~~~~~~~~~~~~~~~\\n"
FAIL: objc.dg/plugin/diagnostic-test-expressions-1.m -fplugin=./diagnostic_plugin_test_tree_expression_range.so expected multiline pattern lines 70-71 not found: " __emit_expression_range \\( 0, @protocol\\(prot\\) \\);.*\\n ~~~~~~~~~~~~~~~\\n"
FAIL: objc.dg/plugin/diagnostic-test-expressions-1.m -fplugin=./diagnostic_plugin_test_tree_expression_range.so (test for excess errors)
FAIL: objc.dg/property/at-property-13.m -fgnu-runtime execution test
=== objc Summary for unix/-m64 ===
# of expected passes 5591
# of unexpected failures 7
# of expected failures 12
# of unsupported tests 85
=== objc Summary ===
# of expected passes 11234
# of unexpected failures 13
# of expected failures 18
# of unresolved testcases 1
# of unsupported tests 163
/GCC/gcc-trunk/gcc/xgcc version 10.0.0 20190702 (experimental) [trunk revision 272947] (GCC)
=== libatomic tests ===
Running target unix/-m64
=== libatomic Summary for unix/-m64 ===
# of expected passes 54
Running target unix/-m32
=== libatomic Summary for unix/-m32 ===
# of expected passes 44
# of unsupported tests 5
=== libatomic Summary ===
# of expected passes 98
# of unsupported tests 5
=== libgomp tests ===
Running target unix/-m64
=== libgomp Summary for unix/-m64 ===
# of expected passes 6503
# of expected failures 4
# of unsupported tests 423
Running target unix/-m32
=== libgomp Summary for unix/-m32 ===
# of expected passes 6503
# of expected failures 4
# of unsupported tests 423
=== libgomp Summary ===
# of expected passes 13006
# of expected failures 8
# of unsupported tests 846
=== libitm tests ===
Running target unix/-m64
=== libitm Summary for unix/-m64 ===
# of expected passes 40
# of expected failures 3
# of unsupported tests 2
Running target unix/-m32
=== libitm Summary for unix/-m32 ===
# of expected passes 40
# of expected failures 3
# of unsupported tests 2
=== libitm Summary ===
# of expected passes 80
# of expected failures 6
# of unsupported tests 4
=== libstdc++ tests ===
Running target unix/-m32
FAIL: 17_intro/names.cc (test for excess errors)
FAIL: experimental/iterator/requirements.cc (test for excess errors)
FAIL: experimental/names.cc (test for excess errors)
=== libstdc++ Summary for unix/-m32 ===
# of expected passes 12050
# of unexpected failures 3
# of expected failures 78
# of unsupported tests 745
Running target unix/-m64
FAIL: 17_intro/names.cc (test for excess errors)
FAIL: experimental/iterator/requirements.cc (test for excess errors)
FAIL: experimental/names.cc (test for excess errors)
=== libstdc++ Summary for unix/-m64 ===
# of expected passes 12048
# of unexpected failures 3
# of expected failures 78
# of unsupported tests 746
=== libstdc++ Summary ===
# of expected passes 24098
# of unexpected failures 6
# of expected failures 156
# of unsupported tests 1491
Compiler version: 10.0.0 20190702 (experimental) [trunk revision 272947] (GCC)
Platform: x86_64-apple-darwin12
configure flags: --prefix=/opt/iains/x86_64-apple-darwin12/gcc-10-0-0 --target=x86_64-apple-darwin12 --host=x86_64-apple-darwin12 --build=x86_64-apple-darwin12 --with-sysroot=/opt/iains/SDKs/darwin12 --enable-version-specific-runtime-libs --disable-nls --disable-libstdcxx-pch --enable-checking=yes --enable-languages=all
More information about the Gcc-testresults
mailing list