Results for 9.0.0 20190118 (experimental) [trunk revision 268065] (GCC) testsuite on i386-pc-solaris2.11
Rainer Orth
ro@CeBiTec.Uni-Bielefeld.DE
Sat Jan 19 09:57:00 GMT 2019
LAST_UPDATED: Fri Jan 18 09:48:41 UTC 2019 (revision 268065)
=== acats tests ===
=== acats Summary ===
# of expected passes 2320
# of unexpected failures 0
Native configuration is i386-pc-solaris2.11
=== g++ tests ===
Running target unix
FAIL: c-c++-common/asan/pointer-subtract-3.c -O0 execution test
FAIL: c-c++-common/asan/pointer-subtract-3.c -O1 execution test
FAIL: c-c++-common/asan/pointer-subtract-3.c -O2 execution test
FAIL: c-c++-common/asan/pointer-subtract-3.c -O2 -flto -fno-use-linker-plugin -flto-partition=none execution test
FAIL: c-c++-common/asan/pointer-subtract-3.c -O2 -flto -fuse-linker-plugin -fno-fat-lto-objects execution test
FAIL: c-c++-common/asan/pointer-subtract-3.c -O3 -g execution test
FAIL: c-c++-common/asan/pointer-subtract-3.c -Os execution test
FAIL: c-c++-common/asan/swapcontext-test-1.c -O0 execution test
FAIL: c-c++-common/asan/swapcontext-test-1.c -O1 execution test
FAIL: c-c++-common/asan/swapcontext-test-1.c -O2 execution test
FAIL: c-c++-common/asan/swapcontext-test-1.c -O2 -flto -fno-use-linker-plugin -flto-partition=none execution test
FAIL: c-c++-common/asan/swapcontext-test-1.c -O2 -flto -fuse-linker-plugin -fno-fat-lto-objects execution test
FAIL: c-c++-common/asan/swapcontext-test-1.c -O3 -fomit-frame-pointer -funroll-loops -fpeel-loops -ftracer -finline-functions execution test
FAIL: c-c++-common/asan/swapcontext-test-1.c -O3 -g execution test
FAIL: c-c++-common/asan/swapcontext-test-1.c -Os execution test
FAIL: g++.dg/asan/deep-thread-stack-1.C -O0 output pattern test
FAIL: g++.dg/asan/deep-thread-stack-1.C -O1 output pattern test
FAIL: g++.dg/asan/deep-thread-stack-1.C -O2 output pattern test
FAIL: g++.dg/asan/deep-thread-stack-1.C -O2 -flto -fno-use-linker-plugin -flto-partition=none output pattern test
FAIL: g++.dg/asan/deep-thread-stack-1.C -O2 -flto -fuse-linker-plugin -fno-fat-lto-objects output pattern test
FAIL: g++.dg/asan/deep-thread-stack-1.C -O3 -g output pattern test
FAIL: g++.dg/asan/deep-thread-stack-1.C -Os output pattern test
FAIL: g++.dg/asan/default-options-1.C -O0 execution test
FAIL: g++.dg/asan/default-options-1.C -O1 execution test
FAIL: g++.dg/asan/default-options-1.C -O2 execution test
FAIL: g++.dg/asan/default-options-1.C -O2 -flto -fno-use-linker-plugin -flto-partition=none execution test
FAIL: g++.dg/asan/default-options-1.C -O2 -flto -fuse-linker-plugin -fno-fat-lto-objects execution test
FAIL: g++.dg/asan/default-options-1.C -O3 -g execution test
FAIL: g++.dg/asan/default-options-1.C -Os execution test
XPASS: c-c++-common/attr-nonstring-3.c -std=gnu++14 pr86688 (test for warnings, line 409)
XPASS: c-c++-common/attr-nonstring-3.c -std=gnu++17 pr86688 (test for warnings, line 409)
XPASS: c-c++-common/attr-nonstring-3.c -std=gnu++98 pr86688 (test for warnings, line 409)
FAIL: g++.dg/gcov/pr16855-priority.C -std=gnu++14 gcov: 1 failures in line counts, 0 in branch percentages, 0 in return percentages, 0 in intermediate format
FAIL: g++.dg/gcov/pr16855-priority.C -std=gnu++14 line 22: is #####:should be 1
FAIL: g++.dg/gcov/pr16855-priority.C -std=gnu++17 gcov: 1 failures in line counts, 0 in branch percentages, 0 in return percentages, 0 in intermediate format
FAIL: g++.dg/gcov/pr16855-priority.C -std=gnu++17 line 22: is #####:should be 1
FAIL: g++.dg/gcov/pr16855-priority.C -std=gnu++98 gcov: 1 failures in line counts, 0 in branch percentages, 0 in return percentages, 0 in intermediate format
FAIL: g++.dg/gcov/pr16855-priority.C -std=gnu++98 line 22: is #####:should be 1
FAIL: g++.dg/gcov/pr16855.C -std=gnu++14 gcov: 1 failures in line counts, 0 in branch percentages, 0 in return percentages, 0 in intermediate format
FAIL: g++.dg/gcov/pr16855.C -std=gnu++14 line 21: is #####:should be 1
FAIL: g++.dg/gcov/pr16855.C -std=gnu++17 gcov: 1 failures in line counts, 0 in branch percentages, 0 in return percentages, 0 in intermediate format
FAIL: g++.dg/gcov/pr16855.C -std=gnu++17 line 21: is #####:should be 1
FAIL: g++.dg/gcov/pr16855.C -std=gnu++98 gcov: 1 failures in line counts, 0 in branch percentages, 0 in return percentages, 0 in intermediate format
FAIL: g++.dg/gcov/pr16855.C -std=gnu++98 line 21: is #####:should be 1
=== g++ Summary for unix ===
# of expected passes 127833
# of unexpected failures 41
# of unexpected successes 3
# of expected failures 547
# of unsupported tests 5838
Running target unix/-m64
XPASS: c-c++-common/attr-nonstring-3.c -std=gnu++14 pr86688 (test for warnings, line 409)
XPASS: c-c++-common/attr-nonstring-3.c -std=gnu++17 pr86688 (test for warnings, line 409)
XPASS: c-c++-common/attr-nonstring-3.c -std=gnu++98 pr86688 (test for warnings, line 409)
FAIL: g++.dg/pr80481.C -std=gnu++14 scan-assembler-not vmovaps
FAIL: g++.dg/pr80481.C -std=gnu++17 scan-assembler-not vmovaps
FAIL: g++.dg/pr80481.C -std=gnu++98 scan-assembler-not vmovaps
FAIL: g++.dg/gcov/pr16855-priority.C -std=gnu++14 gcov: 1 failures in line counts, 0 in branch percentages, 0 in return percentages, 0 in intermediate format
FAIL: g++.dg/gcov/pr16855-priority.C -std=gnu++14 line 22: is #####:should be 1
FAIL: g++.dg/gcov/pr16855-priority.C -std=gnu++17 gcov: 1 failures in line counts, 0 in branch percentages, 0 in return percentages, 0 in intermediate format
FAIL: g++.dg/gcov/pr16855-priority.C -std=gnu++17 line 22: is #####:should be 1
FAIL: g++.dg/gcov/pr16855-priority.C -std=gnu++98 gcov: 1 failures in line counts, 0 in branch percentages, 0 in return percentages, 0 in intermediate format
FAIL: g++.dg/gcov/pr16855-priority.C -std=gnu++98 line 22: is #####:should be 1
FAIL: g++.dg/gcov/pr16855.C -std=gnu++14 gcov: 1 failures in line counts, 0 in branch percentages, 0 in return percentages, 0 in intermediate format
FAIL: g++.dg/gcov/pr16855.C -std=gnu++14 line 21: is #####:should be 1
FAIL: g++.dg/gcov/pr16855.C -std=gnu++17 gcov: 1 failures in line counts, 0 in branch percentages, 0 in return percentages, 0 in intermediate format
FAIL: g++.dg/gcov/pr16855.C -std=gnu++17 line 21: is #####:should be 1
FAIL: g++.dg/gcov/pr16855.C -std=gnu++98 gcov: 1 failures in line counts, 0 in branch percentages, 0 in return percentages, 0 in intermediate format
FAIL: g++.dg/gcov/pr16855.C -std=gnu++98 line 21: is #####:should be 1
=== g++ Summary for unix/-m64 ===
# of expected passes 127688
# of unexpected failures 15
# of unexpected successes 3
# of expected failures 550
# of unsupported tests 5753
=== g++ Summary ===
# of expected passes 255521
# of unexpected failures 56
# of unexpected successes 6
# of expected failures 1097
# of unsupported tests 11591
/var/gcc/regression/trunk/11-gcc-gas-gld/build/gcc/xg++ version 9.0.0 20190118 (experimental) [trunk revision 268065] (GCC)
=== gcc tests ===
Running target unix
FAIL: c-c++-common/asan/pointer-subtract-3.c -O0 execution test
FAIL: c-c++-common/asan/pointer-subtract-3.c -O1 execution test
FAIL: c-c++-common/asan/pointer-subtract-3.c -O2 execution test
FAIL: c-c++-common/asan/pointer-subtract-3.c -O2 -flto -fno-use-linker-plugin -flto-partition=none execution test
FAIL: c-c++-common/asan/pointer-subtract-3.c -O2 -flto -fuse-linker-plugin -fno-fat-lto-objects execution test
FAIL: c-c++-common/asan/pointer-subtract-3.c -O3 -g execution test
FAIL: c-c++-common/asan/pointer-subtract-3.c -Os execution test
FAIL: c-c++-common/asan/swapcontext-test-1.c -O0 execution test
FAIL: c-c++-common/asan/swapcontext-test-1.c -O1 execution test
FAIL: c-c++-common/asan/swapcontext-test-1.c -O2 execution test
FAIL: c-c++-common/asan/swapcontext-test-1.c -O2 -flto -fno-use-linker-plugin -flto-partition=none execution test
FAIL: c-c++-common/asan/swapcontext-test-1.c -O2 -flto -fuse-linker-plugin -fno-fat-lto-objects execution test
FAIL: c-c++-common/asan/swapcontext-test-1.c -O3 -fomit-frame-pointer -funroll-loops -fpeel-loops -ftracer -finline-functions execution test
FAIL: c-c++-common/asan/swapcontext-test-1.c -O3 -g execution test
FAIL: c-c++-common/asan/swapcontext-test-1.c -Os execution test
XPASS: c-c++-common/attr-nonstring-3.c -Wc++-compat pr86688 (test for warnings, line 409)
FAIL: gcc.dg/utf-array.c (test for errors, line 15)
FAIL: gcc.dg/utf-array.c (test for errors, line 21)
FAIL: gcc.dg/utf-array.c (test for errors, line 33)
FAIL: gcc.dg/utf-array.c (test for excess errors)
XPASS: gcc.dg/vect/vect-24.c -flto -ffat-lto-objects scan-tree-dump-times vect "vectorized 3 loops" 1
XPASS: gcc.dg/vect/vect-24.c scan-tree-dump-times vect "vectorized 3 loops" 1
FAIL: gcc.target/i386/pr57193.c scan-assembler-times movdqa 2
FAIL: gcc.target/i386/pr81563.c scan-assembler-times movl[\\\\t ]*-4\\\\(%ebp\\\\),[\\\\t ]*%edi 1
FAIL: gcc.target/i386/pr81563.c scan-assembler-times movl[\\\\t ]*-8\\\\(%ebp\\\\),[\\\\t ]*%esi 1
=== gcc Summary for unix ===
# of expected passes 133575
# of unexpected failures 22
# of unexpected successes 3
# of expected failures 503
# of unsupported tests 2799
Running target unix/-m64
XPASS: c-c++-common/attr-nonstring-3.c -Wc++-compat pr86688 (test for warnings, line 409)
XPASS: gcc.dg/vect/vect-24.c -flto -ffat-lto-objects scan-tree-dump-times vect "vectorized 3 loops" 1
XPASS: gcc.dg/vect/vect-24.c scan-tree-dump-times vect "vectorized 3 loops" 1
FAIL: gcc.target/i386/ifcvt-onecmpl-abs-1.c scan-assembler cltd
FAIL: gcc.target/i386/pr49095.c scan-assembler-times \\\\), % 45
FAIL: gcc.target/i386/pr57193.c scan-assembler-times movdqa 2
=== gcc Summary for unix/-m64 ===
# of expected passes 133838
# of unexpected failures 3
# of unexpected successes 3
# of expected failures 497
# of unsupported tests 2331
=== gcc Summary ===
# of expected passes 267413
# of unexpected failures 25
# of unexpected successes 6
# of expected failures 1000
# of unsupported tests 5130
/var/gcc/regression/trunk/11-gcc-gas-gld/build/gcc/xgcc version 9.0.0 20190118 (experimental) [trunk revision 268065] (GCC)
=== gdc tests ===
Running target unix
=== gdc Summary for unix ===
# of expected passes 22785
# of unsupported tests 20
Running target unix/-m64
=== gdc Summary for unix/-m64 ===
# of expected passes 22785
# of unsupported tests 20
=== gdc Summary ===
# of expected passes 45570
# of unsupported tests 40
/var/gcc/regression/trunk/11-gcc-gas-gld/build/gcc/gdc version 9.0.0 20190118 (experimental) [trunk revision 268065] (GCC)
=== gfortran tests ===
Running target unix
FAIL: gfortran.dg/pr79966.f90 -O scan-ipa-dump inline "Inlined tp_sum/[0-9]+ into runtptests/[0-9]+"
=== gfortran Summary for unix ===
# of expected passes 48574
# of unexpected failures 1
# of expected failures 130
# of unsupported tests 197
Running target unix/-m64
FAIL: gfortran.dg/pr79966.f90 -O scan-ipa-dump inline "Inlined tp_sum/[0-9]+ into runtptests/[0-9]+"
=== gfortran Summary for unix/-m64 ===
# of expected passes 48791
# of unexpected failures 1
# of expected failures 130
# of unsupported tests 94
=== gfortran Summary ===
# of expected passes 97365
# of unexpected failures 2
# of expected failures 260
# of unsupported tests 291
/var/gcc/regression/trunk/11-gcc-gas-gld/build/gcc/gfortran version 9.0.0 20190118 (experimental) [trunk revision 268065] (GCC)
=== gnat tests ===
Running target unix
XPASS: gnat.dg/lto19.adb (test for excess errors)
FAIL: gnat.dg/lto8.adb (test for excess errors)
FAIL: gnat.dg/lto8.adb 3 blank line(s) in output
UNRESOLVED: gnat.dg/lto8.adb compilation failed to produce executable
=== gnat Summary for unix ===
# of expected passes 2953
# of unexpected failures 2
# of unexpected successes 1
# of expected failures 23
# of unresolved testcases 1
# of unsupported tests 8
Running target unix/-m64
XPASS: gnat.dg/lto19.adb (test for excess errors)
FAIL: gnat.dg/lto8.adb (test for excess errors)
FAIL: gnat.dg/lto8.adb 3 blank line(s) in output
UNRESOLVED: gnat.dg/lto8.adb compilation failed to produce executable
=== gnat Summary for unix/-m64 ===
# of expected passes 2953
# of unexpected failures 2
# of unexpected successes 1
# of expected failures 23
# of unresolved testcases 1
# of unsupported tests 8
=== gnat Summary ===
# of expected passes 5906
# of unexpected failures 4
# of unexpected successes 2
# of expected failures 46
# of unresolved testcases 2
# of unsupported tests 16
/var/gcc/regression/trunk/11-gcc-gas-gld/build/gcc/gnatmake version 9.0.0 20190118 (experimental) [trunk revision 268065]
=== go tests ===
Running target unix
FAIL: ./index0-out.go execution, -O0 -g -fno-var-tracking-assignments
=== go Summary for unix ===
# of expected passes 7396
# of unexpected failures 1
# of expected failures 1
# of untested testcases 10
# of unsupported tests 2
Running target unix/-m64
FAIL: ./index0-out.go execution, -O0 -g -fno-var-tracking-assignments
=== go Summary for unix/-m64 ===
# of expected passes 7277
# of unexpected failures 1
# of expected failures 1
# of untested testcases 10
# of unsupported tests 1
=== go Summary ===
# of expected passes 14673
# of unexpected failures 2
# of expected failures 2
# of untested testcases 20
# of unsupported tests 3
/var/gcc/regression/trunk/11-gcc-gas-gld/build/gcc/gccgo version 9.0.0 20190118 (experimental) [trunk revision 268065] (GCC)
=== obj-c++ tests ===
Running target unix
=== obj-c++ Summary for unix ===
# of expected passes 1466
# of expected failures 2
# of unsupported tests 77
Running target unix/-m64
=== obj-c++ Summary for unix/-m64 ===
# of expected passes 1458
# of expected failures 10
# of unsupported tests 77
=== obj-c++ Summary ===
# of expected passes 2924
# of expected failures 12
# of unsupported tests 154
/var/gcc/regression/trunk/11-gcc-gas-gld/build/gcc/xg++ version 9.0.0 20190118 (experimental) [trunk revision 268065] (GCC)
=== objc tests ===
Running target unix
=== objc Summary for unix ===
# of expected passes 2797
# of expected failures 6
# of unsupported tests 68
Running target unix/-m64
=== objc Summary for unix/-m64 ===
# of expected passes 2797
# of expected failures 6
# of unsupported tests 68
=== objc Summary ===
# of expected passes 5594
# of expected failures 12
# of unsupported tests 136
/var/gcc/regression/trunk/11-gcc-gas-gld/build/gcc/xgcc version 9.0.0 20190118 (experimental) [trunk revision 268065] (GCC)
=== gotools tests ===
FAIL: TestNoCache
FAIL: TestScript
FAIL: go test cmd/go
FAIL: TestAbort
FAIL: TestCgoSignalDeadlock
FAIL: TestG0StackOverflow
FAIL: TestRuntimePanic
FAIL: TestSelectStackAdjust
FAIL: go test runtime
FAIL: Test4029
FAIL: go test misc/cgo/test
FAIL: TestCompileWithoutShared
FAIL: TestEarlySignalHandler
FAIL: TestInstall
FAIL: TestOsSignal
FAIL: TestPIE
FAIL: TestSIGPROF
FAIL: TestSigaltstack
FAIL: TestSignalForwarding
FAIL: TestSignalForwardingExternal
FAIL: go test misc/cgo/testcarchive
=== gotools Summary ===
# of expected passes 386
# of unexpected failures 21
# of untested testcases 195
/var/gcc/regression/trunk/11-gcc-gas-gld/build/./gcc/gccgo version 9.0.0 20190118 (experimental) [trunk revision 268065] (GCC)
=== libatomic tests ===
Running target unix
=== libatomic Summary for unix ===
# of expected passes 44
# of unsupported tests 5
Running target unix/-m64
=== libatomic Summary for unix/-m64 ===
# of expected passes 54
=== libatomic Summary ===
# of expected passes 98
# of unsupported tests 5
=== libffi tests ===
Running target unix
=== libffi Summary for unix ===
# of expected passes 2799
Running target unix/-m64
=== libffi Summary for unix/-m64 ===
# of expected passes 2214
=== libffi Summary ===
# of expected passes 5013
=== libgo tests ===
Running target unix
FAIL: go/build
FAIL: runtime
=== libgo Summary for unix ===
# of expected passes 182
# of unexpected failures 2
Running target unix/-m64
FAIL: go/build
FAIL: runtime
=== libgo Summary for unix/-m64 ===
# of expected passes 182
# of unexpected failures 2
=== libgo Summary ===
# of expected passes 364
# of unexpected failures 4
/var/gcc/regression/trunk/11-gcc-gas-gld/build/./gcc/gccgo version 9.0.0 20190118 (experimental) [trunk revision 268065] (GCC)
=== libgomp tests ===
Running target unix
=== libgomp Summary for unix ===
# of expected passes 6485
# of expected failures 3
# of unsupported tests 349
Running target unix/-m64
=== libgomp Summary for unix/-m64 ===
# of expected passes 6485
# of expected failures 3
# of unsupported tests 349
=== libgomp Summary ===
# of expected passes 12970
# of expected failures 6
# of unsupported tests 698
=== libitm tests ===
Running target unix
=== libitm Summary for unix ===
# of expected passes 42
# of expected failures 3
# of unsupported tests 1
Running target unix/-m64
=== libitm Summary for unix/-m64 ===
# of expected passes 42
# of expected failures 3
# of unsupported tests 1
=== libitm Summary ===
# of expected passes 84
# of expected failures 6
# of unsupported tests 2
=== libstdc++ tests ===
Running target unix
XPASS: experimental/memory_resource/resource_adaptor.cc execution test
=== libstdc++ Summary for unix ===
# of expected passes 11851
# of unexpected successes 1
# of expected failures 78
# of unsupported tests 643
Running target unix/-m64
=== libstdc++ Summary for unix/-m64 ===
# of expected passes 11845
# of expected failures 77
# of unsupported tests 647
=== libstdc++ Summary ===
# of expected passes 23696
# of unexpected successes 1
# of expected failures 155
# of unsupported tests 1290
Compiler version: 9.0.0 20190118 (experimental) [trunk revision 268065] (GCC)
Platform: i386-pc-solaris2.11
configure flags: --prefix=/vol/gcc --target=i386-pc-solaris2.11 --enable-objc-gc --with-target-bdw-gc-include=/vol/gcc/include --with-target-bdw-gc-lib=/vol/gcc/lib,amd64=/vol/gcc/lib/amd64 --with-as=/vol/gcc/bin/gas-2.31 --with-gnu-as --with-ld=/vol/gcc/bin/gld-2.31 --with-gnu-ld --with-gmp-include=/vol/gcc/include --with-gmp-lib=/vol/gcc/lib --with-mpfr-include=/vol/gcc/include --with-mpfr-lib=/vol/gcc/lib --with-mpc-include=/vol/gcc/include --with-mpc-lib=/vol/gcc/lib --enable-languages=all,ada,obj-c++,go --with-isl-include=/vol/gcc/include --with-isl-lib=/vol/gcc/lib --build=i386-pc-solaris2.11 --host=i386-pc-solaris2.11
BOOT_CFLAGS=-g -O2
More information about the Gcc-testresults
mailing list