Results for 9.0.0 20190111 (experimental) [trunk revision 267830] (GCC) testsuite on sparcv9-sun-solaris2.11
Rainer Orth
ro@CeBiTec.Uni-Bielefeld.DE
Sat Jan 12 13:27:00 GMT 2019
LAST_UPDATED: Fri Jan 11 09:40:05 UTC 2019 (revision 267830)
=== acats tests ===
=== acats Summary ===
# of expected passes 2320
# of unexpected failures 0
Native configuration is sparcv9-sun-solaris2.11
=== g++ tests ===
Running target unix
FAIL: g++.dg/gcov/pr16855-priority.C -std=gnu++14 gcov: 1 failures in line counts, 0 in branch percentages, 0 in return percentages, 0 in intermediate format
FAIL: g++.dg/gcov/pr16855-priority.C -std=gnu++14 line 22: is #####:should be 1
FAIL: g++.dg/gcov/pr16855-priority.C -std=gnu++17 gcov: 1 failures in line counts, 0 in branch percentages, 0 in return percentages, 0 in intermediate format
FAIL: g++.dg/gcov/pr16855-priority.C -std=gnu++17 line 22: is #####:should be 1
FAIL: g++.dg/gcov/pr16855-priority.C -std=gnu++98 gcov: 1 failures in line counts, 0 in branch percentages, 0 in return percentages, 0 in intermediate format
FAIL: g++.dg/gcov/pr16855-priority.C -std=gnu++98 line 22: is #####:should be 1
FAIL: g++.dg/gcov/pr16855.C -std=gnu++14 gcov: 1 failures in line counts, 0 in branch percentages, 0 in return percentages, 0 in intermediate format
FAIL: g++.dg/gcov/pr16855.C -std=gnu++14 line 21: is #####:should be 1
FAIL: g++.dg/gcov/pr16855.C -std=gnu++17 gcov: 1 failures in line counts, 0 in branch percentages, 0 in return percentages, 0 in intermediate format
FAIL: g++.dg/gcov/pr16855.C -std=gnu++17 line 21: is #####:should be 1
FAIL: g++.dg/gcov/pr16855.C -std=gnu++98 gcov: 1 failures in line counts, 0 in branch percentages, 0 in return percentages, 0 in intermediate format
FAIL: g++.dg/gcov/pr16855.C -std=gnu++98 line 21: is #####:should be 1
=== g++ Summary for unix ===
# of expected passes 126143
# of unexpected failures 12
# of expected failures 550
# of unsupported tests 5992
Running target unix/-m32
FAIL: c-c++-common/asan/global-overflow-1.c -O0 output pattern test
FAIL: c-c++-common/asan/global-overflow-1.c -O1 output pattern test
FAIL: c-c++-common/asan/global-overflow-1.c -O2 output pattern test
FAIL: c-c++-common/asan/global-overflow-1.c -O2 -flto output pattern test
FAIL: c-c++-common/asan/global-overflow-1.c -O2 -flto -flto-partition=none output pattern test
FAIL: c-c++-common/asan/global-overflow-1.c -O3 -g output pattern test
FAIL: c-c++-common/asan/global-overflow-1.c -Os output pattern test
FAIL: c-c++-common/asan/pointer-compare-1.c -O0 execution test
FAIL: c-c++-common/asan/pointer-compare-1.c -O1 execution test
FAIL: c-c++-common/asan/pointer-compare-1.c -O2 execution test
FAIL: c-c++-common/asan/pointer-compare-1.c -O2 -flto execution test
FAIL: c-c++-common/asan/pointer-compare-1.c -O2 -flto -flto-partition=none execution test
FAIL: c-c++-common/asan/pointer-compare-1.c -O3 -g execution test
FAIL: c-c++-common/asan/pointer-compare-1.c -Os execution test
FAIL: c-c++-common/asan/pointer-compare-2.c -O0 execution test
FAIL: c-c++-common/asan/pointer-compare-2.c -O1 execution test
FAIL: c-c++-common/asan/pointer-compare-2.c -O2 execution test
FAIL: c-c++-common/asan/pointer-compare-2.c -O2 -flto execution test
FAIL: c-c++-common/asan/pointer-compare-2.c -O2 -flto -flto-partition=none execution test
FAIL: c-c++-common/asan/pointer-compare-2.c -O3 -g execution test
FAIL: c-c++-common/asan/pointer-compare-2.c -Os execution test
FAIL: c-c++-common/asan/pointer-subtract-1.c -O0 execution test
FAIL: c-c++-common/asan/pointer-subtract-1.c -O1 execution test
FAIL: c-c++-common/asan/pointer-subtract-1.c -O2 execution test
FAIL: c-c++-common/asan/pointer-subtract-1.c -O2 -flto execution test
FAIL: c-c++-common/asan/pointer-subtract-1.c -O2 -flto -flto-partition=none execution test
FAIL: c-c++-common/asan/pointer-subtract-1.c -O3 -g execution test
FAIL: c-c++-common/asan/pointer-subtract-1.c -Os execution test
FAIL: c-c++-common/asan/pointer-subtract-2.c -O0 execution test
FAIL: c-c++-common/asan/pointer-subtract-2.c -O1 execution test
FAIL: c-c++-common/asan/pointer-subtract-2.c -O2 execution test
FAIL: c-c++-common/asan/pointer-subtract-2.c -O2 -flto execution test
FAIL: c-c++-common/asan/pointer-subtract-2.c -O2 -flto -flto-partition=none execution test
FAIL: c-c++-common/asan/pointer-subtract-2.c -O3 -g execution test
FAIL: c-c++-common/asan/pointer-subtract-2.c -Os execution test
FAIL: c-c++-common/asan/pr62089.c -O0 output pattern test
FAIL: c-c++-common/asan/pr62089.c -O1 output pattern test
FAIL: c-c++-common/asan/pr62089.c -O2 output pattern test
FAIL: c-c++-common/asan/pr62089.c -O2 -flto output pattern test
FAIL: c-c++-common/asan/pr62089.c -O2 -flto -flto-partition=none output pattern test
FAIL: c-c++-common/asan/pr62089.c -O3 -g output pattern test
FAIL: c-c++-common/asan/pr62089.c -Os output pattern test
FAIL: c-c++-common/asan/strlen-overflow-1.c -O0 output pattern test
FAIL: c-c++-common/asan/strlen-overflow-1.c -O1 output pattern test
FAIL: c-c++-common/asan/strlen-overflow-1.c -O2 output pattern test
FAIL: c-c++-common/asan/strlen-overflow-1.c -O3 -g output pattern test
FAIL: c-c++-common/asan/strlen-overflow-1.c -Os output pattern test
FAIL: g++.dg/asan/deep-tail-call-1.C -O0 output pattern test
FAIL: g++.dg/asan/deep-tail-call-1.C -O1 output pattern test
FAIL: g++.dg/asan/deep-tail-call-1.C -O2 output pattern test
FAIL: g++.dg/asan/deep-tail-call-1.C -O2 -flto output pattern test
FAIL: g++.dg/asan/deep-tail-call-1.C -O2 -flto -flto-partition=none output pattern test
FAIL: g++.dg/asan/deep-tail-call-1.C -O3 -g output pattern test
FAIL: g++.dg/asan/deep-tail-call-1.C -Os output pattern test
FAIL: g++.dg/asan/default-options-1.C -O0 execution test
FAIL: g++.dg/asan/default-options-1.C -O1 execution test
FAIL: g++.dg/asan/default-options-1.C -O2 execution test
FAIL: g++.dg/asan/default-options-1.C -O2 -flto execution test
FAIL: g++.dg/asan/default-options-1.C -O2 -flto -flto-partition=none execution test
FAIL: g++.dg/asan/default-options-1.C -O3 -g execution test
FAIL: g++.dg/asan/default-options-1.C -Os execution test
FAIL: g++.dg/asan/function-argument-3.C -O0 output pattern test
FAIL: g++.dg/asan/function-argument-3.C -O1 execution test
FAIL: g++.dg/asan/function-argument-3.C -O2 execution test
FAIL: g++.dg/asan/function-argument-3.C -O2 -flto execution test
FAIL: g++.dg/asan/function-argument-3.C -O2 -flto -flto-partition=none execution test
FAIL: g++.dg/asan/function-argument-3.C -O3 -g execution test
FAIL: g++.dg/asan/function-argument-3.C -Os execution test
FAIL: g++.dg/gcov/pr16855-priority.C -std=gnu++14 gcov: 1 failures in line counts, 0 in branch percentages, 0 in return percentages, 0 in intermediate format
FAIL: g++.dg/gcov/pr16855-priority.C -std=gnu++14 line 22: is #####:should be 1
FAIL: g++.dg/gcov/pr16855-priority.C -std=gnu++17 gcov: 1 failures in line counts, 0 in branch percentages, 0 in return percentages, 0 in intermediate format
FAIL: g++.dg/gcov/pr16855-priority.C -std=gnu++17 line 22: is #####:should be 1
FAIL: g++.dg/gcov/pr16855-priority.C -std=gnu++98 gcov: 1 failures in line counts, 0 in branch percentages, 0 in return percentages, 0 in intermediate format
FAIL: g++.dg/gcov/pr16855-priority.C -std=gnu++98 line 22: is #####:should be 1
FAIL: g++.dg/gcov/pr16855.C -std=gnu++14 gcov: 1 failures in line counts, 0 in branch percentages, 0 in return percentages, 0 in intermediate format
FAIL: g++.dg/gcov/pr16855.C -std=gnu++14 line 21: is #####:should be 1
FAIL: g++.dg/gcov/pr16855.C -std=gnu++17 gcov: 1 failures in line counts, 0 in branch percentages, 0 in return percentages, 0 in intermediate format
FAIL: g++.dg/gcov/pr16855.C -std=gnu++17 line 21: is #####:should be 1
FAIL: g++.dg/gcov/pr16855.C -std=gnu++98 gcov: 1 failures in line counts, 0 in branch percentages, 0 in return percentages, 0 in intermediate format
FAIL: g++.dg/gcov/pr16855.C -std=gnu++98 line 21: is #####:should be 1
=== g++ Summary for unix/-m32 ===
# of expected passes 125889
# of unexpected failures 80
# of expected failures 547
# of unsupported tests 6272
=== g++ Summary ===
# of expected passes 252032
# of unexpected failures 92
# of expected failures 1097
# of unsupported tests 12264
/var/gcc/regression/trunk/11-gcc-64/build/gcc/xg++ version 9.0.0 20190111 (experimental) [trunk revision 267830] (GCC)
=== gcc tests ===
Running target unix
FAIL: gcc.c-torture/execute/pr64242.c -O2 execution test
FAIL: gcc.c-torture/execute/pr64242.c -O2 -flto execution test
FAIL: gcc.c-torture/execute/pr64242.c -O2 -flto -flto-partition=none execution test
FAIL: gcc.c-torture/execute/pr64242.c -O3 -g execution test
FAIL: gcc.c-torture/execute/pr64242.c -Os execution test
FAIL: gcc.dg/ipa/ipa-icf-38.c scan-ltrans-tree-dump-not optimized "Function bar"
XPASS: gcc.dg/vect/bb-slp-div-1.c -flto -ffat-lto-objects scan-tree-dump slp2 "basic block vectorized"
XPASS: gcc.dg/vect/bb-slp-div-1.c scan-tree-dump slp2 "basic block vectorized"
=== gcc Summary for unix ===
# of expected passes 112258
# of unexpected failures 6
# of unexpected successes 2
# of expected failures 562
# of unsupported tests 2821
Running target unix/-m32
FAIL: gcc.c-torture/execute/pr64242.c -O2 execution test
FAIL: gcc.c-torture/execute/pr64242.c -O2 -flto execution test
FAIL: gcc.c-torture/execute/pr64242.c -O2 -flto -flto-partition=none execution test
FAIL: gcc.c-torture/execute/pr64242.c -O3 -g execution test
FAIL: gcc.c-torture/execute/pr64242.c -Os execution test
FAIL: c-c++-common/asan/global-overflow-1.c -O0 output pattern test
FAIL: c-c++-common/asan/global-overflow-1.c -O1 output pattern test
FAIL: c-c++-common/asan/global-overflow-1.c -O2 output pattern test
FAIL: c-c++-common/asan/global-overflow-1.c -O2 -flto output pattern test
FAIL: c-c++-common/asan/global-overflow-1.c -O2 -flto -flto-partition=none output pattern test
FAIL: c-c++-common/asan/global-overflow-1.c -O3 -g output pattern test
FAIL: c-c++-common/asan/global-overflow-1.c -Os output pattern test
FAIL: c-c++-common/asan/pointer-compare-1.c -O0 execution test
FAIL: c-c++-common/asan/pointer-compare-1.c -O1 execution test
FAIL: c-c++-common/asan/pointer-compare-1.c -O2 execution test
FAIL: c-c++-common/asan/pointer-compare-1.c -O2 -flto execution test
FAIL: c-c++-common/asan/pointer-compare-1.c -O2 -flto -flto-partition=none execution test
FAIL: c-c++-common/asan/pointer-compare-1.c -O3 -g execution test
FAIL: c-c++-common/asan/pointer-compare-1.c -Os execution test
FAIL: c-c++-common/asan/pointer-compare-2.c -O0 execution test
FAIL: c-c++-common/asan/pointer-compare-2.c -O1 execution test
FAIL: c-c++-common/asan/pointer-compare-2.c -O2 execution test
FAIL: c-c++-common/asan/pointer-compare-2.c -O2 -flto execution test
FAIL: c-c++-common/asan/pointer-compare-2.c -O2 -flto -flto-partition=none execution test
FAIL: c-c++-common/asan/pointer-compare-2.c -O3 -g execution test
FAIL: c-c++-common/asan/pointer-compare-2.c -Os execution test
FAIL: c-c++-common/asan/pointer-subtract-1.c -O0 execution test
FAIL: c-c++-common/asan/pointer-subtract-1.c -O1 execution test
FAIL: c-c++-common/asan/pointer-subtract-1.c -O2 execution test
FAIL: c-c++-common/asan/pointer-subtract-1.c -O2 -flto execution test
FAIL: c-c++-common/asan/pointer-subtract-1.c -O2 -flto -flto-partition=none execution test
FAIL: c-c++-common/asan/pointer-subtract-1.c -O3 -g execution test
FAIL: c-c++-common/asan/pointer-subtract-1.c -Os execution test
FAIL: c-c++-common/asan/pointer-subtract-2.c -O0 execution test
FAIL: c-c++-common/asan/pointer-subtract-2.c -O1 execution test
FAIL: c-c++-common/asan/pointer-subtract-2.c -O2 execution test
FAIL: c-c++-common/asan/pointer-subtract-2.c -O2 -flto execution test
FAIL: c-c++-common/asan/pointer-subtract-2.c -O2 -flto -flto-partition=none execution test
FAIL: c-c++-common/asan/pointer-subtract-2.c -O3 -g execution test
FAIL: c-c++-common/asan/pointer-subtract-2.c -Os execution test
FAIL: c-c++-common/asan/strlen-overflow-1.c -O0 output pattern test
FAIL: c-c++-common/asan/strlen-overflow-1.c -O1 output pattern test
FAIL: c-c++-common/asan/strlen-overflow-1.c -O2 output pattern test
FAIL: c-c++-common/asan/strlen-overflow-1.c -O3 -g output pattern test
FAIL: c-c++-common/asan/strlen-overflow-1.c -Os output pattern test
FAIL: gcc.dg/asan/use-after-scope-5.c -O0 output pattern test
FAIL: gcc.dg/asan/use-after-scope-5.c -O1 output pattern test
FAIL: gcc.dg/asan/use-after-scope-5.c -O2 output pattern test
FAIL: gcc.dg/asan/use-after-scope-5.c -O2 -flto output pattern test
FAIL: gcc.dg/asan/use-after-scope-5.c -O2 -flto -flto-partition=none output pattern test
FAIL: gcc.dg/asan/use-after-scope-5.c -O3 -fomit-frame-pointer -funroll-loops -fpeel-loops -ftracer -finline-functions output pattern test
FAIL: gcc.dg/asan/use-after-scope-5.c -O3 -g output pattern test
FAIL: gcc.dg/asan/use-after-scope-5.c -Os output pattern test
FAIL: gcc.dg/pr84877.c execution test
FAIL: gcc.dg/ipa/ipa-icf-38.c scan-ltrans-tree-dump-not optimized "Function bar"
FAIL: gcc.dg/simulate-thread/atomic-other-int.c -O2 -g thread simulation test
FAIL: gcc.dg/simulate-thread/atomic-other-int.c -O3 -g thread simulation test
FAIL: gcc.dg/simulate-thread/speculative-store-4.c -O0 -g thread simulation test
FAIL: gcc.dg/simulate-thread/speculative-store-4.c -O2 -g thread simulation test
FAIL: gcc.dg/simulate-thread/speculative-store-4.c -O3 -g thread simulation test
FAIL: gcc.dg/simulate-thread/speculative-store.c -O0 -g thread simulation test
XPASS: gcc.dg/vect/bb-slp-div-1.c -flto -ffat-lto-objects scan-tree-dump slp2 "basic block vectorized"
XPASS: gcc.dg/vect/bb-slp-div-1.c scan-tree-dump slp2 "basic block vectorized"
=== gcc Summary for unix/-m32 ===
# of expected passes 112733
# of unexpected failures 61
# of unexpected successes 2
# of expected failures 568
# of unsupported tests 3364
=== gcc Summary ===
# of expected passes 224991
# of unexpected failures 67
# of unexpected successes 4
# of expected failures 1130
# of unsupported tests 6185
/var/gcc/regression/trunk/11-gcc-64/build/gcc/xgcc version 9.0.0 20190111 (experimental) [trunk revision 267830] (GCC)
=== gdc tests ===
Running target unix
=== gdc Summary for unix ===
# of expected passes 22598
# of unsupported tests 40
Running target unix/-m32
=== gdc Summary for unix/-m32 ===
# of expected passes 22598
# of unsupported tests 40
=== gdc Summary ===
# of expected passes 45196
# of unsupported tests 80
/var/gcc/regression/trunk/11-gcc-64/build/gcc/gdc version 9.0.0 20190111 (experimental) [trunk revision 267830] (GCC)
=== gfortran tests ===
Running target unix
FAIL: gfortran.dg/elemental_subroutine_3.f90 -O1 (test for excess errors)
FAIL: gfortran.dg/elemental_subroutine_3.f90 -O2 (test for excess errors)
FAIL: gfortran.dg/elemental_subroutine_3.f90 -O3 -fomit-frame-pointer -funroll-loops -fpeel-loops -ftracer -finline-functions (test for excess errors)
FAIL: gfortran.dg/elemental_subroutine_3.f90 -O3 -g (test for excess errors)
FAIL: gfortran.dg/elemental_subroutine_3.f90 -Os (test for excess errors)
FAIL: gfortran.dg/pr79966.f90 -O scan-ipa-dump inline "Inlined tp_sum/[0-9]+ into runtptests/[0-9]+"
FAIL: gfortran.dg/unlimited_polymorphic_30.f03 -O0 execution test
FAIL: gfortran.dg/unlimited_polymorphic_30.f03 -O1 execution test
FAIL: gfortran.dg/unlimited_polymorphic_30.f03 -O2 execution test
FAIL: gfortran.dg/unlimited_polymorphic_30.f03 -O3 -fomit-frame-pointer -funroll-loops -fpeel-loops -ftracer -finline-functions execution test
FAIL: gfortran.dg/unlimited_polymorphic_30.f03 -O3 -g execution test
FAIL: gfortran.dg/unlimited_polymorphic_30.f03 -Os execution test
=== gfortran Summary for unix ===
# of expected passes 48624
# of unexpected failures 12
# of expected failures 130
# of unsupported tests 146
Running target unix/-m32
FAIL: gfortran.dg/elemental_subroutine_3.f90 -O1 (test for excess errors)
FAIL: gfortran.dg/elemental_subroutine_3.f90 -O2 (test for excess errors)
FAIL: gfortran.dg/elemental_subroutine_3.f90 -O3 -fomit-frame-pointer -funroll-loops -fpeel-loops -ftracer -finline-functions (test for excess errors)
FAIL: gfortran.dg/elemental_subroutine_3.f90 -O3 -g (test for excess errors)
FAIL: gfortran.dg/elemental_subroutine_3.f90 -Os (test for excess errors)
FAIL: gfortran.dg/pr79966.f90 -O scan-ipa-dump inline "Inlined tp_sum/[0-9]+ into runtptests/[0-9]+"
FAIL: gfortran.dg/unlimited_polymorphic_30.f03 -O0 execution test
=== gfortran Summary for unix/-m32 ===
# of expected passes 48382
# of unexpected failures 7
# of expected failures 130
# of unsupported tests 267
=== gfortran Summary ===
# of expected passes 97006
# of unexpected failures 19
# of expected failures 260
# of unsupported tests 413
/var/gcc/regression/trunk/11-gcc-64/build/gcc/gfortran version 9.0.0 20190111 (experimental) [trunk revision 267830] (GCC)
=== gnat tests ===
Running target unix
XPASS: gnat.dg/lto19.adb (test for excess errors)
FAIL: gnat.dg/lto8.adb (test for excess errors)
FAIL: gnat.dg/lto8.adb 3 blank line(s) in output
UNRESOLVED: gnat.dg/lto8.adb compilation failed to produce executable
=== gnat Summary for unix ===
# of expected passes 2910
# of unexpected failures 2
# of unexpected successes 1
# of expected failures 23
# of unresolved testcases 1
# of unsupported tests 30
Running target unix/-m32
XPASS: gnat.dg/lto19.adb (test for excess errors)
FAIL: gnat.dg/lto8.adb (test for excess errors)
FAIL: gnat.dg/lto8.adb 3 blank line(s) in output
UNRESOLVED: gnat.dg/lto8.adb compilation failed to produce executable
=== gnat Summary for unix/-m32 ===
# of expected passes 2910
# of unexpected failures 2
# of unexpected successes 1
# of expected failures 23
# of unresolved testcases 1
# of unsupported tests 30
=== gnat Summary ===
# of expected passes 5820
# of unexpected failures 4
# of unexpected successes 2
# of expected failures 46
# of unresolved testcases 2
# of unsupported tests 60
/var/gcc/regression/trunk/11-gcc-64/build/gcc/gnatmake version 9.0.0 20190111 (experimental) [trunk revision 267830]
=== go tests ===
Running target unix
FAIL: ./index0-out.go execution, -O0 -g -fno-var-tracking-assignments
FAIL: go.test/test/cmplxdivide.go
WARNING: program timed out
=== go Summary for unix ===
# of expected passes 7272
# of unexpected failures 2
# of expected failures 1
# of untested testcases 11
# of unsupported tests 3
Running target unix/-m32
FAIL: ./index0-out.go execution, -O0 -g -fno-var-tracking-assignments
FAIL: go.test/test/fixedbugs/issue4562.go execution, -O2 -g
FAIL: go.test/test/nil.go execution, -O2 -g
=== go Summary for unix/-m32 ===
# of expected passes 7391
# of unexpected failures 3
# of expected failures 1
# of untested testcases 11
# of unsupported tests 3
=== go Summary ===
# of expected passes 14663
# of unexpected failures 5
# of expected failures 2
# of untested testcases 22
# of unsupported tests 6
=== obj-c++ tests ===
Running target unix/-m32
=== obj-c++ Summary for unix/-m32 ===
# of expected passes 1466
# of expected failures 2
# of unsupported tests 77
Running target unix
=== obj-c++ Summary for unix ===
# of expected passes 1458
# of expected failures 10
# of unsupported tests 77
=== obj-c++ Summary ===
# of expected passes 2924
# of expected failures 12
# of unsupported tests 154
/var/gcc/regression/trunk/11-gcc-64/build/gcc/xg++ version 9.0.0 20190111 (experimental) [trunk revision 267830] (GCC)
=== objc tests ===
Running target unix
=== objc Summary for unix ===
# of expected passes 2803
# of unsupported tests 68
Running target unix/-m32
=== objc Summary for unix/-m32 ===
# of expected passes 2803
# of unsupported tests 68
=== objc Summary ===
# of expected passes 5606
# of unsupported tests 136
/var/gcc/regression/trunk/11-gcc-64/build/gcc/xgcc version 9.0.0 20190111 (experimental) [trunk revision 267830] (GCC)
=== gotools tests ===
FAIL: go test cmd/go
FAIL: TestAbort
FAIL: TestArenaCollision
FAIL: TestG0StackOverflow
FAIL: TestGccgoCrashTracebackNodebug
FAIL: TestPanicInlined
FAIL: go test runtime
FAIL: TestCompileWithoutShared
FAIL: TestEarlySignalHandler
FAIL: TestInstall
FAIL: TestOsSignal
FAIL: TestPIE
FAIL: TestSIGPROF
FAIL: TestSigaltstack
FAIL: TestSignalForwarding
FAIL: TestSignalForwardingExternal
FAIL: go test misc/cgo/testcarchive
=== gotools Summary ===
# of expected passes 290
# of unexpected failures 17
# of untested testcases 95
/var/gcc/regression/trunk/11-gcc-64/build/./gcc/gccgo version 9.0.0 20190111 (experimental) [trunk revision 267830] (GCC)
=== libatomic tests ===
Running target unix/-m32
=== libatomic Summary for unix/-m32 ===
# of expected passes 44
# of unsupported tests 5
Running target unix
=== libatomic Summary for unix ===
# of expected passes 54
=== libatomic Summary ===
# of expected passes 98
# of unsupported tests 5
=== libffi tests ===
Running target unix/-m32
=== libffi Summary for unix/-m32 ===
# of expected passes 2214
Running target unix
=== libffi Summary for unix ===
# of expected passes 2214
=== libffi Summary ===
# of expected passes 4428
=== libgo tests ===
Running target unix
FAIL: go/build
FAIL: os
FAIL: runtime
=== libgo Summary for unix ===
# of expected passes 181
# of unexpected failures 3
Running target unix/-m32
FAIL: go/build
FAIL: golang_org/x/crypto/cryptobyte
FAIL: net
FAIL: net/http
FAIL: os/signal
FAIL: runtime
FAIL: runtime/pprof
=== libgo Summary for unix/-m32 ===
# of expected passes 177
# of unexpected failures 7
=== libgo Summary ===
# of expected passes 358
# of unexpected failures 10
/var/gcc/regression/trunk/11-gcc-64/build/./gcc/gccgo version 9.0.0 20190111 (experimental) [trunk revision 267830] (GCC)
=== libgomp tests ===
Running target unix/-m32
=== libgomp Summary for unix/-m32 ===
# of expected passes 6289
# of expected failures 1
# of unsupported tests 402
Running target unix
=== libgomp Summary for unix ===
# of expected passes 6289
# of expected failures 1
# of unsupported tests 402
=== libgomp Summary ===
# of expected passes 12578
# of expected failures 2
# of unsupported tests 804
=== libitm tests ===
Running target unix/-m32
=== libitm Summary for unix/-m32 ===
# of expected passes 42
# of expected failures 3
# of unsupported tests 1
Running target unix
=== libitm Summary for unix ===
# of expected passes 42
# of expected failures 3
# of unsupported tests 1
=== libitm Summary ===
# of expected passes 84
# of expected failures 6
# of unsupported tests 2
=== libstdc++ tests ===
Running target unix
=== libstdc++ Summary for unix ===
# of expected passes 11815
# of expected failures 77
# of unsupported tests 658
Running target unix/-m32
=== libstdc++ Summary for unix/-m32 ===
# of expected passes 11815
# of expected failures 77
# of unsupported tests 658
=== libstdc++ Summary ===
# of expected passes 23630
# of expected failures 154
# of unsupported tests 1316
Compiler version: 9.0.0 20190111 (experimental) [trunk revision 267830] (GCC)
Platform: sparcv9-sun-solaris2.11
configure flags: --prefix=/vol/gcc --target=sparcv9-sun-solaris2.11 --enable-objc-gc --with-target-bdw-gc-include=/vol/gcc/include --with-target-bdw-gc-lib=/vol/gcc/lib/sparcv9,sparcv8plus=/vol/gcc/lib --with-as=/usr/ccs/bin/as --without-gnu-as --with-gmp-include=/vol/gcc/include --with-gmp-lib=/vol/gcc/lib/sparcv9 --with-mpfr-include=/vol/gcc/include --with-mpfr-lib=/vol/gcc/lib/sparcv9 --with-mpc-include=/vol/gcc/include --with-mpc-lib=/vol/gcc/lib/sparcv9 --enable-languages=all,ada,obj-c++,go --with-isl-include=/vol/gcc/include --with-isl-lib=/vol/gcc/lib/sparcv9 --build=sparcv9-sun-solaris2.11 --host=sparcv9-sun-solaris2.11
BOOT_CFLAGS=-g -O2
More information about the Gcc-testresults
mailing list