Results for 9.0.0 20181225 (experimental) [trunk revision 267418] (GCC) testsuite on x86_64-apple-darwin12
Iain Sandoe
iains.gcc@gmail.com
Fri Jan 4 09:32:00 GMT 2019
bootstrap compiler GCC-5
LAST_UPDATED: Tue Dec 25 09:32:47 UTC 2018 (revision 267418)
=== acats tests ===
=== acats Summary ===
# of expected passes 2320
# of unexpected failures 0
Native configuration is x86_64-apple-darwin12
=== g++ tests ===
Running target unix/-m64
FAIL: c-c++-common/asan/alloca_big_alignment.c -O0 output pattern test
FAIL: c-c++-common/asan/alloca_big_alignment.c -O1 output pattern test
FAIL: c-c++-common/asan/alloca_big_alignment.c -O2 output pattern test
FAIL: c-c++-common/asan/alloca_big_alignment.c -O3 -g output pattern test
FAIL: c-c++-common/asan/alloca_big_alignment.c -Os output pattern test
FAIL: c-c++-common/asan/alloca_big_alignment.c -O2 -flto -flto-partition=none output pattern test
FAIL: c-c++-common/asan/alloca_big_alignment.c -O2 -flto output pattern test
FAIL: c-c++-common/asan/alloca_detect_custom_size.c -O0 output pattern test
FAIL: c-c++-common/asan/alloca_detect_custom_size.c -O1 output pattern test
FAIL: c-c++-common/asan/alloca_detect_custom_size.c -O2 output pattern test
FAIL: c-c++-common/asan/alloca_detect_custom_size.c -O3 -g output pattern test
FAIL: c-c++-common/asan/alloca_detect_custom_size.c -Os output pattern test
FAIL: c-c++-common/asan/alloca_detect_custom_size.c -O2 -flto -flto-partition=none output pattern test
FAIL: c-c++-common/asan/alloca_detect_custom_size.c -O2 -flto output pattern test
FAIL: c-c++-common/asan/alloca_overflow_partial.c -O0 output pattern test
FAIL: c-c++-common/asan/alloca_overflow_partial.c -O1 output pattern test
FAIL: c-c++-common/asan/alloca_overflow_partial.c -O2 output pattern test
FAIL: c-c++-common/asan/alloca_overflow_partial.c -O3 -g output pattern test
FAIL: c-c++-common/asan/alloca_overflow_partial.c -Os output pattern test
FAIL: c-c++-common/asan/alloca_overflow_partial.c -O2 -flto -flto-partition=none output pattern test
FAIL: c-c++-common/asan/alloca_overflow_partial.c -O2 -flto output pattern test
FAIL: c-c++-common/asan/alloca_overflow_right.c -O0 output pattern test
FAIL: c-c++-common/asan/alloca_overflow_right.c -O1 output pattern test
FAIL: c-c++-common/asan/alloca_overflow_right.c -O2 output pattern test
FAIL: c-c++-common/asan/alloca_overflow_right.c -O3 -g output pattern test
FAIL: c-c++-common/asan/alloca_overflow_right.c -Os output pattern test
FAIL: c-c++-common/asan/alloca_overflow_right.c -O2 -flto -flto-partition=none output pattern test
FAIL: c-c++-common/asan/alloca_overflow_right.c -O2 -flto output pattern test
FAIL: c-c++-common/asan/alloca_underflow_left.c -O0 output pattern test
FAIL: c-c++-common/asan/alloca_underflow_left.c -O1 output pattern test
FAIL: c-c++-common/asan/alloca_underflow_left.c -O2 output pattern test
FAIL: c-c++-common/asan/alloca_underflow_left.c -O3 -g output pattern test
FAIL: c-c++-common/asan/alloca_underflow_left.c -Os output pattern test
FAIL: c-c++-common/asan/alloca_underflow_left.c -O2 -flto -flto-partition=none output pattern test
FAIL: c-c++-common/asan/alloca_underflow_left.c -O2 -flto output pattern test
FAIL: c-c++-common/asan/memcmp-1.c -O2 -flto -flto-partition=none output pattern test
FAIL: c-c++-common/asan/memcmp-1.c -O2 -flto output pattern test
FAIL: c-c++-common/asan/pr70541.c -O0 output pattern test
FAIL: c-c++-common/asan/stack-overflow-1.c -O0 output pattern test
FAIL: c-c++-common/asan/stack-overflow-1.c -O1 output pattern test
FAIL: c-c++-common/asan/stack-overflow-1.c -O2 output pattern test
FAIL: c-c++-common/asan/stack-overflow-1.c -O3 -g output pattern test
FAIL: c-c++-common/asan/stack-overflow-1.c -Os output pattern test
FAIL: c-c++-common/asan/stack-overflow-1.c -O2 -flto -flto-partition=none output pattern test
FAIL: c-c++-common/asan/stack-overflow-1.c -O2 -flto output pattern test
FAIL: c-c++-common/asan/strlen-overflow-1.c -O0 output pattern test
FAIL: c-c++-common/asan/strlen-overflow-1.c -O1 output pattern test
FAIL: c-c++-common/asan/strlen-overflow-1.c -O2 output pattern test
FAIL: c-c++-common/asan/strlen-overflow-1.c -O3 -g output pattern test
FAIL: c-c++-common/asan/strlen-overflow-1.c -Os output pattern test
FAIL: c-c++-common/asan/strncpy-overflow-1.c -O0 output pattern test
FAIL: c-c++-common/asan/strncpy-overflow-1.c -O1 output pattern test
FAIL: c-c++-common/asan/strncpy-overflow-1.c -O2 output pattern test
FAIL: c-c++-common/asan/strncpy-overflow-1.c -O3 -g output pattern test
FAIL: c-c++-common/asan/strncpy-overflow-1.c -Os output pattern test
FAIL: c-c++-common/asan/strncpy-overflow-1.c -O2 -flto -flto-partition=none output pattern test
FAIL: c-c++-common/asan/strncpy-overflow-1.c -O2 -flto output pattern test
FAIL: c-c++-common/asan/use-after-free-1.c -O0 output pattern test
FAIL: c-c++-common/asan/use-after-free-1.c -O1 output pattern test
FAIL: c-c++-common/asan/use-after-free-1.c -O2 output pattern test
FAIL: c-c++-common/asan/use-after-free-1.c -O3 -g output pattern test
FAIL: c-c++-common/asan/use-after-free-1.c -Os output pattern test
FAIL: c-c++-common/asan/use-after-free-1.c -O2 -flto -flto-partition=none output pattern test
FAIL: c-c++-common/asan/use-after-free-1.c -O2 -flto output pattern test
FAIL: g++.dg/asan/large-func-test-1.C -O0 output pattern test
FAIL: g++.dg/asan/large-func-test-1.C -O1 output pattern test
FAIL: g++.dg/asan/large-func-test-1.C -O2 output pattern test
FAIL: g++.dg/asan/large-func-test-1.C -O3 -g output pattern test
FAIL: g++.dg/asan/large-func-test-1.C -Os output pattern test
FAIL: g++.dg/asan/large-func-test-1.C -O2 -flto -flto-partition=none output pattern test
FAIL: g++.dg/asan/large-func-test-1.C -O2 -flto output pattern test
FAIL: g++.dg/asan/pr62017.C -O2 -flto -flto-partition=none (internal compiler error)
FAIL: g++.dg/asan/pr62017.C -O2 -flto -flto-partition=none (test for excess errors)
FAIL: g++.dg/asan/pr62017.C -O2 -flto (internal compiler error)
FAIL: g++.dg/asan/pr62017.C -O2 -flto (test for excess errors)
FAIL: g++.dg/asan/pr69276.C -O0 output pattern test
FAIL: g++.dg/asan/pr78651.C -O2 -flto -flto-partition=none (internal compiler error)
FAIL: g++.dg/asan/pr78651.C -O2 -flto -flto-partition=none (test for excess errors)
FAIL: g++.dg/asan/pr78651.C -O2 -flto (internal compiler error)
FAIL: g++.dg/asan/pr78651.C -O2 -flto (test for excess errors)
FAIL: g++.dg/cet-notrack-1.C -std=gnu++98 scan-assembler-times \\tcall[ \\t]+puts 2
FAIL: g++.dg/cet-notrack-1.C -std=gnu++14 scan-assembler-times \\tcall[ \\t]+puts 2
FAIL: g++.dg/cet-notrack-1.C -std=gnu++17 scan-assembler-times \\tcall[ \\t]+puts 2
FAIL: g++.dg/pr80481.C -std=gnu++98 scan-assembler-not vmovaps
FAIL: g++.dg/pr80481.C -std=gnu++14 scan-assembler-not vmovaps
FAIL: g++.dg/pr80481.C -std=gnu++17 scan-assembler-not vmovaps
FAIL: g++.dg/abi/key2.C -std=gnu++98 (test for excess errors)
FAIL: g++.dg/abi/key2.C -std=gnu++14 (test for excess errors)
FAIL: g++.dg/abi/key2.C -std=gnu++17 (test for excess errors)
FAIL: g++.dg/cpp0x/pr84497.C -std=c++14 scan-assembler .weak[ \\t]*_ZTH8base_obj
FAIL: g++.dg/cpp0x/pr84497.C -std=c++14 scan-assembler .weak[ \\t]*_ZTH11derived_obj
FAIL: g++.dg/cpp0x/pr84497.C -std=c++14 scan-assembler .weak[ \\t]*_ZTH13container_obj
FAIL: g++.dg/cpp0x/pr84497.C -std=c++17 scan-assembler .weak[ \\t]*_ZTH8base_obj
FAIL: g++.dg/cpp0x/pr84497.C -std=c++17 scan-assembler .weak[ \\t]*_ZTH11derived_obj
FAIL: g++.dg/cpp0x/pr84497.C -std=c++17 scan-assembler .weak[ \\t]*_ZTH13container_obj
FAIL: g++.dg/ext/instantiate2.C -std=gnu++98 scan-assembler .zerofill __DATA,__pu_bss2,__ZN1AIiE1tE
FAIL: g++.dg/ext/instantiate2.C -std=gnu++14 scan-assembler .zerofill __DATA,__pu_bss2,__ZN1AIiE1tE
FAIL: g++.dg/ext/instantiate2.C -std=gnu++17 scan-assembler .zerofill __DATA,__pu_bss2,__ZN1AIiE1tE
FAIL: g++.dg/ext/sync-4.C -std=gnu++98 execution test
FAIL: g++.dg/ext/sync-4.C -std=gnu++14 execution test
FAIL: g++.dg/ext/sync-4.C -std=gnu++17 execution test
FAIL: g++.dg/ipa/pr67056.C scan-ipa-dump cp "Speculative outer type:struct CompositeClass"
FAIL: c-c++-common/builtin-has-attribute-3.c -std=gnu++98 (test for excess errors)
FAIL: c-c++-common/builtin-has-attribute-3.c -std=gnu++14 (test for excess errors)
FAIL: c-c++-common/builtin-has-attribute-3.c -std=gnu++17 (test for excess errors)
FAIL: c-c++-common/builtin-has-attribute-4.c -std=gnu++98 (test for excess errors)
FAIL: c-c++-common/builtin-has-attribute-4.c -std=gnu++14 (test for excess errors)
FAIL: c-c++-common/builtin-has-attribute-4.c -std=gnu++17 (test for excess errors)
FAIL: g++.dg/gcov/pr16855.C -std=gnu++98 line 21: is #####:should be 1
FAIL: g++.dg/gcov/pr16855.C -std=gnu++98 line 45: is #####:should be 1
FAIL: g++.dg/gcov/pr16855.C -std=gnu++98 gcov: 2 failures in line counts, 0 in branch percentages, 0 in return percentages, 0 in intermediate format
FAIL: g++.dg/gcov/pr16855.C -std=gnu++14 line 21: is #####:should be 1
FAIL: g++.dg/gcov/pr16855.C -std=gnu++14 line 45: is #####:should be 1
FAIL: g++.dg/gcov/pr16855.C -std=gnu++14 gcov: 2 failures in line counts, 0 in branch percentages, 0 in return percentages, 0 in intermediate format
FAIL: g++.dg/gcov/pr16855.C -std=gnu++17 line 21: is #####:should be 1
FAIL: g++.dg/gcov/pr16855.C -std=gnu++17 line 45: is #####:should be 1
FAIL: g++.dg/gcov/pr16855.C -std=gnu++17 gcov: 2 failures in line counts, 0 in branch percentages, 0 in return percentages, 0 in intermediate format
FAIL: g++.dg/gomp/pr88182.C -std=gnu++98 (test for excess errors)
UNRESOLVED: g++.dg/gomp/pr88182.C -std=gnu++98 compilation failed to produce executable
FAIL: g++.dg/gomp/pr88182.C -std=gnu++14 (test for excess errors)
UNRESOLVED: g++.dg/gomp/pr88182.C -std=gnu++14 compilation failed to produce executable
FAIL: g++.dg/gomp/pr88182.C -std=gnu++17 (test for excess errors)
UNRESOLVED: g++.dg/gomp/pr88182.C -std=gnu++17 compilation failed to produce executable
UNRESOLVED: g++-dg-lto-devirt-13-01.exe scan-tree-dump-times ssa "OBJ_TYPE_REF" 0
UNRESOLVED: g++-dg-lto-devirt-13-11.exe scan-tree-dump-times ssa "OBJ_TYPE_REF" 0
UNRESOLVED: g++-dg-lto-devirt-13-21.exe scan-tree-dump-times ssa "OBJ_TYPE_REF" 0
UNRESOLVED: g++-dg-lto-devirt-14-01.exe scan-tree-dump-not ssa "A.*foo"
UNRESOLVED: g++-dg-lto-devirt-14-11.exe scan-tree-dump-not ssa "A.*foo"
UNRESOLVED: g++-dg-lto-devirt-23-01.exe scan-wpa-ipa-dump cp "Discovered a virtual call to"
FAIL: g++.dg/lto/pr65276 cp_lto_pr65276_0.o-cp_lto_pr65276_1.o link, -flto -O0 -std=c++11
FAIL: g++.dg/lto/pr65549 cp_lto_pr65549_0.o-cp_lto_pr65549_0.o link, -std=gnu++14 -flto -g -O2 -fno-inline -flto-partition=max -Wno-return-type
FAIL: g++.dg/lto/pr87906 cp_lto_pr87906_0.o-cp_lto_pr87906_1.o link, -O -fPIC -flto
FAIL: g++.dg/tls/pr77285-2.C -std=c++14 scan-assembler _ZTH4var1B3tag
FAIL: g++.dg/tls/pr77285-2.C -std=c++17 scan-assembler _ZTH4var1B3tag
FAIL: g++.dg/tls/thread_local-order2.C -std=c++14 execution test
FAIL: g++.dg/tls/thread_local-order2.C -std=c++17 execution test
UNRESOLVED: g++.dg/tree-prof/devirt.C scan-ipa-dump-times dom3 "3" folding virtual function call to virtual unsigned int mozPersonalDictionary::_ZThn16
UNRESOLVED: g++.dg/tree-prof/devirt.C scan-ipa-dump-times dom3 "3" folding virtual function call to virtual unsigned int mozPersonalDictionary::AddRef
FAIL: g++.dg/tree-prof/pr57451.C compilation, -fprofile-generate -D_PROFILE_GENERATE
UNRESOLVED: g++.dg/tree-prof/pr57451.C execution, -fprofile-generate -D_PROFILE_GENERATE
UNRESOLVED: g++.dg/tree-prof/pr57451.C compilation, -fprofile-use -D_PROFILE_USE
UNRESOLVED: g++.dg/tree-prof/pr57451.C execution, -fprofile-use -D_PROFILE_USE
FAIL: g++.dg/tree-prof/pr63581.C compilation, -fprofile-generate -D_PROFILE_GENERATE
UNRESOLVED: g++.dg/tree-prof/pr63581.C execution, -fprofile-generate -D_PROFILE_GENERATE
UNRESOLVED: g++.dg/tree-prof/pr63581.C compilation, -fprofile-use -D_PROFILE_USE
UNRESOLVED: g++.dg/tree-prof/pr63581.C execution, -fprofile-use -D_PROFILE_USE
=== g++ Summary for unix/-m64 ===
# of expected passes 128460
# of unexpected failures 129
# of expected failures 550
# of unresolved testcases 17
# of unsupported tests 6037
Running target unix/-m32
FAIL: c-c++-common/asan/alloca_big_alignment.c -O0 output pattern test
FAIL: c-c++-common/asan/alloca_big_alignment.c -O1 output pattern test
FAIL: c-c++-common/asan/alloca_big_alignment.c -O2 output pattern test
FAIL: c-c++-common/asan/alloca_big_alignment.c -O3 -g output pattern test
FAIL: c-c++-common/asan/alloca_big_alignment.c -Os output pattern test
FAIL: c-c++-common/asan/alloca_big_alignment.c -O2 -flto -flto-partition=none output pattern test
FAIL: c-c++-common/asan/alloca_big_alignment.c -O2 -flto output pattern test
FAIL: c-c++-common/asan/alloca_detect_custom_size.c -O0 output pattern test
FAIL: c-c++-common/asan/alloca_detect_custom_size.c -O1 output pattern test
FAIL: c-c++-common/asan/alloca_detect_custom_size.c -O2 output pattern test
FAIL: c-c++-common/asan/alloca_detect_custom_size.c -O3 -g output pattern test
FAIL: c-c++-common/asan/alloca_detect_custom_size.c -Os output pattern test
FAIL: c-c++-common/asan/alloca_detect_custom_size.c -O2 -flto -flto-partition=none output pattern test
FAIL: c-c++-common/asan/alloca_detect_custom_size.c -O2 -flto output pattern test
FAIL: c-c++-common/asan/alloca_instruments_all_paddings.c -O0 execution test
FAIL: c-c++-common/asan/alloca_instruments_all_paddings.c -O1 execution test
FAIL: c-c++-common/asan/alloca_instruments_all_paddings.c -O2 execution test
FAIL: c-c++-common/asan/alloca_instruments_all_paddings.c -O3 -fomit-frame-pointer -funroll-loops -fpeel-loops -ftracer -finline-functions execution test
FAIL: c-c++-common/asan/alloca_instruments_all_paddings.c -O3 -g execution test
FAIL: c-c++-common/asan/alloca_instruments_all_paddings.c -Os execution test
FAIL: c-c++-common/asan/alloca_instruments_all_paddings.c -O2 -flto -flto-partition=none execution test
FAIL: c-c++-common/asan/alloca_instruments_all_paddings.c -O2 -flto execution test
FAIL: c-c++-common/asan/alloca_loop_unpoisoning.c -O0 execution test
FAIL: c-c++-common/asan/alloca_loop_unpoisoning.c -O1 execution test
FAIL: c-c++-common/asan/alloca_loop_unpoisoning.c -O2 execution test
FAIL: c-c++-common/asan/alloca_loop_unpoisoning.c -O3 -fomit-frame-pointer -funroll-loops -fpeel-loops -ftracer -finline-functions execution test
FAIL: c-c++-common/asan/alloca_loop_unpoisoning.c -O3 -g execution test
FAIL: c-c++-common/asan/alloca_loop_unpoisoning.c -Os execution test
FAIL: c-c++-common/asan/alloca_loop_unpoisoning.c -O2 -flto -flto-partition=none execution test
FAIL: c-c++-common/asan/alloca_loop_unpoisoning.c -O2 -flto execution test
FAIL: c-c++-common/asan/alloca_overflow_partial.c -O0 output pattern test
FAIL: c-c++-common/asan/alloca_overflow_partial.c -O1 output pattern test
FAIL: c-c++-common/asan/alloca_overflow_partial.c -O2 output pattern test
FAIL: c-c++-common/asan/alloca_overflow_partial.c -O3 -g output pattern test
FAIL: c-c++-common/asan/alloca_overflow_partial.c -Os output pattern test
FAIL: c-c++-common/asan/alloca_overflow_partial.c -O2 -flto -flto-partition=none output pattern test
FAIL: c-c++-common/asan/alloca_overflow_partial.c -O2 -flto output pattern test
FAIL: c-c++-common/asan/alloca_overflow_right.c -O0 output pattern test
FAIL: c-c++-common/asan/alloca_overflow_right.c -O1 output pattern test
FAIL: c-c++-common/asan/alloca_overflow_right.c -O2 output pattern test
FAIL: c-c++-common/asan/alloca_overflow_right.c -O3 -g output pattern test
FAIL: c-c++-common/asan/alloca_overflow_right.c -Os output pattern test
FAIL: c-c++-common/asan/alloca_overflow_right.c -O2 -flto -flto-partition=none output pattern test
FAIL: c-c++-common/asan/alloca_overflow_right.c -O2 -flto output pattern test
FAIL: c-c++-common/asan/alloca_safe_access.c -O0 execution test
FAIL: c-c++-common/asan/alloca_safe_access.c -O1 execution test
FAIL: c-c++-common/asan/alloca_safe_access.c -O2 execution test
FAIL: c-c++-common/asan/alloca_safe_access.c -O3 -g execution test
FAIL: c-c++-common/asan/alloca_safe_access.c -Os execution test
FAIL: c-c++-common/asan/alloca_safe_access.c -O2 -flto -flto-partition=none execution test
FAIL: c-c++-common/asan/alloca_safe_access.c -O2 -flto execution test
FAIL: c-c++-common/asan/alloca_underflow_left.c -O0 output pattern test
FAIL: c-c++-common/asan/alloca_underflow_left.c -O1 output pattern test
FAIL: c-c++-common/asan/alloca_underflow_left.c -O2 output pattern test
FAIL: c-c++-common/asan/alloca_underflow_left.c -O3 -g output pattern test
FAIL: c-c++-common/asan/alloca_underflow_left.c -Os output pattern test
FAIL: c-c++-common/asan/alloca_underflow_left.c -O2 -flto -flto-partition=none output pattern test
FAIL: c-c++-common/asan/alloca_underflow_left.c -O2 -flto output pattern test
FAIL: c-c++-common/asan/asan-stack-small.c -O0 execution test
FAIL: c-c++-common/asan/asan-stack-small.c -O1 execution test
FAIL: c-c++-common/asan/asan-stack-small.c -O2 execution test
FAIL: c-c++-common/asan/asan-stack-small.c -O3 -g execution test
FAIL: c-c++-common/asan/asan-stack-small.c -Os execution test
FAIL: c-c++-common/asan/asan-stack-small.c -O2 -flto -flto-partition=none execution test
FAIL: c-c++-common/asan/asan-stack-small.c -O2 -flto execution test
FAIL: c-c++-common/asan/bitfield-1.c -O0 output pattern test
FAIL: c-c++-common/asan/bitfield-1.c -O1 output pattern test
FAIL: c-c++-common/asan/bitfield-1.c -O2 output pattern test
FAIL: c-c++-common/asan/bitfield-1.c -O3 -g output pattern test
FAIL: c-c++-common/asan/bitfield-1.c -Os output pattern test
FAIL: c-c++-common/asan/bitfield-1.c -O2 -flto -flto-partition=none output pattern test
FAIL: c-c++-common/asan/bitfield-1.c -O2 -flto output pattern test
FAIL: c-c++-common/asan/bitfield-2.c -O0 output pattern test
FAIL: c-c++-common/asan/bitfield-2.c -O1 output pattern test
FAIL: c-c++-common/asan/bitfield-2.c -O2 output pattern test
FAIL: c-c++-common/asan/bitfield-2.c -O3 -g output pattern test
FAIL: c-c++-common/asan/bitfield-2.c -Os output pattern test
FAIL: c-c++-common/asan/bitfield-2.c -O2 -flto -flto-partition=none output pattern test
FAIL: c-c++-common/asan/bitfield-2.c -O2 -flto output pattern test
FAIL: c-c++-common/asan/bitfield-3.c -O0 output pattern test
FAIL: c-c++-common/asan/bitfield-3.c -O1 output pattern test
FAIL: c-c++-common/asan/bitfield-3.c -O2 output pattern test
FAIL: c-c++-common/asan/bitfield-3.c -O3 -g output pattern test
FAIL: c-c++-common/asan/bitfield-3.c -Os output pattern test
FAIL: c-c++-common/asan/bitfield-3.c -O2 -flto -flto-partition=none output pattern test
FAIL: c-c++-common/asan/bitfield-3.c -O2 -flto output pattern test
FAIL: c-c++-common/asan/bitfield-4.c -O0 output pattern test
FAIL: c-c++-common/asan/bitfield-4.c -O1 output pattern test
FAIL: c-c++-common/asan/bitfield-4.c -O2 output pattern test
FAIL: c-c++-common/asan/bitfield-4.c -O3 -g output pattern test
FAIL: c-c++-common/asan/bitfield-4.c -Os output pattern test
FAIL: c-c++-common/asan/bitfield-4.c -O2 -flto -flto-partition=none output pattern test
FAIL: c-c++-common/asan/bitfield-4.c -O2 -flto output pattern test
FAIL: c-c++-common/asan/bitfield-5.c -O0 output pattern test
FAIL: c-c++-common/asan/bitfield-5.c -O1 output pattern test
FAIL: c-c++-common/asan/bitfield-5.c -O2 output pattern test
FAIL: c-c++-common/asan/bitfield-5.c -O3 -g output pattern test
FAIL: c-c++-common/asan/bitfield-5.c -Os output pattern test
FAIL: c-c++-common/asan/bitfield-5.c -O2 -flto -flto-partition=none output pattern test
FAIL: c-c++-common/asan/bitfield-5.c -O2 -flto output pattern test
FAIL: c-c++-common/asan/global-overflow-1.c -O0 output pattern test
FAIL: c-c++-common/asan/global-overflow-1.c -O1 output pattern test
FAIL: c-c++-common/asan/global-overflow-1.c -O2 output pattern test
FAIL: c-c++-common/asan/global-overflow-1.c -O3 -g output pattern test
FAIL: c-c++-common/asan/global-overflow-1.c -Os output pattern test
FAIL: c-c++-common/asan/global-overflow-1.c -O2 -flto -flto-partition=none output pattern test
FAIL: c-c++-common/asan/global-overflow-1.c -O2 -flto output pattern test
FAIL: c-c++-common/asan/halt_on_error-1.c -O0 execution test
FAIL: c-c++-common/asan/halt_on_error-1.c -O1 execution test
FAIL: c-c++-common/asan/halt_on_error-1.c -O2 execution test
FAIL: c-c++-common/asan/halt_on_error-1.c -O3 -g execution test
FAIL: c-c++-common/asan/halt_on_error-1.c -Os execution test
FAIL: c-c++-common/asan/halt_on_error-1.c -O2 -flto -flto-partition=none execution test
FAIL: c-c++-common/asan/halt_on_error-1.c -O2 -flto execution test
FAIL: c-c++-common/asan/halt_on_error-2.c -O0 output pattern test
FAIL: c-c++-common/asan/halt_on_error-2.c -O1 output pattern test
FAIL: c-c++-common/asan/halt_on_error-2.c -O2 output pattern test
FAIL: c-c++-common/asan/halt_on_error-2.c -O3 -g output pattern test
FAIL: c-c++-common/asan/halt_on_error-2.c -Os output pattern test
FAIL: c-c++-common/asan/halt_on_error-2.c -O2 -flto -flto-partition=none output pattern test
FAIL: c-c++-common/asan/halt_on_error-2.c -O2 -flto output pattern test
FAIL: c-c++-common/asan/heap-overflow-1.c -O0 output pattern test
FAIL: c-c++-common/asan/heap-overflow-1.c -O1 output pattern test
FAIL: c-c++-common/asan/heap-overflow-1.c -O2 output pattern test
FAIL: c-c++-common/asan/heap-overflow-1.c -O3 -g output pattern test
FAIL: c-c++-common/asan/heap-overflow-1.c -Os output pattern test
FAIL: c-c++-common/asan/heap-overflow-1.c -O2 -flto -flto-partition=none output pattern test
FAIL: c-c++-common/asan/heap-overflow-1.c -O2 -flto output pattern test
FAIL: c-c++-common/asan/memcmp-1.c -O0 output pattern test
FAIL: c-c++-common/asan/memcmp-1.c -O1 output pattern test
FAIL: c-c++-common/asan/memcmp-1.c -O2 output pattern test
FAIL: c-c++-common/asan/memcmp-1.c -O3 -g output pattern test
FAIL: c-c++-common/asan/memcmp-1.c -Os output pattern test
FAIL: c-c++-common/asan/memcmp-1.c -O2 -flto -flto-partition=none output pattern test
FAIL: c-c++-common/asan/memcmp-1.c -O2 -flto output pattern test
FAIL: c-c++-common/asan/null-deref-1.c -O0 output pattern test
FAIL: c-c++-common/asan/null-deref-1.c -O1 output pattern test
FAIL: c-c++-common/asan/null-deref-1.c -O2 output pattern test
FAIL: c-c++-common/asan/null-deref-1.c -O3 -g output pattern test
FAIL: c-c++-common/asan/null-deref-1.c -Os output pattern test
FAIL: c-c++-common/asan/null-deref-1.c -O2 -flto -flto-partition=none output pattern test
FAIL: c-c++-common/asan/null-deref-1.c -O2 -flto output pattern test
FAIL: c-c++-common/asan/pointer-compare-1.c -O0 execution test
FAIL: c-c++-common/asan/pointer-compare-1.c -O1 execution test
FAIL: c-c++-common/asan/pointer-compare-1.c -O2 execution test
FAIL: c-c++-common/asan/pointer-compare-1.c -O3 -g execution test
FAIL: c-c++-common/asan/pointer-compare-1.c -Os execution test
FAIL: c-c++-common/asan/pointer-compare-1.c -O2 -flto -flto-partition=none execution test
FAIL: c-c++-common/asan/pointer-compare-1.c -O2 -flto execution test
FAIL: c-c++-common/asan/pointer-compare-2.c -O0 execution test
FAIL: c-c++-common/asan/pointer-compare-2.c -O1 execution test
FAIL: c-c++-common/asan/pointer-compare-2.c -O2 execution test
FAIL: c-c++-common/asan/pointer-compare-2.c -O3 -g execution test
FAIL: c-c++-common/asan/pointer-compare-2.c -Os execution test
FAIL: c-c++-common/asan/pointer-compare-2.c -O2 -flto -flto-partition=none execution test
FAIL: c-c++-common/asan/pointer-compare-2.c -O2 -flto execution test
FAIL: c-c++-common/asan/pointer-compare-3.c -O0 execution test
FAIL: c-c++-common/asan/pointer-compare-3.c -O1 execution test
FAIL: c-c++-common/asan/pointer-compare-3.c -O2 execution test
FAIL: c-c++-common/asan/pointer-compare-3.c -O3 -g execution test
FAIL: c-c++-common/asan/pointer-compare-3.c -Os execution test
FAIL: c-c++-common/asan/pointer-compare-3.c -O2 -flto -flto-partition=none execution test
FAIL: c-c++-common/asan/pointer-compare-3.c -O2 -flto execution test
FAIL: c-c++-common/asan/pointer-subtract-1.c -O0 execution test
FAIL: c-c++-common/asan/pointer-subtract-1.c -O1 execution test
FAIL: c-c++-common/asan/pointer-subtract-1.c -O2 execution test
FAIL: c-c++-common/asan/pointer-subtract-1.c -O3 -g execution test
FAIL: c-c++-common/asan/pointer-subtract-1.c -Os execution test
FAIL: c-c++-common/asan/pointer-subtract-1.c -O2 -flto -flto-partition=none execution test
FAIL: c-c++-common/asan/pointer-subtract-1.c -O2 -flto execution test
FAIL: c-c++-common/asan/pointer-subtract-2.c -O0 execution test
FAIL: c-c++-common/asan/pointer-subtract-2.c -O1 execution test
FAIL: c-c++-common/asan/pointer-subtract-2.c -O2 execution test
FAIL: c-c++-common/asan/pointer-subtract-2.c -O3 -g execution test
FAIL: c-c++-common/asan/pointer-subtract-2.c -Os execution test
FAIL: c-c++-common/asan/pointer-subtract-2.c -O2 -flto -flto-partition=none execution test
FAIL: c-c++-common/asan/pointer-subtract-2.c -O2 -flto execution test
FAIL: c-c++-common/asan/pr61530.c -O0 output pattern test
FAIL: c-c++-common/asan/pr61530.c -O1 output pattern test
FAIL: c-c++-common/asan/pr61530.c -O2 output pattern test
FAIL: c-c++-common/asan/pr61530.c -O3 -g output pattern test
FAIL: c-c++-common/asan/pr61530.c -Os output pattern test
FAIL: c-c++-common/asan/pr61530.c -O2 -flto -flto-partition=none output pattern test
FAIL: c-c++-common/asan/pr61530.c -O2 -flto output pattern test
FAIL: c-c++-common/asan/pr62089.c -O0 output pattern test
FAIL: c-c++-common/asan/pr62089.c -O1 output pattern test
FAIL: c-c++-common/asan/pr62089.c -O2 output pattern test
FAIL: c-c++-common/asan/pr62089.c -O3 -g output pattern test
FAIL: c-c++-common/asan/pr62089.c -Os output pattern test
FAIL: c-c++-common/asan/pr62089.c -O2 -flto -flto-partition=none output pattern test
FAIL: c-c++-common/asan/pr62089.c -O2 -flto output pattern test
FAIL: c-c++-common/asan/pr63316.c -O2 execution test
FAIL: c-c++-common/asan/pr63316.c -O2 -flto -flto-partition=none execution test
FAIL: c-c++-common/asan/pr63316.c -O2 -flto execution test
FAIL: c-c++-common/asan/pr63888.c -O0 execution test
FAIL: c-c++-common/asan/pr63888.c -O1 execution test
FAIL: c-c++-common/asan/pr63888.c -O2 execution test
FAIL: c-c++-common/asan/pr63888.c -O3 -g execution test
FAIL: c-c++-common/asan/pr63888.c -Os execution test
FAIL: c-c++-common/asan/pr63888.c -O2 -flto -flto-partition=none execution test
FAIL: c-c++-common/asan/pr63888.c -O2 -flto execution test
FAIL: c-c++-common/asan/pr70541.c -O0 output pattern test
FAIL: c-c++-common/asan/pr70712.c -O0 execution test
FAIL: c-c++-common/asan/pr70712.c -O1 execution test
FAIL: c-c++-common/asan/pr70712.c -O2 execution test
FAIL: c-c++-common/asan/pr70712.c -O3 -g execution test
FAIL: c-c++-common/asan/pr70712.c -Os execution test
FAIL: c-c++-common/asan/pr70712.c -O2 -flto -flto-partition=none execution test
FAIL: c-c++-common/asan/pr70712.c -O2 -flto execution test
FAIL: c-c++-common/asan/pr71480.c -O0 execution test
FAIL: c-c++-common/asan/pr71480.c -O1 execution test
FAIL: c-c++-common/asan/pr71480.c -O2 execution test
FAIL: c-c++-common/asan/pr71480.c -O3 -g execution test
FAIL: c-c++-common/asan/pr71480.c -Os execution test
FAIL: c-c++-common/asan/pr71480.c -O2 -flto -flto-partition=none execution test
FAIL: c-c++-common/asan/pr71480.c -O2 -flto execution test
FAIL: c-c++-common/asan/pr79944.c -O0 execution test
FAIL: c-c++-common/asan/pr79944.c -O1 execution test
FAIL: c-c++-common/asan/pr79944.c -O2 execution test
FAIL: c-c++-common/asan/pr79944.c -O3 -g execution test
FAIL: c-c++-common/asan/pr79944.c -Os execution test
FAIL: c-c++-common/asan/pr79944.c -O2 -flto -flto-partition=none execution test
FAIL: c-c++-common/asan/pr79944.c -O2 -flto execution test
FAIL: c-c++-common/asan/pr80308.c -O0 execution test
FAIL: c-c++-common/asan/pr80308.c -O1 execution test
FAIL: c-c++-common/asan/pr80308.c -O2 execution test
FAIL: c-c++-common/asan/pr80308.c -O3 -fomit-frame-pointer -funroll-loops -fpeel-loops -ftracer -finline-functions execution test
FAIL: c-c++-common/asan/pr80308.c -O3 -g execution test
FAIL: c-c++-common/asan/pr80308.c -Os execution test
FAIL: c-c++-common/asan/pr80308.c -O2 -flto -flto-partition=none execution test
FAIL: c-c++-common/asan/pr80308.c -O2 -flto execution test
FAIL: c-c++-common/asan/pr81697.c -O1 execution test
FAIL: c-c++-common/asan/pr81697.c -O2 execution test
FAIL: c-c++-common/asan/pr81697.c -O3 -g execution test
FAIL: c-c++-common/asan/pr81697.c -Os execution test
FAIL: c-c++-common/asan/pr81697.c -O2 -flto -flto-partition=none execution test
FAIL: c-c++-common/asan/pr81697.c -O2 -flto execution test
FAIL: c-c++-common/asan/sanity-check-pure-c-1.c -O0 output pattern test
FAIL: c-c++-common/asan/sanity-check-pure-c-1.c -O1 output pattern test
FAIL: c-c++-common/asan/sanity-check-pure-c-1.c -O2 output pattern test
FAIL: c-c++-common/asan/sanity-check-pure-c-1.c -O3 -g output pattern test
FAIL: c-c++-common/asan/sanity-check-pure-c-1.c -Os output pattern test
FAIL: c-c++-common/asan/sanity-check-pure-c-1.c -O2 -flto -flto-partition=none output pattern test
FAIL: c-c++-common/asan/sanity-check-pure-c-1.c -O2 -flto output pattern test
FAIL: c-c++-common/asan/sleep-before-dying-1.c -O2 output pattern test
FAIL: c-c++-common/asan/sleep-before-dying-1.c -O2 -flto -flto-partition=none output pattern test
FAIL: c-c++-common/asan/sleep-before-dying-1.c -O2 -flto output pattern test
FAIL: c-c++-common/asan/stack-overflow-1.c -O0 output pattern test
FAIL: c-c++-common/asan/stack-overflow-1.c -O1 output pattern test
FAIL: c-c++-common/asan/stack-overflow-1.c -O2 output pattern test
FAIL: c-c++-common/asan/stack-overflow-1.c -O3 -g output pattern test
FAIL: c-c++-common/asan/stack-overflow-1.c -Os output pattern test
FAIL: c-c++-common/asan/stack-overflow-1.c -O2 -flto -flto-partition=none output pattern test
FAIL: c-c++-common/asan/stack-overflow-1.c -O2 -flto output pattern test
FAIL: c-c++-common/asan/strip-path-prefix-1.c -O2 output pattern test
FAIL: c-c++-common/asan/strip-path-prefix-1.c -O2 -flto -flto-partition=none output pattern test
FAIL: c-c++-common/asan/strip-path-prefix-1.c -O2 -flto output pattern test
FAIL: c-c++-common/asan/strlen-overflow-1.c -O0 output pattern test
FAIL: c-c++-common/asan/strlen-overflow-1.c -O1 output pattern test
FAIL: c-c++-common/asan/strlen-overflow-1.c -O2 output pattern test
FAIL: c-c++-common/asan/strlen-overflow-1.c -O3 -g output pattern test
FAIL: c-c++-common/asan/strlen-overflow-1.c -Os output pattern test
FAIL: c-c++-common/asan/strncpy-overflow-1.c -O0 output pattern test
FAIL: c-c++-common/asan/strncpy-overflow-1.c -O1 output pattern test
FAIL: c-c++-common/asan/strncpy-overflow-1.c -O2 output pattern test
FAIL: c-c++-common/asan/strncpy-overflow-1.c -O3 -g output pattern test
FAIL: c-c++-common/asan/strncpy-overflow-1.c -Os output pattern test
FAIL: c-c++-common/asan/strncpy-overflow-1.c -O2 -flto -flto-partition=none output pattern test
FAIL: c-c++-common/asan/strncpy-overflow-1.c -O2 -flto output pattern test
FAIL: c-c++-common/asan/use-after-free-1.c -O0 output pattern test
FAIL: c-c++-common/asan/use-after-free-1.c -O1 output pattern test
FAIL: c-c++-common/asan/use-after-free-1.c -O2 output pattern test
FAIL: c-c++-common/asan/use-after-free-1.c -O3 -g output pattern test
FAIL: c-c++-common/asan/use-after-free-1.c -Os output pattern test
FAIL: c-c++-common/asan/use-after-free-1.c -O2 -flto -flto-partition=none output pattern test
FAIL: c-c++-common/asan/use-after-free-1.c -O2 -flto output pattern test
FAIL: c-c++-common/asan/use-after-return-1.c -O0 output pattern test
FAIL: c-c++-common/asan/use-after-return-1.c -O1 output pattern test
FAIL: c-c++-common/asan/use-after-return-1.c -O2 output pattern test
FAIL: c-c++-common/asan/use-after-return-1.c -O3 -g output pattern test
FAIL: c-c++-common/asan/use-after-return-1.c -Os output pattern test
FAIL: c-c++-common/asan/use-after-return-1.c -O2 -flto -flto-partition=none output pattern test
FAIL: c-c++-common/asan/use-after-return-1.c -O2 -flto output pattern test
FAIL: g++.dg/asan/deep-stack-uaf-1.C -O0 output pattern test
FAIL: g++.dg/asan/deep-stack-uaf-1.C -O1 output pattern test
FAIL: g++.dg/asan/deep-stack-uaf-1.C -O2 output pattern test
FAIL: g++.dg/asan/deep-stack-uaf-1.C -O3 -g output pattern test
FAIL: g++.dg/asan/deep-stack-uaf-1.C -Os output pattern test
FAIL: g++.dg/asan/deep-tail-call-1.C -O0 output pattern test
FAIL: g++.dg/asan/deep-tail-call-1.C -O1 output pattern test
FAIL: g++.dg/asan/deep-tail-call-1.C -O2 output pattern test
FAIL: g++.dg/asan/deep-tail-call-1.C -O3 -g output pattern test
FAIL: g++.dg/asan/deep-tail-call-1.C -Os output pattern test
FAIL: g++.dg/asan/deep-tail-call-1.C -O2 -flto -flto-partition=none output pattern test
FAIL: g++.dg/asan/deep-tail-call-1.C -O2 -flto output pattern test
FAIL: g++.dg/asan/deep-thread-stack-1.C -O0 output pattern test
FAIL: g++.dg/asan/deep-thread-stack-1.C -O1 output pattern test
FAIL: g++.dg/asan/deep-thread-stack-1.C -O2 output pattern test
FAIL: g++.dg/asan/deep-thread-stack-1.C -O3 -g output pattern test
FAIL: g++.dg/asan/deep-thread-stack-1.C -Os output pattern test
FAIL: g++.dg/asan/deep-thread-stack-1.C -O2 -flto -flto-partition=none output pattern test
FAIL: g++.dg/asan/deep-thread-stack-1.C -O2 -flto output pattern test
FAIL: g++.dg/asan/default-options-1.C -O0 execution test
FAIL: g++.dg/asan/default-options-1.C -O1 execution test
FAIL: g++.dg/asan/default-options-1.C -O2 execution test
FAIL: g++.dg/asan/default-options-1.C -O3 -g execution test
FAIL: g++.dg/asan/default-options-1.C -Os execution test
FAIL: g++.dg/asan/default-options-1.C -O2 -flto -flto-partition=none execution test
FAIL: g++.dg/asan/default-options-1.C -O2 -flto execution test
FAIL: g++.dg/asan/function-argument-1.C -O0 output pattern test
FAIL: g++.dg/asan/function-argument-1.C -O1 output pattern test
FAIL: g++.dg/asan/function-argument-1.C -O2 output pattern test
FAIL: g++.dg/asan/function-argument-1.C -O3 -g output pattern test
FAIL: g++.dg/asan/function-argument-1.C -Os output pattern test
FAIL: g++.dg/asan/function-argument-1.C -O2 -flto -flto-partition=none output pattern test
FAIL: g++.dg/asan/function-argument-1.C -O2 -flto output pattern test
FAIL: g++.dg/asan/function-argument-2.C -O0 output pattern test
FAIL: g++.dg/asan/function-argument-2.C -O1 output pattern test
FAIL: g++.dg/asan/function-argument-2.C -O2 output pattern test
FAIL: g++.dg/asan/function-argument-2.C -O3 -g output pattern test
FAIL: g++.dg/asan/function-argument-2.C -Os output pattern test
FAIL: g++.dg/asan/function-argument-2.C -O2 -flto -flto-partition=none output pattern test
FAIL: g++.dg/asan/function-argument-2.C -O2 -flto output pattern test
FAIL: g++.dg/asan/function-argument-3.C -O0 output pattern test
FAIL: g++.dg/asan/function-argument-3.C -O1 output pattern test
FAIL: g++.dg/asan/function-argument-3.C -O2 output pattern test
FAIL: g++.dg/asan/function-argument-3.C -O3 -g output pattern test
FAIL: g++.dg/asan/function-argument-3.C -Os output pattern test
FAIL: g++.dg/asan/function-argument-3.C -O2 -flto -flto-partition=none output pattern test
FAIL: g++.dg/asan/function-argument-3.C -O2 -flto output pattern test
FAIL: g++.dg/asan/interception-failure-test-1.C -O0 execution test
FAIL: g++.dg/asan/interception-failure-test-1.C -O1 execution test
FAIL: g++.dg/asan/interception-failure-test-1.C -O2 execution test
FAIL: g++.dg/asan/interception-failure-test-1.C -O3 -g execution test
FAIL: g++.dg/asan/interception-failure-test-1.C -Os execution test
FAIL: g++.dg/asan/interception-failure-test-1.C -O2 -flto -flto-partition=none execution test
FAIL: g++.dg/asan/interception-failure-test-1.C -O2 -flto execution test
FAIL: g++.dg/asan/large-func-test-1.C -O0 output pattern test
FAIL: g++.dg/asan/large-func-test-1.C -O1 output pattern test
FAIL: g++.dg/asan/large-func-test-1.C -O2 output pattern test
FAIL: g++.dg/asan/large-func-test-1.C -O3 -g output pattern test
FAIL: g++.dg/asan/large-func-test-1.C -Os output pattern test
FAIL: g++.dg/asan/large-func-test-1.C -O2 -flto -flto-partition=none output pattern test
FAIL: g++.dg/asan/large-func-test-1.C -O2 -flto output pattern test
FAIL: g++.dg/asan/pr55617.C -O0 execution test
FAIL: g++.dg/asan/pr55617.C -O1 execution test
FAIL: g++.dg/asan/pr55617.C -O2 execution test
FAIL: g++.dg/asan/pr55617.C -O3 -g execution test
FAIL: g++.dg/asan/pr55617.C -Os execution test
FAIL: g++.dg/asan/pr55617.C -O2 -flto -flto-partition=none execution test
FAIL: g++.dg/asan/pr55617.C -O2 -flto execution test
FAIL: g++.dg/asan/pr62017.C -O0 execution test
FAIL: g++.dg/asan/pr62017.C -O1 execution test
FAIL: g++.dg/asan/pr62017.C -O2 execution test
FAIL: g++.dg/asan/pr62017.C -O3 -g execution test
FAIL: g++.dg/asan/pr62017.C -Os execution test
FAIL: g++.dg/asan/pr62017.C -O2 -flto -flto-partition=none (internal compiler error)
FAIL: g++.dg/asan/pr62017.C -O2 -flto -flto-partition=none (test for excess errors)
FAIL: g++.dg/asan/pr62017.C -O2 -flto -flto-partition=none execution test
FAIL: g++.dg/asan/pr62017.C -O2 -flto (internal compiler error)
FAIL: g++.dg/asan/pr62017.C -O2 -flto (test for excess errors)
FAIL: g++.dg/asan/pr62017.C -O2 -flto execution test
FAIL: g++.dg/asan/pr69276.C -O0 output pattern test
FAIL: g++.dg/asan/pr77396-2.C -O0 execution test
FAIL: g++.dg/asan/pr77396-2.C -O1 execution test
FAIL: g++.dg/asan/pr77396-2.C -O2 execution test
FAIL: g++.dg/asan/pr77396-2.C -O3 -g execution test
FAIL: g++.dg/asan/pr77396-2.C -Os execution test
FAIL: g++.dg/asan/pr77396-2.C -O2 -flto -flto-partition=none execution test
FAIL: g++.dg/asan/pr77396-2.C -O2 -flto execution test
FAIL: g++.dg/asan/pr77396.C -O0 execution test
FAIL: g++.dg/asan/pr77396.C -O1 execution test
FAIL: g++.dg/asan/pr77396.C -O2 execution test
FAIL: g++.dg/asan/pr77396.C -O3 -g execution test
FAIL: g++.dg/asan/pr77396.C -Os execution test
FAIL: g++.dg/asan/pr77396.C -O2 -flto -flto-partition=none execution test
FAIL: g++.dg/asan/pr77396.C -O2 -flto execution test
FAIL: g++.dg/asan/pr78651.C -O0 execution test
FAIL: g++.dg/asan/pr78651.C -O1 execution test
FAIL: g++.dg/asan/pr78651.C -O2 execution test
FAIL: g++.dg/asan/pr78651.C -O3 -g execution test
FAIL: g++.dg/asan/pr78651.C -Os execution test
FAIL: g++.dg/asan/pr78651.C -O2 -flto -flto-partition=none (internal compiler error)
FAIL: g++.dg/asan/pr78651.C -O2 -flto -flto-partition=none (test for excess errors)
FAIL: g++.dg/asan/pr78651.C -O2 -flto -flto-partition=none execution test
FAIL: g++.dg/asan/pr78651.C -O2 -flto (internal compiler error)
FAIL: g++.dg/asan/pr78651.C -O2 -flto (test for excess errors)
FAIL: g++.dg/asan/pr78651.C -O2 -flto execution test
FAIL: g++.dg/asan/pr81021.C -O0 execution test
FAIL: g++.dg/asan/pr81021.C -O1 execution test
FAIL: g++.dg/asan/pr81021.C -O2 execution test
FAIL: g++.dg/asan/pr81021.C -O3 -g execution test
FAIL: g++.dg/asan/pr81021.C -Os execution test
FAIL: g++.dg/asan/pr81021.C -O2 -flto -flto-partition=none execution test
FAIL: g++.dg/asan/pr81021.C -O2 -flto execution test
FAIL: g++.dg/asan/pr85081.C -O0 execution test
FAIL: g++.dg/asan/pr85081.C -O1 execution test
FAIL: g++.dg/asan/pr85081.C -O2 execution test
FAIL: g++.dg/asan/pr85081.C -O3 -fomit-frame-pointer -funroll-loops -fpeel-loops -ftracer -finline-functions execution test
FAIL: g++.dg/asan/pr85081.C -O3 -g execution test
FAIL: g++.dg/asan/pr85081.C -Os execution test
FAIL: g++.dg/asan/pr85081.C -O2 -flto -flto-partition=none execution test
FAIL: g++.dg/asan/pr85081.C -O2 -flto execution test
FAIL: g++.dg/asan/pr85774.C -O0 execution test
FAIL: g++.dg/asan/pr85774.C -O1 execution test
FAIL: g++.dg/asan/pr85774.C -O2 execution test
FAIL: g++.dg/asan/pr85774.C -O3 -g execution test
FAIL: g++.dg/asan/pr85774.C -Os execution test
FAIL: g++.dg/asan/pr85774.C -O2 -flto -flto-partition=none execution test
FAIL: g++.dg/asan/pr85774.C -O2 -flto execution test
FAIL: g++.dg/asan/use-after-scope-1.C -O0 output pattern test
FAIL: g++.dg/asan/use-after-scope-1.C -O1 output pattern test
FAIL: g++.dg/asan/use-after-scope-1.C -O2 output pattern test
FAIL: g++.dg/asan/use-after-scope-1.C -O3 -g output pattern test
FAIL: g++.dg/asan/use-after-scope-1.C -Os output pattern test
FAIL: g++.dg/asan/use-after-scope-1.C -O2 -flto -flto-partition=none output pattern test
FAIL: g++.dg/asan/use-after-scope-1.C -O2 -flto output pattern test
FAIL: g++.dg/asan/use-after-scope-2.C -O0 output pattern test
FAIL: g++.dg/asan/use-after-scope-2.C -O1 output pattern test
FAIL: g++.dg/asan/use-after-scope-2.C -O2 output pattern test
FAIL: g++.dg/asan/use-after-scope-2.C -O3 -g output pattern test
FAIL: g++.dg/asan/use-after-scope-2.C -Os output pattern test
FAIL: g++.dg/asan/use-after-scope-2.C -O2 -flto -flto-partition=none output pattern test
FAIL: g++.dg/asan/use-after-scope-2.C -O2 -flto output pattern test
FAIL: g++.dg/asan/use-after-scope-3.C -O0 output pattern test
FAIL: g++.dg/asan/use-after-scope-3.C -O1 output pattern test
FAIL: g++.dg/asan/use-after-scope-3.C -O2 output pattern test
FAIL: g++.dg/asan/use-after-scope-3.C -O3 -g output pattern test
FAIL: g++.dg/asan/use-after-scope-3.C -Os output pattern test
FAIL: g++.dg/asan/use-after-scope-3.C -O2 -flto -flto-partition=none output pattern test
FAIL: g++.dg/asan/use-after-scope-3.C -O2 -flto output pattern test
FAIL: g++.dg/asan/use-after-scope-5.C -O0 execution test
FAIL: g++.dg/asan/use-after-scope-5.C -O1 execution test
FAIL: g++.dg/asan/use-after-scope-5.C -O2 execution test
FAIL: g++.dg/asan/use-after-scope-5.C -O3 -fomit-frame-pointer -funroll-loops -fpeel-loops -ftracer -finline-functions execution test
FAIL: g++.dg/asan/use-after-scope-5.C -O3 -g execution test
FAIL: g++.dg/asan/use-after-scope-5.C -Os execution test
FAIL: g++.dg/asan/use-after-scope-5.C -O2 -flto -flto-partition=none execution test
FAIL: g++.dg/asan/use-after-scope-5.C -O2 -flto execution test
FAIL: g++.dg/asan/use-after-scope-types-1.C -O0 output pattern test
FAIL: g++.dg/asan/use-after-scope-types-1.C -O1 output pattern test
FAIL: g++.dg/asan/use-after-scope-types-1.C -O2 output pattern test
FAIL: g++.dg/asan/use-after-scope-types-1.C -O3 -g output pattern test
FAIL: g++.dg/asan/use-after-scope-types-1.C -Os output pattern test
FAIL: g++.dg/asan/use-after-scope-types-1.C -O2 -flto -flto-partition=none output pattern test
FAIL: g++.dg/asan/use-after-scope-types-1.C -O2 -flto output pattern test
FAIL: g++.dg/asan/use-after-scope-types-2.C -O0 output pattern test
FAIL: g++.dg/asan/use-after-scope-types-2.C -O1 output pattern test
FAIL: g++.dg/asan/use-after-scope-types-2.C -O2 output pattern test
FAIL: g++.dg/asan/use-after-scope-types-2.C -O3 -g output pattern test
FAIL: g++.dg/asan/use-after-scope-types-2.C -Os output pattern test
FAIL: g++.dg/asan/use-after-scope-types-2.C -O2 -flto -flto-partition=none output pattern test
FAIL: g++.dg/asan/use-after-scope-types-2.C -O2 -flto output pattern test
FAIL: g++.dg/asan/use-after-scope-types-3.C -O0 output pattern test
FAIL: g++.dg/asan/use-after-scope-types-3.C -O1 output pattern test
FAIL: g++.dg/asan/use-after-scope-types-3.C -O2 output pattern test
FAIL: g++.dg/asan/use-after-scope-types-3.C -O3 -g output pattern test
FAIL: g++.dg/asan/use-after-scope-types-3.C -Os output pattern test
FAIL: g++.dg/asan/use-after-scope-types-3.C -O2 -flto -flto-partition=none output pattern test
FAIL: g++.dg/asan/use-after-scope-types-3.C -O2 -flto output pattern test
FAIL: g++.dg/asan/use-after-scope-types-4.C -O0 output pattern test
FAIL: g++.dg/asan/use-after-scope-types-4.C -O1 output pattern test
FAIL: g++.dg/asan/use-after-scope-types-4.C -O2 output pattern test
FAIL: g++.dg/asan/use-after-scope-types-4.C -O3 -g output pattern test
FAIL: g++.dg/asan/use-after-scope-types-4.C -Os output pattern test
FAIL: g++.dg/asan/use-after-scope-types-4.C -O2 -flto -flto-partition=none output pattern test
FAIL: g++.dg/asan/use-after-scope-types-4.C -O2 -flto output pattern test
FAIL: g++.dg/asan/use-after-scope-types-5.C -O0 output pattern test
FAIL: g++.dg/asan/use-after-scope-types-5.C -O1 output pattern test
FAIL: g++.dg/asan/use-after-scope-types-5.C -O2 output pattern test
FAIL: g++.dg/asan/use-after-scope-types-5.C -O3 -g output pattern test
FAIL: g++.dg/asan/use-after-scope-types-5.C -Os output pattern test
FAIL: g++.dg/asan/use-after-scope-types-5.C -O2 -flto -flto-partition=none output pattern test
FAIL: g++.dg/asan/use-after-scope-types-5.C -O2 -flto output pattern test
FAIL: g++.dg/cet-notrack-1.C -std=gnu++98 scan-assembler-times \\tcall[ \\t]+puts 2
FAIL: g++.dg/cet-notrack-1.C -std=gnu++14 scan-assembler-times \\tcall[ \\t]+puts 2
FAIL: g++.dg/cet-notrack-1.C -std=gnu++17 scan-assembler-times \\tcall[ \\t]+puts 2
FAIL: g++.dg/pr71694.C -std=gnu++98 scan-assembler-not movl
FAIL: g++.dg/pr71694.C -std=gnu++14 scan-assembler-not movl
FAIL: g++.dg/pr71694.C -std=gnu++17 scan-assembler-not movl
FAIL: g++.dg/pr80481.C -std=gnu++98 scan-assembler-not vmovaps
FAIL: g++.dg/pr80481.C -std=gnu++14 scan-assembler-not vmovaps
FAIL: g++.dg/pr80481.C -std=gnu++17 scan-assembler-not vmovaps
FAIL: g++.dg/abi/key2.C -std=gnu++98 (test for excess errors)
FAIL: g++.dg/abi/key2.C -std=gnu++14 (test for excess errors)
FAIL: g++.dg/abi/key2.C -std=gnu++17 (test for excess errors)
FAIL: g++.dg/cpp0x/alignas4.C -std=c++14 scan-assembler align 4
FAIL: g++.dg/cpp0x/alignas4.C -std=c++17 scan-assembler align 4
FAIL: g++.dg/cpp0x/pr84497.C -std=c++14 scan-assembler .weak[ \\t]*_ZTH8base_obj
FAIL: g++.dg/cpp0x/pr84497.C -std=c++14 scan-assembler .weak[ \\t]*_ZTH11derived_obj
FAIL: g++.dg/cpp0x/pr84497.C -std=c++14 scan-assembler .weak[ \\t]*_ZTH13container_obj
FAIL: g++.dg/cpp0x/pr84497.C -std=c++17 scan-assembler .weak[ \\t]*_ZTH8base_obj
FAIL: g++.dg/cpp0x/pr84497.C -std=c++17 scan-assembler .weak[ \\t]*_ZTH11derived_obj
FAIL: g++.dg/cpp0x/pr84497.C -std=c++17 scan-assembler .weak[ \\t]*_ZTH13container_obj
FAIL: g++.dg/ext/instantiate2.C -std=gnu++98 scan-assembler .zerofill __DATA,__pu_bss2,__ZN1AIiE1tE
FAIL: g++.dg/ext/instantiate2.C -std=gnu++14 scan-assembler .zerofill __DATA,__pu_bss2,__ZN1AIiE1tE
FAIL: g++.dg/ext/instantiate2.C -std=gnu++17 scan-assembler .zerofill __DATA,__pu_bss2,__ZN1AIiE1tE
FAIL: g++.dg/ext/sync-4.C -std=gnu++98 execution test
FAIL: g++.dg/ext/sync-4.C -std=gnu++14 execution test
FAIL: g++.dg/ext/sync-4.C -std=gnu++17 execution test
FAIL: g++.dg/ipa/pr67056.C scan-ipa-dump cp "Speculative outer type:struct CompositeClass"
FAIL: c-c++-common/builtin-has-attribute-3.c -std=gnu++98 (test for excess errors)
FAIL: c-c++-common/builtin-has-attribute-3.c -std=gnu++14 (test for excess errors)
FAIL: c-c++-common/builtin-has-attribute-3.c -std=gnu++17 (test for excess errors)
FAIL: c-c++-common/builtin-has-attribute-4.c -std=gnu++98 (test for excess errors)
FAIL: c-c++-common/builtin-has-attribute-4.c -std=gnu++14 (test for excess errors)
FAIL: c-c++-common/builtin-has-attribute-4.c -std=gnu++17 (test for excess errors)
FAIL: g++.dg/gcov/pr16855.C -std=gnu++98 line 21: is #####:should be 1
FAIL: g++.dg/gcov/pr16855.C -std=gnu++98 line 45: is #####:should be 1
FAIL: g++.dg/gcov/pr16855.C -std=gnu++98 gcov: 2 failures in line counts, 0 in branch percentages, 0 in return percentages, 0 in intermediate format
FAIL: g++.dg/gcov/pr16855.C -std=gnu++14 line 21: is #####:should be 1
FAIL: g++.dg/gcov/pr16855.C -std=gnu++14 line 45: is #####:should be 1
FAIL: g++.dg/gcov/pr16855.C -std=gnu++14 gcov: 2 failures in line counts, 0 in branch percentages, 0 in return percentages, 0 in intermediate format
FAIL: g++.dg/gcov/pr16855.C -std=gnu++17 line 21: is #####:should be 1
FAIL: g++.dg/gcov/pr16855.C -std=gnu++17 line 45: is #####:should be 1
FAIL: g++.dg/gcov/pr16855.C -std=gnu++17 gcov: 2 failures in line counts, 0 in branch percentages, 0 in return percentages, 0 in intermediate format
FAIL: g++.dg/gomp/pr88182.C -std=gnu++98 (test for excess errors)
UNRESOLVED: g++.dg/gomp/pr88182.C -std=gnu++98 compilation failed to produce executable
FAIL: g++.dg/gomp/pr88182.C -std=gnu++14 (test for excess errors)
UNRESOLVED: g++.dg/gomp/pr88182.C -std=gnu++14 compilation failed to produce executable
FAIL: g++.dg/gomp/pr88182.C -std=gnu++17 (test for excess errors)
UNRESOLVED: g++.dg/gomp/pr88182.C -std=gnu++17 compilation failed to produce executable
UNRESOLVED: g++-dg-lto-devirt-13-01.exe scan-tree-dump-times ssa "OBJ_TYPE_REF" 0
UNRESOLVED: g++-dg-lto-devirt-13-11.exe scan-tree-dump-times ssa "OBJ_TYPE_REF" 0
UNRESOLVED: g++-dg-lto-devirt-13-21.exe scan-tree-dump-times ssa "OBJ_TYPE_REF" 0
UNRESOLVED: g++-dg-lto-devirt-14-01.exe scan-tree-dump-not ssa "A.*foo"
UNRESOLVED: g++-dg-lto-devirt-14-11.exe scan-tree-dump-not ssa "A.*foo"
UNRESOLVED: g++-dg-lto-devirt-23-01.exe scan-wpa-ipa-dump cp "Discovered a virtual call to"
FAIL: g++.dg/lto/pr65276 cp_lto_pr65276_0.o-cp_lto_pr65276_1.o link, -flto -O0 -std=c++11
FAIL: g++.dg/lto/pr65549 cp_lto_pr65549_0.o-cp_lto_pr65549_0.o link, -std=gnu++14 -flto -g -O2 -fno-inline -flto-partition=max -Wno-return-type
FAIL: g++.dg/lto/pr87906 cp_lto_pr87906_0.o-cp_lto_pr87906_1.o link, -O -fPIC -flto
FAIL: g++.dg/tls/pr77285-2.C -std=c++14 scan-assembler _ZTH4var1B3tag
FAIL: g++.dg/tls/pr77285-2.C -std=c++17 scan-assembler _ZTH4var1B3tag
FAIL: g++.dg/tls/thread_local-order2.C -std=c++14 execution test
FAIL: g++.dg/tls/thread_local-order2.C -std=c++17 execution test
UNRESOLVED: g++.dg/tree-prof/devirt.C scan-ipa-dump-times dom3 "3" folding virtual function call to virtual unsigned int mozPersonalDictionary::_ZThn16
UNRESOLVED: g++.dg/tree-prof/devirt.C scan-ipa-dump-times dom3 "3" folding virtual function call to virtual unsigned int mozPersonalDictionary::AddRef
FAIL: g++.dg/tree-prof/pr57451.C compilation, -fprofile-generate -D_PROFILE_GENERATE
UNRESOLVED: g++.dg/tree-prof/pr57451.C execution, -fprofile-generate -D_PROFILE_GENERATE
UNRESOLVED: g++.dg/tree-prof/pr57451.C compilation, -fprofile-use -D_PROFILE_USE
UNRESOLVED: g++.dg/tree-prof/pr57451.C execution, -fprofile-use -D_PROFILE_USE
FAIL: g++.dg/tree-prof/pr63581.C compilation, -fprofile-generate -D_PROFILE_GENERATE
UNRESOLVED: g++.dg/tree-prof/pr63581.C execution, -fprofile-generate -D_PROFILE_GENERATE
UNRESOLVED: g++.dg/tree-prof/pr63581.C compilation, -fprofile-use -D_PROFILE_USE
UNRESOLVED: g++.dg/tree-prof/pr63581.C execution, -fprofile-use -D_PROFILE_USE
=== g++ Summary for unix/-m32 ===
# of expected passes 126391
# of unexpected failures 528
# of expected failures 547
# of unresolved testcases 17
# of unsupported tests 5909
=== g++ Summary ===
# of expected passes 254851
# of unexpected failures 657
# of expected failures 1097
# of unresolved testcases 34
# of unsupported tests 11946
/GCC/gcc-trunk/gcc/testsuite/g++/../../xg++ version 9.0.0 20181225 (experimental) [trunk revision 267418] (GCC)
=== gcc tests ===
Running target unix/-m64
FAIL: c-c++-common/asan/alloca_big_alignment.c -O0 output pattern test
FAIL: c-c++-common/asan/alloca_big_alignment.c -O1 output pattern test
FAIL: c-c++-common/asan/alloca_big_alignment.c -O2 output pattern test
FAIL: c-c++-common/asan/alloca_big_alignment.c -O3 -g output pattern test
FAIL: c-c++-common/asan/alloca_big_alignment.c -Os output pattern test
FAIL: c-c++-common/asan/alloca_big_alignment.c -O2 -flto -flto-partition=none output pattern test
FAIL: c-c++-common/asan/alloca_big_alignment.c -O2 -flto output pattern test
FAIL: c-c++-common/asan/alloca_detect_custom_size.c -O0 output pattern test
FAIL: c-c++-common/asan/alloca_detect_custom_size.c -O1 output pattern test
FAIL: c-c++-common/asan/alloca_detect_custom_size.c -O2 output pattern test
FAIL: c-c++-common/asan/alloca_detect_custom_size.c -O3 -g output pattern test
FAIL: c-c++-common/asan/alloca_detect_custom_size.c -Os output pattern test
FAIL: c-c++-common/asan/alloca_detect_custom_size.c -O2 -flto -flto-partition=none output pattern test
FAIL: c-c++-common/asan/alloca_detect_custom_size.c -O2 -flto output pattern test
FAIL: c-c++-common/asan/alloca_overflow_partial.c -O0 output pattern test
FAIL: c-c++-common/asan/alloca_overflow_partial.c -O1 output pattern test
FAIL: c-c++-common/asan/alloca_overflow_partial.c -O2 output pattern test
FAIL: c-c++-common/asan/alloca_overflow_partial.c -O3 -g output pattern test
FAIL: c-c++-common/asan/alloca_overflow_partial.c -Os output pattern test
FAIL: c-c++-common/asan/alloca_overflow_partial.c -O2 -flto -flto-partition=none output pattern test
FAIL: c-c++-common/asan/alloca_overflow_partial.c -O2 -flto output pattern test
FAIL: c-c++-common/asan/alloca_overflow_right.c -O0 output pattern test
FAIL: c-c++-common/asan/alloca_overflow_right.c -O1 output pattern test
FAIL: c-c++-common/asan/alloca_overflow_right.c -O2 output pattern test
FAIL: c-c++-common/asan/alloca_overflow_right.c -O3 -g output pattern test
FAIL: c-c++-common/asan/alloca_overflow_right.c -Os output pattern test
FAIL: c-c++-common/asan/alloca_overflow_right.c -O2 -flto -flto-partition=none output pattern test
FAIL: c-c++-common/asan/alloca_overflow_right.c -O2 -flto output pattern test
FAIL: c-c++-common/asan/alloca_underflow_left.c -O0 output pattern test
FAIL: c-c++-common/asan/alloca_underflow_left.c -O1 output pattern test
FAIL: c-c++-common/asan/alloca_underflow_left.c -O2 output pattern test
FAIL: c-c++-common/asan/alloca_underflow_left.c -O3 -g output pattern test
FAIL: c-c++-common/asan/alloca_underflow_left.c -Os output pattern test
FAIL: c-c++-common/asan/alloca_underflow_left.c -O2 -flto -flto-partition=none output pattern test
FAIL: c-c++-common/asan/alloca_underflow_left.c -O2 -flto output pattern test
FAIL: c-c++-common/asan/pr70541.c -O0 output pattern test
FAIL: c-c++-common/asan/stack-overflow-1.c -O0 output pattern test
FAIL: c-c++-common/asan/stack-overflow-1.c -O1 output pattern test
FAIL: c-c++-common/asan/stack-overflow-1.c -O2 output pattern test
FAIL: c-c++-common/asan/stack-overflow-1.c -O3 -g output pattern test
FAIL: c-c++-common/asan/stack-overflow-1.c -Os output pattern test
FAIL: c-c++-common/asan/stack-overflow-1.c -O2 -flto -flto-partition=none output pattern test
FAIL: c-c++-common/asan/stack-overflow-1.c -O2 -flto output pattern test
FAIL: c-c++-common/asan/strncpy-overflow-1.c -O0 output pattern test
FAIL: c-c++-common/asan/strncpy-overflow-1.c -O1 output pattern test
FAIL: c-c++-common/asan/strncpy-overflow-1.c -O2 output pattern test
FAIL: c-c++-common/asan/strncpy-overflow-1.c -O3 -g output pattern test
FAIL: c-c++-common/asan/strncpy-overflow-1.c -Os output pattern test
FAIL: c-c++-common/asan/strncpy-overflow-1.c -O2 -flto -flto-partition=none output pattern test
FAIL: c-c++-common/asan/strncpy-overflow-1.c -O2 -flto output pattern test
FAIL: c-c++-common/asan/use-after-free-1.c -O0 output pattern test
FAIL: c-c++-common/asan/use-after-free-1.c -O1 output pattern test
FAIL: c-c++-common/asan/use-after-free-1.c -O2 output pattern test
FAIL: c-c++-common/asan/use-after-free-1.c -O3 -g output pattern test
FAIL: c-c++-common/asan/use-after-free-1.c -Os output pattern test
FAIL: c-c++-common/asan/use-after-free-1.c -O2 -flto -flto-partition=none output pattern test
FAIL: c-c++-common/asan/use-after-free-1.c -O2 -flto output pattern test
FAIL: gcc.dg/debug/dwarf2/inline4.c scan-assembler DW_TAG_inlined_subroutine[^\\\\(]*\\\\([^\\\\)]*\\\\)[^\\\\(]*\\\\(DIE \\\\(0x[0-9a-f]*\\\\) DW_TAG_formal_parameter[^\\\\(]*\\\\(DIE \\\\(0x[0-9a-f]*\\\\) DW_TAG_variable
FAIL: gcc.dg/debug/dwarf2/inline5.c scan-assembler-times DW_TAG_lexical_block\\\\)[^#/!]*[#/!] \\\\(DIE \\\\(0x[0-9a-f]*\\\\) DW_TAG_variable 1
FAIL: gcc.dg/debug/dwarf2/inline5.c scan-assembler-not \\\\(DIE \\\\(0x([0-9a-f]*)\\\\) DW_TAG_lexical_block\\\\)[^#/!]*[#/!] [^(].*DW_TAG_lexical_block\\\\)[^#/!x]*x\\\\1[^#/!]*[#/!] DW_AT_abstract_origin
FAIL: gcc.dg/Wmissing-attributes.c (test for warnings, line 11)
FAIL: gcc.dg/Wmissing-attributes.c (test for warnings, line 15)
FAIL: gcc.dg/Wmissing-attributes.c (test for warnings, line 19)
FAIL: gcc.dg/Wmissing-attributes.c (test for warnings, line 23)
FAIL: gcc.dg/Wmissing-attributes.c (test for warnings, line 27)
FAIL: gcc.dg/Wmissing-attributes.c (test for warnings, line 31)
FAIL: gcc.dg/Wmissing-attributes.c (test for warnings, line 62)
FAIL: gcc.dg/Wmissing-attributes.c (test for warnings, line 66)
FAIL: gcc.dg/Wmissing-attributes.c (test for warnings, line 81)
FAIL: gcc.dg/Wmissing-attributes.c (test for warnings, line 85)
FAIL: gcc.dg/Wmissing-attributes.c (test for warnings, line 95)
FAIL: gcc.dg/Wmissing-attributes.c (test for excess errors)
FAIL: gcc.dg/Wnonnull.c (test for warnings, line 21)
FAIL: gcc.dg/Wnonnull.c (test for warnings, line 24)
FAIL: gcc.dg/attr-copy-2.c (test for warnings, line 101)
FAIL: gcc.dg/attr-copy-2.c (test for warnings, line 199)
FAIL: gcc.dg/attr-copy-2.c (test for excess errors)
FAIL: gcc.dg/attr-copy-5.c (test for excess errors)
FAIL: gcc.dg/darwin-cfstring-format-1.c (test for errors, line 18)
FAIL: gcc.dg/darwin-cfstring-format-1.c (test for errors, line 21)
FAIL: gcc.dg/darwin-cfstring-format-1.c (test for errors, line 26)
FAIL: gcc.dg/darwin-cfstring-format-1.c (test for errors, line 27)
FAIL: gcc.dg/darwin-cfstring-format-1.c (test for excess errors)
FAIL: gcc.dg/pie-7.c (test for excess errors)
UNRESOLVED: gcc.dg/pie-7.c compilation failed to produce executable
FAIL: gcc.dg/pr57438-2.c scan-assembler nop\\\\nLFE.*
FAIL: gcc.dg/pubtypes-2.c scan-assembler long+[ \\t]+0x13b+[ \\t]+[#;]+[ \\t]+Pub Info Length
FAIL: gcc.dg/pubtypes-3.c scan-assembler long+[ \\t]+0x13b+[ \\t]+[#;]+[ \\t]+Pub Info Length
FAIL: gcc.dg/pubtypes-4.c scan-assembler long+[ \\t]+0x172+[ \\t]+[#;]+[ \\t]+Pub Info Length
FAIL: gcc.dg/stack-layout-dynamic-1.c (internal compiler error)
FAIL: gcc.dg/stack-layout-dynamic-1.c (test for excess errors)
UNRESOLVED: gcc.dg/stack-layout-dynamic-1.c scan-assembler-not cfi_def_cfa_register
FAIL: gcc.dg/uninit-19.c (test for warnings, line 24)
FAIL: gcc.dg/uninit-19.c (test for excess errors)
FAIL: c-c++-common/Warray-bounds-2.c -Wc++-compat strcat (test for warnings, line 89)
FAIL: c-c++-common/Warray-bounds-2.c -Wc++-compat (test for excess errors)
FAIL: c-c++-common/Wrestrict-2.c -Wc++-compat strcat (test for warnings, line 27)
FAIL: c-c++-common/Wrestrict-2.c -Wc++-compat strcpy (test for warnings, line 39)
FAIL: c-c++-common/Wrestrict-2.c -Wc++-compat strncat (test for warnings, line 51)
FAIL: c-c++-common/Wrestrict-2.c -Wc++-compat strncpy (test for warnings, line 63)
FAIL: c-c++-common/builtin-has-attribute-3.c -Wc++-compat (test for excess errors)
FAIL: c-c++-common/builtin-has-attribute-4.c -Wc++-compat (test for excess errors)
FAIL: gcc.dg/graphite/scop-19.c scan-tree-dump-times graphite "number of SCoPs: 0" 1
FAIL: gcc.dg/ipa/ipa-icf-38.c scan-ltrans-tree-dump-not optimized "Function bar"
FAIL: gcc.dg/ipa/ipa-icf-39.c scan-ipa-dump-times icf "Unified;" 2
FAIL: gcc.dg/plugin/plugindir1.c (test for excess errors)
FAIL: gcc.dg/plugin/plugindir2.c (test for excess errors)
FAIL: gcc.dg/plugin/plugindir3.c (test for excess errors)
FAIL: gcc.dg/plugin/plugindir4.c (test for excess errors)
FAIL: gcc.dg/rtl/x86_64/final.c (internal compiler error)
FAIL: gcc.dg/rtl/x86_64/final.c (test for excess errors)
UNRESOLVED: gcc.dg/rtl/x86_64/final.c scan-assembler test_1:
UNRESOLVED: gcc.dg/rtl/x86_64/final.c scan-assembler .cfi_startproc
UNRESOLVED: gcc.dg/rtl/x86_64/final.c scan-assembler .cfi_endproc
UNRESOLVED: gcc.dg/rtl/x86_64/final.c scan-assembler ret
FAIL: gcc.dg/torture/pr25967-1.c -O1 execution test
FAIL: gcc.dg/torture/pr25967-1.c -O2 execution test
FAIL: gcc.dg/torture/pr25967-1.c -O3 -g execution test
FAIL: gcc.dg/torture/pr25967-1.c -Os execution test
FAIL: gcc.dg/torture/pr25967-1.c -O2 -flto -flto-partition=none execution test
FAIL: gcc.dg/torture/pr25967-1.c -O2 -flto execution test
FAIL: gcc.dg/torture/pr25967-2.c -O0 execution test
FAIL: gcc.dg/torture/pr68037-1.c -O1 execution test
FAIL: gcc.dg/torture/pr68037-1.c -O2 execution test
FAIL: gcc.dg/torture/pr68037-1.c -O3 -g execution test
FAIL: gcc.dg/torture/pr68037-1.c -Os execution test
FAIL: gcc.dg/torture/pr68037-1.c -O2 -flto -flto-partition=none execution test
FAIL: gcc.dg/torture/pr68037-1.c -O2 -flto execution test
FAIL: gcc.dg/torture/pr68037-2.c -O1 execution test
FAIL: gcc.dg/torture/pr68037-2.c -O2 execution test
FAIL: gcc.dg/torture/pr68037-2.c -O3 -g execution test
FAIL: gcc.dg/torture/pr68037-2.c -Os execution test
FAIL: gcc.dg/torture/pr68037-2.c -O2 -flto -flto-partition=none execution test
FAIL: gcc.dg/torture/pr68037-2.c -O2 -flto execution test
FAIL: gcc.dg/torture/pr68037-3.c -O1 execution test
FAIL: gcc.dg/torture/pr68037-3.c -O2 execution test
FAIL: gcc.dg/torture/pr68037-3.c -O3 -g execution test
FAIL: gcc.dg/torture/pr68037-3.c -Os execution test
FAIL: gcc.dg/torture/pr68037-3.c -O2 -flto -flto-partition=none execution test
FAIL: gcc.dg/torture/pr68037-3.c -O2 -flto execution test
FAIL: gcc.dg/torture/pr68264.c -O0 execution test
FAIL: gcc.dg/torture/pr68264.c -O1 execution test
FAIL: gcc.dg/torture/pr68264.c -O2 execution test
FAIL: gcc.dg/torture/pr68264.c -O3 -g execution test
FAIL: gcc.dg/torture/pr68264.c -Os execution test
FAIL: gcc.dg/torture/pr68264.c -O2 -flto -flto-partition=none execution test
FAIL: gcc.dg/torture/pr68264.c -O2 -flto execution test
FAIL: gcc.dg/tree-prof/section-attr-1.c scan-assembler .section[\\t ]*__TEXT,__text_cold*[\\\\n\\\\r]+_foo.cold
FAIL: gcc.dg/tree-prof/section-attr-2.c scan-assembler .section[\\t ]*__TEXT,__text_cold*[\\\\n\\\\r]+_foo.cold:
FAIL: gcc.dg/tree-prof/section-attr-3.c scan-assembler .section[\\t ]*__TEXT,__text_cold*[\\\\n\\\\r]+_foo.cold:
XPASS: gcc.dg/vect/vect-24.c scan-tree-dump-times vect "vectorized 3 loops" 1
XPASS: gcc.dg/vect/vect-24.c -flto -ffat-lto-objects scan-tree-dump-times vect "vectorized 3 loops" 1
FAIL: gcc.target/i386/align-limit.c scan-assembler .p2align 6,,1
FAIL: gcc.target/i386/attr-aligned-2.c scan-assembler .align 4\\n\\t.globl\\tf4
FAIL: gcc.target/i386/avx512bw-vpmovswb-1.c scan-assembler-times vpmovswb[ \\\\t]+[^{\\n]*%xmm[0-9]+[^\\n]*res1[^\\n]*{%k[1-7]}(?:\\n|[ \\\\t]+#) 1
FAIL: gcc.target/i386/avx512bw-vpmovswb-1.c scan-assembler-times vpmovswb[ \\\\t]+[^{\\n]*%ymm[0-9]+[^\\n]*res2[^\\n]*{%k[1-7]}(?:\\n|[ \\\\t]+#) 1
FAIL: gcc.target/i386/avx512bw-vpmovswb-1.c scan-assembler-times vpmovswb[ \\\\t]+[^{\\n]*%zmm[0-9]+[^\\n]*res3[^\\n]*{%k[1-7]}(?:\\n|[ \\\\t]+#) 1
FAIL: gcc.target/i386/avx512bw-vpmovuswb-1.c scan-assembler-times vpmovuswb[ \\\\t]+[^{\\n]*%xmm[0-9]+[^\\n]*res1[^\\n]*{%k[1-7]}(?:\\n|[ \\\\t]+#) 1
FAIL: gcc.target/i386/avx512bw-vpmovuswb-1.c scan-assembler-times vpmovuswb[ \\\\t]+[^{\\n]*%ymm[0-9]+[^\\n]*res2[^\\n]*{%k[1-7]}(?:\\n|[ \\\\t]+#) 1
FAIL: gcc.target/i386/avx512bw-vpmovuswb-1.c scan-assembler-times vpmovuswb[ \\\\t]+[^{\\n]*%zmm[0-9]+[^\\n]*res3[^\\n]*{%k[1-7]}(?:\\n|[ \\\\t]+#) 1
FAIL: gcc.target/i386/avx512bw-vpmovwb-1.c scan-assembler-times vpmovwb[ \\\\t]+[^{\\n]*%xmm[0-9]+[^\\n]*res1[^\\n]*{%k[1-7]}(?:\\n|[ \\\\t]+#) 1
FAIL: gcc.target/i386/avx512bw-vpmovwb-1.c scan-assembler-times vpmovwb[ \\\\t]+[^{\\n]*%ymm[0-9]+[^\\n]*res2[^\\n]*{%k[1-7]}(?:\\n|[ \\\\t]+#) 1
FAIL: gcc.target/i386/avx512bw-vpmovwb-1.c scan-assembler-times vpmovwb[ \\\\t]+[^{\\n]*%zmm[0-9]+[^\\n]*res3[^\\n]*{%k[1-7]}(?:\\n|[ \\\\t]+#) 1
FAIL: gcc.target/i386/cet-notrack-icf-1.c scan-assembler set[ \\t]+fn2,fn1
FAIL: gcc.target/i386/cet-notrack-icf-1.c scan-assembler set[ \\t]+fn3,fn1
FAIL: gcc.target/i386/cet-notrack-icf-2.c scan-assembler set[ \\t]+fn2,fn1
FAIL: gcc.target/i386/cet-notrack-icf-3.c scan-assembler set[ \\t]+fn2,fn1
FAIL: gcc.target/i386/cet-notrack-icf-3.c scan-assembler set[ \\t]+fn3,fn1
FAIL: gcc.target/i386/cet-notrack-icf-4.c scan-assembler set[ \\t]+fn3,fn1
FAIL: gcc.target/i386/cet-sjlj-3.c scan-assembler-times call\\tlongjmp 1
FAIL: gcc.target/i386/cet-sjlj-5.c scan-assembler-times call\\tlongjmp 1
FAIL: gcc.target/i386/cet-sjlj-6a.c scan-assembler-times movq\\t.*buf\\\\+8 1
FAIL: gcc.target/i386/cet-sjlj-6a.c scan-assembler-times subq\\tbuf\\\\+8 1
FAIL: gcc.target/i386/cet-sjlj-6b.c scan-assembler-times movq\\t.*buf\\\\+16 1
FAIL: gcc.target/i386/cet-sjlj-6b.c scan-assembler-times subq\\tbuf\\\\+16 1
FAIL: gcc.target/i386/falign-functions-2.c (test for excess errors)
UNRESOLVED: gcc.target/i386/falign-functions-2.c scan-assembler-times .p2align 6,,7 2
UNRESOLVED: gcc.target/i386/falign-functions-2.c scan-assembler-times .p2align 7,,99 1
UNRESOLVED: gcc.target/i386/falign-functions-2.c scan-assembler-times .p2align 7,,87 1
UNRESOLVED: gcc.target/i386/falign-functions-2.c scan-assembler-times .p2align 5 1
FAIL: gcc.target/i386/falign-functions-3.c scan-assembler .align 4\\n\\t.globl\\tf4
FAIL: gcc.target/i386/falign-functions-3.c scan-assembler .p2align 5\\n\\t.globl\\tf32
FAIL: gcc.target/i386/falign-functions-3.c scan-assembler .align 64\\n\\t.globl\\tf64
FAIL: gcc.target/i386/falign-functions.c scan-assembler .p2align 6,,7
FAIL: gcc.target/i386/fentryname1.c scan-assembler call.*foo
FAIL: gcc.target/i386/fentryname1.c scan-assembler call.*bar
FAIL: gcc.target/i386/fentryname2.c scan-assembler section.*foo
FAIL: gcc.target/i386/fentryname2.c scan-assembler section.*bar
FAIL: gcc.target/i386/fentryname3.c scan-assembler section.*__entry_loc
FAIL: gcc.target/i386/fentryname3.c scan-assembler 0x0f, 0x1f, 0x44, 0x00, 0x00
FAIL: gcc.target/i386/fuse-caller-save-xmm.c scan-assembler-times addpd\\t\\\\.?LC0.*, %xmm0 1
FAIL: gcc.target/i386/ifcvt-onecmpl-abs-1.c scan-assembler cltd
FAIL: gcc.target/i386/iinline-attr-2.c scan-assembler p2align
FAIL: gcc.target/i386/memcpy-strategy-3.c scan-assembler-times memcpy 2
FAIL: gcc.target/i386/memset-strategy-1.c scan-assembler-times memset 2
FAIL: gcc.target/i386/pconfig-1.c scan-assembler-times pconfig 5
FAIL: gcc.target/i386/pr18041-1.c scan-assembler-times or 1
FAIL: gcc.target/i386/pr18041-2.c scan-assembler-times or 1
FAIL: gcc.target/i386/pr24414.c (test for excess errors)
UNRESOLVED: gcc.target/i386/pr24414.c compilation failed to produce executable
FAIL: gcc.target/i386/pr32219-1.c scan-assembler movl[ \\t]xxx\\\\(%rip\\\\), %eax
FAIL: gcc.target/i386/pr32219-3.c scan-assembler movl[ \\t]xxx\\\\(%rip\\\\), %eax
FAIL: gcc.target/i386/pr32219-3.c scan-assembler-not xxx@GOTPCREL
FAIL: gcc.target/i386/pr32219-5.c scan-assembler movl[ \\t]xxx\\\\(%rip\\\\), %eax
FAIL: gcc.target/i386/pr32219-6.c scan-assembler xxx@GOTPCREL
FAIL: gcc.target/i386/pr32219-7.c scan-assembler movl[ \\t]xxx\\\\(%rip\\\\), %eax
FAIL: gcc.target/i386/pr32219-7.c scan-assembler-not xxx@GOTPCREL
FAIL: gcc.target/i386/pr39013-1.c scan-assembler foo@PLT
FAIL: gcc.target/i386/pr39013-1.c scan-assembler bar@PLT
FAIL: gcc.target/i386/pr39013-2.c scan-assembler foo@PLT
FAIL: gcc.target/i386/pr39013-2.c scan-assembler bar@PLT
FAIL: gcc.target/i386/pr49095.c scan-assembler-times \\\\), % 45
FAIL: gcc.target/i386/pr49866.c (test for excess errors)
FAIL: gcc.target/i386/pr57193.c scan-assembler-times movdqa 2
FAIL: gcc.target/i386/pr59874-3.c scan-assembler popcntw
FAIL: gcc.target/i386/pr61599-1.c (test for excess errors)
UNRESOLVED: gcc.target/i386/pr61599-1.c compilation failed to produce executable
FAIL: gcc.target/i386/pr63538.c scan-assembler movabs
FAIL: gcc.target/i386/pr77881.c scan-assembler js[ \\t].L
FAIL: gcc.target/i386/pr77881.c scan-assembler jne[ \\t].L
FAIL: gcc.target/i386/pr78035.c scan-assembler-times cmp 2
FAIL: gcc.target/i386/pr82659-3.c (test for excess errors)
UNRESOLVED: gcc.target/i386/pr82659-3.c scan-assembler-times \\\\mendbr 2
FAIL: gcc.target/i386/pr82662.c scan-assembler-times \\\\mset 12
FAIL: gcc.target/i386/pr86257.c scan-assembler data16[ \\t]*leaq
FAIL: gcc.target/i386/ret-thunk-26.c (test for excess errors)
UNRESOLVED: gcc.target/i386/ret-thunk-26.c compilation failed to produce executable
FAIL: gcc.target/i386/stack-prot-sym.c scan-assembler gs:my_guard
FAIL: gcc.target/i386/wbinvd-1.c scan-assembler-times wbinvd 2
FAIL: gcc.target/i386/wbnoinvd-1.c scan-assembler-times wbnoinvd 2
=== gcc Summary for unix/-m64 ===
# of expected passes 130402
# of unexpected failures 214
# of unexpected successes 2
# of expected failures 496
# of unresolved testcases 14
# of unsupported tests 4780
Running target unix/-m32
FAIL: gcc.c-torture/compile/pr69102.c -O0 (internal compiler error)
FAIL: gcc.c-torture/compile/pr69102.c -O0 (test for excess errors)
FAIL: gcc.c-torture/compile/pr69102.c -O1 (internal compiler error)
FAIL: gcc.c-torture/compile/pr69102.c -O1 (test for excess errors)
FAIL: gcc.c-torture/compile/pr69102.c -O2 (internal compiler error)
FAIL: gcc.c-torture/compile/pr69102.c -O2 (test for excess errors)
FAIL: gcc.c-torture/compile/pr69102.c -O3 -g (internal compiler error)
FAIL: gcc.c-torture/compile/pr69102.c -O3 -g (test for excess errors)
FAIL: gcc.c-torture/compile/pr69102.c -Os (internal compiler error)
FAIL: gcc.c-torture/compile/pr69102.c -Os (test for excess errors)
FAIL: gcc.c-torture/compile/pr69102.c -O2 -flto -flto-partition=none (internal compiler error)
FAIL: gcc.c-torture/compile/pr69102.c -O2 -flto -flto-partition=none (test for excess errors)
FAIL: gcc.c-torture/compile/pr69102.c -O2 -flto (internal compiler error)
FAIL: gcc.c-torture/compile/pr69102.c -O2 -flto (test for excess errors)
FAIL: c-c++-common/asan/alloca_big_alignment.c -O0 output pattern test
FAIL: c-c++-common/asan/alloca_big_alignment.c -O1 output pattern test
FAIL: c-c++-common/asan/alloca_big_alignment.c -O2 output pattern test
FAIL: c-c++-common/asan/alloca_big_alignment.c -O3 -g output pattern test
FAIL: c-c++-common/asan/alloca_big_alignment.c -Os output pattern test
FAIL: c-c++-common/asan/alloca_big_alignment.c -O2 -flto -flto-partition=none output pattern test
FAIL: c-c++-common/asan/alloca_big_alignment.c -O2 -flto output pattern test
FAIL: c-c++-common/asan/alloca_detect_custom_size.c -O0 output pattern test
FAIL: c-c++-common/asan/alloca_detect_custom_size.c -O1 output pattern test
FAIL: c-c++-common/asan/alloca_detect_custom_size.c -O2 output pattern test
FAIL: c-c++-common/asan/alloca_detect_custom_size.c -O3 -g output pattern test
FAIL: c-c++-common/asan/alloca_detect_custom_size.c -Os output pattern test
FAIL: c-c++-common/asan/alloca_detect_custom_size.c -O2 -flto -flto-partition=none output pattern test
FAIL: c-c++-common/asan/alloca_detect_custom_size.c -O2 -flto output pattern test
FAIL: c-c++-common/asan/alloca_overflow_partial.c -O0 output pattern test
FAIL: c-c++-common/asan/alloca_overflow_partial.c -O1 output pattern test
FAIL: c-c++-common/asan/alloca_overflow_partial.c -O2 output pattern test
FAIL: c-c++-common/asan/alloca_overflow_partial.c -O3 -g output pattern test
FAIL: c-c++-common/asan/alloca_overflow_partial.c -Os output pattern test
FAIL: c-c++-common/asan/alloca_overflow_partial.c -O2 -flto -flto-partition=none output pattern test
FAIL: c-c++-common/asan/alloca_overflow_partial.c -O2 -flto output pattern test
FAIL: c-c++-common/asan/alloca_overflow_right.c -O0 output pattern test
FAIL: c-c++-common/asan/alloca_overflow_right.c -O1 output pattern test
FAIL: c-c++-common/asan/alloca_overflow_right.c -O2 output pattern test
FAIL: c-c++-common/asan/alloca_overflow_right.c -O3 -g output pattern test
FAIL: c-c++-common/asan/alloca_overflow_right.c -Os output pattern test
FAIL: c-c++-common/asan/alloca_overflow_right.c -O2 -flto -flto-partition=none output pattern test
FAIL: c-c++-common/asan/alloca_overflow_right.c -O2 -flto output pattern test
FAIL: c-c++-common/asan/alloca_underflow_left.c -O0 output pattern test
FAIL: c-c++-common/asan/alloca_underflow_left.c -O1 output pattern test
FAIL: c-c++-common/asan/alloca_underflow_left.c -O2 output pattern test
FAIL: c-c++-common/asan/alloca_underflow_left.c -O3 -g output pattern test
FAIL: c-c++-common/asan/alloca_underflow_left.c -Os output pattern test
FAIL: c-c++-common/asan/alloca_underflow_left.c -O2 -flto -flto-partition=none output pattern test
FAIL: c-c++-common/asan/alloca_underflow_left.c -O2 -flto output pattern test
FAIL: c-c++-common/asan/null-deref-1.c -O0 output pattern test
FAIL: c-c++-common/asan/null-deref-1.c -O1 output pattern test
FAIL: c-c++-common/asan/null-deref-1.c -O2 output pattern test
FAIL: c-c++-common/asan/null-deref-1.c -O3 -g output pattern test
FAIL: c-c++-common/asan/null-deref-1.c -Os output pattern test
FAIL: c-c++-common/asan/null-deref-1.c -O2 -flto -flto-partition=none output pattern test
FAIL: c-c++-common/asan/null-deref-1.c -O2 -flto output pattern test
FAIL: c-c++-common/asan/pr70541.c -O0 output pattern test
FAIL: c-c++-common/asan/stack-overflow-1.c -O0 output pattern test
FAIL: c-c++-common/asan/stack-overflow-1.c -O1 output pattern test
FAIL: c-c++-common/asan/stack-overflow-1.c -O2 output pattern test
FAIL: c-c++-common/asan/stack-overflow-1.c -O3 -g output pattern test
FAIL: c-c++-common/asan/stack-overflow-1.c -Os output pattern test
FAIL: c-c++-common/asan/stack-overflow-1.c -O2 -flto -flto-partition=none output pattern test
FAIL: c-c++-common/asan/stack-overflow-1.c -O2 -flto output pattern test
FAIL: c-c++-common/asan/strncpy-overflow-1.c -O0 output pattern test
FAIL: c-c++-common/asan/strncpy-overflow-1.c -O1 output pattern test
FAIL: c-c++-common/asan/strncpy-overflow-1.c -O2 output pattern test
FAIL: c-c++-common/asan/strncpy-overflow-1.c -O3 -g output pattern test
FAIL: c-c++-common/asan/strncpy-overflow-1.c -Os output pattern test
FAIL: c-c++-common/asan/strncpy-overflow-1.c -O2 -flto -flto-partition=none output pattern test
FAIL: c-c++-common/asan/strncpy-overflow-1.c -O2 -flto output pattern test
FAIL: c-c++-common/asan/use-after-free-1.c -O0 output pattern test
FAIL: c-c++-common/asan/use-after-free-1.c -O1 output pattern test
FAIL: c-c++-common/asan/use-after-free-1.c -O2 output pattern test
FAIL: c-c++-common/asan/use-after-free-1.c -O3 -g output pattern test
FAIL: c-c++-common/asan/use-after-free-1.c -Os output pattern test
FAIL: c-c++-common/asan/use-after-free-1.c -O2 -flto -flto-partition=none output pattern test
FAIL: c-c++-common/asan/use-after-free-1.c -O2 -flto output pattern test
FAIL: gcc.dg/debug/dwarf2/inline4.c scan-assembler DW_TAG_inlined_subroutine[^\\\\(]*\\\\([^\\\\)]*\\\\)[^\\\\(]*\\\\(DIE \\\\(0x[0-9a-f]*\\\\) DW_TAG_formal_parameter[^\\\\(]*\\\\(DIE \\\\(0x[0-9a-f]*\\\\) DW_TAG_variable
FAIL: gcc.dg/debug/dwarf2/inline5.c scan-assembler-times DW_TAG_lexical_block\\\\)[^#/!]*[#/!] \\\\(DIE \\\\(0x[0-9a-f]*\\\\) DW_TAG_variable 1
FAIL: gcc.dg/debug/dwarf2/inline5.c scan-assembler-not \\\\(DIE \\\\(0x([0-9a-f]*)\\\\) DW_TAG_lexical_block\\\\)[^#/!]*[#/!] [^(].*DW_TAG_lexical_block\\\\)[^#/!x]*x\\\\1[^#/!]*[#/!] DW_AT_abstract_origin
FAIL: gcc.dg/Wmissing-attributes.c (test for warnings, line 11)
FAIL: gcc.dg/Wmissing-attributes.c (test for warnings, line 15)
FAIL: gcc.dg/Wmissing-attributes.c (test for warnings, line 19)
FAIL: gcc.dg/Wmissing-attributes.c (test for warnings, line 23)
FAIL: gcc.dg/Wmissing-attributes.c (test for warnings, line 27)
FAIL: gcc.dg/Wmissing-attributes.c (test for warnings, line 31)
FAIL: gcc.dg/Wmissing-attributes.c (test for warnings, line 62)
FAIL: gcc.dg/Wmissing-attributes.c (test for warnings, line 66)
FAIL: gcc.dg/Wmissing-attributes.c (test for warnings, line 81)
FAIL: gcc.dg/Wmissing-attributes.c (test for warnings, line 85)
FAIL: gcc.dg/Wmissing-attributes.c (test for warnings, line 95)
FAIL: gcc.dg/Wmissing-attributes.c (test for excess errors)
FAIL: gcc.dg/Wnonnull.c (test for warnings, line 21)
FAIL: gcc.dg/Wnonnull.c (test for warnings, line 24)
FAIL: gcc.dg/attr-copy-2.c (test for warnings, line 101)
FAIL: gcc.dg/attr-copy-2.c (test for warnings, line 199)
FAIL: gcc.dg/attr-copy-2.c (test for excess errors)
FAIL: gcc.dg/attr-copy-5.c (test for excess errors)
FAIL: gcc.dg/darwin-cfstring-format-1.c (test for errors, line 18)
FAIL: gcc.dg/darwin-cfstring-format-1.c (test for errors, line 21)
FAIL: gcc.dg/darwin-cfstring-format-1.c (test for errors, line 26)
FAIL: gcc.dg/darwin-cfstring-format-1.c (test for errors, line 27)
FAIL: gcc.dg/darwin-cfstring-format-1.c (test for excess errors)
FAIL: gcc.dg/pie-7.c (test for excess errors)
UNRESOLVED: gcc.dg/pie-7.c compilation failed to produce executable
FAIL: gcc.dg/pr57438-2.c scan-assembler nop\\\\nLFE.*
FAIL: gcc.dg/pubtypes-2.c scan-assembler long+[ \\t]+0x13b+[ \\t]+[#;]+[ \\t]+Pub Info Length
FAIL: gcc.dg/pubtypes-3.c scan-assembler long+[ \\t]+0x13b+[ \\t]+[#;]+[ \\t]+Pub Info Length
FAIL: gcc.dg/pubtypes-4.c scan-assembler long+[ \\t]+0x172+[ \\t]+[#;]+[ \\t]+Pub Info Length
FAIL: gcc.dg/stack-layout-dynamic-1.c (internal compiler error)
FAIL: gcc.dg/stack-layout-dynamic-1.c (test for excess errors)
UNRESOLVED: gcc.dg/stack-layout-dynamic-1.c scan-assembler-not cfi_def_cfa_register
FAIL: gcc.dg/uninit-19.c (test for warnings, line 24)
FAIL: gcc.dg/uninit-19.c (test for excess errors)
FAIL: c-c++-common/Warray-bounds-2.c -Wc++-compat strcat (test for warnings, line 89)
FAIL: c-c++-common/Warray-bounds-2.c -Wc++-compat (test for excess errors)
FAIL: c-c++-common/Wrestrict-2.c -Wc++-compat strcat (test for warnings, line 27)
FAIL: c-c++-common/Wrestrict-2.c -Wc++-compat strcpy (test for warnings, line 39)
FAIL: c-c++-common/Wrestrict-2.c -Wc++-compat strncat (test for warnings, line 51)
FAIL: c-c++-common/Wrestrict-2.c -Wc++-compat strncpy (test for warnings, line 63)
FAIL: c-c++-common/builtin-has-attribute-3.c -Wc++-compat (test for excess errors)
FAIL: c-c++-common/builtin-has-attribute-4.c -Wc++-compat (test for excess errors)
FAIL: gcc.dg/graphite/scop-19.c scan-tree-dump-times graphite "number of SCoPs: 0" 1
FAIL: gcc.dg/ipa/ipa-icf-38.c scan-ltrans-tree-dump-not optimized "Function bar"
FAIL: gcc.dg/ipa/ipa-icf-39.c scan-ipa-dump-times icf "Unified;" 2
FAIL: gcc.dg/plugin/plugindir1.c (test for excess errors)
FAIL: gcc.dg/plugin/plugindir2.c (test for excess errors)
FAIL: gcc.dg/plugin/plugindir3.c (test for excess errors)
FAIL: gcc.dg/plugin/plugindir4.c (test for excess errors)
FAIL: gcc.dg/torture/builtin-self.c -O0 scan-assembler-not \\tcall
FAIL: gcc.dg/torture/pr25967-1.c -O1 execution test
FAIL: gcc.dg/torture/pr25967-1.c -O2 execution test
FAIL: gcc.dg/torture/pr25967-1.c -O3 -g execution test
FAIL: gcc.dg/torture/pr25967-1.c -Os execution test
FAIL: gcc.dg/torture/pr25967-1.c -O2 -flto -flto-partition=none execution test
FAIL: gcc.dg/torture/pr25967-1.c -O2 -flto execution test
FAIL: gcc.dg/torture/pr25967-2.c -O0 execution test
FAIL: gcc.dg/torture/pr25967-2.c -O1 execution test
FAIL: gcc.dg/torture/pr25967-2.c -O2 execution test
FAIL: gcc.dg/torture/pr25967-2.c -O3 -g execution test
FAIL: gcc.dg/torture/pr25967-2.c -Os execution test
FAIL: gcc.dg/torture/pr25967-2.c -O2 -flto -flto-partition=none execution test
FAIL: gcc.dg/torture/pr25967-2.c -O2 -flto execution test
FAIL: gcc.dg/torture/pr68264.c -O0 execution test
FAIL: gcc.dg/torture/pr68264.c -O1 execution test
FAIL: gcc.dg/torture/pr68264.c -O2 execution test
FAIL: gcc.dg/torture/pr68264.c -O3 -g execution test
FAIL: gcc.dg/torture/pr68264.c -Os execution test
FAIL: gcc.dg/torture/pr68264.c -O2 -flto -flto-partition=none execution test
FAIL: gcc.dg/torture/pr68264.c -O2 -flto execution test
FAIL: gcc.dg/tree-prof/section-attr-1.c scan-assembler .section[\\t ]*__TEXT,__text_cold*[\\\\n\\\\r]+_foo.cold
FAIL: gcc.dg/tree-prof/section-attr-2.c scan-assembler .section[\\t ]*__TEXT,__text_cold*[\\\\n\\\\r]+_foo.cold:
FAIL: gcc.dg/tree-prof/section-attr-3.c scan-assembler .section[\\t ]*__TEXT,__text_cold*[\\\\n\\\\r]+_foo.cold:
XPASS: gcc.dg/vect/vect-24.c scan-tree-dump-times vect "vectorized 3 loops" 1
XPASS: gcc.dg/vect/vect-24.c -flto -ffat-lto-objects scan-tree-dump-times vect "vectorized 3 loops" 1
FAIL: gcc.misc-tests/linkage.c link
FAIL: gcc.target/i386/align-limit.c scan-assembler .p2align 6,,1
FAIL: gcc.target/i386/attr-aligned-2.c scan-assembler .align 4\\n\\t.globl\\tf4
FAIL: gcc.target/i386/avx512bw-vpmovswb-1.c scan-assembler-times vpmovswb[ \\\\t]+[^{\\n]*%xmm[0-9]+[^\\n]*res1[^\\n]*{%k[1-7]}(?:\\n|[ \\\\t]+#) 1
FAIL: gcc.target/i386/avx512bw-vpmovswb-1.c scan-assembler-times vpmovswb[ \\\\t]+[^{\\n]*%ymm[0-9]+[^\\n]*res2[^\\n]*{%k[1-7]}(?:\\n|[ \\\\t]+#) 1
FAIL: gcc.target/i386/avx512bw-vpmovswb-1.c scan-assembler-times vpmovswb[ \\\\t]+[^{\\n]*%zmm[0-9]+[^\\n]*res3[^\\n]*{%k[1-7]}(?:\\n|[ \\\\t]+#) 1
FAIL: gcc.target/i386/avx512bw-vpmovuswb-1.c scan-assembler-times vpmovuswb[ \\\\t]+[^{\\n]*%xmm[0-9]+[^\\n]*res1[^\\n]*{%k[1-7]}(?:\\n|[ \\\\t]+#) 1
FAIL: gcc.target/i386/avx512bw-vpmovuswb-1.c scan-assembler-times vpmovuswb[ \\\\t]+[^{\\n]*%ymm[0-9]+[^\\n]*res2[^\\n]*{%k[1-7]}(?:\\n|[ \\\\t]+#) 1
FAIL: gcc.target/i386/avx512bw-vpmovuswb-1.c scan-assembler-times vpmovuswb[ \\\\t]+[^{\\n]*%zmm[0-9]+[^\\n]*res3[^\\n]*{%k[1-7]}(?:\\n|[ \\\\t]+#) 1
FAIL: gcc.target/i386/avx512bw-vpmovwb-1.c scan-assembler-times vpmovwb[ \\\\t]+[^{\\n]*%xmm[0-9]+[^\\n]*res1[^\\n]*{%k[1-7]}(?:\\n|[ \\\\t]+#) 1
FAIL: gcc.target/i386/avx512bw-vpmovwb-1.c scan-assembler-times vpmovwb[ \\\\t]+[^{\\n]*%ymm[0-9]+[^\\n]*res2[^\\n]*{%k[1-7]}(?:\\n|[ \\\\t]+#) 1
FAIL: gcc.target/i386/avx512bw-vpmovwb-1.c scan-assembler-times vpmovwb[ \\\\t]+[^{\\n]*%zmm[0-9]+[^\\n]*res3[^\\n]*{%k[1-7]}(?:\\n|[ \\\\t]+#) 1
FAIL: gcc.target/i386/cet-notrack-5a.c scan-assembler-not \\tcall[ \\t]+
FAIL: gcc.target/i386/cet-notrack-5b.c scan-assembler-times \\tcall[ \\t]+ 1
FAIL: gcc.target/i386/cet-notrack-6b.c scan-assembler-not \\tcall[ \\t]+
FAIL: gcc.target/i386/cet-notrack-icf-1.c scan-assembler set[ \\t]+fn2,fn1
FAIL: gcc.target/i386/cet-notrack-icf-1.c scan-assembler set[ \\t]+fn3,fn1
FAIL: gcc.target/i386/cet-notrack-icf-2.c scan-assembler set[ \\t]+fn2,fn1
FAIL: gcc.target/i386/cet-notrack-icf-3.c scan-assembler set[ \\t]+fn2,fn1
FAIL: gcc.target/i386/cet-notrack-icf-3.c scan-assembler set[ \\t]+fn3,fn1
FAIL: gcc.target/i386/cet-notrack-icf-4.c scan-assembler set[ \\t]+fn3,fn1
FAIL: gcc.target/i386/cet-sjlj-3.c scan-assembler-times call\\tlongjmp 1
FAIL: gcc.target/i386/cet-sjlj-5.c scan-assembler-times call\\tlongjmp 1
FAIL: gcc.target/i386/darwin-fpmath.c scan-assembler addsd
FAIL: gcc.target/i386/falign-functions-2.c (test for excess errors)
UNRESOLVED: gcc.target/i386/falign-functions-2.c scan-assembler-times .p2align 6,,7 2
UNRESOLVED: gcc.target/i386/falign-functions-2.c scan-assembler-times .p2align 7,,99 1
UNRESOLVED: gcc.target/i386/falign-functions-2.c scan-assembler-times .p2align 7,,87 1
UNRESOLVED: gcc.target/i386/falign-functions-2.c scan-assembler-times .p2align 5 1
FAIL: gcc.target/i386/falign-functions-3.c scan-assembler .align 4\\n\\t.globl\\tf4
FAIL: gcc.target/i386/falign-functions-3.c scan-assembler .p2align 5\\n\\t.globl\\tf32
FAIL: gcc.target/i386/falign-functions-3.c scan-assembler .align 64\\n\\t.globl\\tf64
FAIL: gcc.target/i386/falign-functions.c scan-assembler .p2align 6,,7
FAIL: gcc.target/i386/fentryname1.c (test for excess errors)
UNRESOLVED: gcc.target/i386/fentryname1.c scan-assembler call.*foo
UNRESOLVED: gcc.target/i386/fentryname1.c scan-assembler call.*bar
FAIL: gcc.target/i386/fentryname2.c (test for excess errors)
UNRESOLVED: gcc.target/i386/fentryname2.c scan-assembler section.*foo
UNRESOLVED: gcc.target/i386/fentryname2.c scan-assembler section.*bar
FAIL: gcc.target/i386/fentryname3.c (test for excess errors)
UNRESOLVED: gcc.target/i386/fentryname3.c scan-assembler section.*__entry_loc
UNRESOLVED: gcc.target/i386/fentryname3.c scan-assembler 0x0f, 0x1f, 0x44, 0x00, 0x00
UNRESOLVED: gcc.target/i386/fentryname3.c scan-assembler-not __fentry__
XPASS: gcc.target/i386/fuse-caller-save-rec.c scan-assembler-not push
XPASS: gcc.target/i386/fuse-caller-save-rec.c scan-assembler-not pop
XPASS: gcc.target/i386/fuse-caller-save-rec.c scan-assembler-times addl\\t%[re]?dx, %[re]?ax 1
FAIL: gcc.target/i386/fuse-caller-save-xmm.c scan-assembler-times addpd\\t\\\\.?LC0.*, %xmm0 1
XPASS: gcc.target/i386/fuse-caller-save-xmm.c scan-assembler-times addpd\\t%xmm1, %xmm0 1
XPASS: gcc.target/i386/fuse-caller-save.c scan-assembler-not push
XPASS: gcc.target/i386/fuse-caller-save.c scan-assembler-not pop
XPASS: gcc.target/i386/fuse-caller-save.c scan-assembler-times addl\\t%[re]?d[ix], %[re]?ax 1
FAIL: gcc.target/i386/iinline-attr-2.c scan-assembler p2align
FAIL: gcc.target/i386/memcpy-strategy-3.c scan-assembler-times memcpy 2
FAIL: gcc.target/i386/memset-strategy-1.c scan-assembler-times memset 2
FAIL: gcc.target/i386/pconfig-1.c scan-assembler-times pconfig 5
FAIL: gcc.target/i386/pr18041-1.c scan-assembler-times or 1
FAIL: gcc.target/i386/pr22076.c scan-assembler-times movq 3
FAIL: gcc.target/i386/pr24414.c (test for excess errors)
UNRESOLVED: gcc.target/i386/pr24414.c compilation failed to produce executable
FAIL: gcc.target/i386/pr32219-1.c scan-assembler movl[ \\t]xxx@GOTOFF\\\\(%[^,]*\\\\), %eax
FAIL: gcc.target/i386/pr32219-2.c scan-assembler movl[ \\t]xxx@GOT\\\\(%[^,]*\\\\), %
FAIL: gcc.target/i386/pr32219-3.c scan-assembler movl[ \\t]xxx@GOTOFF\\\\(%[^,]*\\\\), %eax
FAIL: gcc.target/i386/pr32219-4.c scan-assembler movl[ \\t]xxx@GOT\\\\(%[^,]*\\\\), %
FAIL: gcc.target/i386/pr32219-5.c scan-assembler movl[ \\t]xxx@GOTOFF\\\\(%[^,]*\\\\), %eax
FAIL: gcc.target/i386/pr32219-6.c scan-assembler movl[ \\t]xxx@GOT\\\\(%[^,]*\\\\), %
FAIL: gcc.target/i386/pr32219-7.c scan-assembler movl[ \\t]xxx@GOTOFF\\\\(%[^,]*\\\\), %eax
FAIL: gcc.target/i386/pr32219-8.c scan-assembler movl[ \\t]xxx@GOT\\\\(%[^,]*\\\\), %
FAIL: gcc.target/i386/pr39013-1.c scan-assembler foo@PLT
FAIL: gcc.target/i386/pr39013-1.c scan-assembler bar@PLT
FAIL: gcc.target/i386/pr39013-2.c scan-assembler foo@PLT
FAIL: gcc.target/i386/pr39013-2.c scan-assembler bar@PLT
FAIL: gcc.target/i386/pr57193.c scan-assembler-times movdqa 2
FAIL: gcc.target/i386/pr59874-3.c scan-assembler popcntw
FAIL: gcc.target/i386/pr64317.c scan-assembler addl[ \\\\t]+[\$]_GLOBAL_OFFSET_TABLE_, %ebx
FAIL: gcc.target/i386/pr64317.c scan-assembler movl[ \\\\t]+c@GOTOFF[(]%ebx[)]
FAIL: gcc.target/i386/pr64317.c scan-assembler-not movl[ \\\\t]+[0-9]+[(]%esp[)], %ebx
FAIL: gcc.target/i386/pr66334.c scan-assembler movl[ \\\\t].+, %ebx
FAIL: gcc.target/i386/pr66819-3.c scan-assembler-not call
FAIL: gcc.target/i386/pr66819-4.c scan-assembler-not call
FAIL: gcc.target/i386/pr67985-2.c scan-assembler call[ \\t]__mulsf3
FAIL: gcc.target/i386/pr70738-7.c scan-assembler call[ \\t]__mulsf3
FAIL: gcc.target/i386/pr71245-1.c scan-assembler-not (fistp|fild)
FAIL: gcc.target/i386/pr71245-2.c scan-assembler-not movlps
FAIL: gcc.target/i386/pr77881.c scan-assembler js[ \\t].L
FAIL: gcc.target/i386/pr77881.c scan-assembler jne[ \\t].L
FAIL: gcc.target/i386/pr78035.c scan-assembler-times cmp 2
FAIL: gcc.target/i386/pr81563.c scan-assembler-times movl[\\\\t ]*-8\\\\(%ebp\\\\),[\\\\t ]*%esi 1
FAIL: gcc.target/i386/pr81563.c scan-assembler-times movl[\\\\t ]*-4\\\\(%ebp\\\\),[\\\\t ]*%edi 1
FAIL: gcc.target/i386/pr81736-5.c scan-assembler-not %[re]bp
FAIL: gcc.target/i386/pr82659-3.c (test for excess errors)
UNRESOLVED: gcc.target/i386/pr82659-3.c scan-assembler-times \\\\mendbr 2
FAIL: gcc.target/i386/pr82662.c scan-assembler-times \\\\mset 12
FAIL: gcc.target/i386/pr84278.c scan-assembler-not \\\\(%.sp\\\\)
FAIL: gcc.target/i386/pr88414.c (internal compiler error)
FAIL: gcc.target/i386/pr88414.c (test for excess errors)
FAIL: gcc.target/i386/ptwrite2.c scan-assembler ptwrite[^\\n\\r]+r
FAIL: gcc.target/i386/ret-thunk-22.c scan-assembler-times popl[\\\\t ]*%ecx 1
FAIL: gcc.target/i386/ret-thunk-22.c scan-assembler jmp[ \\t]*__x86_return_thunk_ecx
FAIL: gcc.target/i386/ret-thunk-23.c scan-assembler-times popl[\\\\t ]*%ecx 1
FAIL: gcc.target/i386/ret-thunk-23.c scan-assembler lea[l]?[\\\\t ]*4\\\\(%esp\\\\), %esp
FAIL: gcc.target/i386/ret-thunk-23.c scan-assembler jmp[ \\t]*__x86_return_thunk_ecx
FAIL: gcc.target/i386/ret-thunk-24.c scan-assembler-times popl[\\\\t ]*%ecx 1
FAIL: gcc.target/i386/ret-thunk-26.c (test for excess errors)
UNRESOLVED: gcc.target/i386/ret-thunk-26.c compilation failed to produce executable
FAIL: gcc.target/i386/sseregparm-3.c scan-assembler fldl
FAIL: gcc.target/i386/stack-prot-sym.c scan-assembler gs:my_guard
FAIL: gcc.target/i386/wbinvd-1.c scan-assembler-times wbinvd 2
FAIL: gcc.target/i386/wbnoinvd-1.c scan-assembler-times wbnoinvd 2
=== gcc Summary for unix/-m32 ===
# of expected passes 128482
# of unexpected failures 239
# of unexpected successes 9
# of expected failures 502
# of unresolved testcases 16
# of unsupported tests 4991
=== gcc Summary ===
# of expected passes 258884
# of unexpected failures 453
# of unexpected successes 11
# of expected failures 998
# of unresolved testcases 30
# of unsupported tests 9771
/GCC/gcc-trunk/gcc/xgcc version 9.0.0 20181225 (experimental) [trunk revision 267418] (GCC)
=== gfortran tests ===
Running target unix/-m64
=== gfortran Summary for unix/-m64 ===
# of expected passes 48648
# of expected failures 131
# of unsupported tests 96
Running target unix/-m32
=== gfortran Summary for unix/-m32 ===
# of expected passes 48431
# of expected failures 131
# of unsupported tests 199
=== gfortran Summary ===
# of expected passes 97079
# of expected failures 262
# of unsupported tests 295
/GCC/gcc-trunk/gcc/testsuite/gfortran/../../gfortran version 9.0.0 20181225 (experimental) [trunk revision 267418] (GCC)
=== gnat tests ===
Running target unix/-m32
XPASS: gnat.dg/lto19.adb (test for excess errors)
FAIL: gnat.dg/lto8.adb (test for excess errors)
FAIL: gnat.dg/lto8.adb 3 blank line(s) in output
UNRESOLVED: gnat.dg/lto8.adb compilation failed to produce executable
=== gnat Summary for unix/-m32 ===
# of expected passes 2948
# of unexpected failures 2
# of unexpected successes 1
# of expected failures 23
# of unresolved testcases 1
# of unsupported tests 10
Running target unix/-m64
XPASS: gnat.dg/lto19.adb (test for excess errors)
FAIL: gnat.dg/lto8.adb (test for excess errors)
FAIL: gnat.dg/lto8.adb 3 blank line(s) in output
UNRESOLVED: gnat.dg/lto8.adb compilation failed to produce executable
=== gnat Summary for unix/-m64 ===
# of expected passes 2948
# of unexpected failures 2
# of unexpected successes 1
# of expected failures 23
# of unresolved testcases 1
# of unsupported tests 10
=== gnat Summary ===
# of expected passes 5896
# of unexpected failures 4
# of unexpected successes 2
# of expected failures 46
# of unresolved testcases 2
# of unsupported tests 20
/GCC/gcc-trunk/gcc/gnatmake version 9.0.0 20181225 (experimental) [trunk revision 267418]
=== obj-c++ tests ===
Running target unix/-m64
FAIL: obj-c++.dg/qual-types-1.mm -fgnu-runtime (test for excess errors)
FAIL: obj-c++.dg/bitfield-2.mm -fnext-runtime execution test
FAIL: obj-c++.dg/fsf-nsstring-format-1.mm -fnext-runtime (test for errors, line 27)
FAIL: obj-c++.dg/fsf-nsstring-format-1.mm -fnext-runtime (test for errors, line 31)
FAIL: obj-c++.dg/fsf-nsstring-format-1.mm -fnext-runtime (test for errors, line 34)
FAIL: obj-c++.dg/fsf-nsstring-format-1.mm -fnext-runtime (test for errors, line 39)
FAIL: obj-c++.dg/fsf-nsstring-format-1.mm -fnext-runtime (test for errors, line 40)
FAIL: obj-c++.dg/fsf-nsstring-format-1.mm -fnext-runtime (test for excess errors)
FAIL: obj-c++.dg/gnu-api-2-objc.mm -fnext-runtime execution test
FAIL: obj-c++.dg/plugin/diagnostic-test-expressions-1.mm -fplugin=./diagnostic_plugin_test_tree_expression_range.so (test for warnings, line 60)
FAIL: obj-c++.dg/plugin/diagnostic-test-expressions-1.mm -fplugin=./diagnostic_plugin_test_tree_expression_range.so (test for warnings, line 68)
FAIL: obj-c++.dg/plugin/diagnostic-test-expressions-1.mm -fplugin=./diagnostic_plugin_test_tree_expression_range.so expected multiline pattern lines 62-63 not found: " __emit_expression_range \\( 0, @selector\\(func0\\) \\);.*\\n \\^~~~~~~~~~~~~~~~\\n"
FAIL: obj-c++.dg/plugin/diagnostic-test-expressions-1.mm -fplugin=./diagnostic_plugin_test_tree_expression_range.so expected multiline pattern lines 70-71 not found: " __emit_expression_range \\( 0, @protocol\\(prot\\) \\);.*\\n \\^~~~~~~~~~~~~~~\\n"
FAIL: obj-c++.dg/plugin/diagnostic-test-expressions-1.mm -fplugin=./diagnostic_plugin_test_tree_expression_range.so (test for excess errors)
FAIL: obj-c++.dg/property/at-property-13.mm -fgnu-runtime execution test
FAIL: obj-c++.dg/property/synthesize-10.mm -fnext-runtime execution test
=== obj-c++ Summary for unix/-m64 ===
# of expected passes 3072
# of unexpected failures 16
# of expected failures 19
# of unsupported tests 68
Running target unix/-m32
FAIL: obj-c++.dg/qual-types-1.mm -fgnu-runtime (test for excess errors)
FAIL: obj-c++.dg/cxx-ivars-3.mm -fnext-runtime execution test
FAIL: obj-c++.dg/fsf-nsstring-format-1.mm -fnext-runtime (test for errors, line 27)
FAIL: obj-c++.dg/fsf-nsstring-format-1.mm -fnext-runtime (test for errors, line 31)
FAIL: obj-c++.dg/fsf-nsstring-format-1.mm -fnext-runtime (test for errors, line 34)
FAIL: obj-c++.dg/fsf-nsstring-format-1.mm -fnext-runtime (test for errors, line 39)
FAIL: obj-c++.dg/fsf-nsstring-format-1.mm -fnext-runtime (test for errors, line 40)
FAIL: obj-c++.dg/fsf-nsstring-format-1.mm -fnext-runtime (test for excess errors)
FAIL: obj-c++.dg/gnu-api-2-objc.mm -fnext-runtime execution test
FAIL: obj-c++.dg/stubify-1.mm -fnext-runtime (test for excess errors)
FAIL: obj-c++.dg/stubify-2.mm -fnext-runtime (test for excess errors)
FAIL: obj-c++.dg/stubify-2.mm -fnext-runtime scan-rtl-dump-not jump "symbol_ref.*"objc_msgSend""
FAIL: obj-c++.dg/try-catch-1.mm -fnext-runtime (test for excess errors)
FAIL: obj-c++.dg/try-catch-3.mm -fnext-runtime (test for excess errors)
FAIL: obj-c++.dg/plugin/diagnostic-test-expressions-1.mm -fplugin=./diagnostic_plugin_test_tree_expression_range.so (test for warnings, line 60)
FAIL: obj-c++.dg/plugin/diagnostic-test-expressions-1.mm -fplugin=./diagnostic_plugin_test_tree_expression_range.so expected multiline pattern lines 62-63 not found: " __emit_expression_range \\( 0, @selector\\(func0\\) \\);.*\\n \\^~~~~~~~~~~~~~~~\\n"
FAIL: obj-c++.dg/plugin/diagnostic-test-expressions-1.mm -fplugin=./diagnostic_plugin_test_tree_expression_range.so (test for excess errors)
=== obj-c++ Summary for unix/-m32 ===
# of expected passes 3130
# of unexpected failures 17
# of expected failures 2
# of unsupported tests 62
=== obj-c++ Summary ===
# of expected passes 6202
# of unexpected failures 33
# of expected failures 21
# of unsupported tests 130
/GCC/gcc-trunk/gcc/testsuite/obj-c++/../../xg++ version 9.0.0 20181225 (experimental) [trunk revision 267418] (GCC)
=== objc tests ===
Running target unix/-m64
FAIL: objc.dg/fsf-nsstring-format-1.m -fnext-runtime (test for errors, line 20)
FAIL: objc.dg/fsf-nsstring-format-1.m -fnext-runtime (test for errors, line 24)
FAIL: objc.dg/fsf-nsstring-format-1.m -fnext-runtime (test for errors, line 27)
FAIL: objc.dg/fsf-nsstring-format-1.m -fnext-runtime (test for errors, line 32)
FAIL: objc.dg/fsf-nsstring-format-1.m -fnext-runtime (test for errors, line 33)
FAIL: objc.dg/fsf-nsstring-format-1.m -fnext-runtime (test for excess errors)
FAIL: objc.dg/gnu-api-2-objc.m -fnext-runtime execution test
FAIL: objc.dg/plugin/diagnostic-test-expressions-1.m -fplugin=./diagnostic_plugin_test_tree_expression_range.so (test for warnings, line 60)
FAIL: objc.dg/plugin/diagnostic-test-expressions-1.m -fplugin=./diagnostic_plugin_test_tree_expression_range.so (test for warnings, line 68)
FAIL: objc.dg/plugin/diagnostic-test-expressions-1.m -fplugin=./diagnostic_plugin_test_tree_expression_range.so expected multiline pattern lines 62-63 not found: " __emit_expression_range \\( 0, @selector\\(func0\\) \\);.*\\n \\^~~~~~~~~~~~~~~~\\n"
FAIL: objc.dg/plugin/diagnostic-test-expressions-1.m -fplugin=./diagnostic_plugin_test_tree_expression_range.so expected multiline pattern lines 70-71 not found: " __emit_expression_range \\( 0, @protocol\\(prot\\) \\);.*\\n ~~~~~~~~~~~~~~~\\n"
FAIL: objc.dg/plugin/diagnostic-test-expressions-1.m -fplugin=./diagnostic_plugin_test_tree_expression_range.so (test for excess errors)
FAIL: objc.dg/property/at-property-13.m -fgnu-runtime execution test
=== objc Summary for unix/-m64 ===
# of expected passes 5627
# of unexpected failures 13
# of expected failures 12
# of unsupported tests 85
Running target unix/-m32
FAIL: objc.dg/fsf-nsstring-format-1.m -fnext-runtime (test for errors, line 20)
FAIL: objc.dg/fsf-nsstring-format-1.m -fnext-runtime (test for errors, line 24)
FAIL: objc.dg/fsf-nsstring-format-1.m -fnext-runtime (test for errors, line 27)
FAIL: objc.dg/fsf-nsstring-format-1.m -fnext-runtime (test for errors, line 32)
FAIL: objc.dg/fsf-nsstring-format-1.m -fnext-runtime (test for errors, line 33)
FAIL: objc.dg/fsf-nsstring-format-1.m -fnext-runtime (test for excess errors)
FAIL: objc.dg/gnu-api-2-objc.m -fnext-runtime execution test
FAIL: objc.dg/ivar-scope-4.m -fnext-runtime execution test
FAIL: objc.dg/plugin/diagnostic-test-expressions-1.m -fplugin=./diagnostic_plugin_test_tree_expression_range.so (test for warnings, line 60)
FAIL: objc.dg/plugin/diagnostic-test-expressions-1.m -fplugin=./diagnostic_plugin_test_tree_expression_range.so expected multiline pattern lines 62-63 not found: " __emit_expression_range \\( 0, @selector\\(func0\\) \\);.*\\n \\^~~~~~~~~~~~~~~~\\n"
FAIL: objc.dg/plugin/diagnostic-test-expressions-1.m -fplugin=./diagnostic_plugin_test_tree_expression_range.so (test for excess errors)
=== objc Summary for unix/-m32 ===
# of expected passes 5675
# of unexpected failures 11
# of expected failures 6
# of unsupported tests 79
=== objc Summary ===
# of expected passes 11302
# of unexpected failures 24
# of expected failures 18
# of unsupported tests 164
/GCC/gcc-trunk/gcc/xgcc version 9.0.0 20181225 (experimental) [trunk revision 267418] (GCC)
=== libatomic tests ===
Running target unix/-m64
=== libatomic Summary for unix/-m64 ===
# of expected passes 54
Running target unix/-m32
=== libatomic Summary for unix/-m32 ===
# of expected passes 44
# of unsupported tests 5
=== libatomic Summary ===
# of expected passes 98
# of unsupported tests 5
=== libgomp tests ===
Running target unix/-m64
FAIL: libgomp.fortran/aligned1.f03 -O0 (test for excess errors)
UNRESOLVED: libgomp.fortran/aligned1.f03 -O0 compilation failed to produce executable
FAIL: libgomp.fortran/aligned1.f03 -O1 (test for excess errors)
UNRESOLVED: libgomp.fortran/aligned1.f03 -O1 compilation failed to produce executable
FAIL: libgomp.fortran/aligned1.f03 -O2 (test for excess errors)
UNRESOLVED: libgomp.fortran/aligned1.f03 -O2 compilation failed to produce executable
FAIL: libgomp.fortran/aligned1.f03 -O3 -fomit-frame-pointer -funroll-loops -fpeel-loops -ftracer -finline-functions (test for excess errors)
UNRESOLVED: libgomp.fortran/aligned1.f03 -O3 -fomit-frame-pointer -funroll-loops -fpeel-loops -ftracer -finline-functions compilation failed to produce executable
FAIL: libgomp.fortran/aligned1.f03 -O3 -g (test for excess errors)
UNRESOLVED: libgomp.fortran/aligned1.f03 -O3 -g compilation failed to produce executable
FAIL: libgomp.fortran/aligned1.f03 -Os (test for excess errors)
UNRESOLVED: libgomp.fortran/aligned1.f03 -Os compilation failed to produce executable
=== libgomp Summary for unix/-m64 ===
# of expected passes 6277
# of unexpected failures 6
# of expected failures 1
# of unresolved testcases 6
# of unsupported tests 397
Running target unix/-m32
=== libgomp Summary for unix/-m32 ===
# of expected passes 6289
# of expected failures 1
# of unsupported tests 397
=== libgomp Summary ===
# of expected passes 12566
# of unexpected failures 6
# of expected failures 2
# of unresolved testcases 6
# of unsupported tests 794
=== libitm tests ===
Running target unix/-m64
=== libitm Summary for unix/-m64 ===
# of expected passes 40
# of expected failures 3
# of unsupported tests 2
Running target unix/-m32
=== libitm Summary for unix/-m32 ===
# of expected passes 40
# of expected failures 3
# of unsupported tests 2
=== libitm Summary ===
# of expected passes 80
# of expected failures 6
# of unsupported tests 4
=== libstdc++ tests ===
Running target unix/-m64
FAIL: 17_intro/names.cc (test for excess errors)
FAIL: 28_regex/headers/regex/parallel_mode.cc (test for excess errors)
FAIL: 30_threads/thread/native_handle/typesizes.cc execution test
=== libstdc++ Summary for unix/-m64 ===
# of expected passes 11733
# of unexpected failures 3
# of expected failures 77
# of unsupported tests 691
Running target unix/-m32
FAIL: 17_intro/names.cc (test for excess errors)
FAIL: 28_regex/headers/regex/parallel_mode.cc (test for excess errors)
FAIL: 30_threads/thread/native_handle/typesizes.cc execution test
=== libstdc++ Summary for unix/-m32 ===
# of expected passes 11735
# of unexpected failures 3
# of expected failures 77
# of unsupported tests 690
=== libstdc++ Summary ===
# of expected passes 23468
# of unexpected failures 6
# of expected failures 154
# of unsupported tests 1381
Compiler version: 9.0.0 20181225 (experimental) [trunk revision 267418] (GCC)
Platform: x86_64-apple-darwin12
configure flags: --prefix=/opt/iains/x86_64-apple-darwin12 --target=x86_64-apple-darwin12 --host=x86_64-apple-darwin12 --build=x86_64-apple-darwin12 --with-sysroot=/compilers/SDKs/darwin12 --enable-checking=yes,rtl,tree --enable-version-specific-runtime-libs --disable-nls --disable-libstdcxx-pch --enable-languages=all
More information about the Gcc-testresults
mailing list