Results for 9.0.1 20190222 (experimental) (GCC) testsuite on x86_64-pc-linux-gnu
Shrisha Rao
shrao@alumni.cmu.edu
Sat Feb 23 21:12:00 GMT 2019
These results are as compiled on an EC2 instance from the SVN source.
The SVN version was 269094
==
Native configuration is x86_64-pc-linux-gnu
=== gcc tests ===
Running target unix
FAIL: gcc.target/i386/ifcvt-onecmpl-abs-1.c scan-assembler cltd
FAIL: gcc.target/i386/pr49095.c scan-assembler-times \\\\), % 45
FAIL: gcc.target/i386/pr57193.c scan-assembler-times movdqa 2
=== gcc Summary ===
# of expected passes 138092
# of unexpected failures 3
# of expected failures 495
# of unsupported tests 2192
/home/ec2-user/tmp/gcctemp/gcc/xgcc version 9.0.1 20190222 (experimental) (GCC)
=== gfortran tests ===
Running target unix
=== gfortran Summary ===
# of expected passes 48995
# of expected failures 116
# of unsupported tests 94
/home/ec2-user/tmp/gcctemp/gcc/testsuite/gfortran/../../gfortran version 9.0.1 20190222 (experimental) (GCC)
=== g++ tests ===
Running target unix
=== g++ Summary ===
# of expected passes 133335
# of expected failures 534
# of unsupported tests 5714
/home/ec2-user/tmp/gcctemp/gcc/testsuite/g++/../../xg++ version 9.0.1 20190222 (experimental) (GCC)
=== objc tests ===
Running target unix
=== objc Summary ===
# of expected passes 2797
# of expected failures 6
# of unsupported tests 68
/home/ec2-user/tmp/gcctemp/gcc/xgcc version 9.0.1 20190222 (experimental) (GCC)
=== libatomic tests ===
Running target unix
=== libatomic Summary ===
# of expected passes 54
=== libgomp tests ===
Running target unix
=== libgomp Summary ===
# of expected passes 6454
# of expected failures 2
# of unsupported tests 349
=== libitm tests ===
Running target unix
=== libitm Summary ===
# of expected passes 42
# of expected failures 3
# of unsupported tests 1
=== libstdc++ tests ===
Running target unix
=== libstdc++ Summary ===
# of expected passes 12890
# of expected failures 77
# of unsupported tests 276
Compiler version: 9.0.1 20190222 (experimental) (GCC)
Platform: x86_64-pc-linux-gnu
configure flags: --disable-multilib --prefix=/shrao/testgcc
More information about the Gcc-testresults
mailing list