Results for 9.0.1 20190201 (experimental) [trunk revision 268448] (GCC) testsuite on x86_64-pc-solaris2.11
Rainer Orth
ro@CeBiTec.Uni-Bielefeld.DE
Sat Feb 2 12:57:00 GMT 2019
LAST_UPDATED: Fri Feb 1 12:37:00 UTC 2019 (revision 268448)
Native configuration is x86_64-pc-solaris2.11
=== libatomic tests ===
Running target unix/-m32
=== libatomic Summary for unix/-m32 ===
# of expected passes 44
# of unsupported tests 5
Running target unix
=== libatomic Summary for unix ===
# of expected passes 54
=== libatomic Summary ===
# of expected passes 98
# of unsupported tests 5
=== libffi tests ===
Running target unix/-m32
=== libffi Summary for unix/-m32 ===
# of expected passes 2799
Running target unix
=== libffi Summary for unix ===
# of expected passes 2214
=== libffi Summary ===
# of expected passes 5013
=== libgo tests ===
Running target unix
FAIL: go/build
FAIL: net
FAIL: runtime
=== libgo Summary for unix ===
# of expected passes 182
# of unexpected failures 3
Running target unix/-m32
FAIL: cmd/go/internal/work
FAIL: go/build
FAIL: net
FAIL: net/http
FAIL: os
FAIL: os/signal
FAIL: runtime
=== libgo Summary for unix/-m32 ===
# of expected passes 178
# of unexpected failures 7
=== libgo Summary ===
# of expected passes 360
# of unexpected failures 10
/var/gcc/regression/trunk/11.5-gcc-64/build/./gcc/gccgo version 9.0.1 20190201 (experimental) [trunk revision 268448] (GCC)
=== libgomp tests ===
Running target unix/-m32
=== libgomp Summary for unix/-m32 ===
# of expected passes 6351
# of expected failures 4
# of unsupported tests 423
Running target unix
=== libgomp Summary for unix ===
# of expected passes 6351
# of expected failures 4
# of unsupported tests 423
=== libgomp Summary ===
# of expected passes 12702
# of expected failures 8
# of unsupported tests 846
=== libitm tests ===
Running target unix/-m32
=== libitm Summary for unix/-m32 ===
# of expected passes 42
# of expected failures 3
# of unsupported tests 1
Running target unix
=== libitm Summary for unix ===
# of expected passes 42
# of expected failures 3
# of unsupported tests 1
=== libitm Summary ===
# of expected passes 84
# of expected failures 6
# of unsupported tests 2
=== libstdc++ tests ===
Running target unix
=== libstdc++ Summary for unix ===
# of expected passes 11845
# of expected failures 77
# of unsupported tests 647
Running target unix/-m32
=== libstdc++ Summary for unix/-m32 ===
# of expected passes 11851
# of expected failures 79
# of unsupported tests 643
=== libstdc++ Summary ===
# of expected passes 23696
# of expected failures 156
# of unsupported tests 1290
=== acats tests ===
=== acats Summary ===
# of expected passes 2320
# of unexpected failures 0
=== g++ tests ===
Running target unix
FAIL: g++.dg/pr80481.C -std=gnu++14 scan-assembler-not vmovaps
FAIL: g++.dg/pr80481.C -std=gnu++17 scan-assembler-not vmovaps
FAIL: g++.dg/pr80481.C -std=gnu++98 scan-assembler-not vmovaps
FAIL: g++.dg/gcov/pr16855-priority.C -std=gnu++14 gcov: 1 failures in line counts, 0 in branch percentages, 0 in return percentages, 0 in intermediate format
FAIL: g++.dg/gcov/pr16855-priority.C -std=gnu++14 line 22: is #####:should be 1
FAIL: g++.dg/gcov/pr16855-priority.C -std=gnu++17 gcov: 1 failures in line counts, 0 in branch percentages, 0 in return percentages, 0 in intermediate format
FAIL: g++.dg/gcov/pr16855-priority.C -std=gnu++17 line 22: is #####:should be 1
FAIL: g++.dg/gcov/pr16855-priority.C -std=gnu++98 gcov: 1 failures in line counts, 0 in branch percentages, 0 in return percentages, 0 in intermediate format
FAIL: g++.dg/gcov/pr16855-priority.C -std=gnu++98 line 22: is #####:should be 1
FAIL: g++.dg/gcov/pr16855.C -std=gnu++14 gcov: 1 failures in line counts, 0 in branch percentages, 0 in return percentages, 0 in intermediate format
FAIL: g++.dg/gcov/pr16855.C -std=gnu++14 line 21: is #####:should be 1
FAIL: g++.dg/gcov/pr16855.C -std=gnu++17 gcov: 1 failures in line counts, 0 in branch percentages, 0 in return percentages, 0 in intermediate format
FAIL: g++.dg/gcov/pr16855.C -std=gnu++17 line 21: is #####:should be 1
FAIL: g++.dg/gcov/pr16855.C -std=gnu++98 gcov: 1 failures in line counts, 0 in branch percentages, 0 in return percentages, 0 in intermediate format
FAIL: g++.dg/gcov/pr16855.C -std=gnu++98 line 21: is #####:should be 1
FAIL: g++.old-deja/g++.pt/repo3.C -std=gnu++14 (test for excess errors)
FAIL: g++.old-deja/g++.pt/repo3.C -std=gnu++17 (test for excess errors)
FAIL: g++.old-deja/g++.pt/repo3.C -std=gnu++98 (test for excess errors)
=== g++ Summary for unix ===
# of expected passes 128175
# of unexpected failures 18
# of expected failures 553
# of unsupported tests 5803
Running target unix/-m32
FAIL: c-c++-common/asan/swapcontext-test-1.c -O0 execution test
FAIL: c-c++-common/asan/swapcontext-test-1.c -O1 execution test
FAIL: c-c++-common/asan/swapcontext-test-1.c -O2 execution test
FAIL: c-c++-common/asan/swapcontext-test-1.c -O2 -flto execution test
FAIL: c-c++-common/asan/swapcontext-test-1.c -O2 -flto -flto-partition=none execution test
FAIL: c-c++-common/asan/swapcontext-test-1.c -O3 -fomit-frame-pointer -funroll-loops -fpeel-loops -ftracer -finline-functions execution test
FAIL: c-c++-common/asan/swapcontext-test-1.c -O3 -g execution test
FAIL: c-c++-common/asan/swapcontext-test-1.c -Os execution test
FAIL: g++.dg/asan/default-options-1.C -O0 execution test
FAIL: g++.dg/asan/default-options-1.C -O1 execution test
FAIL: g++.dg/asan/default-options-1.C -O2 execution test
FAIL: g++.dg/asan/default-options-1.C -O2 -flto execution test
FAIL: g++.dg/asan/default-options-1.C -O2 -flto -flto-partition=none execution test
FAIL: g++.dg/asan/default-options-1.C -O3 -g execution test
FAIL: g++.dg/asan/default-options-1.C -Os execution test
FAIL: g++.dg/opt/pr59470.C -std=gnu++14 (test for excess errors)
UNRESOLVED: g++.dg/opt/pr59470.C -std=gnu++14 compilation failed to produce executable
FAIL: g++.dg/opt/pr59470.C -std=gnu++17 (test for excess errors)
UNRESOLVED: g++.dg/opt/pr59470.C -std=gnu++17 compilation failed to produce executable
FAIL: g++.dg/opt/pr59470.C -std=gnu++98 (test for excess errors)
UNRESOLVED: g++.dg/opt/pr59470.C -std=gnu++98 compilation failed to produce executable
FAIL: g++.dg/gcov/pr16855-priority.C -std=gnu++14 gcov: 1 failures in line counts, 0 in branch percentages, 0 in return percentages, 0 in intermediate format
FAIL: g++.dg/gcov/pr16855-priority.C -std=gnu++14 line 22: is #####:should be 1
FAIL: g++.dg/gcov/pr16855-priority.C -std=gnu++17 gcov: 1 failures in line counts, 0 in branch percentages, 0 in return percentages, 0 in intermediate format
FAIL: g++.dg/gcov/pr16855-priority.C -std=gnu++17 line 22: is #####:should be 1
FAIL: g++.dg/gcov/pr16855-priority.C -std=gnu++98 gcov: 1 failures in line counts, 0 in branch percentages, 0 in return percentages, 0 in intermediate format
FAIL: g++.dg/gcov/pr16855-priority.C -std=gnu++98 line 22: is #####:should be 1
FAIL: g++.dg/gcov/pr16855.C -std=gnu++14 gcov: 1 failures in line counts, 0 in branch percentages, 0 in return percentages, 0 in intermediate format
FAIL: g++.dg/gcov/pr16855.C -std=gnu++14 line 21: is #####:should be 1
FAIL: g++.dg/gcov/pr16855.C -std=gnu++17 gcov: 1 failures in line counts, 0 in branch percentages, 0 in return percentages, 0 in intermediate format
FAIL: g++.dg/gcov/pr16855.C -std=gnu++17 line 21: is #####:should be 1
FAIL: g++.dg/gcov/pr16855.C -std=gnu++98 gcov: 1 failures in line counts, 0 in branch percentages, 0 in return percentages, 0 in intermediate format
FAIL: g++.dg/gcov/pr16855.C -std=gnu++98 line 21: is #####:should be 1
FAIL: g++.old-deja/g++.pt/repo3.C -std=gnu++14 (test for excess errors)
FAIL: g++.old-deja/g++.pt/repo3.C -std=gnu++17 (test for excess errors)
FAIL: g++.old-deja/g++.pt/repo3.C -std=gnu++98 (test for excess errors)
=== g++ Summary for unix/-m32 ===
# of expected passes 128378
# of unexpected failures 33
# of expected failures 550
# of unresolved testcases 3
# of unsupported tests 5867
=== g++ Summary ===
# of expected passes 256553
# of unexpected failures 51
# of expected failures 1103
# of unresolved testcases 3
# of unsupported tests 11670
/var/gcc/regression/trunk/11.5-gcc-64/build/gcc/xg++ version 9.0.1 20190201 (experimental) [trunk revision 268448] (GCC)
=== gcc tests ===
Running target unix
FAIL: gcc.c-torture/compile/pr61159.c -O0 (test for excess errors)
FAIL: gcc.c-torture/compile/pr61159.c -O1 (test for excess errors)
FAIL: gcc.c-torture/compile/pr61159.c -O2 (test for excess errors)
FAIL: gcc.c-torture/compile/pr61159.c -O2 -flto (test for excess errors)
FAIL: gcc.c-torture/compile/pr61159.c -O2 -flto -flto-partition=none (test for excess errors)
FAIL: gcc.c-torture/compile/pr61159.c -O3 -g (test for excess errors)
FAIL: gcc.c-torture/compile/pr61159.c -Os (test for excess errors)
FAIL: gcc.dg/attr-weakref-1.c (test for excess errors)
UNRESOLVED: gcc.dg/attr-weakref-1.c compilation failed to produce executable
FAIL: gcc.dg/ipa/ipa-icf-38.c scan-ltrans-tree-dump-not optimized "Function bar"
XPASS: gcc.dg/vect/vect-24.c -flto -ffat-lto-objects scan-tree-dump-times vect "vectorized 3 loops" 1
XPASS: gcc.dg/vect/vect-24.c scan-tree-dump-times vect "vectorized 3 loops" 1
FAIL: gcc.target/i386/avx512bw-pr86036.c (test for excess errors)
UNRESOLVED: gcc.target/i386/avx512bw-pr86036.c compilation failed to produce executable
FAIL: gcc.target/i386/avx512bw-vpmovb2m-2.c (test for excess errors)
UNRESOLVED: gcc.target/i386/avx512bw-vpmovb2m-2.c compilation failed to produce executable
FAIL: gcc.target/i386/avx512bw-vpmovm2b-2.c (test for excess errors)
UNRESOLVED: gcc.target/i386/avx512bw-vpmovm2b-2.c compilation failed to produce executable
FAIL: gcc.target/i386/avx512bw-vpmovm2w-2.c (test for excess errors)
UNRESOLVED: gcc.target/i386/avx512bw-vpmovm2w-2.c compilation failed to produce executable
FAIL: gcc.target/i386/avx512bw-vpmovw2m-2.c (test for excess errors)
UNRESOLVED: gcc.target/i386/avx512bw-vpmovw2m-2.c compilation failed to produce executable
FAIL: gcc.target/i386/avx512dq-vpmovd2m-2.c (test for excess errors)
UNRESOLVED: gcc.target/i386/avx512dq-vpmovd2m-2.c compilation failed to produce executable
FAIL: gcc.target/i386/avx512dq-vpmovm2d-2.c (test for excess errors)
UNRESOLVED: gcc.target/i386/avx512dq-vpmovm2d-2.c compilation failed to produce executable
FAIL: gcc.target/i386/avx512dq-vpmovq2m-2.c (test for excess errors)
UNRESOLVED: gcc.target/i386/avx512dq-vpmovq2m-2.c compilation failed to produce executable
FAIL: gcc.target/i386/avx512vl-pr88514-3.c (test for excess errors)
FAIL: gcc.target/i386/avx512vl-pr88547-2.c (test for excess errors)
UNRESOLVED: gcc.target/i386/avx512vl-pr88547-2.c compilation failed to produce executable
FAIL: gcc.target/i386/avx512vl-vpmovb2m-2.c (test for excess errors)
UNRESOLVED: gcc.target/i386/avx512vl-vpmovb2m-2.c compilation failed to produce executable
FAIL: gcc.target/i386/avx512vl-vpmovd2m-2.c (test for excess errors)
UNRESOLVED: gcc.target/i386/avx512vl-vpmovd2m-2.c compilation failed to produce executable
FAIL: gcc.target/i386/avx512vl-vpmovm2b-2.c (test for excess errors)
UNRESOLVED: gcc.target/i386/avx512vl-vpmovm2b-2.c compilation failed to produce executable
FAIL: gcc.target/i386/avx512vl-vpmovm2d-2.c (test for excess errors)
UNRESOLVED: gcc.target/i386/avx512vl-vpmovm2d-2.c compilation failed to produce executable
FAIL: gcc.target/i386/avx512vl-vpmovm2w-2.c (test for excess errors)
UNRESOLVED: gcc.target/i386/avx512vl-vpmovm2w-2.c compilation failed to produce executable
FAIL: gcc.target/i386/avx512vl-vpmovq2m-2.c (test for excess errors)
UNRESOLVED: gcc.target/i386/avx512vl-vpmovq2m-2.c compilation failed to produce executable
FAIL: gcc.target/i386/avx512vl-vpmovw2m-2.c (test for excess errors)
UNRESOLVED: gcc.target/i386/avx512vl-vpmovw2m-2.c compilation failed to produce executable
FAIL: gcc.target/i386/ifcvt-onecmpl-abs-1.c scan-assembler cltd
FAIL: gcc.target/i386/pr49095.c scan-assembler-times \\\\), % 45
FAIL: gcc.target/i386/pr57193.c scan-assembler-times movdqa 2
FAIL: gcc.target/i386/pr80569.c (test for excess errors)
=== gcc Summary for unix ===
# of expected passes 132997
# of unexpected failures 30
# of unexpected successes 2
# of expected failures 506
# of unresolved testcases 17
# of unsupported tests 2903
Running target unix/-m32
FAIL: gcc.c-torture/compile/pr61159.c -O0 (test for excess errors)
FAIL: gcc.c-torture/compile/pr61159.c -O1 (test for excess errors)
FAIL: gcc.c-torture/compile/pr61159.c -O2 (test for excess errors)
FAIL: gcc.c-torture/compile/pr61159.c -O2 -flto (test for excess errors)
FAIL: gcc.c-torture/compile/pr61159.c -O2 -flto -flto-partition=none (test for excess errors)
FAIL: gcc.c-torture/compile/pr61159.c -O3 -g (test for excess errors)
FAIL: gcc.c-torture/compile/pr61159.c -Os (test for excess errors)
FAIL: c-c++-common/asan/swapcontext-test-1.c -O0 execution test
FAIL: c-c++-common/asan/swapcontext-test-1.c -O1 execution test
FAIL: c-c++-common/asan/swapcontext-test-1.c -O2 execution test
FAIL: c-c++-common/asan/swapcontext-test-1.c -O2 -flto execution test
FAIL: c-c++-common/asan/swapcontext-test-1.c -O2 -flto -flto-partition=none execution test
FAIL: c-c++-common/asan/swapcontext-test-1.c -O3 -fomit-frame-pointer -funroll-loops -fpeel-loops -ftracer -finline-functions execution test
FAIL: c-c++-common/asan/swapcontext-test-1.c -O3 -g execution test
FAIL: c-c++-common/asan/swapcontext-test-1.c -Os execution test
FAIL: gcc.dg/attr-weakref-1.c (test for excess errors)
UNRESOLVED: gcc.dg/attr-weakref-1.c compilation failed to produce executable
FAIL: gcc.dg/ipa/ipa-icf-38.c scan-ltrans-tree-dump-not optimized "Function bar"
XPASS: gcc.dg/vect/vect-24.c -flto -ffat-lto-objects scan-tree-dump-times vect "vectorized 3 loops" 1
XPASS: gcc.dg/vect/vect-24.c scan-tree-dump-times vect "vectorized 3 loops" 1
FAIL: gcc.target/i386/avx512bw-pr86036.c (test for excess errors)
UNRESOLVED: gcc.target/i386/avx512bw-pr86036.c compilation failed to produce executable
FAIL: gcc.target/i386/avx512bw-vpmovb2m-2.c (test for excess errors)
UNRESOLVED: gcc.target/i386/avx512bw-vpmovb2m-2.c compilation failed to produce executable
FAIL: gcc.target/i386/avx512bw-vpmovm2b-2.c (test for excess errors)
UNRESOLVED: gcc.target/i386/avx512bw-vpmovm2b-2.c compilation failed to produce executable
FAIL: gcc.target/i386/avx512bw-vpmovm2w-2.c (test for excess errors)
UNRESOLVED: gcc.target/i386/avx512bw-vpmovm2w-2.c compilation failed to produce executable
FAIL: gcc.target/i386/avx512bw-vpmovw2m-2.c (test for excess errors)
UNRESOLVED: gcc.target/i386/avx512bw-vpmovw2m-2.c compilation failed to produce executable
FAIL: gcc.target/i386/avx512dq-vpmovd2m-2.c (test for excess errors)
UNRESOLVED: gcc.target/i386/avx512dq-vpmovd2m-2.c compilation failed to produce executable
FAIL: gcc.target/i386/avx512dq-vpmovm2d-2.c (test for excess errors)
UNRESOLVED: gcc.target/i386/avx512dq-vpmovm2d-2.c compilation failed to produce executable
FAIL: gcc.target/i386/avx512dq-vpmovq2m-2.c (test for excess errors)
UNRESOLVED: gcc.target/i386/avx512dq-vpmovq2m-2.c compilation failed to produce executable
FAIL: gcc.target/i386/avx512vl-pr88514-3.c (test for excess errors)
FAIL: gcc.target/i386/avx512vl-pr88547-2.c (test for excess errors)
UNRESOLVED: gcc.target/i386/avx512vl-pr88547-2.c compilation failed to produce executable
FAIL: gcc.target/i386/avx512vl-vpmovb2m-2.c (test for excess errors)
UNRESOLVED: gcc.target/i386/avx512vl-vpmovb2m-2.c compilation failed to produce executable
FAIL: gcc.target/i386/avx512vl-vpmovd2m-2.c (test for excess errors)
UNRESOLVED: gcc.target/i386/avx512vl-vpmovd2m-2.c compilation failed to produce executable
FAIL: gcc.target/i386/avx512vl-vpmovm2b-2.c (test for excess errors)
UNRESOLVED: gcc.target/i386/avx512vl-vpmovm2b-2.c compilation failed to produce executable
FAIL: gcc.target/i386/avx512vl-vpmovm2d-2.c (test for excess errors)
UNRESOLVED: gcc.target/i386/avx512vl-vpmovm2d-2.c compilation failed to produce executable
FAIL: gcc.target/i386/avx512vl-vpmovm2w-2.c (test for excess errors)
UNRESOLVED: gcc.target/i386/avx512vl-vpmovm2w-2.c compilation failed to produce executable
FAIL: gcc.target/i386/avx512vl-vpmovq2m-2.c (test for excess errors)
UNRESOLVED: gcc.target/i386/avx512vl-vpmovq2m-2.c compilation failed to produce executable
FAIL: gcc.target/i386/avx512vl-vpmovw2m-2.c (test for excess errors)
UNRESOLVED: gcc.target/i386/avx512vl-vpmovw2m-2.c compilation failed to produce executable
FAIL: gcc.target/i386/pr57193.c scan-assembler-times movdqa 2
FAIL: gcc.target/i386/pr80569.c (test for excess errors)
FAIL: gcc.target/i386/pr81563.c scan-assembler-times movl[\\\\t ]*-4\\\\(%ebp\\\\),[\\\\t ]*%edi 1
FAIL: gcc.target/i386/pr81563.c scan-assembler-times movl[\\\\t ]*-8\\\\(%ebp\\\\),[\\\\t ]*%esi 1
=== gcc Summary for unix/-m32 ===
# of expected passes 132787
# of unexpected failures 38
# of unexpected successes 2
# of expected failures 512
# of unresolved testcases 17
# of unsupported tests 3372
=== gcc Summary ===
# of expected passes 265784
# of unexpected failures 68
# of unexpected successes 4
# of expected failures 1018
# of unresolved testcases 34
# of unsupported tests 6275
/var/gcc/regression/trunk/11.5-gcc-64/build/gcc/xgcc version 9.0.1 20190201 (experimental) [trunk revision 268448] (GCC)
=== gdc tests ===
Running target unix
=== gdc Summary for unix ===
# of expected passes 22825
# of unsupported tests 20
Running target unix/-m32
=== gdc Summary for unix/-m32 ===
# of expected passes 22825
# of unsupported tests 20
=== gdc Summary ===
# of expected passes 45650
# of unsupported tests 40
/var/gcc/regression/trunk/11.5-gcc-64/build/gcc/gdc version 9.0.1 20190201 (experimental) [trunk revision 268448] (GCC)
=== gfortran tests ===
Running target unix
FAIL: gfortran.dg/pr79966.f90 -O scan-ipa-dump inline "Inlined tp_sum/[0-9]+ into runtptests/[0-9]+"
=== gfortran Summary for unix ===
# of expected passes 48920
# of unexpected failures 1
# of expected failures 130
# of unsupported tests 95
Running target unix/-m32
FAIL: gfortran.dg/pr79966.f90 -O scan-ipa-dump inline "Inlined tp_sum/[0-9]+ into runtptests/[0-9]+"
=== gfortran Summary for unix/-m32 ===
# of expected passes 48703
# of unexpected failures 1
# of expected failures 130
# of unsupported tests 198
=== gfortran Summary ===
# of expected passes 97623
# of unexpected failures 2
# of expected failures 260
# of unsupported tests 293
/var/gcc/regression/trunk/11.5-gcc-64/build/gcc/gfortran version 9.0.1 20190201 (experimental) [trunk revision 268448] (GCC)
=== gnat tests ===
Running target unix
XPASS: gnat.dg/lto19.adb (test for excess errors)
FAIL: gnat.dg/lto8.adb (test for excess errors)
FAIL: gnat.dg/lto8.adb 3 blank line(s) in output
UNRESOLVED: gnat.dg/lto8.adb compilation failed to produce executable
=== gnat Summary for unix ===
# of expected passes 2955
# of unexpected failures 2
# of unexpected successes 1
# of expected failures 23
# of unresolved testcases 1
# of unsupported tests 10
Running target unix/-m32
XPASS: gnat.dg/lto19.adb (test for excess errors)
FAIL: gnat.dg/lto8.adb (test for excess errors)
FAIL: gnat.dg/lto8.adb 3 blank line(s) in output
UNRESOLVED: gnat.dg/lto8.adb compilation failed to produce executable
=== gnat Summary for unix/-m32 ===
# of expected passes 2955
# of unexpected failures 2
# of unexpected successes 1
# of expected failures 23
# of unresolved testcases 1
# of unsupported tests 10
=== gnat Summary ===
# of expected passes 5910
# of unexpected failures 4
# of unexpected successes 2
# of expected failures 46
# of unresolved testcases 2
# of unsupported tests 20
/var/gcc/regression/trunk/11.5-gcc-64/build/gcc/gnatmake version 9.0.1 20190201 (experimental) [trunk revision 268448]
=== go tests ===
Running target unix
FAIL: ./index0-out.go compilation, -O0 -g -fno-var-tracking-assignments
=== go Summary for unix ===
# of expected passes 7276
# of unexpected failures 1
# of expected failures 1
# of untested testcases 11
# of unsupported tests 1
Running target unix/-m32
FAIL: ./index0-out.go compilation, -O0 -g -fno-var-tracking-assignments
=== go Summary for unix/-m32 ===
# of expected passes 7395
# of unexpected failures 1
# of expected failures 1
# of untested testcases 11
# of unsupported tests 2
=== go Summary ===
# of expected passes 14671
# of unexpected failures 2
# of expected failures 2
# of untested testcases 22
# of unsupported tests 3
=== obj-c++ tests ===
Running target unix/-m32
=== obj-c++ Summary for unix/-m32 ===
# of expected passes 1466
# of expected failures 2
# of unsupported tests 77
Running target unix
=== obj-c++ Summary for unix ===
# of expected passes 1458
# of expected failures 10
# of unsupported tests 77
=== obj-c++ Summary ===
# of expected passes 2924
# of expected failures 12
# of unsupported tests 154
/var/gcc/regression/trunk/11.5-gcc-64/build/gcc/xg++ version 9.0.1 20190201 (experimental) [trunk revision 268448] (GCC)
=== objc tests ===
Running target unix
=== objc Summary for unix ===
# of expected passes 2797
# of expected failures 6
# of unsupported tests 68
Running target unix/-m32
=== objc Summary for unix/-m32 ===
# of expected passes 2797
# of expected failures 6
# of unsupported tests 68
=== objc Summary ===
# of expected passes 5594
# of expected failures 12
# of unsupported tests 136
/var/gcc/regression/trunk/11.5-gcc-64/build/gcc/xgcc version 9.0.1 20190201 (experimental) [trunk revision 268448] (GCC)
=== gotools tests ===
FAIL: go test cmd/go
FAIL: TestAbort
FAIL: TestG0StackOverflow
FAIL: go test runtime
FAIL: go test misc/cgo/test
=== gotools Summary ===
# of expected passes 252
# of unexpected failures 5
# of untested testcases 113
/var/gcc/regression/trunk/11.5-gcc-64/build/./gcc/gccgo version 9.0.1 20190201 (experimental) [trunk revision 268448] (GCC)
Compiler version: 9.0.1 20190201 (experimental) [trunk revision 268448] (GCC)
Platform: x86_64-pc-solaris2.11
configure flags: --prefix=/vol/gcc --target=amd64-pc-solaris2.11 --enable-objc-gc --with-target-bdw-gc-include=/vol/gcc/include --with-target-bdw-gc-lib=/vol/gcc/lib/amd64,32=/vol/gcc/lib --with-as=/usr/ccs/bin/as --without-gnu-as --with-gmp-include=/vol/gcc/include --with-gmp-lib=/vol/gcc/lib/amd64 --with-mpfr-include=/vol/gcc/include --with-mpfr-lib=/vol/gcc/lib/amd64 --with-mpc-include=/vol/gcc/include --with-mpc-lib=/vol/gcc/lib/amd64 --enable-languages=all,ada,obj-c++,go --with-isl-include=/vol/gcc/include --with-isl-lib=/vol/gcc/lib/amd64 --build=amd64-pc-solaris2.11 --host=amd64-pc-solaris2.11
BOOT_CFLAGS=-g -O2
More information about the Gcc-testresults
mailing list