Results for 8.2.0 (GCC) testsuite on hppa2.0-unknown-linux-gnu
Aaro Koskinen
aaro.koskinen@iki.fi
Fri Feb 1 19:00:00 GMT 2019
-- Build environment ----------------------------------------------------------
Distro: los.git rootfs=2a7a8 native=2a7a8
Kernel: Linux 4.20.0-los_2a7a8
Memory: 3108228 kB
CPU: processor : 0
cpu family : PA-RISC 2.0
cpu : PA8700 (PCX-W2)
cpu MHz : 750.000000
capabilities : os32 os64 iopdir_fdc nva_supported (0x07)
model : 9000/785/C3700
model name : Allegro W2
hversion : 0x00005dc0
sversion : 0x00000481
I-cache : 768 KB
D-cache : 1536 KB (WB, direct mapped)
ITLB entries : 240
DTLB entries : 240 - shared with ITLB
bogomips : 1495.85
software id : 2004755634
-- Time consumed --------------------------------------------------------------
Build: real 6h 56m 58s
user 6h 10m 57s
sys 43m 51.05s
Test: real 20h 57m 55s
user 14h 50m 45s
sys 5h 52m 13s
-------------------------------------------------------------------------------
LAST_UPDATED: Obtained from SVN: tags/gcc_8_2_0_release revision 262993
Native configuration is hppa2.0-unknown-linux-gnu
=== g++ tests ===
Running target unix
FAIL: g++.dg/guality/pr55665.C -O2 line 23 p == 40
FAIL: g++.dg/torture/pr81812.C -O0 (test for excess errors)
FAIL: g++.dg/torture/pr81812.C -O1 (test for excess errors)
FAIL: g++.dg/torture/pr81812.C -O2 (test for excess errors)
FAIL: g++.dg/torture/pr81812.C -O2 -flto -fno-use-linker-plugin -flto-partition=none (test for excess errors)
FAIL: g++.dg/torture/pr81812.C -O2 -flto -fuse-linker-plugin -fno-fat-lto-objects (test for excess errors)
FAIL: g++.dg/torture/pr81812.C -O3 -g (test for excess errors)
FAIL: g++.dg/torture/pr81812.C -Os (test for excess errors)
=== g++ Summary ===
# of expected passes 113469
# of unexpected failures 8
# of expected failures 498
# of unsupported tests 5219
/home/aaro/gcctest/build/gcc/xg++ version 8.2.0 (GCC)
=== gcc tests ===
Running target unix
FAIL: gcc.dg/atomic/c11-atomic-exec-5.c -O0 execution test
FAIL: gcc.dg/atomic/c11-atomic-exec-5.c -O2 execution test
FAIL: gcc.dg/atomic/c11-atomic-exec-5.c -O2 -flto -fno-use-linker-plugin -flto-partition=none execution test
FAIL: gcc.dg/atomic/c11-atomic-exec-5.c -O2 -flto -fuse-linker-plugin -fno-fat-lto-objects execution test
FAIL: gcc.dg/atomic/c11-atomic-exec-5.c -Os execution test
FAIL: gcc.dg/pr83480.c (internal compiler error)
FAIL: gcc.dg/pr83480.c (test for excess errors)
FAIL: gcc.dg/pr84941.c (test for excess errors)
XPASS: gcc.dg/guality/example.c -O0 execution test
XPASS: gcc.dg/guality/guality.c -O0 execution test
XPASS: gcc.dg/guality/inline-params.c -O2 execution test
XPASS: gcc.dg/guality/inline-params.c -O2 -flto -fno-use-linker-plugin -flto-partition=none execution test
XPASS: gcc.dg/guality/inline-params.c -O2 -flto -fuse-linker-plugin -fno-fat-lto-objects execution test
XPASS: gcc.dg/guality/inline-params.c -O3 -g execution test
XPASS: gcc.dg/guality/inline-params.c -Os execution test
FAIL: gcc.dg/guality/nrv-1.c -O2 line 20 a2.i[0] == 42
FAIL: gcc.dg/guality/nrv-1.c -O2 -flto -fno-use-linker-plugin -flto-partition=none line 20 a2.i[0] == 42
FAIL: gcc.dg/guality/nrv-1.c -O2 -flto -fuse-linker-plugin -fno-fat-lto-objects line 20 a2.i[0] == 42
FAIL: gcc.dg/guality/nrv-1.c -O3 -g line 20 a2.i[0] == 42
FAIL: gcc.dg/guality/nrv-1.c -Os line 20 a2.i[0] == 42
FAIL: gcc.dg/guality/pr36728-1.c -O1 line 16 arg5 == 5
FAIL: gcc.dg/guality/pr36728-1.c -O1 line 16 arg6 == 6
FAIL: gcc.dg/guality/pr36728-1.c -O1 line 16 arg7 == 30
FAIL: gcc.dg/guality/pr36728-1.c -O1 line 18 arg5 == 5
FAIL: gcc.dg/guality/pr36728-1.c -O1 line 18 arg6 == 6
FAIL: gcc.dg/guality/pr36728-1.c -O1 line 18 arg7 == 30
FAIL: gcc.dg/guality/pr36728-1.c -O2 line 16 arg5 == 5
FAIL: gcc.dg/guality/pr36728-1.c -O2 line 16 arg6 == 6
FAIL: gcc.dg/guality/pr36728-1.c -O2 line 16 arg7 == 30
FAIL: gcc.dg/guality/pr36728-1.c -O2 line 18 arg5 == 5
FAIL: gcc.dg/guality/pr36728-1.c -O2 line 18 arg6 == 6
FAIL: gcc.dg/guality/pr36728-1.c -O2 line 18 arg7 == 30
FAIL: gcc.dg/guality/pr36728-1.c -O2 -flto -fno-use-linker-plugin -flto-partition=none line 16 arg5 == 5
FAIL: gcc.dg/guality/pr36728-1.c -O2 -flto -fno-use-linker-plugin -flto-partition=none line 16 arg6 == 6
FAIL: gcc.dg/guality/pr36728-1.c -O2 -flto -fno-use-linker-plugin -flto-partition=none line 16 arg7 == 30
FAIL: gcc.dg/guality/pr36728-1.c -O2 -flto -fno-use-linker-plugin -flto-partition=none line 18 arg5 == 5
FAIL: gcc.dg/guality/pr36728-1.c -O2 -flto -fno-use-linker-plugin -flto-partition=none line 18 arg6 == 6
FAIL: gcc.dg/guality/pr36728-1.c -O2 -flto -fno-use-linker-plugin -flto-partition=none line 18 arg7 == 30
FAIL: gcc.dg/guality/pr36728-1.c -O2 -flto -fuse-linker-plugin -fno-fat-lto-objects line 16 arg1 == 1
FAIL: gcc.dg/guality/pr36728-1.c -O2 -flto -fuse-linker-plugin -fno-fat-lto-objects line 16 arg2 == 2
FAIL: gcc.dg/guality/pr36728-1.c -O2 -flto -fuse-linker-plugin -fno-fat-lto-objects line 16 arg3 == 3
FAIL: gcc.dg/guality/pr36728-1.c -O2 -flto -fuse-linker-plugin -fno-fat-lto-objects line 16 arg4 == 4
FAIL: gcc.dg/guality/pr36728-1.c -O2 -flto -fuse-linker-plugin -fno-fat-lto-objects line 16 arg5 == 5
FAIL: gcc.dg/guality/pr36728-1.c -O2 -flto -fuse-linker-plugin -fno-fat-lto-objects line 16 arg6 == 6
FAIL: gcc.dg/guality/pr36728-1.c -O2 -flto -fuse-linker-plugin -fno-fat-lto-objects line 16 y == 2
FAIL: gcc.dg/guality/pr36728-1.c -O2 -flto -fuse-linker-plugin -fno-fat-lto-objects line 18 arg1 == 1
FAIL: gcc.dg/guality/pr36728-1.c -O2 -flto -fuse-linker-plugin -fno-fat-lto-objects line 18 arg2 == 2
FAIL: gcc.dg/guality/pr36728-1.c -O2 -flto -fuse-linker-plugin -fno-fat-lto-objects line 18 arg3 == 3
FAIL: gcc.dg/guality/pr36728-1.c -O2 -flto -fuse-linker-plugin -fno-fat-lto-objects line 18 arg4 == 4
FAIL: gcc.dg/guality/pr36728-1.c -O2 -flto -fuse-linker-plugin -fno-fat-lto-objects line 18 arg5 == 5
FAIL: gcc.dg/guality/pr36728-1.c -O2 -flto -fuse-linker-plugin -fno-fat-lto-objects line 18 arg6 == 6
FAIL: gcc.dg/guality/pr36728-1.c -O2 -flto -fuse-linker-plugin -fno-fat-lto-objects line 18 arg7 == 30
FAIL: gcc.dg/guality/pr36728-1.c -O3 -g line 16 arg1 == 1
FAIL: gcc.dg/guality/pr36728-1.c -O3 -g line 16 arg2 == 2
FAIL: gcc.dg/guality/pr36728-1.c -O3 -g line 16 arg3 == 3
FAIL: gcc.dg/guality/pr36728-1.c -O3 -g line 16 arg4 == 4
FAIL: gcc.dg/guality/pr36728-1.c -O3 -g line 16 arg5 == 5
FAIL: gcc.dg/guality/pr36728-1.c -O3 -g line 16 arg6 == 6
FAIL: gcc.dg/guality/pr36728-1.c -O3 -g line 18 arg1 == 1
FAIL: gcc.dg/guality/pr36728-1.c -O3 -g line 18 arg2 == 2
FAIL: gcc.dg/guality/pr36728-1.c -O3 -g line 18 arg3 == 3
FAIL: gcc.dg/guality/pr36728-1.c -O3 -g line 18 arg4 == 4
FAIL: gcc.dg/guality/pr36728-1.c -O3 -g line 18 arg5 == 5
FAIL: gcc.dg/guality/pr36728-1.c -O3 -g line 18 arg6 == 6
FAIL: gcc.dg/guality/pr36728-1.c -O3 -g line 18 arg7 == 30
FAIL: gcc.dg/guality/pr36728-1.c -Os line 16 arg5 == 5
FAIL: gcc.dg/guality/pr36728-1.c -Os line 16 arg6 == 6
FAIL: gcc.dg/guality/pr36728-1.c -Os line 16 arg7 == 30
FAIL: gcc.dg/guality/pr36728-1.c -Os line 18 arg5 == 5
FAIL: gcc.dg/guality/pr36728-1.c -Os line 18 arg6 == 6
FAIL: gcc.dg/guality/pr36728-1.c -Os line 18 arg7 == 30
FAIL: gcc.dg/guality/pr36728-2.c -O1 line 16 arg5 == 5
FAIL: gcc.dg/guality/pr36728-2.c -O1 line 16 arg6 == 6
FAIL: gcc.dg/guality/pr36728-2.c -O1 line 16 arg7 == 30
FAIL: gcc.dg/guality/pr36728-2.c -O1 line 18 arg5 == 5
FAIL: gcc.dg/guality/pr36728-2.c -O1 line 18 arg6 == 6
FAIL: gcc.dg/guality/pr36728-2.c -O1 line 18 arg7 == 30
FAIL: gcc.dg/guality/pr36728-2.c -O2 line 16 arg5 == 5
FAIL: gcc.dg/guality/pr36728-2.c -O2 line 16 arg6 == 6
FAIL: gcc.dg/guality/pr36728-2.c -O2 line 16 arg7 == 30
FAIL: gcc.dg/guality/pr36728-2.c -O2 line 18 arg5 == 5
FAIL: gcc.dg/guality/pr36728-2.c -O2 line 18 arg6 == 6
FAIL: gcc.dg/guality/pr36728-2.c -O2 line 18 arg7 == 30
FAIL: gcc.dg/guality/pr36728-2.c -O2 -flto -fno-use-linker-plugin -flto-partition=none line 16 arg5 == 5
FAIL: gcc.dg/guality/pr36728-2.c -O2 -flto -fno-use-linker-plugin -flto-partition=none line 16 arg6 == 6
FAIL: gcc.dg/guality/pr36728-2.c -O2 -flto -fno-use-linker-plugin -flto-partition=none line 16 arg7 == 30
FAIL: gcc.dg/guality/pr36728-2.c -O2 -flto -fno-use-linker-plugin -flto-partition=none line 18 arg5 == 5
FAIL: gcc.dg/guality/pr36728-2.c -O2 -flto -fno-use-linker-plugin -flto-partition=none line 18 arg6 == 6
FAIL: gcc.dg/guality/pr36728-2.c -O2 -flto -fno-use-linker-plugin -flto-partition=none line 18 arg7 == 30
FAIL: gcc.dg/guality/pr36728-2.c -O2 -flto -fuse-linker-plugin -fno-fat-lto-objects line 16 arg1 == 1
FAIL: gcc.dg/guality/pr36728-2.c -O2 -flto -fuse-linker-plugin -fno-fat-lto-objects line 16 arg2 == 2
FAIL: gcc.dg/guality/pr36728-2.c -O2 -flto -fuse-linker-plugin -fno-fat-lto-objects line 16 arg3 == 3
FAIL: gcc.dg/guality/pr36728-2.c -O2 -flto -fuse-linker-plugin -fno-fat-lto-objects line 16 arg4 == 4
FAIL: gcc.dg/guality/pr36728-2.c -O2 -flto -fuse-linker-plugin -fno-fat-lto-objects line 16 arg5 == 5
FAIL: gcc.dg/guality/pr36728-2.c -O2 -flto -fuse-linker-plugin -fno-fat-lto-objects line 16 arg6 == 6
FAIL: gcc.dg/guality/pr36728-2.c -O2 -flto -fuse-linker-plugin -fno-fat-lto-objects line 16 arg7 == 30
FAIL: gcc.dg/guality/pr36728-2.c -O2 -flto -fuse-linker-plugin -fno-fat-lto-objects line 18 arg1 == 1
FAIL: gcc.dg/guality/pr36728-2.c -O2 -flto -fuse-linker-plugin -fno-fat-lto-objects line 18 arg2 == 2
FAIL: gcc.dg/guality/pr36728-2.c -O2 -flto -fuse-linker-plugin -fno-fat-lto-objects line 18 arg3 == 3
FAIL: gcc.dg/guality/pr36728-2.c -O2 -flto -fuse-linker-plugin -fno-fat-lto-objects line 18 arg4 == 4
FAIL: gcc.dg/guality/pr36728-2.c -O2 -flto -fuse-linker-plugin -fno-fat-lto-objects line 18 arg5 == 5
FAIL: gcc.dg/guality/pr36728-2.c -O2 -flto -fuse-linker-plugin -fno-fat-lto-objects line 18 arg6 == 6
FAIL: gcc.dg/guality/pr36728-2.c -O2 -flto -fuse-linker-plugin -fno-fat-lto-objects line 18 arg7 == 30
FAIL: gcc.dg/guality/pr36728-2.c -O3 -g line 16 arg1 == 1
FAIL: gcc.dg/guality/pr36728-2.c -O3 -g line 16 arg2 == 2
FAIL: gcc.dg/guality/pr36728-2.c -O3 -g line 16 arg3 == 3
FAIL: gcc.dg/guality/pr36728-2.c -O3 -g line 16 arg4 == 4
FAIL: gcc.dg/guality/pr36728-2.c -O3 -g line 16 arg5 == 5
FAIL: gcc.dg/guality/pr36728-2.c -O3 -g line 16 arg6 == 6
FAIL: gcc.dg/guality/pr36728-2.c -O3 -g line 16 arg7 == 30
FAIL: gcc.dg/guality/pr36728-2.c -O3 -g line 18 arg1 == 1
FAIL: gcc.dg/guality/pr36728-2.c -O3 -g line 18 arg2 == 2
FAIL: gcc.dg/guality/pr36728-2.c -O3 -g line 18 arg3 == 3
FAIL: gcc.dg/guality/pr36728-2.c -O3 -g line 18 arg4 == 4
FAIL: gcc.dg/guality/pr36728-2.c -O3 -g line 18 arg5 == 5
FAIL: gcc.dg/guality/pr36728-2.c -O3 -g line 18 arg6 == 6
FAIL: gcc.dg/guality/pr36728-2.c -O3 -g line 18 arg7 == 30
FAIL: gcc.dg/guality/pr36728-2.c -Os line 16 arg5 == 5
FAIL: gcc.dg/guality/pr36728-2.c -Os line 16 arg6 == 6
FAIL: gcc.dg/guality/pr36728-2.c -Os line 16 arg7 == 30
FAIL: gcc.dg/guality/pr36728-2.c -Os line 18 arg5 == 5
FAIL: gcc.dg/guality/pr36728-2.c -Os line 18 arg6 == 6
FAIL: gcc.dg/guality/pr36728-2.c -Os line 18 arg7 == 30
FAIL: gcc.dg/guality/pr36728-3.c -O1 line 14 arg5 == 5
FAIL: gcc.dg/guality/pr36728-3.c -O1 line 14 arg6 == 6
FAIL: gcc.dg/guality/pr36728-3.c -O1 line 14 arg7 == 30
FAIL: gcc.dg/guality/pr36728-3.c -O1 line 16 arg5 == 5
FAIL: gcc.dg/guality/pr36728-3.c -O1 line 16 arg6 == 6
FAIL: gcc.dg/guality/pr36728-3.c -O1 line 16 arg7 == 30
FAIL: gcc.dg/guality/pr36728-3.c -O2 line 14 arg5 == 5
FAIL: gcc.dg/guality/pr36728-3.c -O2 line 14 arg6 == 6
FAIL: gcc.dg/guality/pr36728-3.c -O2 line 14 arg7 == 30
FAIL: gcc.dg/guality/pr36728-3.c -O2 line 16 arg5 == 5
FAIL: gcc.dg/guality/pr36728-3.c -O2 line 16 arg6 == 6
FAIL: gcc.dg/guality/pr36728-3.c -O2 line 16 arg7 == 30
FAIL: gcc.dg/guality/pr36728-3.c -O2 -flto -fno-use-linker-plugin -flto-partition=none line 14 arg5 == 5
FAIL: gcc.dg/guality/pr36728-3.c -O2 -flto -fno-use-linker-plugin -flto-partition=none line 14 arg6 == 6
FAIL: gcc.dg/guality/pr36728-3.c -O2 -flto -fno-use-linker-plugin -flto-partition=none line 14 arg7 == 30
FAIL: gcc.dg/guality/pr36728-3.c -O2 -flto -fno-use-linker-plugin -flto-partition=none line 16 arg5 == 5
FAIL: gcc.dg/guality/pr36728-3.c -O2 -flto -fno-use-linker-plugin -flto-partition=none line 16 arg6 == 6
FAIL: gcc.dg/guality/pr36728-3.c -O2 -flto -fno-use-linker-plugin -flto-partition=none line 16 arg7 == 30
FAIL: gcc.dg/guality/pr36728-3.c -O2 -flto -fuse-linker-plugin -fno-fat-lto-objects line 14 arg1 == 1
FAIL: gcc.dg/guality/pr36728-3.c -O2 -flto -fuse-linker-plugin -fno-fat-lto-objects line 14 arg2 == 2
FAIL: gcc.dg/guality/pr36728-3.c -O2 -flto -fuse-linker-plugin -fno-fat-lto-objects line 14 arg3 == 3
FAIL: gcc.dg/guality/pr36728-3.c -O2 -flto -fuse-linker-plugin -fno-fat-lto-objects line 14 arg4 == 4
FAIL: gcc.dg/guality/pr36728-3.c -O2 -flto -fuse-linker-plugin -fno-fat-lto-objects line 14 arg5 == 5
FAIL: gcc.dg/guality/pr36728-3.c -O2 -flto -fuse-linker-plugin -fno-fat-lto-objects line 14 arg6 == 6
FAIL: gcc.dg/guality/pr36728-3.c -O2 -flto -fuse-linker-plugin -fno-fat-lto-objects line 14 arg7 == 30
FAIL: gcc.dg/guality/pr36728-3.c -O2 -flto -fuse-linker-plugin -fno-fat-lto-objects line 16 arg1 == 1
FAIL: gcc.dg/guality/pr36728-3.c -O2 -flto -fuse-linker-plugin -fno-fat-lto-objects line 16 arg2 == 2
FAIL: gcc.dg/guality/pr36728-3.c -O2 -flto -fuse-linker-plugin -fno-fat-lto-objects line 16 arg3 == 3
FAIL: gcc.dg/guality/pr36728-3.c -O2 -flto -fuse-linker-plugin -fno-fat-lto-objects line 16 arg4 == 4
FAIL: gcc.dg/guality/pr36728-3.c -O2 -flto -fuse-linker-plugin -fno-fat-lto-objects line 16 arg5 == 5
FAIL: gcc.dg/guality/pr36728-3.c -O2 -flto -fuse-linker-plugin -fno-fat-lto-objects line 16 arg6 == 6
FAIL: gcc.dg/guality/pr36728-3.c -O2 -flto -fuse-linker-plugin -fno-fat-lto-objects line 16 arg7 == 30
FAIL: gcc.dg/guality/pr36728-3.c -O3 -g line 14 arg1 == 1
FAIL: gcc.dg/guality/pr36728-3.c -O3 -g line 14 arg2 == 2
FAIL: gcc.dg/guality/pr36728-3.c -O3 -g line 14 arg3 == 3
FAIL: gcc.dg/guality/pr36728-3.c -O3 -g line 14 arg4 == 4
FAIL: gcc.dg/guality/pr36728-3.c -O3 -g line 14 arg5 == 5
FAIL: gcc.dg/guality/pr36728-3.c -O3 -g line 14 arg6 == 6
FAIL: gcc.dg/guality/pr36728-3.c -O3 -g line 16 arg1 == 1
FAIL: gcc.dg/guality/pr36728-3.c -O3 -g line 16 arg2 == 2
FAIL: gcc.dg/guality/pr36728-3.c -O3 -g line 16 arg3 == 3
FAIL: gcc.dg/guality/pr36728-3.c -O3 -g line 16 arg4 == 4
FAIL: gcc.dg/guality/pr36728-3.c -O3 -g line 16 arg5 == 5
FAIL: gcc.dg/guality/pr36728-3.c -O3 -g line 16 arg6 == 6
FAIL: gcc.dg/guality/pr36728-3.c -O3 -g line 16 arg7 == 30
FAIL: gcc.dg/guality/pr36728-3.c -Os line 14 arg5 == 5
FAIL: gcc.dg/guality/pr36728-3.c -Os line 14 arg6 == 6
FAIL: gcc.dg/guality/pr36728-3.c -Os line 14 arg7 == 30
FAIL: gcc.dg/guality/pr36728-3.c -Os line 16 arg5 == 5
FAIL: gcc.dg/guality/pr36728-3.c -Os line 16 arg6 == 6
FAIL: gcc.dg/guality/pr36728-3.c -Os line 16 arg7 == 30
FAIL: gcc.dg/guality/pr36728-4.c -O1 line 14 arg5 == 5
FAIL: gcc.dg/guality/pr36728-4.c -O1 line 14 arg6 == 6
FAIL: gcc.dg/guality/pr36728-4.c -O1 line 14 arg7 == 30
FAIL: gcc.dg/guality/pr36728-4.c -O1 line 16 arg5 == 5
FAIL: gcc.dg/guality/pr36728-4.c -O1 line 16 arg6 == 6
FAIL: gcc.dg/guality/pr36728-4.c -O1 line 16 arg7 == 30
FAIL: gcc.dg/guality/pr36728-4.c -O2 line 14 arg5 == 5
FAIL: gcc.dg/guality/pr36728-4.c -O2 line 14 arg6 == 6
FAIL: gcc.dg/guality/pr36728-4.c -O2 line 14 arg7 == 30
FAIL: gcc.dg/guality/pr36728-4.c -O2 line 16 arg5 == 5
FAIL: gcc.dg/guality/pr36728-4.c -O2 line 16 arg6 == 6
FAIL: gcc.dg/guality/pr36728-4.c -O2 line 16 arg7 == 30
FAIL: gcc.dg/guality/pr36728-4.c -O2 -flto -fno-use-linker-plugin -flto-partition=none line 14 arg5 == 5
FAIL: gcc.dg/guality/pr36728-4.c -O2 -flto -fno-use-linker-plugin -flto-partition=none line 14 arg6 == 6
FAIL: gcc.dg/guality/pr36728-4.c -O2 -flto -fno-use-linker-plugin -flto-partition=none line 14 arg7 == 30
FAIL: gcc.dg/guality/pr36728-4.c -O2 -flto -fno-use-linker-plugin -flto-partition=none line 16 arg5 == 5
FAIL: gcc.dg/guality/pr36728-4.c -O2 -flto -fno-use-linker-plugin -flto-partition=none line 16 arg6 == 6
FAIL: gcc.dg/guality/pr36728-4.c -O2 -flto -fno-use-linker-plugin -flto-partition=none line 16 arg7 == 30
FAIL: gcc.dg/guality/pr36728-4.c -Os line 14 arg5 == 5
FAIL: gcc.dg/guality/pr36728-4.c -Os line 14 arg6 == 6
FAIL: gcc.dg/guality/pr36728-4.c -Os line 14 arg7 == 30
FAIL: gcc.dg/guality/pr36728-4.c -Os line 16 arg5 == 5
FAIL: gcc.dg/guality/pr36728-4.c -Os line 16 arg6 == 6
FAIL: gcc.dg/guality/pr36728-4.c -Os line 16 arg7 == 30
XPASS: gcc.dg/guality/pr41353-1.c -O0 line 28 j == 28 + 37
FAIL: gcc.dg/guality/pr41447-1.c -O1 execution test
FAIL: gcc.dg/guality/pr41447-1.c -O2 execution test
FAIL: gcc.dg/guality/pr41447-1.c -O2 -flto -fno-use-linker-plugin -flto-partition=none execution test
FAIL: gcc.dg/guality/pr41447-1.c -Os execution test
FAIL: gcc.dg/guality/pr41616-1.c -O1 execution test
FAIL: gcc.dg/guality/pr41616-1.c -O2 execution test
FAIL: gcc.dg/guality/pr41616-1.c -O2 -flto -fno-use-linker-plugin -flto-partition=none execution test
FAIL: gcc.dg/guality/pr41616-1.c -O2 -flto -fuse-linker-plugin -fno-fat-lto-objects execution test
FAIL: gcc.dg/guality/pr41616-1.c -O3 -g execution test
FAIL: gcc.dg/guality/pr41616-1.c -Os execution test
FAIL: gcc.dg/guality/pr45882.c -O2 -flto -fuse-linker-plugin -fno-fat-lto-objects line 16 d == 112
FAIL: gcc.dg/guality/pr45882.c -O2 -flto -fuse-linker-plugin -fno-fat-lto-objects line 16 e == 142
FAIL: gcc.dg/guality/pr54200.c -O2 line 20 z == 3
FAIL: gcc.dg/guality/pr54200.c -O2 -flto -fno-use-linker-plugin -flto-partition=none line 20 z == 3
FAIL: gcc.dg/guality/pr54200.c -O3 -g line 20 z == 3
FAIL: gcc.dg/guality/pr54200.c -Os line 20 z == 3
FAIL: gcc.dg/guality/pr54519-1.c -O1 line 20 z == 6
FAIL: gcc.dg/guality/pr54519-1.c -O1 line 23 z == 8
FAIL: gcc.dg/guality/pr54519-1.c -O2 line 20 y == 25
FAIL: gcc.dg/guality/pr54519-1.c -O2 line 20 z == 6
FAIL: gcc.dg/guality/pr54519-1.c -O2 line 23 y == 117
FAIL: gcc.dg/guality/pr54519-1.c -O2 line 23 z == 8
FAIL: gcc.dg/guality/pr54519-1.c -O2 -flto -fno-use-linker-plugin -flto-partition=none line 20 y == 25
FAIL: gcc.dg/guality/pr54519-1.c -O2 -flto -fno-use-linker-plugin -flto-partition=none line 20 z == 6
FAIL: gcc.dg/guality/pr54519-1.c -O2 -flto -fno-use-linker-plugin -flto-partition=none line 23 y == 117
FAIL: gcc.dg/guality/pr54519-1.c -O2 -flto -fno-use-linker-plugin -flto-partition=none line 23 z == 8
FAIL: gcc.dg/guality/pr54519-1.c -O2 -flto -fuse-linker-plugin -fno-fat-lto-objects line 20 y == 25
FAIL: gcc.dg/guality/pr54519-1.c -O2 -flto -fuse-linker-plugin -fno-fat-lto-objects line 20 z == 6
FAIL: gcc.dg/guality/pr54519-1.c -O2 -flto -fuse-linker-plugin -fno-fat-lto-objects line 23 y == 117
FAIL: gcc.dg/guality/pr54519-1.c -O2 -flto -fuse-linker-plugin -fno-fat-lto-objects line 23 z == 8
FAIL: gcc.dg/guality/pr54519-1.c -Os line 20 y == 25
FAIL: gcc.dg/guality/pr54519-1.c -Os line 23 y == 117
FAIL: gcc.dg/guality/pr54519-2.c -O1 line 17 y == 25
FAIL: gcc.dg/guality/pr54519-2.c -O2 line 17 y == 25
FAIL: gcc.dg/guality/pr54519-2.c -O2 -flto -fno-use-linker-plugin -flto-partition=none line 17 y == 25
FAIL: gcc.dg/guality/pr54519-2.c -O2 -flto -fuse-linker-plugin -fno-fat-lto-objects line 17 y == 25
FAIL: gcc.dg/guality/pr54519-2.c -Os line 17 y == 25
FAIL: gcc.dg/guality/pr54519-3.c -O1 line 20 z == 6
FAIL: gcc.dg/guality/pr54519-3.c -O1 line 23 z == 8
FAIL: gcc.dg/guality/pr54519-3.c -O2 line 20 z == 6
FAIL: gcc.dg/guality/pr54519-3.c -O2 line 23 z == 8
FAIL: gcc.dg/guality/pr54519-3.c -O2 -flto -fno-use-linker-plugin -flto-partition=none line 20 y == 25
FAIL: gcc.dg/guality/pr54519-3.c -O2 -flto -fno-use-linker-plugin -flto-partition=none line 20 z == 6
FAIL: gcc.dg/guality/pr54519-3.c -O2 -flto -fno-use-linker-plugin -flto-partition=none line 23 y == 117
FAIL: gcc.dg/guality/pr54519-3.c -O2 -flto -fno-use-linker-plugin -flto-partition=none line 23 z == 8
FAIL: gcc.dg/guality/pr54519-3.c -O2 -flto -fuse-linker-plugin -fno-fat-lto-objects line 20 y == 25
FAIL: gcc.dg/guality/pr54519-3.c -O2 -flto -fuse-linker-plugin -fno-fat-lto-objects line 20 z == 6
FAIL: gcc.dg/guality/pr54519-3.c -O2 -flto -fuse-linker-plugin -fno-fat-lto-objects line 23 y == 117
FAIL: gcc.dg/guality/pr54519-3.c -O2 -flto -fuse-linker-plugin -fno-fat-lto-objects line 23 z == 8
FAIL: gcc.dg/guality/pr54519-3.c -O3 -g line 20 z == 6
FAIL: gcc.dg/guality/pr54519-3.c -O3 -g line 23 z == 8
FAIL: gcc.dg/guality/pr54519-3.c -Os line 20 z == 6
FAIL: gcc.dg/guality/pr54519-3.c -Os line 23 z == 8
FAIL: gcc.dg/guality/pr54519-4.c -O1 line 17 y == 25
FAIL: gcc.dg/guality/pr54519-4.c -O2 line 17 y == 25
FAIL: gcc.dg/guality/pr54519-4.c -O2 -flto -fno-use-linker-plugin -flto-partition=none line 17 y == 25
FAIL: gcc.dg/guality/pr54519-4.c -O2 -flto -fuse-linker-plugin -fno-fat-lto-objects line 17 y == 25
FAIL: gcc.dg/guality/pr54519-4.c -O3 -g line 17 y == 25
FAIL: gcc.dg/guality/pr54519-4.c -Os line 17 y == 25
FAIL: gcc.dg/guality/pr54519-5.c -O1 line 17 y == 25
FAIL: gcc.dg/guality/pr54519-5.c -O2 line 17 y == 25
FAIL: gcc.dg/guality/pr54519-5.c -O2 -flto -fno-use-linker-plugin -flto-partition=none line 17 y == 25
FAIL: gcc.dg/guality/pr54519-5.c -O2 -flto -fuse-linker-plugin -fno-fat-lto-objects line 17 y == 25
FAIL: gcc.dg/guality/pr54519-5.c -O3 -g line 17 y == 25
FAIL: gcc.dg/guality/pr54519-5.c -Os line 17 y == 25
FAIL: gcc.dg/guality/pr54551.c -O1 line 18 a == 4
FAIL: gcc.dg/guality/pr54551.c -O1 line 18 z == 3
FAIL: gcc.dg/guality/pr54551.c -O2 line 18 a == 4
FAIL: gcc.dg/guality/pr54551.c -O2 line 18 z == 3
FAIL: gcc.dg/guality/pr54551.c -O2 -flto -fno-use-linker-plugin -flto-partition=none line 18 a == 4
FAIL: gcc.dg/guality/pr54551.c -O2 -flto -fno-use-linker-plugin -flto-partition=none line 18 z == 3
FAIL: gcc.dg/guality/pr54551.c -O3 -g line 18 a == 4
FAIL: gcc.dg/guality/pr54551.c -O3 -g line 18 z == 3
FAIL: gcc.dg/guality/pr54551.c -Os line 18 a == 4
FAIL: gcc.dg/guality/pr54551.c -Os line 18 z == 3
FAIL: gcc.dg/guality/pr54796.c -O1 line 17 a == 5
FAIL: gcc.dg/guality/pr54796.c -O1 line 17 b == 6
FAIL: gcc.dg/guality/pr54796.c -O1 line 17 c == 5
FAIL: gcc.dg/guality/pr54796.c -O2 line 17 a == 5
FAIL: gcc.dg/guality/pr54796.c -O2 line 17 b == 6
FAIL: gcc.dg/guality/pr54796.c -O2 line 17 c == 5
FAIL: gcc.dg/guality/pr54796.c -O2 -flto -fno-use-linker-plugin -flto-partition=none line 17 a == 5
FAIL: gcc.dg/guality/pr54796.c -O2 -flto -fno-use-linker-plugin -flto-partition=none line 17 b == 6
FAIL: gcc.dg/guality/pr54796.c -O2 -flto -fno-use-linker-plugin -flto-partition=none line 17 c == 5
FAIL: gcc.dg/guality/pr54796.c -O2 -flto -fuse-linker-plugin -fno-fat-lto-objects line 17 a == 5
FAIL: gcc.dg/guality/pr54796.c -O2 -flto -fuse-linker-plugin -fno-fat-lto-objects line 17 b == 6
FAIL: gcc.dg/guality/pr54796.c -O2 -flto -fuse-linker-plugin -fno-fat-lto-objects line 17 c == 5
FAIL: gcc.dg/guality/pr54796.c -O3 -g line 17 a == 5
FAIL: gcc.dg/guality/pr54796.c -O3 -g line 17 b == 6
FAIL: gcc.dg/guality/pr54796.c -O3 -g line 17 c == 5
FAIL: gcc.dg/guality/pr54796.c -Os line 17 a == 5
FAIL: gcc.dg/guality/pr54796.c -Os line 17 b == 6
FAIL: gcc.dg/guality/pr54796.c -Os line 17 c == 5
XPASS: gcc.dg/guality/pr54970.c -O0 line 31 a[0] == 4
XPASS: gcc.dg/guality/pr54970.c -O0 line 36 a[0] == 4
XPASS: gcc.dg/guality/pr54970.c -O0 line 45 a[0] == 4
XPASS: gcc.dg/guality/pr54970.c -O0 line 45 p[-2] == 4
XPASS: gcc.dg/guality/pr54970.c -O0 line 45 q[-1] == 4
FAIL: gcc.dg/guality/pr68860-1.c -O1 line 14 arg5 == 5
FAIL: gcc.dg/guality/pr68860-1.c -O1 line 14 arg6 == 6
FAIL: gcc.dg/guality/pr68860-1.c -O1 line 14 arg7 == 30
FAIL: gcc.dg/guality/pr68860-1.c -O1 line 14 arg8 == 7
FAIL: gcc.dg/guality/pr68860-1.c -O1 line 16 arg5 == 5
FAIL: gcc.dg/guality/pr68860-1.c -O1 line 16 arg6 == 6
FAIL: gcc.dg/guality/pr68860-1.c -O1 line 16 arg7 == 30
FAIL: gcc.dg/guality/pr68860-1.c -O1 line 16 arg8 == 7
FAIL: gcc.dg/guality/pr68860-1.c -O2 line 14 arg1 == 1
FAIL: gcc.dg/guality/pr68860-1.c -O2 line 14 arg2 == 2
FAIL: gcc.dg/guality/pr68860-1.c -O2 line 14 arg3 == 3
FAIL: gcc.dg/guality/pr68860-1.c -O2 line 14 arg4 == 4
FAIL: gcc.dg/guality/pr68860-1.c -O2 line 14 arg5 == 5
FAIL: gcc.dg/guality/pr68860-1.c -O2 line 14 arg6 == 6
FAIL: gcc.dg/guality/pr68860-1.c -O2 line 16 arg1 == 1
FAIL: gcc.dg/guality/pr68860-1.c -O2 line 16 arg2 == 2
FAIL: gcc.dg/guality/pr68860-1.c -O2 line 16 arg3 == 3
FAIL: gcc.dg/guality/pr68860-1.c -O2 line 16 arg4 == 4
FAIL: gcc.dg/guality/pr68860-1.c -O2 line 16 arg5 == 5
FAIL: gcc.dg/guality/pr68860-1.c -O2 line 16 arg6 == 6
FAIL: gcc.dg/guality/pr68860-1.c -O2 line 16 arg7 == 30
FAIL: gcc.dg/guality/pr68860-1.c -O2 -flto -fno-use-linker-plugin -flto-partition=none line 14 arg1 == 1
FAIL: gcc.dg/guality/pr68860-1.c -O2 -flto -fno-use-linker-plugin -flto-partition=none line 14 arg2 == 2
FAIL: gcc.dg/guality/pr68860-1.c -O2 -flto -fno-use-linker-plugin -flto-partition=none line 14 arg3 == 3
FAIL: gcc.dg/guality/pr68860-1.c -O2 -flto -fno-use-linker-plugin -flto-partition=none line 14 arg4 == 4
FAIL: gcc.dg/guality/pr68860-1.c -O2 -flto -fno-use-linker-plugin -flto-partition=none line 14 arg5 == 5
FAIL: gcc.dg/guality/pr68860-1.c -O2 -flto -fno-use-linker-plugin -flto-partition=none line 14 arg6 == 6
FAIL: gcc.dg/guality/pr68860-1.c -O2 -flto -fno-use-linker-plugin -flto-partition=none line 14 arg7 == 30
FAIL: gcc.dg/guality/pr68860-1.c -O2 -flto -fno-use-linker-plugin -flto-partition=none line 16 arg1 == 1
FAIL: gcc.dg/guality/pr68860-1.c -O2 -flto -fno-use-linker-plugin -flto-partition=none line 16 arg2 == 2
FAIL: gcc.dg/guality/pr68860-1.c -O2 -flto -fno-use-linker-plugin -flto-partition=none line 16 arg3 == 3
FAIL: gcc.dg/guality/pr68860-1.c -O2 -flto -fno-use-linker-plugin -flto-partition=none line 16 arg4 == 4
FAIL: gcc.dg/guality/pr68860-1.c -O2 -flto -fno-use-linker-plugin -flto-partition=none line 16 arg5 == 5
FAIL: gcc.dg/guality/pr68860-1.c -O2 -flto -fno-use-linker-plugin -flto-partition=none line 16 arg6 == 6
FAIL: gcc.dg/guality/pr68860-1.c -O2 -flto -fno-use-linker-plugin -flto-partition=none line 16 arg7 == 30
FAIL: gcc.dg/guality/pr68860-1.c -O2 -flto -fuse-linker-plugin -fno-fat-lto-objects line 14 arg1 == 1
FAIL: gcc.dg/guality/pr68860-1.c -O2 -flto -fuse-linker-plugin -fno-fat-lto-objects line 14 arg2 == 2
FAIL: gcc.dg/guality/pr68860-1.c -O2 -flto -fuse-linker-plugin -fno-fat-lto-objects line 14 arg3 == 3
FAIL: gcc.dg/guality/pr68860-1.c -O2 -flto -fuse-linker-plugin -fno-fat-lto-objects line 14 arg4 == 4
FAIL: gcc.dg/guality/pr68860-1.c -O2 -flto -fuse-linker-plugin -fno-fat-lto-objects line 14 arg5 == 5
FAIL: gcc.dg/guality/pr68860-1.c -O2 -flto -fuse-linker-plugin -fno-fat-lto-objects line 14 arg6 == 6
FAIL: gcc.dg/guality/pr68860-1.c -O2 -flto -fuse-linker-plugin -fno-fat-lto-objects line 14 arg7 == 30
FAIL: gcc.dg/guality/pr68860-1.c -O2 -flto -fuse-linker-plugin -fno-fat-lto-objects line 16 arg1 == 1
FAIL: gcc.dg/guality/pr68860-1.c -O2 -flto -fuse-linker-plugin -fno-fat-lto-objects line 16 arg2 == 2
FAIL: gcc.dg/guality/pr68860-1.c -O2 -flto -fuse-linker-plugin -fno-fat-lto-objects line 16 arg3 == 3
FAIL: gcc.dg/guality/pr68860-1.c -O2 -flto -fuse-linker-plugin -fno-fat-lto-objects line 16 arg4 == 4
FAIL: gcc.dg/guality/pr68860-1.c -O2 -flto -fuse-linker-plugin -fno-fat-lto-objects line 16 arg5 == 5
FAIL: gcc.dg/guality/pr68860-1.c -O2 -flto -fuse-linker-plugin -fno-fat-lto-objects line 16 arg6 == 6
FAIL: gcc.dg/guality/pr68860-1.c -O2 -flto -fuse-linker-plugin -fno-fat-lto-objects line 16 arg7 == 30
FAIL: gcc.dg/guality/pr68860-1.c -O3 -g line 14 arg1 == 1
FAIL: gcc.dg/guality/pr68860-1.c -O3 -g line 14 arg2 == 2
FAIL: gcc.dg/guality/pr68860-1.c -O3 -g line 14 arg3 == 3
FAIL: gcc.dg/guality/pr68860-1.c -O3 -g line 14 arg4 == 4
FAIL: gcc.dg/guality/pr68860-1.c -O3 -g line 14 arg5 == 5
FAIL: gcc.dg/guality/pr68860-1.c -O3 -g line 14 arg6 == 6
FAIL: gcc.dg/guality/pr68860-1.c -O3 -g line 16 arg1 == 1
FAIL: gcc.dg/guality/pr68860-1.c -O3 -g line 16 arg2 == 2
FAIL: gcc.dg/guality/pr68860-1.c -O3 -g line 16 arg3 == 3
FAIL: gcc.dg/guality/pr68860-1.c -O3 -g line 16 arg4 == 4
FAIL: gcc.dg/guality/pr68860-1.c -O3 -g line 16 arg5 == 5
FAIL: gcc.dg/guality/pr68860-1.c -O3 -g line 16 arg6 == 6
FAIL: gcc.dg/guality/pr68860-1.c -O3 -g line 16 arg7 == 30
FAIL: gcc.dg/guality/pr68860-1.c -Os line 14 arg1 == 1
FAIL: gcc.dg/guality/pr68860-1.c -Os line 14 arg2 == 2
FAIL: gcc.dg/guality/pr68860-1.c -Os line 14 arg3 == 3
FAIL: gcc.dg/guality/pr68860-1.c -Os line 14 arg4 == 4
FAIL: gcc.dg/guality/pr68860-1.c -Os line 14 arg5 == 5
FAIL: gcc.dg/guality/pr68860-1.c -Os line 14 arg6 == 6
FAIL: gcc.dg/guality/pr68860-1.c -Os line 16 arg1 == 1
FAIL: gcc.dg/guality/pr68860-1.c -Os line 16 arg2 == 2
FAIL: gcc.dg/guality/pr68860-1.c -Os line 16 arg3 == 3
FAIL: gcc.dg/guality/pr68860-1.c -Os line 16 arg4 == 4
FAIL: gcc.dg/guality/pr68860-1.c -Os line 16 arg5 == 5
FAIL: gcc.dg/guality/pr68860-1.c -Os line 16 arg6 == 6
FAIL: gcc.dg/guality/pr68860-1.c -Os line 16 arg7 == 30
FAIL: gcc.dg/guality/pr68860-2.c -O1 line 14 arg5 == 5
FAIL: gcc.dg/guality/pr68860-2.c -O1 line 14 arg6 == 6
FAIL: gcc.dg/guality/pr68860-2.c -O1 line 14 arg7 == 30
FAIL: gcc.dg/guality/pr68860-2.c -O1 line 14 arg8 == 7
FAIL: gcc.dg/guality/pr68860-2.c -O1 line 16 arg5 == 5
FAIL: gcc.dg/guality/pr68860-2.c -O1 line 16 arg6 == 6
FAIL: gcc.dg/guality/pr68860-2.c -O1 line 16 arg7 == 30
FAIL: gcc.dg/guality/pr68860-2.c -O1 line 16 arg8 == 7
FAIL: gcc.dg/guality/pr68860-2.c -O2 line 14 arg5 == 5
FAIL: gcc.dg/guality/pr68860-2.c -O2 line 14 arg6 == 6
FAIL: gcc.dg/guality/pr68860-2.c -O2 line 14 arg7 == 30
FAIL: gcc.dg/guality/pr68860-2.c -O2 line 14 arg8 == 7
FAIL: gcc.dg/guality/pr68860-2.c -O2 line 16 arg5 == 5
FAIL: gcc.dg/guality/pr68860-2.c -O2 line 16 arg6 == 6
FAIL: gcc.dg/guality/pr68860-2.c -O2 line 16 arg7 == 30
FAIL: gcc.dg/guality/pr68860-2.c -O2 line 16 arg8 == 7
FAIL: gcc.dg/guality/pr68860-2.c -O2 -flto -fno-use-linker-plugin -flto-partition=none line 14 arg5 == 5
FAIL: gcc.dg/guality/pr68860-2.c -O2 -flto -fno-use-linker-plugin -flto-partition=none line 14 arg6 == 6
FAIL: gcc.dg/guality/pr68860-2.c -O2 -flto -fno-use-linker-plugin -flto-partition=none line 14 arg7 == 30
FAIL: gcc.dg/guality/pr68860-2.c -O2 -flto -fno-use-linker-plugin -flto-partition=none line 14 arg8 == 7
FAIL: gcc.dg/guality/pr68860-2.c -O2 -flto -fno-use-linker-plugin -flto-partition=none line 16 arg5 == 5
FAIL: gcc.dg/guality/pr68860-2.c -O2 -flto -fno-use-linker-plugin -flto-partition=none line 16 arg6 == 6
FAIL: gcc.dg/guality/pr68860-2.c -O2 -flto -fno-use-linker-plugin -flto-partition=none line 16 arg7 == 30
FAIL: gcc.dg/guality/pr68860-2.c -O2 -flto -fno-use-linker-plugin -flto-partition=none line 16 arg8 == 7
FAIL: gcc.dg/guality/pr68860-2.c -O2 -flto -fuse-linker-plugin -fno-fat-lto-objects line 14 arg1 == 1
FAIL: gcc.dg/guality/pr68860-2.c -O2 -flto -fuse-linker-plugin -fno-fat-lto-objects line 14 arg2 == 2
FAIL: gcc.dg/guality/pr68860-2.c -O2 -flto -fuse-linker-plugin -fno-fat-lto-objects line 14 arg3 == 3
FAIL: gcc.dg/guality/pr68860-2.c -O2 -flto -fuse-linker-plugin -fno-fat-lto-objects line 14 arg4 == 4
FAIL: gcc.dg/guality/pr68860-2.c -O2 -flto -fuse-linker-plugin -fno-fat-lto-objects line 14 arg5 == 5
FAIL: gcc.dg/guality/pr68860-2.c -O2 -flto -fuse-linker-plugin -fno-fat-lto-objects line 14 arg6 == 6
FAIL: gcc.dg/guality/pr68860-2.c -O2 -flto -fuse-linker-plugin -fno-fat-lto-objects line 14 arg7 == 30
FAIL: gcc.dg/guality/pr68860-2.c -O2 -flto -fuse-linker-plugin -fno-fat-lto-objects line 16 arg1 == 1
FAIL: gcc.dg/guality/pr68860-2.c -O2 -flto -fuse-linker-plugin -fno-fat-lto-objects line 16 arg2 == 2
FAIL: gcc.dg/guality/pr68860-2.c -O2 -flto -fuse-linker-plugin -fno-fat-lto-objects line 16 arg3 == 3
FAIL: gcc.dg/guality/pr68860-2.c -O2 -flto -fuse-linker-plugin -fno-fat-lto-objects line 16 arg4 == 4
FAIL: gcc.dg/guality/pr68860-2.c -O2 -flto -fuse-linker-plugin -fno-fat-lto-objects line 16 arg5 == 5
FAIL: gcc.dg/guality/pr68860-2.c -O2 -flto -fuse-linker-plugin -fno-fat-lto-objects line 16 arg6 == 6
FAIL: gcc.dg/guality/pr68860-2.c -O2 -flto -fuse-linker-plugin -fno-fat-lto-objects line 16 arg7 == 30
FAIL: gcc.dg/guality/pr68860-2.c -O3 -g line 14 arg1 == 1
FAIL: gcc.dg/guality/pr68860-2.c -O3 -g line 14 arg2 == 2
FAIL: gcc.dg/guality/pr68860-2.c -O3 -g line 14 arg3 == 3
FAIL: gcc.dg/guality/pr68860-2.c -O3 -g line 14 arg4 == 4
FAIL: gcc.dg/guality/pr68860-2.c -O3 -g line 14 arg5 == 5
FAIL: gcc.dg/guality/pr68860-2.c -O3 -g line 14 arg6 == 6
FAIL: gcc.dg/guality/pr68860-2.c -O3 -g line 14 arg8 == 7
FAIL: gcc.dg/guality/pr68860-2.c -O3 -g line 16 arg1 == 1
FAIL: gcc.dg/guality/pr68860-2.c -O3 -g line 16 arg2 == 2
FAIL: gcc.dg/guality/pr68860-2.c -O3 -g line 16 arg3 == 3
FAIL: gcc.dg/guality/pr68860-2.c -O3 -g line 16 arg4 == 4
FAIL: gcc.dg/guality/pr68860-2.c -O3 -g line 16 arg5 == 5
FAIL: gcc.dg/guality/pr68860-2.c -O3 -g line 16 arg6 == 6
FAIL: gcc.dg/guality/pr68860-2.c -O3 -g line 16 arg7 == 30
FAIL: gcc.dg/guality/pr68860-2.c -O3 -g line 16 arg8 == 7
FAIL: gcc.dg/guality/pr68860-2.c -Os line 14 arg5 == 5
FAIL: gcc.dg/guality/pr68860-2.c -Os line 14 arg6 == 6
FAIL: gcc.dg/guality/pr68860-2.c -Os line 14 arg7 == 30
FAIL: gcc.dg/guality/pr68860-2.c -Os line 14 arg8 == 7
FAIL: gcc.dg/guality/pr68860-2.c -Os line 16 arg5 == 5
FAIL: gcc.dg/guality/pr68860-2.c -Os line 16 arg6 == 6
FAIL: gcc.dg/guality/pr68860-2.c -Os line 16 arg7 == 30
FAIL: gcc.dg/guality/pr68860-2.c -Os line 16 arg8 == 7
FAIL: gcc.dg/guality/vla-1.c -O1 line 17 sizeof (a) == 6
FAIL: gcc.dg/guality/vla-1.c -O2 line 17 sizeof (a) == 6
FAIL: gcc.dg/guality/vla-1.c -O2 -flto -fno-use-linker-plugin -flto-partition=none line 17 sizeof (a) == 6
FAIL: gcc.dg/guality/vla-1.c -O2 -flto -fno-use-linker-plugin -flto-partition=none line 24 sizeof (a) == 17 * sizeof (short)
FAIL: gcc.dg/guality/vla-1.c -O2 -flto -fuse-linker-plugin -fno-fat-lto-objects line 17 sizeof (a) == 6
FAIL: gcc.dg/guality/vla-1.c -O2 -flto -fuse-linker-plugin -fno-fat-lto-objects line 24 sizeof (a) == 17 * sizeof (short)
FAIL: gcc.dg/guality/vla-1.c -O3 -g line 17 sizeof (a) == 6
FAIL: gcc.dg/guality/vla-1.c -Os line 17 sizeof (a) == 6
XPASS: gcc.dg/ipa/iinline-4.c scan-ipa-dump inline "hooray4[^\\\\n]*inline copy in test4"
XPASS: gcc.dg/ipa/inline-5.c scan-ipa-dump-times fnsummary "Will be eliminated" 4
XPASS: gcc.dg/ipa/ipcp-cstagg-7.c scan-ipa-dump-times cp "Discovered an indirect call to a known target" 3
FAIL: gcc.dg/tree-ssa/builtin-sprintf-warn-18.c (test for warnings, line 119)
FAIL: gcc.dg/tree-ssa/builtin-sprintf-warn-18.c (test for warnings, line 121)
XPASS: gcc.dg/tree-ssa/loop-1.c scan-assembler-times foo 5
XPASS: gcc.dg/tree-ssa/vector-4.c scan-tree-dump-times gimple "VEC_PERM_EXPR <a, b, { 0, 4, 1, 5 }>;" 1
FAIL: gcc.target/hppa/shadd-3.c scan-assembler-times sh.add 5
=== gcc Summary ===
# of expected passes 101218
# of unexpected failures 431
# of unexpected successes 18
# of expected failures 320
# of unsupported tests 2467
/home/aaro/gcctest/build/gcc/xgcc version 8.2.0 (GCC)
=== libatomic tests ===
Running target unix
=== libatomic Summary ===
# of expected passes 44
# of unsupported tests 5
=== libgomp tests ===
Running target unix
FAIL: libgomp.c++/member-5.C execution test
=== libgomp Summary ===
# of expected passes 1822
# of unexpected failures 1
# of unsupported tests 199
=== libstdc++ tests ===
Running target unix
FAIL: 26_numerics/headers/cmath/hypot.cc execution test
FAIL: libstdc++-prettyprinters/cxx17.cc print ab
FAIL: libstdc++-prettyprinters/cxx17.cc print ab
FAIL: libstdc++-prettyprinters/cxx17.cc print ai
FAIL: libstdc++-prettyprinters/cxx17.cc print ai
FAIL: libstdc++-prettyprinters/cxx17.cc print am
FAIL: libstdc++-prettyprinters/cxx17.cc print am
FAIL: libstdc++-prettyprinters/cxx17.cc print ap
FAIL: libstdc++-prettyprinters/cxx17.cc print ap
FAIL: libstdc++-prettyprinters/cxx17.cc print as
FAIL: libstdc++-prettyprinters/cxx17.cc print as
FAIL: libstdc++-prettyprinters/cxx17.cc print as2
FAIL: libstdc++-prettyprinters/cxx17.cc print as2
FAIL: libstdc++-prettyprinters/libfundts.cc print ab
FAIL: libstdc++-prettyprinters/libfundts.cc print ab
FAIL: libstdc++-prettyprinters/libfundts.cc print ai
FAIL: libstdc++-prettyprinters/libfundts.cc print ai
FAIL: libstdc++-prettyprinters/libfundts.cc print am
FAIL: libstdc++-prettyprinters/libfundts.cc print am
FAIL: libstdc++-prettyprinters/libfundts.cc print ap
FAIL: libstdc++-prettyprinters/libfundts.cc print ap
FAIL: libstdc++-prettyprinters/libfundts.cc print as
FAIL: libstdc++-prettyprinters/libfundts.cc print as
FAIL: libstdc++-prettyprinters/libfundts.cc print as2
FAIL: libstdc++-prettyprinters/libfundts.cc print as2
=== libstdc++ Summary ===
# of expected passes 12072
# of unexpected failures 25
# of expected failures 71
# of unsupported tests 603
Compiler version: 8.2.0 (GCC)
Platform: hppa2.0-unknown-linux-gnu
configure flags: --disable-nls --enable-checking=release --enable-languages=c,c++ --with-system-zlib --with-sysroot=/
More information about the Gcc-testresults
mailing list