Results for 9.0.1 20190201 (experimental) [trunk revision 268448] (GCC) testsuite on sparc-sun-solaris2.11
Rainer Orth
ro@CeBiTec.Uni-Bielefeld.DE
Fri Feb 1 16:56:00 GMT 2019
LAST_UPDATED: Fri Feb 1 12:37:00 UTC 2019 (revision 268448)
=== acats tests ===
=== acats Summary ===
# of expected passes 2320
# of unexpected failures 0
Native configuration is sparc-sun-solaris2.11
=== g++ tests ===
Running target unix
FAIL: c-c++-common/asan/global-overflow-1.c -O0 output pattern test
FAIL: c-c++-common/asan/global-overflow-1.c -O1 output pattern test
FAIL: c-c++-common/asan/global-overflow-1.c -O2 output pattern test
FAIL: c-c++-common/asan/global-overflow-1.c -O2 -flto output pattern test
FAIL: c-c++-common/asan/global-overflow-1.c -O2 -flto -flto-partition=none output pattern test
FAIL: c-c++-common/asan/global-overflow-1.c -O3 -g output pattern test
FAIL: c-c++-common/asan/global-overflow-1.c -Os output pattern test
FAIL: c-c++-common/asan/pointer-compare-1.c -O0 execution test
FAIL: c-c++-common/asan/pointer-compare-1.c -O1 execution test
FAIL: c-c++-common/asan/pointer-compare-1.c -O2 execution test
FAIL: c-c++-common/asan/pointer-compare-1.c -O2 -flto execution test
FAIL: c-c++-common/asan/pointer-compare-1.c -O2 -flto -flto-partition=none execution test
FAIL: c-c++-common/asan/pointer-compare-1.c -O3 -g execution test
FAIL: c-c++-common/asan/pointer-compare-1.c -Os execution test
FAIL: c-c++-common/asan/pointer-compare-2.c -O0 execution test
FAIL: c-c++-common/asan/pointer-compare-2.c -O1 execution test
FAIL: c-c++-common/asan/pointer-compare-2.c -O2 execution test
FAIL: c-c++-common/asan/pointer-compare-2.c -O2 -flto execution test
FAIL: c-c++-common/asan/pointer-compare-2.c -O2 -flto -flto-partition=none execution test
FAIL: c-c++-common/asan/pointer-compare-2.c -O3 -g execution test
FAIL: c-c++-common/asan/pointer-compare-2.c -Os execution test
FAIL: c-c++-common/asan/pointer-subtract-1.c -O0 execution test
FAIL: c-c++-common/asan/pointer-subtract-1.c -O1 execution test
FAIL: c-c++-common/asan/pointer-subtract-1.c -O2 execution test
FAIL: c-c++-common/asan/pointer-subtract-1.c -O2 -flto execution test
FAIL: c-c++-common/asan/pointer-subtract-1.c -O2 -flto -flto-partition=none execution test
FAIL: c-c++-common/asan/pointer-subtract-1.c -O3 -g execution test
FAIL: c-c++-common/asan/pointer-subtract-1.c -Os execution test
FAIL: c-c++-common/asan/pointer-subtract-2.c -O0 execution test
FAIL: c-c++-common/asan/pointer-subtract-2.c -O1 execution test
FAIL: c-c++-common/asan/pointer-subtract-2.c -O2 execution test
FAIL: c-c++-common/asan/pointer-subtract-2.c -O2 -flto execution test
FAIL: c-c++-common/asan/pointer-subtract-2.c -O2 -flto -flto-partition=none execution test
FAIL: c-c++-common/asan/pointer-subtract-2.c -O3 -g execution test
FAIL: c-c++-common/asan/pointer-subtract-2.c -Os execution test
FAIL: c-c++-common/asan/pr62089.c -O0 output pattern test
FAIL: c-c++-common/asan/pr62089.c -O1 output pattern test
FAIL: c-c++-common/asan/pr62089.c -O2 output pattern test
FAIL: c-c++-common/asan/pr62089.c -O2 -flto output pattern test
FAIL: c-c++-common/asan/pr62089.c -O2 -flto -flto-partition=none output pattern test
FAIL: c-c++-common/asan/pr62089.c -O3 -g output pattern test
FAIL: c-c++-common/asan/pr62089.c -Os output pattern test
FAIL: c-c++-common/asan/strlen-overflow-1.c -O0 output pattern test
FAIL: c-c++-common/asan/strlen-overflow-1.c -O1 output pattern test
FAIL: c-c++-common/asan/strlen-overflow-1.c -O2 output pattern test
FAIL: c-c++-common/asan/strlen-overflow-1.c -O3 -g output pattern test
FAIL: c-c++-common/asan/strlen-overflow-1.c -Os output pattern test
FAIL: g++.dg/asan/deep-tail-call-1.C -O0 output pattern test
FAIL: g++.dg/asan/deep-tail-call-1.C -O1 output pattern test
FAIL: g++.dg/asan/deep-tail-call-1.C -O2 output pattern test
FAIL: g++.dg/asan/deep-tail-call-1.C -O2 -flto output pattern test
FAIL: g++.dg/asan/deep-tail-call-1.C -O2 -flto -flto-partition=none output pattern test
FAIL: g++.dg/asan/deep-tail-call-1.C -O3 -g output pattern test
FAIL: g++.dg/asan/deep-tail-call-1.C -Os output pattern test
FAIL: g++.dg/asan/default-options-1.C -O0 execution test
FAIL: g++.dg/asan/default-options-1.C -O1 execution test
FAIL: g++.dg/asan/default-options-1.C -O2 execution test
FAIL: g++.dg/asan/default-options-1.C -O2 -flto execution test
FAIL: g++.dg/asan/default-options-1.C -O2 -flto -flto-partition=none execution test
FAIL: g++.dg/asan/default-options-1.C -O3 -g execution test
FAIL: g++.dg/asan/default-options-1.C -Os execution test
FAIL: g++.dg/asan/function-argument-3.C -O0 output pattern test
FAIL: g++.dg/asan/function-argument-3.C -O1 execution test
FAIL: g++.dg/asan/function-argument-3.C -O2 execution test
FAIL: g++.dg/asan/function-argument-3.C -O2 -flto execution test
FAIL: g++.dg/asan/function-argument-3.C -O2 -flto -flto-partition=none execution test
FAIL: g++.dg/asan/function-argument-3.C -O3 -g execution test
FAIL: g++.dg/asan/function-argument-3.C -Os execution test
FAIL: g++.dg/gcov/pr16855-priority.C -std=gnu++14 gcov: 1 failures in line counts, 0 in branch percentages, 0 in return percentages, 0 in intermediate format
FAIL: g++.dg/gcov/pr16855-priority.C -std=gnu++14 line 22: is #####:should be 1
FAIL: g++.dg/gcov/pr16855-priority.C -std=gnu++17 gcov: 1 failures in line counts, 0 in branch percentages, 0 in return percentages, 0 in intermediate format
FAIL: g++.dg/gcov/pr16855-priority.C -std=gnu++17 line 22: is #####:should be 1
FAIL: g++.dg/gcov/pr16855-priority.C -std=gnu++98 gcov: 1 failures in line counts, 0 in branch percentages, 0 in return percentages, 0 in intermediate format
FAIL: g++.dg/gcov/pr16855-priority.C -std=gnu++98 line 22: is #####:should be 1
FAIL: g++.dg/gcov/pr16855.C -std=gnu++14 gcov: 1 failures in line counts, 0 in branch percentages, 0 in return percentages, 0 in intermediate format
FAIL: g++.dg/gcov/pr16855.C -std=gnu++14 line 21: is #####:should be 1
FAIL: g++.dg/gcov/pr16855.C -std=gnu++17 gcov: 1 failures in line counts, 0 in branch percentages, 0 in return percentages, 0 in intermediate format
FAIL: g++.dg/gcov/pr16855.C -std=gnu++17 line 21: is #####:should be 1
FAIL: g++.dg/gcov/pr16855.C -std=gnu++98 gcov: 1 failures in line counts, 0 in branch percentages, 0 in return percentages, 0 in intermediate format
FAIL: g++.dg/gcov/pr16855.C -std=gnu++98 line 21: is #####:should be 1
=== g++ Summary for unix ===
# of expected passes 126687
# of unexpected failures 80
# of expected failures 535
# of unsupported tests 6329
Running target unix/-m64
FAIL: g++.dg/gcov/pr16855-priority.C -std=gnu++14 gcov: 1 failures in line counts, 0 in branch percentages, 0 in return percentages, 0 in intermediate format
FAIL: g++.dg/gcov/pr16855-priority.C -std=gnu++14 line 22: is #####:should be 1
FAIL: g++.dg/gcov/pr16855-priority.C -std=gnu++17 gcov: 1 failures in line counts, 0 in branch percentages, 0 in return percentages, 0 in intermediate format
FAIL: g++.dg/gcov/pr16855-priority.C -std=gnu++17 line 22: is #####:should be 1
FAIL: g++.dg/gcov/pr16855-priority.C -std=gnu++98 gcov: 1 failures in line counts, 0 in branch percentages, 0 in return percentages, 0 in intermediate format
FAIL: g++.dg/gcov/pr16855-priority.C -std=gnu++98 line 22: is #####:should be 1
FAIL: g++.dg/gcov/pr16855.C -std=gnu++14 gcov: 1 failures in line counts, 0 in branch percentages, 0 in return percentages, 0 in intermediate format
FAIL: g++.dg/gcov/pr16855.C -std=gnu++14 line 21: is #####:should be 1
FAIL: g++.dg/gcov/pr16855.C -std=gnu++17 gcov: 1 failures in line counts, 0 in branch percentages, 0 in return percentages, 0 in intermediate format
FAIL: g++.dg/gcov/pr16855.C -std=gnu++17 line 21: is #####:should be 1
FAIL: g++.dg/gcov/pr16855.C -std=gnu++98 gcov: 1 failures in line counts, 0 in branch percentages, 0 in return percentages, 0 in intermediate format
FAIL: g++.dg/gcov/pr16855.C -std=gnu++98 line 21: is #####:should be 1
=== g++ Summary for unix/-m64 ===
# of expected passes 126926
# of unexpected failures 12
# of expected failures 538
# of unsupported tests 6049
=== g++ Summary ===
# of expected passes 253613
# of unexpected failures 92
# of expected failures 1073
# of unsupported tests 12378
/var/gcc/regression/trunk/11.5-gcc/build/gcc/xg++ version 9.0.1 20190201 (experimental) [trunk revision 268448] (GCC)
=== gcc tests ===
Running target unix
FAIL: gcc.c-torture/execute/pr64242.c -O2 execution test
FAIL: gcc.c-torture/execute/pr64242.c -O2 -flto execution test
FAIL: gcc.c-torture/execute/pr64242.c -O2 -flto -flto-partition=none execution test
FAIL: gcc.c-torture/execute/pr64242.c -O3 -g execution test
FAIL: gcc.c-torture/execute/pr64242.c -Os execution test
FAIL: c-c++-common/asan/global-overflow-1.c -O0 output pattern test
FAIL: c-c++-common/asan/global-overflow-1.c -O1 output pattern test
FAIL: c-c++-common/asan/global-overflow-1.c -O2 output pattern test
FAIL: c-c++-common/asan/global-overflow-1.c -O2 -flto output pattern test
FAIL: c-c++-common/asan/global-overflow-1.c -O2 -flto -flto-partition=none output pattern test
FAIL: c-c++-common/asan/global-overflow-1.c -O3 -g output pattern test
FAIL: c-c++-common/asan/global-overflow-1.c -Os output pattern test
FAIL: c-c++-common/asan/pointer-compare-1.c -O0 execution test
FAIL: c-c++-common/asan/pointer-compare-1.c -O1 execution test
FAIL: c-c++-common/asan/pointer-compare-1.c -O2 execution test
FAIL: c-c++-common/asan/pointer-compare-1.c -O2 -flto execution test
FAIL: c-c++-common/asan/pointer-compare-1.c -O2 -flto -flto-partition=none execution test
FAIL: c-c++-common/asan/pointer-compare-1.c -O3 -g execution test
FAIL: c-c++-common/asan/pointer-compare-1.c -Os execution test
FAIL: c-c++-common/asan/pointer-compare-2.c -O0 execution test
FAIL: c-c++-common/asan/pointer-compare-2.c -O1 execution test
FAIL: c-c++-common/asan/pointer-compare-2.c -O2 execution test
FAIL: c-c++-common/asan/pointer-compare-2.c -O2 -flto execution test
FAIL: c-c++-common/asan/pointer-compare-2.c -O2 -flto -flto-partition=none execution test
FAIL: c-c++-common/asan/pointer-compare-2.c -O3 -g execution test
FAIL: c-c++-common/asan/pointer-compare-2.c -Os execution test
FAIL: c-c++-common/asan/pointer-subtract-1.c -O0 execution test
FAIL: c-c++-common/asan/pointer-subtract-1.c -O1 execution test
FAIL: c-c++-common/asan/pointer-subtract-1.c -O2 execution test
FAIL: c-c++-common/asan/pointer-subtract-1.c -O2 -flto execution test
FAIL: c-c++-common/asan/pointer-subtract-1.c -O2 -flto -flto-partition=none execution test
FAIL: c-c++-common/asan/pointer-subtract-1.c -O3 -g execution test
FAIL: c-c++-common/asan/pointer-subtract-1.c -Os execution test
FAIL: c-c++-common/asan/pointer-subtract-2.c -O0 execution test
FAIL: c-c++-common/asan/pointer-subtract-2.c -O1 execution test
FAIL: c-c++-common/asan/pointer-subtract-2.c -O2 execution test
FAIL: c-c++-common/asan/pointer-subtract-2.c -O2 -flto execution test
FAIL: c-c++-common/asan/pointer-subtract-2.c -O2 -flto -flto-partition=none execution test
FAIL: c-c++-common/asan/pointer-subtract-2.c -O3 -g execution test
FAIL: c-c++-common/asan/pointer-subtract-2.c -Os execution test
FAIL: c-c++-common/asan/strlen-overflow-1.c -O0 output pattern test
FAIL: c-c++-common/asan/strlen-overflow-1.c -O1 output pattern test
FAIL: c-c++-common/asan/strlen-overflow-1.c -O2 output pattern test
FAIL: c-c++-common/asan/strlen-overflow-1.c -O3 -g output pattern test
FAIL: c-c++-common/asan/strlen-overflow-1.c -Os output pattern test
FAIL: gcc.dg/asan/use-after-scope-5.c -O0 output pattern test
FAIL: gcc.dg/asan/use-after-scope-5.c -O1 output pattern test
FAIL: gcc.dg/asan/use-after-scope-5.c -O2 output pattern test
FAIL: gcc.dg/asan/use-after-scope-5.c -O2 -flto output pattern test
FAIL: gcc.dg/asan/use-after-scope-5.c -O2 -flto -flto-partition=none output pattern test
FAIL: gcc.dg/asan/use-after-scope-5.c -O3 -fomit-frame-pointer -funroll-loops -fpeel-loops -ftracer -finline-functions output pattern test
FAIL: gcc.dg/asan/use-after-scope-5.c -O3 -g output pattern test
FAIL: gcc.dg/asan/use-after-scope-5.c -Os output pattern test
FAIL: gcc.dg/ipa/ipa-icf-38.c scan-ltrans-tree-dump-not optimized "Function bar"
FAIL: gcc.dg/simulate-thread/atomic-other-int.c -O2 -g thread simulation test
FAIL: gcc.dg/simulate-thread/atomic-other-int.c -O3 -g thread simulation test
FAIL: gcc.dg/simulate-thread/speculative-store-4.c -O0 -g thread simulation test
FAIL: gcc.dg/simulate-thread/speculative-store-4.c -O2 -g thread simulation test
FAIL: gcc.dg/simulate-thread/speculative-store-4.c -O3 -g thread simulation test
FAIL: gcc.dg/simulate-thread/speculative-store.c -O0 -g thread simulation test
XPASS: gcc.dg/vect/bb-slp-div-1.c -flto -ffat-lto-objects scan-tree-dump slp2 "basic block vectorized"
XPASS: gcc.dg/vect/bb-slp-div-1.c scan-tree-dump slp2 "basic block vectorized"
=== gcc Summary for unix ===
# of expected passes 113035
# of unexpected failures 60
# of unexpected successes 2
# of expected failures 573
# of unsupported tests 3393
Running target unix/-m64
FAIL: gcc.c-torture/execute/pr64242.c -O2 execution test
FAIL: gcc.c-torture/execute/pr64242.c -O2 -flto execution test
FAIL: gcc.c-torture/execute/pr64242.c -O2 -flto -flto-partition=none execution test
FAIL: gcc.c-torture/execute/pr64242.c -O3 -g execution test
FAIL: gcc.c-torture/execute/pr64242.c -Os execution test
FAIL: gcc.dg/ipa/ipa-icf-38.c scan-ltrans-tree-dump-not optimized "Function bar"
XPASS: gcc.dg/vect/bb-slp-div-1.c -flto -ffat-lto-objects scan-tree-dump slp2 "basic block vectorized"
XPASS: gcc.dg/vect/bb-slp-div-1.c scan-tree-dump slp2 "basic block vectorized"
=== gcc Summary for unix/-m64 ===
# of expected passes 112610
# of unexpected failures 6
# of unexpected successes 2
# of expected failures 567
# of unsupported tests 2821
=== gcc Summary ===
# of expected passes 225645
# of unexpected failures 66
# of unexpected successes 4
# of expected failures 1140
# of unsupported tests 6214
/var/gcc/regression/trunk/11.5-gcc/build/gcc/xgcc version 9.0.1 20190201 (experimental) [trunk revision 268448] (GCC)
=== gdc tests ===
Running target unix
WARNING: program timed out
=== gdc Summary for unix ===
# of expected passes 22805
# of unsupported tests 40
Running target unix/-m64
WARNING: program timed out
=== gdc Summary for unix/-m64 ===
# of expected passes 22805
# of unsupported tests 40
=== gdc Summary ===
# of expected passes 45610
# of unsupported tests 80
/var/gcc/regression/trunk/11.5-gcc/build/gcc/gdc version 9.0.1 20190201 (experimental) [trunk revision 268448] (GCC)
=== gfortran tests ===
Running target unix
FAIL: gfortran.dg/elemental_subroutine_3.f90 -O1 (test for excess errors)
FAIL: gfortran.dg/elemental_subroutine_3.f90 -O2 (test for excess errors)
FAIL: gfortran.dg/elemental_subroutine_3.f90 -O3 -fomit-frame-pointer -funroll-loops -fpeel-loops -ftracer -finline-functions (test for excess errors)
FAIL: gfortran.dg/elemental_subroutine_3.f90 -O3 -g (test for excess errors)
FAIL: gfortran.dg/elemental_subroutine_3.f90 -Os (test for excess errors)
FAIL: gfortran.dg/pr79966.f90 -O scan-ipa-dump inline "Inlined tp_sum/[0-9]+ into runtptests/[0-9]+"
FAIL: gfortran.dg/unlimited_polymorphic_30.f03 -O0 execution test
=== gfortran Summary for unix ===
# of expected passes 48555
# of unexpected failures 7
# of expected failures 130
# of unsupported tests 267
Running target unix/-m64
FAIL: gfortran.dg/elemental_subroutine_3.f90 -O1 (test for excess errors)
FAIL: gfortran.dg/elemental_subroutine_3.f90 -O2 (test for excess errors)
FAIL: gfortran.dg/elemental_subroutine_3.f90 -O3 -fomit-frame-pointer -funroll-loops -fpeel-loops -ftracer -finline-functions (test for excess errors)
FAIL: gfortran.dg/elemental_subroutine_3.f90 -O3 -g (test for excess errors)
FAIL: gfortran.dg/elemental_subroutine_3.f90 -Os (test for excess errors)
FAIL: gfortran.dg/pr79966.f90 -O scan-ipa-dump inline "Inlined tp_sum/[0-9]+ into runtptests/[0-9]+"
FAIL: gfortran.dg/unlimited_polymorphic_30.f03 -O0 execution test
FAIL: gfortran.dg/unlimited_polymorphic_30.f03 -O1 execution test
FAIL: gfortran.dg/unlimited_polymorphic_30.f03 -O2 execution test
FAIL: gfortran.dg/unlimited_polymorphic_30.f03 -O3 -fomit-frame-pointer -funroll-loops -fpeel-loops -ftracer -finline-functions execution test
FAIL: gfortran.dg/unlimited_polymorphic_30.f03 -O3 -g execution test
FAIL: gfortran.dg/unlimited_polymorphic_30.f03 -Os execution test
=== gfortran Summary for unix/-m64 ===
# of expected passes 48797
# of unexpected failures 12
# of expected failures 130
# of unsupported tests 146
=== gfortran Summary ===
# of expected passes 97352
# of unexpected failures 19
# of expected failures 260
# of unsupported tests 413
/var/gcc/regression/trunk/11.5-gcc/build/gcc/gfortran version 9.0.1 20190201 (experimental) [trunk revision 268448] (GCC)
=== gnat tests ===
Running target unix
XPASS: gnat.dg/lto19.adb (test for excess errors)
FAIL: gnat.dg/lto8.adb (test for excess errors)
FAIL: gnat.dg/lto8.adb 3 blank line(s) in output
UNRESOLVED: gnat.dg/lto8.adb compilation failed to produce executable
=== gnat Summary for unix ===
# of expected passes 2916
# of unexpected failures 2
# of unexpected successes 1
# of expected failures 23
# of unresolved testcases 1
# of unsupported tests 30
Running target unix/-m64
XPASS: gnat.dg/lto19.adb (test for excess errors)
FAIL: gnat.dg/lto8.adb (test for excess errors)
FAIL: gnat.dg/lto8.adb 3 blank line(s) in output
UNRESOLVED: gnat.dg/lto8.adb compilation failed to produce executable
=== gnat Summary for unix/-m64 ===
# of expected passes 2916
# of unexpected failures 2
# of unexpected successes 1
# of expected failures 23
# of unresolved testcases 1
# of unsupported tests 30
=== gnat Summary ===
# of expected passes 5832
# of unexpected failures 4
# of unexpected successes 2
# of expected failures 46
# of unresolved testcases 2
# of unsupported tests 60
/var/gcc/regression/trunk/11.5-gcc/build/gcc/gnatmake version 9.0.1 20190201 (experimental) [trunk revision 268448]
=== go tests ===
Running target unix
FAIL: ./index0-out.go execution, -O0 -g -fno-var-tracking-assignments
FAIL: go.test/test/fixedbugs/issue4562.go execution, -O2 -g
FAIL: go.test/test/nil.go execution, -O2 -g
=== go Summary for unix ===
# of expected passes 7391
# of unexpected failures 3
# of expected failures 1
# of untested testcases 11
# of unsupported tests 3
Running target unix/-m64
FAIL: ./index0-out.go execution, -O0 -g -fno-var-tracking-assignments
=== go Summary for unix/-m64 ===
# of expected passes 7273
# of unexpected failures 1
# of expected failures 1
# of untested testcases 11
# of unsupported tests 3
=== go Summary ===
# of expected passes 14664
# of unexpected failures 4
# of expected failures 2
# of untested testcases 22
# of unsupported tests 6
=== obj-c++ tests ===
Running target unix
=== obj-c++ Summary for unix ===
# of expected passes 1466
# of expected failures 2
# of unsupported tests 77
Running target unix/-m64
=== obj-c++ Summary for unix/-m64 ===
# of expected passes 1458
# of expected failures 10
# of unsupported tests 77
=== obj-c++ Summary ===
# of expected passes 2924
# of expected failures 12
# of unsupported tests 154
/var/gcc/regression/trunk/11.5-gcc/build/gcc/xg++ version 9.0.1 20190201 (experimental) [trunk revision 268448] (GCC)
=== objc tests ===
Running target unix
=== objc Summary for unix ===
# of expected passes 2803
# of unsupported tests 68
Running target unix/-m64
=== objc Summary for unix/-m64 ===
# of expected passes 2803
# of unsupported tests 68
=== objc Summary ===
# of expected passes 5606
# of unsupported tests 136
/var/gcc/regression/trunk/11.5-gcc/build/gcc/xgcc version 9.0.1 20190201 (experimental) [trunk revision 268448] (GCC)
=== gotools tests ===
FAIL: go test cmd/go
FAIL: TestSelectStackAdjust
FAIL: go test runtime
FAIL: go test misc/cgo/test
FAIL: go test misc/cgo/testcarchive
FAIL: go test cmd/vet
=== gotools Summary ===
# of expected passes 16
# of unexpected failures 6
/var/gcc/regression/trunk/11.5-gcc/build/./gcc/gccgo version 9.0.1 20190201 (experimental) [trunk revision 268448] (GCC)
=== libatomic tests ===
Running target unix
=== libatomic Summary for unix ===
# of expected passes 44
# of unsupported tests 5
Running target unix/-m64
=== libatomic Summary for unix/-m64 ===
# of expected passes 54
=== libatomic Summary ===
# of expected passes 98
# of unsupported tests 5
=== libffi tests ===
Running target unix
=== libffi Summary for unix ===
# of expected passes 2214
Running target unix/-m64
=== libffi Summary for unix/-m64 ===
# of expected passes 2214
=== libffi Summary ===
# of expected passes 4428
=== libgo tests ===
Running target unix
FAIL: archive/zip
FAIL: cmd/go/internal/generate
FAIL: cmd/go/internal/get
FAIL: cmd/go/internal/lockedfile
FAIL: cmd/go/internal/lockedfile/internal/filelock
FAIL: cmd/go/internal/par
FAIL: cmd/go/internal/work
FAIL: crypto/tls
FAIL: crypto/x509
FAIL: database/sql
FAIL: encoding/csv
FAIL: encoding/gob
FAIL: encoding/json
FAIL: go/build
FAIL: go/printer
FAIL: html/template
FAIL: image/jpeg
FAIL: internal/trace
FAIL: internal/x/crypto/cryptobyte
FAIL: internal/x/net/dns/dnsmessage
FAIL: io
FAIL: log
FAIL: math
FAIL: mime
FAIL: mime/multipart
FAIL: net
FAIL: net/http
FAIL: net/http/cgi
FAIL: net/http/cookiejar
FAIL: net/http/httputil
FAIL: net/http/internal
FAIL: net/internal/socktest
FAIL: net/mail
FAIL: net/rpc
FAIL: net/smtp
FAIL: net/textproto
FAIL: net/url
FAIL: os
FAIL: os/exec
FAIL: os/signal
FAIL: os/user
FAIL: path
FAIL: path/filepath
FAIL: regexp/syntax
FAIL: runtime
FAIL: runtime/debug
FAIL: runtime/internal/atomic
FAIL: runtime/internal/math
FAIL: runtime/internal/sys
FAIL: runtime/pprof
FAIL: runtime/trace
FAIL: sync
FAIL: sync/atomic
FAIL: time
=== libgo Summary for unix ===
# of expected passes 131
# of unexpected failures 54
Running target unix/-m64
FAIL: archive/zip
FAIL: compress/flate
FAIL: go/build
FAIL: net
FAIL: net/http
FAIL: os
FAIL: runtime
=== libgo Summary for unix/-m64 ===
# of expected passes 178
# of unexpected failures 7
=== libgo Summary ===
# of expected passes 309
# of unexpected failures 61
/var/gcc/regression/trunk/11.5-gcc/build/./gcc/gccgo version 9.0.1 20190201 (experimental) [trunk revision 268448] (GCC)
=== libgomp tests ===
Running target unix
=== libgomp Summary for unix ===
# of expected passes 6349
# of expected failures 4
# of unsupported tests 424
Running target unix/-m64
=== libgomp Summary for unix/-m64 ===
# of expected passes 6349
# of expected failures 4
# of unsupported tests 424
=== libgomp Summary ===
# of expected passes 12698
# of expected failures 8
# of unsupported tests 848
=== libitm tests ===
Running target unix
=== libitm Summary for unix ===
# of expected passes 42
# of expected failures 3
# of unsupported tests 1
Running target unix/-m64
=== libitm Summary for unix/-m64 ===
# of expected passes 42
# of expected failures 3
# of unsupported tests 1
=== libitm Summary ===
# of expected passes 84
# of expected failures 6
# of unsupported tests 2
=== libstdc++ tests ===
Running target unix
=== libstdc++ Summary for unix ===
# of expected passes 11822
# of expected failures 77
# of unsupported tests 658
Running target unix/-m64
=== libstdc++ Summary for unix/-m64 ===
# of expected passes 11822
# of expected failures 77
# of unsupported tests 658
=== libstdc++ Summary ===
# of expected passes 23644
# of expected failures 154
# of unsupported tests 1316
Compiler version: 9.0.1 20190201 (experimental) [trunk revision 268448] (GCC)
Platform: sparc-sun-solaris2.11
configure flags: --prefix=/vol/gcc --target=sparc-sun-solaris2.11 --enable-objc-gc --with-target-bdw-gc-include=/vol/gcc/include --with-target-bdw-gc-lib=/vol/gcc/lib,sparcv9=/vol/gcc/lib/sparcv9 --with-as=/usr/ccs/bin/as --without-gnu-as --with-gmp-include=/vol/gcc/include --with-gmp-lib=/vol/gcc/lib --with-mpfr-include=/vol/gcc/include --with-mpfr-lib=/vol/gcc/lib --with-mpc-include=/vol/gcc/include --with-mpc-lib=/vol/gcc/lib --enable-languages=all,ada,obj-c++,go --with-isl-include=/vol/gcc/include --with-isl-lib=/vol/gcc/lib --build=sparc-sun-solaris2.11 --host=sparc-sun-solaris2.11
BOOT_CFLAGS=-g -O2
More information about the Gcc-testresults
mailing list