Results for 10.0.0 20191221 (experimental) [trunk revision 279690] (GCC) testsuite on riscv64-suse-linux-gnu
Andreas Schwab
schwab@suse.de
Sun Dec 22 16:29:00 GMT 2019
LAST_UPDATED: Sat Dec 21 02:06:52 UTC 2019 (revision 279690)
=== acats tests ===
=== acats Summary ===
# of expected passes 2320
# of unexpected failures 0
Native configuration is riscv64-suse-linux-gnu
=== g++ tests ===
Running target unix
FAIL: c-c++-common/patchable_function_entry-decl.c -std=gnu++14 scan-assembler-times nop|NOP 2
FAIL: c-c++-common/patchable_function_entry-decl.c -std=gnu++17 scan-assembler-times nop|NOP 2
FAIL: c-c++-common/patchable_function_entry-decl.c -std=gnu++2a scan-assembler-times nop|NOP 2
FAIL: c-c++-common/patchable_function_entry-decl.c -std=gnu++98 scan-assembler-times nop|NOP 2
FAIL: c-c++-common/patchable_function_entry-default.c -std=gnu++14 scan-assembler-times nop|NOP 3
FAIL: c-c++-common/patchable_function_entry-default.c -std=gnu++17 scan-assembler-times nop|NOP 3
FAIL: c-c++-common/patchable_function_entry-default.c -std=gnu++2a scan-assembler-times nop|NOP 3
FAIL: c-c++-common/patchable_function_entry-default.c -std=gnu++98 scan-assembler-times nop|NOP 3
FAIL: c-c++-common/patchable_function_entry-definition.c -std=gnu++14 scan-assembler-times nop|NOP 1
FAIL: c-c++-common/patchable_function_entry-definition.c -std=gnu++17 scan-assembler-times nop|NOP 1
FAIL: c-c++-common/patchable_function_entry-definition.c -std=gnu++2a scan-assembler-times nop|NOP 1
FAIL: c-c++-common/patchable_function_entry-definition.c -std=gnu++98 scan-assembler-times nop|NOP 1
FAIL: c-c++-common/spec-barrier-1.c -std=gnu++14 (test for excess errors)
FAIL: c-c++-common/spec-barrier-1.c -std=gnu++17 (test for excess errors)
FAIL: c-c++-common/spec-barrier-1.c -std=gnu++2a (test for excess errors)
FAIL: c-c++-common/spec-barrier-1.c -std=gnu++98 (test for excess errors)
FAIL: g++.dg/abi/forced.C -std=gnu++14 (test for excess errors)
UNRESOLVED: g++.dg/abi/forced.C -std=gnu++14 compilation failed to produce executable
FAIL: g++.dg/abi/forced.C -std=gnu++17 (test for excess errors)
UNRESOLVED: g++.dg/abi/forced.C -std=gnu++17 compilation failed to produce executable
FAIL: g++.dg/abi/forced.C -std=gnu++2a (test for excess errors)
UNRESOLVED: g++.dg/abi/forced.C -std=gnu++2a compilation failed to produce executable
FAIL: g++.dg/abi/forced.C -std=gnu++98 (test for excess errors)
UNRESOLVED: g++.dg/abi/forced.C -std=gnu++98 compilation failed to produce executable
FAIL: g++.dg/warn/Wstringop-overflow-4.C -std=gnu++14 (test for warnings, line 117)
FAIL: g++.dg/warn/Wstringop-overflow-4.C -std=gnu++17 (test for warnings, line 117)
FAIL: g++.dg/warn/Wstringop-overflow-4.C -std=gnu++2a (test for warnings, line 117)
FAIL: g++.dg/warn/Wstringop-overflow-4.C -std=gnu++98 (test for warnings, line 117)
FAIL: g++.dg/gcov/gcov-threads-1.C -std=gnu++14 gcov: 5 failures in line counts, 0 in branch percentages, 0 in return percentages, 0 in intermediate format
FAIL: g++.dg/gcov/gcov-threads-1.C -std=gnu++14 line 14: is #####:should be 500005
FAIL: g++.dg/gcov/gcov-threads-1.C -std=gnu++14 line 16: is #####:should be 500000
FAIL: g++.dg/gcov/gcov-threads-1.C -std=gnu++14 line 36: is #####:should be 5*
FAIL: g++.dg/gcov/gcov-threads-1.C -std=gnu++14 line 43: is #####:should be 5*
FAIL: g++.dg/gcov/gcov-threads-1.C -std=gnu++14 line 46: is #####:should be 1
FAIL: g++.dg/gcov/gcov-threads-1.C -std=gnu++14 (test for excess errors)
UNRESOLVED: g++.dg/gcov/gcov-threads-1.C -std=gnu++14 compilation failed to produce executable
FAIL: g++.dg/gcov/gcov-threads-1.C -std=gnu++17 gcov: 5 failures in line counts, 0 in branch percentages, 0 in return percentages, 0 in intermediate format
FAIL: g++.dg/gcov/gcov-threads-1.C -std=gnu++17 line 14: is #####:should be 500005
FAIL: g++.dg/gcov/gcov-threads-1.C -std=gnu++17 line 16: is #####:should be 500000
FAIL: g++.dg/gcov/gcov-threads-1.C -std=gnu++17 line 36: is #####:should be 5*
FAIL: g++.dg/gcov/gcov-threads-1.C -std=gnu++17 line 43: is #####:should be 5*
FAIL: g++.dg/gcov/gcov-threads-1.C -std=gnu++17 line 46: is #####:should be 1
FAIL: g++.dg/gcov/gcov-threads-1.C -std=gnu++17 (test for excess errors)
UNRESOLVED: g++.dg/gcov/gcov-threads-1.C -std=gnu++17 compilation failed to produce executable
FAIL: g++.dg/gcov/gcov-threads-1.C -std=gnu++2a gcov: 5 failures in line counts, 0 in branch percentages, 0 in return percentages, 0 in intermediate format
FAIL: g++.dg/gcov/gcov-threads-1.C -std=gnu++2a line 14: is #####:should be 500005
FAIL: g++.dg/gcov/gcov-threads-1.C -std=gnu++2a line 16: is #####:should be 500000
FAIL: g++.dg/gcov/gcov-threads-1.C -std=gnu++2a line 36: is #####:should be 5*
FAIL: g++.dg/gcov/gcov-threads-1.C -std=gnu++2a line 43: is #####:should be 5*
FAIL: g++.dg/gcov/gcov-threads-1.C -std=gnu++2a line 46: is #####:should be 1
FAIL: g++.dg/gcov/gcov-threads-1.C -std=gnu++2a (test for excess errors)
UNRESOLVED: g++.dg/gcov/gcov-threads-1.C -std=gnu++2a compilation failed to produce executable
FAIL: g++.dg/gcov/gcov-threads-1.C -std=gnu++98 gcov: 5 failures in line counts, 0 in branch percentages, 0 in return percentages, 0 in intermediate format
FAIL: g++.dg/gcov/gcov-threads-1.C -std=gnu++98 line 14: is #####:should be 500005
FAIL: g++.dg/gcov/gcov-threads-1.C -std=gnu++98 line 16: is #####:should be 500000
FAIL: g++.dg/gcov/gcov-threads-1.C -std=gnu++98 line 36: is #####:should be 5*
FAIL: g++.dg/gcov/gcov-threads-1.C -std=gnu++98 line 43: is #####:should be 5*
FAIL: g++.dg/gcov/gcov-threads-1.C -std=gnu++98 line 46: is #####:should be 1
FAIL: g++.dg/gcov/gcov-threads-1.C -std=gnu++98 (test for excess errors)
UNRESOLVED: g++.dg/gcov/gcov-threads-1.C -std=gnu++98 compilation failed to produce executable
FAIL: g++.dg/guality/pr55665.C -O2 -flto -fno-use-linker-plugin -flto-partition=none line 23 p == 40
FAIL: g++.dg/pch/pch.C -O2 -I. -Dwith_PCH (test for excess errors)
FAIL: g++.dg/pch/pch.C -O2 assembly comparison
FAIL: g++.dg/tls/thread_local3.C -std=gnu++14 (test for excess errors)
UNRESOLVED: g++.dg/tls/thread_local3.C -std=gnu++14 compilation failed to produce executable
FAIL: g++.dg/tls/thread_local3.C -std=gnu++17 (test for excess errors)
UNRESOLVED: g++.dg/tls/thread_local3.C -std=gnu++17 compilation failed to produce executable
FAIL: g++.dg/tls/thread_local3.C -std=gnu++2a (test for excess errors)
UNRESOLVED: g++.dg/tls/thread_local3.C -std=gnu++2a compilation failed to produce executable
FAIL: g++.dg/tls/thread_local3g.C -std=gnu++14 (test for excess errors)
UNRESOLVED: g++.dg/tls/thread_local3g.C -std=gnu++14 compilation failed to produce executable
FAIL: g++.dg/tls/thread_local3g.C -std=gnu++17 (test for excess errors)
UNRESOLVED: g++.dg/tls/thread_local3g.C -std=gnu++17 compilation failed to produce executable
FAIL: g++.dg/tls/thread_local3g.C -std=gnu++2a (test for excess errors)
UNRESOLVED: g++.dg/tls/thread_local3g.C -std=gnu++2a compilation failed to produce executable
FAIL: g++.dg/tls/thread_local4.C -std=gnu++14 (test for excess errors)
UNRESOLVED: g++.dg/tls/thread_local4.C -std=gnu++14 compilation failed to produce executable
FAIL: g++.dg/tls/thread_local4.C -std=gnu++17 (test for excess errors)
UNRESOLVED: g++.dg/tls/thread_local4.C -std=gnu++17 compilation failed to produce executable
FAIL: g++.dg/tls/thread_local4.C -std=gnu++2a (test for excess errors)
UNRESOLVED: g++.dg/tls/thread_local4.C -std=gnu++2a compilation failed to produce executable
FAIL: g++.dg/tls/thread_local4g.C -std=gnu++14 (test for excess errors)
UNRESOLVED: g++.dg/tls/thread_local4g.C -std=gnu++14 compilation failed to produce executable
FAIL: g++.dg/tls/thread_local4g.C -std=gnu++17 (test for excess errors)
UNRESOLVED: g++.dg/tls/thread_local4g.C -std=gnu++17 compilation failed to produce executable
FAIL: g++.dg/tls/thread_local4g.C -std=gnu++2a (test for excess errors)
UNRESOLVED: g++.dg/tls/thread_local4g.C -std=gnu++2a compilation failed to produce executable
FAIL: g++.dg/tls/thread_local5.C -std=gnu++14 (test for excess errors)
UNRESOLVED: g++.dg/tls/thread_local5.C -std=gnu++14 compilation failed to produce executable
FAIL: g++.dg/tls/thread_local5.C -std=gnu++17 (test for excess errors)
UNRESOLVED: g++.dg/tls/thread_local5.C -std=gnu++17 compilation failed to produce executable
FAIL: g++.dg/tls/thread_local5.C -std=gnu++2a (test for excess errors)
UNRESOLVED: g++.dg/tls/thread_local5.C -std=gnu++2a compilation failed to produce executable
FAIL: g++.dg/tls/thread_local5g.C -std=gnu++14 (test for excess errors)
UNRESOLVED: g++.dg/tls/thread_local5g.C -std=gnu++14 compilation failed to produce executable
FAIL: g++.dg/tls/thread_local5g.C -std=gnu++17 (test for excess errors)
UNRESOLVED: g++.dg/tls/thread_local5g.C -std=gnu++17 compilation failed to produce executable
FAIL: g++.dg/tls/thread_local5g.C -std=gnu++2a (test for excess errors)
UNRESOLVED: g++.dg/tls/thread_local5g.C -std=gnu++2a compilation failed to produce executable
FAIL: g++.dg/ubsan/vptr-4.C -O0 (test for excess errors)
FAIL: g++.dg/ubsan/vptr-4.C -O1 (test for excess errors)
FAIL: g++.dg/ubsan/vptr-4.C -O2 (test for excess errors)
FAIL: g++.dg/ubsan/vptr-4.C -O2 -flto -fno-use-linker-plugin -flto-partition=none (test for excess errors)
FAIL: g++.dg/ubsan/vptr-4.C -O2 -flto -fuse-linker-plugin -fno-fat-lto-objects (test for excess errors)
FAIL: g++.dg/ubsan/vptr-4.C -O3 -g (test for excess errors)
FAIL: g++.dg/ubsan/vptr-4.C -Os (test for excess errors)
=== g++ Summary ===
# of expected passes 178310
# of unexpected failures 80
# of expected failures 669
# of unresolved testcases 26
# of unsupported tests 7854
/daten/riscv64/gcc/gcc-20191221/Build/gcc/xg++ version 10.0.0 20191221 (experimental) [trunk revision 279690] (GCC)
=== gcc tests ===
Running target unix
WARNING: tmpdir-gcc.dg-struct-layout-1/t024 c_compat_x_tst.o-c_compat_y_tst.o link program timed out.
FAIL: tmpdir-gcc.dg-struct-layout-1/t024 c_compat_x_tst.o-c_compat_y_tst.o link
WARNING: tmpdir-gcc.dg-struct-layout-1/t027 c_compat_x_tst.o-c_compat_y_tst.o link program timed out.
FAIL: tmpdir-gcc.dg-struct-layout-1/t027 c_compat_x_tst.o-c_compat_y_tst.o link
FAIL: gcc.dg/debug/dwarf2/inline5.c scan-assembler-not \\\\(DIE \\\\(0x([0-9a-f]*)\\\\) DW_TAG_lexical_block\\\\)[^#/!@;\\\\|]*[#/!@;\\\\|]+ +[^(].*DW_TAG_lexical_block\\\\)[^#/!@;\\\\|x]*x\\\\1[^#/!@;\\\\|]*[#/!@;\\\\|] +DW_AT_abstract_origin
FAIL: c-c++-common/patchable_function_entry-decl.c -Wc++-compat scan-assembler-times nop|NOP 2
FAIL: c-c++-common/patchable_function_entry-default.c -Wc++-compat scan-assembler-times nop|NOP 3
FAIL: c-c++-common/patchable_function_entry-definition.c -Wc++-compat scan-assembler-times nop|NOP 1
FAIL: c-c++-common/spec-barrier-1.c -Wc++-compat (test for excess errors)
FAIL: gcc.dg/Wstringop-overflow-17.c (test for warnings, line 8)
FAIL: gcc.dg/Wstringop-overflow-25.c (test for warnings, line 317)
FAIL: gcc.dg/Wstringop-overflow-25.c (test for warnings, line 318)
FAIL: gcc.dg/Wstringop-overflow-25.c (test for warnings, line 319)
XPASS: gcc.dg/attr-alloc_size-11.c missing range info for short (test for warnings, line 51)
XPASS: gcc.dg/attr-alloc_size-11.c missing range info for signed char (test for warnings, line 50)
FAIL: gcc.dg/strlenopt-81.c (test for excess errors)
UNRESOLVED: gcc.dg/strlenopt-81.c compilation failed to produce executable
XPASS: gcc.dg/graphite/pr69728.c scan-tree-dump graphite "loop nest optimized"
XPASS: gcc.dg/graphite/scop-21.c scan-tree-dump-times graphite "number of SCoPs: 1" 1
XPASS: gcc.dg/guality/example.c -O0 execution test
XPASS: gcc.dg/guality/example.c -O1 -DPREVENT_OPTIMIZATION execution test
XPASS: gcc.dg/guality/example.c -Og -DPREVENT_OPTIMIZATION execution test
XPASS: gcc.dg/guality/guality.c -O0 execution test
XPASS: gcc.dg/guality/guality.c -O1 -DPREVENT_OPTIMIZATION execution test
XPASS: gcc.dg/guality/guality.c -O2 -DPREVENT_OPTIMIZATION execution test
XPASS: gcc.dg/guality/guality.c -O2 -flto -fno-use-linker-plugin -flto-partition=none -DPREVENT_OPTIMIZATION execution test
XPASS: gcc.dg/guality/guality.c -O2 -flto -fuse-linker-plugin -fno-fat-lto-objects -DPREVENT_OPTIMIZATION execution test
XPASS: gcc.dg/guality/guality.c -O3 -g -DPREVENT_OPTIMIZATION execution test
XPASS: gcc.dg/guality/guality.c -Os -DPREVENT_OPTIMIZATION execution test
XPASS: gcc.dg/guality/guality.c -Og -DPREVENT_OPTIMIZATION execution test
XPASS: gcc.dg/guality/inline-params.c -O2 -DPREVENT_OPTIMIZATION execution test
XPASS: gcc.dg/guality/inline-params.c -O2 -flto -fno-use-linker-plugin -flto-partition=none -DPREVENT_OPTIMIZATION execution test
XPASS: gcc.dg/guality/inline-params.c -O2 -flto -fuse-linker-plugin -fno-fat-lto-objects -DPREVENT_OPTIMIZATION execution test
XPASS: gcc.dg/guality/inline-params.c -O3 -g -DPREVENT_OPTIMIZATION execution test
XPASS: gcc.dg/guality/inline-params.c -Os -DPREVENT_OPTIMIZATION execution test
FAIL: gcc.dg/guality/loop-1.c -O1 -DPREVENT_OPTIMIZATION line 20 i == 1
FAIL: gcc.dg/guality/loop-1.c -O2 -DPREVENT_OPTIMIZATION line 20 i == 1
FAIL: gcc.dg/guality/loop-1.c -O2 -flto -fno-use-linker-plugin -flto-partition=none -DPREVENT_OPTIMIZATION line 20 i == 1
FAIL: gcc.dg/guality/loop-1.c -O2 -flto -fuse-linker-plugin -fno-fat-lto-objects -DPREVENT_OPTIMIZATION line 20 i == 1
FAIL: gcc.dg/guality/loop-1.c -O3 -fomit-frame-pointer -funroll-loops -fpeel-loops -ftracer -finline-functions -DPREVENT_OPTIMIZATION line 14 i == 0
FAIL: gcc.dg/guality/loop-1.c -O3 -g -DPREVENT_OPTIMIZATION line 20 i == 1
FAIL: gcc.dg/guality/loop-1.c -Os -DPREVENT_OPTIMIZATION line 20 i == 1
FAIL: gcc.dg/guality/loop-1.c -Og -DPREVENT_OPTIMIZATION line 20 i == 1
FAIL: gcc.dg/guality/pr36728-2.c -O2 -flto -fuse-linker-plugin -fno-fat-lto-objects -DPREVENT_OPTIMIZATION line 16 arg1 == 1
FAIL: gcc.dg/guality/pr36728-2.c -O2 -flto -fuse-linker-plugin -fno-fat-lto-objects -DPREVENT_OPTIMIZATION line 16 arg2 == 2
FAIL: gcc.dg/guality/pr36728-2.c -O2 -flto -fuse-linker-plugin -fno-fat-lto-objects -DPREVENT_OPTIMIZATION line 16 arg3 == 3
FAIL: gcc.dg/guality/pr36728-2.c -O2 -flto -fuse-linker-plugin -fno-fat-lto-objects -DPREVENT_OPTIMIZATION line 16 arg4 == 4
FAIL: gcc.dg/guality/pr36728-2.c -O2 -flto -fuse-linker-plugin -fno-fat-lto-objects -DPREVENT_OPTIMIZATION line 16 arg5 == 5
FAIL: gcc.dg/guality/pr36728-2.c -O2 -flto -fuse-linker-plugin -fno-fat-lto-objects -DPREVENT_OPTIMIZATION line 16 arg6 == 6
FAIL: gcc.dg/guality/pr36728-2.c -O2 -flto -fuse-linker-plugin -fno-fat-lto-objects -DPREVENT_OPTIMIZATION line 16 arg7 == 30
FAIL: gcc.dg/guality/pr36728-2.c -O2 -flto -fuse-linker-plugin -fno-fat-lto-objects -DPREVENT_OPTIMIZATION line 18 arg1 == 1
FAIL: gcc.dg/guality/pr36728-2.c -O2 -flto -fuse-linker-plugin -fno-fat-lto-objects -DPREVENT_OPTIMIZATION line 18 arg2 == 2
FAIL: gcc.dg/guality/pr36728-2.c -O2 -flto -fuse-linker-plugin -fno-fat-lto-objects -DPREVENT_OPTIMIZATION line 18 arg3 == 3
FAIL: gcc.dg/guality/pr36728-2.c -O2 -flto -fuse-linker-plugin -fno-fat-lto-objects -DPREVENT_OPTIMIZATION line 18 arg4 == 4
FAIL: gcc.dg/guality/pr36728-2.c -O2 -flto -fuse-linker-plugin -fno-fat-lto-objects -DPREVENT_OPTIMIZATION line 18 arg5 == 5
FAIL: gcc.dg/guality/pr36728-2.c -O2 -flto -fuse-linker-plugin -fno-fat-lto-objects -DPREVENT_OPTIMIZATION line 18 arg6 == 6
FAIL: gcc.dg/guality/pr36728-2.c -O2 -flto -fuse-linker-plugin -fno-fat-lto-objects -DPREVENT_OPTIMIZATION line 18 arg7 == 30
FAIL: gcc.dg/guality/pr36728-2.c -O3 -g -DPREVENT_OPTIMIZATION line 16 arg1 == 1
FAIL: gcc.dg/guality/pr36728-2.c -O3 -g -DPREVENT_OPTIMIZATION line 16 arg2 == 2
FAIL: gcc.dg/guality/pr36728-2.c -O3 -g -DPREVENT_OPTIMIZATION line 16 arg3 == 3
FAIL: gcc.dg/guality/pr36728-2.c -O3 -g -DPREVENT_OPTIMIZATION line 16 arg4 == 4
FAIL: gcc.dg/guality/pr36728-2.c -O3 -g -DPREVENT_OPTIMIZATION line 16 arg5 == 5
FAIL: gcc.dg/guality/pr36728-2.c -O3 -g -DPREVENT_OPTIMIZATION line 16 arg6 == 6
FAIL: gcc.dg/guality/pr36728-2.c -O3 -g -DPREVENT_OPTIMIZATION line 16 arg7 == 30
FAIL: gcc.dg/guality/pr36728-2.c -O3 -g -DPREVENT_OPTIMIZATION line 18 arg1 == 1
FAIL: gcc.dg/guality/pr36728-2.c -O3 -g -DPREVENT_OPTIMIZATION line 18 arg2 == 2
FAIL: gcc.dg/guality/pr36728-2.c -O3 -g -DPREVENT_OPTIMIZATION line 18 arg3 == 3
FAIL: gcc.dg/guality/pr36728-2.c -O3 -g -DPREVENT_OPTIMIZATION line 18 arg4 == 4
FAIL: gcc.dg/guality/pr36728-2.c -O3 -g -DPREVENT_OPTIMIZATION line 18 arg5 == 5
FAIL: gcc.dg/guality/pr36728-2.c -O3 -g -DPREVENT_OPTIMIZATION line 18 arg6 == 6
FAIL: gcc.dg/guality/pr36728-2.c -O3 -g -DPREVENT_OPTIMIZATION line 18 arg7 == 30
XPASS: gcc.dg/guality/pr41353-1.c -O0 line 28 j == 28 + 37
FAIL: gcc.dg/guality/pr41616-1.c -O2 -flto -fuse-linker-plugin -fno-fat-lto-objects -DPREVENT_OPTIMIZATION execution test
FAIL: gcc.dg/guality/pr43051-1.c -O1 -DPREVENT_OPTIMIZATION line 35 v == 1
FAIL: gcc.dg/guality/pr43051-1.c -O1 -DPREVENT_OPTIMIZATION line 40 v == 1
FAIL: gcc.dg/guality/pr43051-1.c -O2 -DPREVENT_OPTIMIZATION line 35 v == 1
FAIL: gcc.dg/guality/pr43051-1.c -O2 -DPREVENT_OPTIMIZATION line 40 v == 1
FAIL: gcc.dg/guality/pr43051-1.c -O2 -flto -fno-use-linker-plugin -flto-partition=none -DPREVENT_OPTIMIZATION line 35 v == 1
FAIL: gcc.dg/guality/pr43051-1.c -O2 -flto -fno-use-linker-plugin -flto-partition=none -DPREVENT_OPTIMIZATION line 40 v == 1
FAIL: gcc.dg/guality/pr43051-1.c -O2 -flto -fuse-linker-plugin -fno-fat-lto-objects -DPREVENT_OPTIMIZATION line 35 v == 1
FAIL: gcc.dg/guality/pr43051-1.c -O2 -flto -fuse-linker-plugin -fno-fat-lto-objects -DPREVENT_OPTIMIZATION line 40 v == 1
FAIL: gcc.dg/guality/pr43051-1.c -O3 -fomit-frame-pointer -funroll-loops -fpeel-loops -ftracer -finline-functions -DPREVENT_OPTIMIZATION line 35 v == 1
FAIL: gcc.dg/guality/pr43051-1.c -O3 -fomit-frame-pointer -funroll-loops -fpeel-loops -ftracer -finline-functions -DPREVENT_OPTIMIZATION line 40 v == 1
FAIL: gcc.dg/guality/pr43051-1.c -O3 -g -DPREVENT_OPTIMIZATION line 35 v == 1
FAIL: gcc.dg/guality/pr43051-1.c -O3 -g -DPREVENT_OPTIMIZATION line 40 v == 1
FAIL: gcc.dg/guality/pr43051-1.c -Os -DPREVENT_OPTIMIZATION line 35 v == 1
FAIL: gcc.dg/guality/pr43051-1.c -Os -DPREVENT_OPTIMIZATION line 40 v == 1
FAIL: gcc.dg/guality/pr43051-1.c -Og -DPREVENT_OPTIMIZATION line 35 v == 1
FAIL: gcc.dg/guality/pr43051-1.c -Og -DPREVENT_OPTIMIZATION line 40 v == 1
FAIL: gcc.dg/guality/pr54200.c -O1 -DPREVENT_OPTIMIZATION line 20 z == 3
FAIL: gcc.dg/guality/pr54200.c -O2 -DPREVENT_OPTIMIZATION line 20 z == 3
FAIL: gcc.dg/guality/pr54200.c -O2 -flto -fno-use-linker-plugin -flto-partition=none -DPREVENT_OPTIMIZATION line 20 z == 3
FAIL: gcc.dg/guality/pr54200.c -O3 -g -DPREVENT_OPTIMIZATION line 20 z == 3
FAIL: gcc.dg/guality/pr54200.c -Os -DPREVENT_OPTIMIZATION line 20 z == 3
FAIL: gcc.dg/guality/pr54519-1.c -O1 -DPREVENT_OPTIMIZATION line 20 x == 36
FAIL: gcc.dg/guality/pr54519-1.c -O1 -DPREVENT_OPTIMIZATION line 20 y == 25
FAIL: gcc.dg/guality/pr54519-1.c -O1 -DPREVENT_OPTIMIZATION line 23 x == 98
FAIL: gcc.dg/guality/pr54519-1.c -O1 -DPREVENT_OPTIMIZATION line 23 y == 117
FAIL: gcc.dg/guality/pr54519-1.c -O2 -DPREVENT_OPTIMIZATION line 20 x == 36
FAIL: gcc.dg/guality/pr54519-1.c -O2 -DPREVENT_OPTIMIZATION line 23 x == 98
FAIL: gcc.dg/guality/pr54519-1.c -O2 -flto -fno-use-linker-plugin -flto-partition=none -DPREVENT_OPTIMIZATION line 20 x == 36
FAIL: gcc.dg/guality/pr54519-1.c -O2 -flto -fno-use-linker-plugin -flto-partition=none -DPREVENT_OPTIMIZATION line 20 y == 25
FAIL: gcc.dg/guality/pr54519-1.c -O2 -flto -fno-use-linker-plugin -flto-partition=none -DPREVENT_OPTIMIZATION line 20 z == 6
FAIL: gcc.dg/guality/pr54519-1.c -O2 -flto -fno-use-linker-plugin -flto-partition=none -DPREVENT_OPTIMIZATION line 23 x == 98
FAIL: gcc.dg/guality/pr54519-1.c -O2 -flto -fno-use-linker-plugin -flto-partition=none -DPREVENT_OPTIMIZATION line 23 y == 117
FAIL: gcc.dg/guality/pr54519-1.c -O2 -flto -fno-use-linker-plugin -flto-partition=none -DPREVENT_OPTIMIZATION line 23 z == 8
FAIL: gcc.dg/guality/pr54519-1.c -O2 -flto -fuse-linker-plugin -fno-fat-lto-objects -DPREVENT_OPTIMIZATION line 20 y == 25
FAIL: gcc.dg/guality/pr54519-1.c -O2 -flto -fuse-linker-plugin -fno-fat-lto-objects -DPREVENT_OPTIMIZATION line 20 z == 6
FAIL: gcc.dg/guality/pr54519-1.c -O2 -flto -fuse-linker-plugin -fno-fat-lto-objects -DPREVENT_OPTIMIZATION line 23 y == 117
FAIL: gcc.dg/guality/pr54519-1.c -O2 -flto -fuse-linker-plugin -fno-fat-lto-objects -DPREVENT_OPTIMIZATION line 23 z == 8
FAIL: gcc.dg/guality/pr54519-1.c -Os -DPREVENT_OPTIMIZATION line 20 x == 36
FAIL: gcc.dg/guality/pr54519-1.c -Os -DPREVENT_OPTIMIZATION line 23 x == 98
FAIL: gcc.dg/guality/pr54519-1.c -Og -DPREVENT_OPTIMIZATION line 20 x == 36
FAIL: gcc.dg/guality/pr54519-1.c -Og -DPREVENT_OPTIMIZATION line 20 y == 25
FAIL: gcc.dg/guality/pr54519-1.c -Og -DPREVENT_OPTIMIZATION line 23 x == 98
FAIL: gcc.dg/guality/pr54519-1.c -Og -DPREVENT_OPTIMIZATION line 23 y == 117
FAIL: gcc.dg/guality/pr54519-2.c -O1 -DPREVENT_OPTIMIZATION line 17 x == 6
FAIL: gcc.dg/guality/pr54519-2.c -O2 -flto -fno-use-linker-plugin -flto-partition=none -DPREVENT_OPTIMIZATION line 17 y == 25
FAIL: gcc.dg/guality/pr54519-2.c -O2 -flto -fuse-linker-plugin -fno-fat-lto-objects -DPREVENT_OPTIMIZATION line 17 y == 25
FAIL: gcc.dg/guality/pr54519-2.c -Og -DPREVENT_OPTIMIZATION line 17 x == 6
FAIL: gcc.dg/guality/pr54519-3.c -O2 -DPREVENT_OPTIMIZATION line 20 z == 6
FAIL: gcc.dg/guality/pr54519-3.c -O2 -DPREVENT_OPTIMIZATION line 23 z == 8
FAIL: gcc.dg/guality/pr54519-3.c -O2 -flto -fno-use-linker-plugin -flto-partition=none -DPREVENT_OPTIMIZATION line 20 y == 25
FAIL: gcc.dg/guality/pr54519-3.c -O2 -flto -fno-use-linker-plugin -flto-partition=none -DPREVENT_OPTIMIZATION line 20 z == 6
FAIL: gcc.dg/guality/pr54519-3.c -O2 -flto -fno-use-linker-plugin -flto-partition=none -DPREVENT_OPTIMIZATION line 23 y == 117
FAIL: gcc.dg/guality/pr54519-3.c -O2 -flto -fno-use-linker-plugin -flto-partition=none -DPREVENT_OPTIMIZATION line 23 z == 8
FAIL: gcc.dg/guality/pr54519-3.c -O2 -flto -fuse-linker-plugin -fno-fat-lto-objects -DPREVENT_OPTIMIZATION line 20 y == 25
FAIL: gcc.dg/guality/pr54519-3.c -O2 -flto -fuse-linker-plugin -fno-fat-lto-objects -DPREVENT_OPTIMIZATION line 20 z == 6
FAIL: gcc.dg/guality/pr54519-3.c -O2 -flto -fuse-linker-plugin -fno-fat-lto-objects -DPREVENT_OPTIMIZATION line 23 y == 117
FAIL: gcc.dg/guality/pr54519-3.c -O2 -flto -fuse-linker-plugin -fno-fat-lto-objects -DPREVENT_OPTIMIZATION line 23 z == 8
FAIL: gcc.dg/guality/pr54519-3.c -O3 -g -DPREVENT_OPTIMIZATION line 20 z == 6
FAIL: gcc.dg/guality/pr54519-3.c -O3 -g -DPREVENT_OPTIMIZATION line 23 z == 8
FAIL: gcc.dg/guality/pr54519-3.c -Os -DPREVENT_OPTIMIZATION line 20 z == 6
FAIL: gcc.dg/guality/pr54519-3.c -Os -DPREVENT_OPTIMIZATION line 23 z == 8
FAIL: gcc.dg/guality/pr54519-4.c -O2 -DPREVENT_OPTIMIZATION line 17 y == 25
FAIL: gcc.dg/guality/pr54519-4.c -O2 -flto -fno-use-linker-plugin -flto-partition=none -DPREVENT_OPTIMIZATION line 17 y == 25
FAIL: gcc.dg/guality/pr54519-4.c -O2 -flto -fuse-linker-plugin -fno-fat-lto-objects -DPREVENT_OPTIMIZATION line 17 y == 25
FAIL: gcc.dg/guality/pr54519-4.c -O3 -g -DPREVENT_OPTIMIZATION line 17 y == 25
FAIL: gcc.dg/guality/pr54519-4.c -Os -DPREVENT_OPTIMIZATION line 17 y == 25
FAIL: gcc.dg/guality/pr54519-5.c -O1 -DPREVENT_OPTIMIZATION line 17 x == 6
FAIL: gcc.dg/guality/pr54519-5.c -O1 -DPREVENT_OPTIMIZATION line 17 y == 25
FAIL: gcc.dg/guality/pr54519-5.c -O2 -DPREVENT_OPTIMIZATION line 17 y == 25
FAIL: gcc.dg/guality/pr54519-5.c -O2 -flto -fno-use-linker-plugin -flto-partition=none -DPREVENT_OPTIMIZATION line 17 y == 25
FAIL: gcc.dg/guality/pr54519-5.c -O2 -flto -fuse-linker-plugin -fno-fat-lto-objects -DPREVENT_OPTIMIZATION line 17 y == 25
FAIL: gcc.dg/guality/pr54519-5.c -O3 -g -DPREVENT_OPTIMIZATION line 17 y == 25
FAIL: gcc.dg/guality/pr54519-5.c -Os -DPREVENT_OPTIMIZATION line 17 y == 25
FAIL: gcc.dg/guality/pr54519-5.c -Og -DPREVENT_OPTIMIZATION line 17 x == 6
FAIL: gcc.dg/guality/pr54519-5.c -Og -DPREVENT_OPTIMIZATION line 17 y == 25
FAIL: gcc.dg/guality/pr54519-6.c -Os -DPREVENT_OPTIMIZATION line 11 x == 2
FAIL: gcc.dg/guality/pr54551.c -O1 -DPREVENT_OPTIMIZATION line 18 a == 4
FAIL: gcc.dg/guality/pr54551.c -O2 -DPREVENT_OPTIMIZATION line 18 a == 4
FAIL: gcc.dg/guality/pr54551.c -O2 -flto -fno-use-linker-plugin -flto-partition=none -DPREVENT_OPTIMIZATION line 18 a == 4
FAIL: gcc.dg/guality/pr54551.c -O3 -g -DPREVENT_OPTIMIZATION line 18 a == 4
FAIL: gcc.dg/guality/pr54551.c -Os -DPREVENT_OPTIMIZATION line 18 a == 4
FAIL: gcc.dg/guality/pr54551.c -Og -DPREVENT_OPTIMIZATION line 18 a == 4
FAIL: gcc.dg/guality/pr54693-2.c -O1 -DPREVENT_OPTIMIZATION line 21 x == 10 - i
FAIL: gcc.dg/guality/pr54693-2.c -O1 -DPREVENT_OPTIMIZATION line 21 y == 20 - 2 * i
FAIL: gcc.dg/guality/pr54693-2.c -O2 -DPREVENT_OPTIMIZATION line 21 x == 10 - i
FAIL: gcc.dg/guality/pr54693-2.c -O2 -DPREVENT_OPTIMIZATION line 21 y == 20 - 2 * i
FAIL: gcc.dg/guality/pr54693-2.c -O2 -flto -fno-use-linker-plugin -flto-partition=none -DPREVENT_OPTIMIZATION line 21 x == 10 - i
FAIL: gcc.dg/guality/pr54693-2.c -O2 -flto -fno-use-linker-plugin -flto-partition=none -DPREVENT_OPTIMIZATION line 21 y == 20 - 2 * i
FAIL: gcc.dg/guality/pr54693-2.c -O2 -flto -fuse-linker-plugin -fno-fat-lto-objects -DPREVENT_OPTIMIZATION line 21 y == 20 - 2 * i
FAIL: gcc.dg/guality/pr54693-2.c -O2 -flto -fuse-linker-plugin -fno-fat-lto-objects -DPREVENT_OPTIMIZATION line 21 z == 30 - 3 * i
FAIL: gcc.dg/guality/pr54693-2.c -O3 -fomit-frame-pointer -funroll-loops -fpeel-loops -ftracer -finline-functions -DPREVENT_OPTIMIZATION line 21 x == 10 - i
FAIL: gcc.dg/guality/pr54693-2.c -O3 -fomit-frame-pointer -funroll-loops -fpeel-loops -ftracer -finline-functions -DPREVENT_OPTIMIZATION line 21 y == 20 - 2 * i
FAIL: gcc.dg/guality/pr54693-2.c -O3 -g -DPREVENT_OPTIMIZATION line 21 x == 10 - i
FAIL: gcc.dg/guality/pr54693-2.c -O3 -g -DPREVENT_OPTIMIZATION line 21 y == 20 - 2 * i
XPASS: gcc.dg/guality/pr54970.c -O0 line 15 a[0] == 1
XPASS: gcc.dg/guality/pr54970.c -O0 line 20 a[0] == 1
XPASS: gcc.dg/guality/pr54970.c -O0 line 25 a[0] == 1
XPASS: gcc.dg/guality/pr54970.c -O0 line 31 a[0] == 4
XPASS: gcc.dg/guality/pr54970.c -O0 line 36 a[0] == 4
XPASS: gcc.dg/guality/pr54970.c -O0 line 45 a[0] == 4
XPASS: gcc.dg/guality/pr54970.c -O0 line 45 p[-2] == 4
XPASS: gcc.dg/guality/pr54970.c -O0 line 45 q[-1] == 4
XPASS: gcc.dg/guality/pr54970.c -Og -DPREVENT_OPTIMIZATION line 15 a[0] == 1
XPASS: gcc.dg/guality/pr54970.c -Og -DPREVENT_OPTIMIZATION line 20 a[0] == 1
XPASS: gcc.dg/guality/pr54970.c -Og -DPREVENT_OPTIMIZATION line 25 a[0] == 1
XPASS: gcc.dg/guality/pr54970.c -Og -DPREVENT_OPTIMIZATION line 31 a[0] == 4
XPASS: gcc.dg/guality/pr54970.c -Og -DPREVENT_OPTIMIZATION line 36 a[0] == 4
XPASS: gcc.dg/guality/pr54970.c -Og -DPREVENT_OPTIMIZATION line 45 a[0] == 4
XPASS: gcc.dg/guality/pr54970.c -Og -DPREVENT_OPTIMIZATION line 45 p[-2] == 4
XPASS: gcc.dg/guality/pr54970.c -Og -DPREVENT_OPTIMIZATION line 45 q[-1] == 4
FAIL: gcc.dg/guality/pr56154-1.c -Og -DPREVENT_OPTIMIZATION line pr56154-1.c:20 x.a == 6
FAIL: gcc.dg/guality/sra-1.c -O1 -DPREVENT_OPTIMIZATION line 43 a.i == 4
FAIL: gcc.dg/guality/sra-1.c -O2 -DPREVENT_OPTIMIZATION line 43 a.i == 4
FAIL: gcc.dg/guality/sra-1.c -O2 -flto -fno-use-linker-plugin -flto-partition=none -DPREVENT_OPTIMIZATION line 43 a.i == 4
FAIL: gcc.dg/guality/sra-1.c -O2 -flto -fuse-linker-plugin -fno-fat-lto-objects -DPREVENT_OPTIMIZATION line 21 a.i == 4
FAIL: gcc.dg/guality/sra-1.c -O2 -flto -fuse-linker-plugin -fno-fat-lto-objects -DPREVENT_OPTIMIZATION line 21 a.j == 14
FAIL: gcc.dg/guality/sra-1.c -O2 -flto -fuse-linker-plugin -fno-fat-lto-objects -DPREVENT_OPTIMIZATION line 32 a[0] == 4
FAIL: gcc.dg/guality/sra-1.c -O2 -flto -fuse-linker-plugin -fno-fat-lto-objects -DPREVENT_OPTIMIZATION line 32 a[1] == 14
FAIL: gcc.dg/guality/sra-1.c -O2 -flto -fuse-linker-plugin -fno-fat-lto-objects -DPREVENT_OPTIMIZATION line 43 a.i == 4
FAIL: gcc.dg/guality/sra-1.c -O2 -flto -fuse-linker-plugin -fno-fat-lto-objects -DPREVENT_OPTIMIZATION line 43 a.j == 14
FAIL: gcc.dg/guality/sra-1.c -O3 -g -DPREVENT_OPTIMIZATION line 43 a.i == 4
FAIL: gcc.dg/guality/sra-1.c -Os -DPREVENT_OPTIMIZATION line 43 a.i == 4
FAIL: gcc.dg/guality/sra-1.c -Og -DPREVENT_OPTIMIZATION line 43 a.i == 4
FAIL: gcc.dg/guality/sra-1.c -Og -DPREVENT_OPTIMIZATION line 43 a.j == 14
FAIL: gcc.dg/guality/vla-2.c -O2 -flto -fuse-linker-plugin -fno-fat-lto-objects -DPREVENT_OPTIMIZATION line 25 sizeof (a) == 6 * sizeof (int)
FAIL: gcc.dg/pch/cpp-1.c -O0 -g -I. -Dwith_PCH (test for excess errors)
FAIL: gcc.dg/pch/cpp-1.c -O0 -g assembly comparison
WARNING: gcc.dg/plugin/poly-int-02_plugin.c compilation program timed out.
FAIL: gcc.dg/plugin/poly-int-02_plugin.c compilation
WARNING: gcc.dg/plugin/poly-int-03_plugin.c compilation program timed out.
FAIL: gcc.dg/plugin/poly-int-03_plugin.c compilation
WARNING: gcc.dg/plugin/poly-int-04_plugin.c compilation program timed out.
FAIL: gcc.dg/plugin/poly-int-04_plugin.c compilation
WARNING: gcc.dg/plugin/poly-int-05_plugin.c compilation program timed out.
FAIL: gcc.dg/plugin/poly-int-05_plugin.c compilation
FAIL: gcc.dg/torture/ftrapv-1.c -O2 -flto -fuse-linker-plugin -fno-fat-lto-objects execution test
FAIL: gcc.dg/torture/pr91323.c -O1 execution test
FAIL: gcc.dg/torture/pr91323.c -O2 execution test
FAIL: gcc.dg/torture/pr91323.c -O2 -flto -fno-use-linker-plugin -flto-partition=none execution test
FAIL: gcc.dg/torture/pr91323.c -O2 -flto -fuse-linker-plugin -fno-fat-lto-objects execution test
FAIL: gcc.dg/torture/pr91323.c -O3 -g execution test
FAIL: gcc.dg/torture/pr91323.c -Os execution test
FAIL: gcc.dg/torture/tls/tls-test.c -O0 (test for excess errors)
FAIL: gcc.dg/torture/tls/tls-test.c -O0 -fPIC (test for excess errors)
UNRESOLVED: gcc.dg/torture/tls/tls-test.c -O0 -fPIC compilation failed to produce executable
FAIL: gcc.dg/torture/tls/tls-test.c -O0 -fpic (test for excess errors)
UNRESOLVED: gcc.dg/torture/tls/tls-test.c -O0 -fpic compilation failed to produce executable
FAIL: gcc.dg/torture/tls/tls-test.c -O0 -pie -fPIE (test for excess errors)
UNRESOLVED: gcc.dg/torture/tls/tls-test.c -O0 -pie -fPIE compilation failed to produce executable
FAIL: gcc.dg/torture/tls/tls-test.c -O0 -pie -fpie (test for excess errors)
UNRESOLVED: gcc.dg/torture/tls/tls-test.c -O0 -pie -fpie compilation failed to produce executable
UNRESOLVED: gcc.dg/torture/tls/tls-test.c -O0 compilation failed to produce executable
FAIL: gcc.dg/torture/tls/tls-test.c -O1 (test for excess errors)
FAIL: gcc.dg/torture/tls/tls-test.c -O1 -fPIC (test for excess errors)
UNRESOLVED: gcc.dg/torture/tls/tls-test.c -O1 -fPIC compilation failed to produce executable
FAIL: gcc.dg/torture/tls/tls-test.c -O1 -fpic (test for excess errors)
UNRESOLVED: gcc.dg/torture/tls/tls-test.c -O1 -fpic compilation failed to produce executable
FAIL: gcc.dg/torture/tls/tls-test.c -O1 -pie -fPIE (test for excess errors)
UNRESOLVED: gcc.dg/torture/tls/tls-test.c -O1 -pie -fPIE compilation failed to produce executable
FAIL: gcc.dg/torture/tls/tls-test.c -O1 -pie -fpie (test for excess errors)
UNRESOLVED: gcc.dg/torture/tls/tls-test.c -O1 -pie -fpie compilation failed to produce executable
UNRESOLVED: gcc.dg/torture/tls/tls-test.c -O1 compilation failed to produce executable
FAIL: gcc.dg/torture/tls/tls-test.c -O2 (test for excess errors)
FAIL: gcc.dg/torture/tls/tls-test.c -O2 -fPIC (test for excess errors)
UNRESOLVED: gcc.dg/torture/tls/tls-test.c -O2 -fPIC compilation failed to produce executable
FAIL: gcc.dg/torture/tls/tls-test.c -O2 -fpic (test for excess errors)
UNRESOLVED: gcc.dg/torture/tls/tls-test.c -O2 -fpic compilation failed to produce executable
FAIL: gcc.dg/torture/tls/tls-test.c -O2 -pie -fPIE (test for excess errors)
UNRESOLVED: gcc.dg/torture/tls/tls-test.c -O2 -pie -fPIE compilation failed to produce executable
FAIL: gcc.dg/torture/tls/tls-test.c -O2 -pie -fpie (test for excess errors)
UNRESOLVED: gcc.dg/torture/tls/tls-test.c -O2 -pie -fpie compilation failed to produce executable
UNRESOLVED: gcc.dg/torture/tls/tls-test.c -O2 compilation failed to produce executable
FAIL: gcc.dg/torture/tls/tls-test.c -O2 -flto -fno-use-linker-plugin -flto-partition=none (test for excess errors)
UNRESOLVED: gcc.dg/torture/tls/tls-test.c -O2 -flto -fno-use-linker-plugin -flto-partition=none compilation failed to produce executable
FAIL: gcc.dg/torture/tls/tls-test.c -O2 -flto -fuse-linker-plugin -fno-fat-lto-objects (test for excess errors)
UNRESOLVED: gcc.dg/torture/tls/tls-test.c -O2 -flto -fuse-linker-plugin -fno-fat-lto-objects compilation failed to produce executable
FAIL: gcc.dg/torture/tls/tls-test.c -O3 -g (test for excess errors)
FAIL: gcc.dg/torture/tls/tls-test.c -O3 -g -fPIC (test for excess errors)
UNRESOLVED: gcc.dg/torture/tls/tls-test.c -O3 -g -fPIC compilation failed to produce executable
FAIL: gcc.dg/torture/tls/tls-test.c -O3 -g -fpic (test for excess errors)
UNRESOLVED: gcc.dg/torture/tls/tls-test.c -O3 -g -fpic compilation failed to produce executable
FAIL: gcc.dg/torture/tls/tls-test.c -O3 -g -pie -fPIE (test for excess errors)
UNRESOLVED: gcc.dg/torture/tls/tls-test.c -O3 -g -pie -fPIE compilation failed to produce executable
FAIL: gcc.dg/torture/tls/tls-test.c -O3 -g -pie -fpie (test for excess errors)
UNRESOLVED: gcc.dg/torture/tls/tls-test.c -O3 -g -pie -fpie compilation failed to produce executable
UNRESOLVED: gcc.dg/torture/tls/tls-test.c -O3 -g compilation failed to produce executable
FAIL: gcc.dg/torture/tls/tls-test.c -Os (test for excess errors)
FAIL: gcc.dg/torture/tls/tls-test.c -Os -fPIC (test for excess errors)
UNRESOLVED: gcc.dg/torture/tls/tls-test.c -Os -fPIC compilation failed to produce executable
FAIL: gcc.dg/torture/tls/tls-test.c -Os -fpic (test for excess errors)
UNRESOLVED: gcc.dg/torture/tls/tls-test.c -Os -fpic compilation failed to produce executable
FAIL: gcc.dg/torture/tls/tls-test.c -Os -pie -fPIE (test for excess errors)
UNRESOLVED: gcc.dg/torture/tls/tls-test.c -Os -pie -fPIE compilation failed to produce executable
FAIL: gcc.dg/torture/tls/tls-test.c -Os -pie -fpie (test for excess errors)
UNRESOLVED: gcc.dg/torture/tls/tls-test.c -Os -pie -fpie compilation failed to produce executable
UNRESOLVED: gcc.dg/torture/tls/tls-test.c -Os compilation failed to produce executable
FAIL: gcc.dg/tree-prof/val-profiler-threads-1.c compilation, -fprofile-generate -D_PROFILE_GENERATE
UNRESOLVED: gcc.dg/tree-prof/val-profiler-threads-1.c compilation, -fprofile-use -D_PROFILE_USE
UNRESOLVED: gcc.dg/tree-prof/val-profiler-threads-1.c execution, -fprofile-generate -D_PROFILE_GENERATE
UNRESOLVED: gcc.dg/tree-prof/val-profiler-threads-1.c execution, -fprofile-use -D_PROFILE_USE
XPASS: gcc.dg/tree-ssa/ssa-fre-3.c scan-tree-dump fre1 "Replaced \\\\(int\\\\) aa_.*with a_"
=== gcc Summary ===
# of expected passes 117465
# of unexpected failures 199
# of unexpected successes 38
# of expected failures 516
# of unresolved testcases 31
# of unsupported tests 2442
/daten/riscv64/gcc/gcc-20191221/Build/gcc/xgcc version 10.0.0 20191221 (experimental) [trunk revision 279690] (GCC)
=== gdc tests ===
Running target unix
FAIL: gdc.dg/asan/gdc272.d (test for excess errors)
FAIL: gdc.dg/lto/ltotests d_lto_ltotests_0.o-d_lto_ltotests_1.o link, -O0 -flto -flto-partition=1to1 -fno-use-linker-plugin (internal compiler error)
FAIL: gdc.dg/lto/ltotests d_lto_ltotests_0.o-d_lto_ltotests_1.o link, -O0 -flto -flto-partition=none -fuse-linker-plugin (internal compiler error)
FAIL: gdc.dg/lto/ltotests d_lto_ltotests_0.o-d_lto_ltotests_1.o link, -O0 -flto -fuse-linker-plugin -fno-fat-lto-objects (internal compiler error)
FAIL: gdc.dg/lto/ltotests d_lto_ltotests_0.o-d_lto_ltotests_1.o link, -O2 -flto -flto-partition=1to1 -fno-use-linker-plugin (internal compiler error)
FAIL: gdc.dg/lto/ltotests d_lto_ltotests_0.o-d_lto_ltotests_1.o link, -O2 -flto -flto-partition=none -fuse-linker-plugin -fno-fat-lto-objects (internal compiler error)
FAIL: gdc.dg/lto/ltotests d_lto_ltotests_0.o-d_lto_ltotests_1.o link, -O2 -flto -fuse-linker-plugin (internal compiler error)
FAIL: gdc.test/compilable/test15019.d -O2 -frelease output-exists test15019.o
WARNING: gdc.test/compilable/test15019.d -O2 -frelease (test for excess errors) program timed out.
FAIL: gdc.test/compilable/test15019.d -O2 -frelease -g output-exists test15019.o
WARNING: gdc.test/compilable/test15019.d -O2 -frelease -g (test for excess errors) program timed out.
FAIL: gdc.test/compilable/test15019.d -O2 -g output-exists test15019.o
WARNING: gdc.test/compilable/test15019.d -O2 -g (test for excess errors) program timed out.
WARNING: gdc.test/runnable/test17338.d (test for excess errors) program timed out.
UNRESOLVED: gdc.test/runnable/test17338.d compilation failed to produce executable
WARNING: gdc.test/runnable/test17338.d -shared-libphobos (test for excess errors) program timed out.
UNRESOLVED: gdc.test/runnable/test17338.d -shared-libphobos compilation failed to produce executable
=== gdc Summary ===
# of expected passes 29835
# of unexpected failures 10
# of unresolved testcases 2
/daten/riscv64/gcc/gcc-20191221/Build/gcc/gdc version 10.0.0 20191221 (experimental) [trunk revision 279690] (GCC)
=== gfortran tests ===
Running target unix
FAIL: gfortran.dg/pr45636.f90 -O scan-tree-dump-times forwprop2 "memset" 0
FAIL: gfortran.dg/goacc/finalize-1.f -O scan-tree-dump-times gimple "(?n)#pragma omp target oacc_enter_exit_data map\\\\(delete:MEM\\\\[\\\\(c_char \\\\*\\\\)[^\\\\]]+\\\\] \\\\[len: [^\\\\]]+\\\\]\\\\) map\\\\(to:del_f_p \\\\[pointer set, len: [0-9]+\\\\]\\\\) map\\\\(alloc:del_f_p\\\\.data \\\\[pointer assign, bias: [^\\\\]]+\\\\]\\\\) finalize\$" 1
FAIL: gfortran.dg/goacc/finalize-1.f -O scan-tree-dump-times gimple "(?n)#pragma omp target oacc_enter_exit_data map\\\\(force_from:MEM\\\\[\\\\(c_char \\\\*\\\\)[^\\\\]]+\\\\] \\\\[len: [^\\\\]]+\\\\]\\\\) map\\\\(to:cpo_f_p \\\\[pointer set, len: [0-9]+\\\\]\\\\) map\\\\(alloc:cpo_f_p\\\\.data \\\\[pointer assign, bias: [^\\\\]]+\\\\]\\\\) finalize\$" 1
FAIL: gfortran.dg/ieee/ieee_6.f90 -O0 execution test
FAIL: gfortran.dg/ieee/ieee_6.f90 -O1 execution test
FAIL: gfortran.dg/ieee/ieee_6.f90 -O2 execution test
FAIL: gfortran.dg/ieee/ieee_6.f90 -O3 -fomit-frame-pointer -funroll-loops -fpeel-loops -ftracer -finline-functions execution test
FAIL: gfortran.dg/ieee/ieee_6.f90 -O3 -g execution test
FAIL: gfortran.dg/ieee/ieee_6.f90 -Os execution test
=== gfortran Summary ===
# of expected passes 52086
# of unexpected failures 9
# of expected failures 189
# of unsupported tests 97
/daten/riscv64/gcc/gcc-20191221/Build/gcc/gfortran version 10.0.0 20191221 (experimental) [trunk revision 279690] (GCC)
=== gnat tests ===
Running target unix
FAIL: gnat.dg/specs/pack9.ads (test for excess errors)
=== gnat Summary ===
# of expected passes 3242
# of unexpected failures 1
# of expected failures 23
# of unsupported tests 27
/daten/riscv64/gcc/gcc-20191221/Build/gcc/gnatmake version 10.0.0 20191221 (experimental) [trunk revision 279690]
=== go tests ===
Running target unix
WARNING: ./64bit-out.go compilation, -O0 -g -fno-var-tracking-assignments program timed out.
FAIL: ./64bit-out.go execution, -O0 -g -fno-var-tracking-assignments
WARNING: ./bug449-out.go compilation, -O0 -g -fno-var-tracking-assignments program timed out.
FAIL: ./bug449-out.go execution, -O0 -g -fno-var-tracking-assignments
WARNING: ./index0-out.go compilation, -O0 -g -fno-var-tracking-assignments program timed out.
FAIL: ./index0-out.go execution, -O0 -g -fno-var-tracking-assignments
WARNING: ./issue5162-out.go compilation, -O0 -g -fno-var-tracking-assignments program timed out.
FAIL: ./issue5162-out.go execution, -O0 -g -fno-var-tracking-assignments
WARNING: ./select5-out.go compilation, -O0 -g -fno-var-tracking-assignments program timed out.
FAIL: ./select5-out.go execution, -O0 -g -fno-var-tracking-assignments
WARNING: ./slice3-out.go compilation, -O0 -g -fno-var-tracking-assignments program timed out.
FAIL: ./slice3-out.go execution, -O0 -g -fno-var-tracking-assignments
FAIL: go.test/test/ken/cplx2.go execution, -O2 -g
=== go Summary ===
# of expected passes 7345
# of unexpected failures 7
# of expected failures 1
# of untested testcases 10
# of unsupported tests 3
/daten/riscv64/gcc/gcc-20191221/Build/gcc/gccgo version 10.0.0 20191221 (experimental) [trunk revision 279690] (GCC)
=== obj-c++ tests ===
Running target unix
=== obj-c++ Summary ===
# of expected passes 1442
# of expected failures 10
# of unsupported tests 77
/daten/riscv64/gcc/gcc-20191221/Build/gcc/xg++ version 10.0.0 20191221 (experimental) [trunk revision 279690] (GCC)
=== objc tests ===
Running target unix
=== objc Summary ===
# of expected passes 2781
# of unsupported tests 69
/daten/riscv64/gcc/gcc-20191221/Build/gcc/xgcc version 10.0.0 20191221 (experimental) [trunk revision 279690] (GCC)
=== gotools tests ===
FAIL: go test cmd/go
FAIL: TestCgoSignalDeadlock
FAIL: go test runtime
FAIL: go test misc/cgo/test
FAIL: TestCompileWithoutShared
FAIL: TestEarlySignalHandler
FAIL: TestInstall
FAIL: TestOsSignal
FAIL: TestPIE
FAIL: TestSIGPROF
FAIL: TestSigaltstack
FAIL: TestSignalForwarding
FAIL: TestSignalForwardingExternal
FAIL: go test misc/cgo/testcarchive
=== gotools Summary ===
# of expected passes 62
# of unexpected failures 14
# of untested testcases 18
/daten/riscv64/gcc/gcc-20191221/Build/./gcc/gccgo version 10.0.0 20191221 (experimental) [trunk revision 279690] (GCC)
=== libatomic tests ===
Running target unix
=== libatomic Summary ===
# of expected passes 54
=== libffi tests ===
Running target unix
=== libffi Summary ===
# of expected passes 1934
# of unsupported tests 28
=== libgo tests ===
Running target unix
FAIL: go/build
FAIL: runtime/pprof
=== libgo Summary ===
# of expected passes 172
# of unexpected failures 2
/daten/riscv64/gcc/gcc-20191221/Build/./gcc/gccgo version 10.0.0 20191221 (experimental) [trunk revision 279690] (GCC)
=== libgomp tests ===
Running target unix
WARNING: program timed out.
FAIL: libgomp.c++/task-reduction-13.C execution test
WARNING: program timed out.
FAIL: libgomp.c++/task-reduction-8.C execution test
=== libgomp Summary ===
# of expected passes 7493
# of unexpected failures 2
# of expected failures 4
# of unsupported tests 496
=== libphobos tests ===
Running target unix
WARNING: libphobos.phobos/std/algorithm/iteration.d (test for excess errors) program timed out.
FAIL: libphobos.phobos/std/algorithm/iteration.d (test for excess errors)
UNRESOLVED: libphobos.phobos/std/algorithm/iteration.d compilation failed to produce executable
WARNING: libphobos.phobos/std/algorithm/searching.d (test for excess errors) program timed out.
FAIL: libphobos.phobos/std/algorithm/searching.d (test for excess errors)
UNRESOLVED: libphobos.phobos/std/algorithm/searching.d compilation failed to produce executable
WARNING: libphobos.phobos/std/algorithm/setops.d (test for excess errors) program timed out.
FAIL: libphobos.phobos/std/algorithm/setops.d (test for excess errors)
FAIL: libphobos.phobos/std/algorithm/setops.d execution test
WARNING: libphobos.phobos/std/algorithm/sorting.d (test for excess errors) program timed out.
FAIL: libphobos.phobos/std/algorithm/sorting.d (test for excess errors)
FAIL: libphobos.phobos/std/algorithm/sorting.d execution test
WARNING: libphobos.phobos/std/array.d (test for excess errors) program timed out.
FAIL: libphobos.phobos/std/array.d (test for excess errors)
UNRESOLVED: libphobos.phobos/std/array.d compilation failed to produce executable
WARNING: libphobos.phobos/std/container/rbtree.d (test for excess errors) program timed out.
FAIL: libphobos.phobos/std/container/rbtree.d (test for excess errors)
FAIL: libphobos.phobos/std/container/rbtree.d execution test
WARNING: libphobos.phobos/std/conv.d (test for excess errors) program timed out.
FAIL: libphobos.phobos/std/conv.d (test for excess errors)
UNRESOLVED: libphobos.phobos/std/conv.d compilation failed to produce executable
WARNING: libphobos.phobos/std/datetime/date.d (test for excess errors) program timed out.
FAIL: libphobos.phobos/std/datetime/date.d (test for excess errors)
FAIL: libphobos.phobos/std/datetime/date.d execution test
WARNING: libphobos.phobos/std/datetime/interval.d (test for excess errors) program timed out.
FAIL: libphobos.phobos/std/datetime/interval.d (test for excess errors)
FAIL: libphobos.phobos/std/datetime/interval.d execution test
WARNING: libphobos.phobos/std/datetime/systime.d (test for excess errors) program timed out.
FAIL: libphobos.phobos/std/datetime/systime.d (test for excess errors)
FAIL: libphobos.phobos/std/datetime/systime.d execution test
WARNING: libphobos.phobos/std/format.d (test for excess errors) program timed out.
FAIL: libphobos.phobos/std/format.d (test for excess errors)
FAIL: libphobos.phobos/std/format.d execution test
FAIL: libphobos.phobos/std/internal/math/errorfunction.d execution test
FAIL: libphobos.phobos/std/internal/math/gammafunction.d execution test
FAIL: libphobos.phobos/std/math.d execution test
FAIL: libphobos.phobos/std/mathspecial.d execution test
WARNING: libphobos.phobos/std/net/isemail.d (test for excess errors) program timed out.
FAIL: libphobos.phobos/std/net/isemail.d (test for excess errors)
FAIL: libphobos.phobos/std/net/isemail.d execution test
FAIL: libphobos.phobos/std/numeric.d execution test
WARNING: libphobos.phobos/std/path.d (test for excess errors) program timed out.
FAIL: libphobos.phobos/std/path.d (test for excess errors)
FAIL: libphobos.phobos/std/path.d execution test
WARNING: libphobos.phobos/std/random.d (test for excess errors) program timed out.
FAIL: libphobos.phobos/std/random.d (test for excess errors)
FAIL: libphobos.phobos/std/random.d execution test
WARNING: libphobos.phobos/std/range/package.d (test for excess errors) program timed out.
FAIL: libphobos.phobos/std/range/package.d (test for excess errors)
UNRESOLVED: libphobos.phobos/std/range/package.d compilation failed to produce executable
WARNING: libphobos.phobos/std/range/primitives.d (test for excess errors) program timed out.
FAIL: libphobos.phobos/std/range/primitives.d (test for excess errors)
FAIL: libphobos.phobos/std/range/primitives.d execution test
WARNING: libphobos.phobos/std/regex/internal/tests.d (test for excess errors) program timed out.
FAIL: libphobos.phobos/std/regex/internal/tests.d (test for excess errors)
UNRESOLVED: libphobos.phobos/std/regex/internal/tests.d compilation failed to produce executable
WARNING: libphobos.phobos/std/regex/package.d (test for excess errors) program timed out.
FAIL: libphobos.phobos/std/regex/package.d (test for excess errors)
FAIL: libphobos.phobos/std/regex/package.d execution test
FAIL: libphobos.phobos/std/stdio.d execution test
WARNING: libphobos.phobos/std/string.d (test for excess errors) program timed out.
FAIL: libphobos.phobos/std/string.d (test for excess errors)
UNRESOLVED: libphobos.phobos/std/string.d compilation failed to produce executable
WARNING: libphobos.phobos/std/typecons.d (test for excess errors) program timed out.
FAIL: libphobos.phobos/std/typecons.d (test for excess errors)
FAIL: libphobos.phobos/std/typecons.d execution test
WARNING: libphobos.phobos/std/uni.d (test for excess errors) program timed out.
FAIL: libphobos.phobos/std/uni.d (test for excess errors)
UNRESOLVED: libphobos.phobos/std/uni.d compilation failed to produce executable
WARNING: libphobos.phobos/std/variant.d (test for excess errors) program timed out.
FAIL: libphobos.phobos/std/variant.d (test for excess errors)
FAIL: libphobos.phobos/std/variant.d execution test
WARNING: libphobos.phobos_shared/std/algorithm/iteration.d (test for excess errors) program timed out.
FAIL: libphobos.phobos_shared/std/algorithm/iteration.d (test for excess errors)
FAIL: libphobos.phobos_shared/std/algorithm/iteration.d execution test
WARNING: libphobos.phobos_shared/std/algorithm/searching.d (test for excess errors) program timed out.
FAIL: libphobos.phobos_shared/std/algorithm/searching.d (test for excess errors)
UNRESOLVED: libphobos.phobos_shared/std/algorithm/searching.d compilation failed to produce executable
WARNING: libphobos.phobos_shared/std/algorithm/setops.d (test for excess errors) program timed out.
FAIL: libphobos.phobos_shared/std/algorithm/setops.d (test for excess errors)
FAIL: libphobos.phobos_shared/std/algorithm/setops.d execution test
WARNING: libphobos.phobos_shared/std/algorithm/sorting.d (test for excess errors) program timed out.
FAIL: libphobos.phobos_shared/std/algorithm/sorting.d (test for excess errors)
FAIL: libphobos.phobos_shared/std/algorithm/sorting.d execution test
WARNING: libphobos.phobos_shared/std/array.d (test for excess errors) program timed out.
FAIL: libphobos.phobos_shared/std/array.d (test for excess errors)
UNRESOLVED: libphobos.phobos_shared/std/array.d compilation failed to produce executable
WARNING: libphobos.phobos_shared/std/container/rbtree.d (test for excess errors) program timed out.
FAIL: libphobos.phobos_shared/std/container/rbtree.d (test for excess errors)
FAIL: libphobos.phobos_shared/std/container/rbtree.d execution test
WARNING: libphobos.phobos_shared/std/conv.d (test for excess errors) program timed out.
FAIL: libphobos.phobos_shared/std/conv.d (test for excess errors)
UNRESOLVED: libphobos.phobos_shared/std/conv.d compilation failed to produce executable
WARNING: libphobos.phobos_shared/std/datetime/date.d (test for excess errors) program timed out.
FAIL: libphobos.phobos_shared/std/datetime/date.d (test for excess errors)
FAIL: libphobos.phobos_shared/std/datetime/date.d execution test
WARNING: libphobos.phobos_shared/std/datetime/interval.d (test for excess errors) program timed out.
FAIL: libphobos.phobos_shared/std/datetime/interval.d (test for excess errors)
FAIL: libphobos.phobos_shared/std/datetime/interval.d execution test
WARNING: libphobos.phobos_shared/std/datetime/systime.d (test for excess errors) program timed out.
FAIL: libphobos.phobos_shared/std/datetime/systime.d (test for excess errors)
FAIL: libphobos.phobos_shared/std/datetime/systime.d execution test
WARNING: libphobos.phobos_shared/std/format.d (test for excess errors) program timed out.
FAIL: libphobos.phobos_shared/std/format.d (test for excess errors)
FAIL: libphobos.phobos_shared/std/format.d execution test
FAIL: libphobos.phobos_shared/std/internal/math/errorfunction.d execution test
FAIL: libphobos.phobos_shared/std/internal/math/gammafunction.d execution test
FAIL: libphobos.phobos_shared/std/math.d execution test
FAIL: libphobos.phobos_shared/std/mathspecial.d execution test
WARNING: libphobos.phobos_shared/std/net/isemail.d (test for excess errors) program timed out.
FAIL: libphobos.phobos_shared/std/net/isemail.d (test for excess errors)
FAIL: libphobos.phobos_shared/std/net/isemail.d execution test
FAIL: libphobos.phobos_shared/std/numeric.d execution test
WARNING: libphobos.phobos_shared/std/random.d (test for excess errors) program timed out.
FAIL: libphobos.phobos_shared/std/random.d (test for excess errors)
FAIL: libphobos.phobos_shared/std/random.d execution test
WARNING: libphobos.phobos_shared/std/range/package.d (test for excess errors) program timed out.
FAIL: libphobos.phobos_shared/std/range/package.d (test for excess errors)
UNRESOLVED: libphobos.phobos_shared/std/range/package.d compilation failed to produce executable
WARNING: libphobos.phobos_shared/std/regex/internal/tests.d (test for excess errors) program timed out.
FAIL: libphobos.phobos_shared/std/regex/internal/tests.d (test for excess errors)
UNRESOLVED: libphobos.phobos_shared/std/regex/internal/tests.d compilation failed to produce executable
WARNING: libphobos.phobos_shared/std/regex/package.d (test for excess errors) program timed out.
FAIL: libphobos.phobos_shared/std/regex/package.d (test for excess errors)
FAIL: libphobos.phobos_shared/std/regex/package.d execution test
FAIL: libphobos.phobos_shared/std/stdio.d execution test
WARNING: libphobos.phobos_shared/std/string.d (test for excess errors) program timed out.
FAIL: libphobos.phobos_shared/std/string.d (test for excess errors)
UNRESOLVED: libphobos.phobos_shared/std/string.d compilation failed to produce executable
WARNING: libphobos.phobos_shared/std/typecons.d (test for excess errors) program timed out.
FAIL: libphobos.phobos_shared/std/typecons.d (test for excess errors)
FAIL: libphobos.phobos_shared/std/typecons.d execution test
WARNING: libphobos.phobos_shared/std/uni.d (test for excess errors) program timed out.
FAIL: libphobos.phobos_shared/std/uni.d (test for excess errors)
FAIL: libphobos.phobos_shared/std/uni.d execution test
WARNING: libphobos.phobos_shared/std/variant.d (test for excess errors) program timed out.
FAIL: libphobos.phobos_shared/std/variant.d (test for excess errors)
FAIL: libphobos.phobos_shared/std/variant.d execution test
FAIL: libphobos.shared/host.c -ldl -pthread (test for excess errors)
UNRESOLVED: libphobos.shared/host.c -ldl -pthread compilation failed to produce executable
FAIL: libphobos.shared/linkD.c lib.so -ldl -pthread (test for excess errors)
UNRESOLVED: libphobos.shared/linkD.c lib.so -ldl -pthread compilation failed to produce executable
FAIL: libphobos.shared/linkDR.c -shared-libphobos -ldl -pthread (test for excess errors)
UNRESOLVED: libphobos.shared/linkDR.c -shared-libphobos -ldl -pthread compilation failed to produce executable
FAIL: libphobos.shared/loadDR.c -ldl -pthread -g (test for excess errors)
UNRESOLVED: libphobos.shared/loadDR.c -ldl -pthread -g compilation failed to produce executable
=== libphobos Summary ===
# of expected passes 648
# of unexpected failures 86
# of unresolved testcases 18
# of unsupported tests 2
=== libstdc++ tests ===
Running target unix
FAIL: libstdc++-abi/abi_check
FAIL: 17_intro/tag_type_explicit_ctor.cc (test for errors, line 41)
FAIL: 17_intro/tag_type_explicit_ctor.cc (test for errors, line 42)
FAIL: 17_intro/tag_type_explicit_ctor.cc (test for errors, line 43)
FAIL: 17_intro/tag_type_explicit_ctor.cc (test for errors, line 44)
FAIL: 17_intro/tag_type_explicit_ctor.cc (test for errors, line 45)
FAIL: 17_intro/tag_type_explicit_ctor.cc (test for errors, line 46)
FAIL: 17_intro/tag_type_explicit_ctor.cc (test for errors, line 53)
FAIL: 17_intro/tag_type_explicit_ctor.cc (test for errors, line 54)
FAIL: 17_intro/tag_type_explicit_ctor.cc (test for errors, line 55)
FAIL: 17_intro/tag_type_explicit_ctor.cc (test for errors, line 56)
FAIL: 17_intro/tag_type_explicit_ctor.cc (test for errors, line 57)
FAIL: 17_intro/tag_type_explicit_ctor.cc (test for errors, line 58)
FAIL: 17_intro/tag_type_explicit_ctor.cc (test for excess errors)
FAIL: 18_support/bad_alloc/cons_virtual_derivation.cc (test for excess errors)
UNRESOLVED: 18_support/bad_alloc/cons_virtual_derivation.cc compilation failed to produce executable
FAIL: 18_support/bad_exception/23591_thread-1.c (test for excess errors)
UNRESOLVED: 18_support/bad_exception/23591_thread-1.c compilation failed to produce executable
FAIL: 18_support/bad_typeid/what.cc (test for excess errors)
UNRESOLVED: 18_support/bad_typeid/what.cc compilation failed to produce executable
FAIL: 18_support/exception/what.cc (test for excess errors)
UNRESOLVED: 18_support/exception/what.cc compilation failed to produce executable
FAIL: 18_support/headers/cstdbool/macros.cc (test for excess errors)
FAIL: 18_support/headers/typeinfo/types_std.cc (test for excess errors)
FAIL: 18_support/initializer_list/requirements/constexpr_functions.cc (test for excess errors)
FAIL: 18_support/nested_exception/51438.cc (test for excess errors)
FAIL: 18_support/nested_exception/62154.cc (test for excess errors)
UNRESOLVED: 18_support/nested_exception/62154.cc compilation failed to produce executable
FAIL: 18_support/nested_exception/rethrow_if_nested.cc (test for excess errors)
UNRESOLVED: 18_support/nested_exception/rethrow_if_nested.cc compilation failed to produce executable
FAIL: 18_support/numeric_limits/cons/default_c++0x.cc (test for excess errors)
UNRESOLVED: 18_support/numeric_limits/cons/default_c++0x.cc compilation failed to produce executable
FAIL: 18_support/numeric_limits/is_iec559.cc (test for excess errors)
UNRESOLVED: 18_support/numeric_limits/is_iec559.cc compilation failed to produce executable
FAIL: 18_support/numeric_limits/min_max.cc (test for excess errors)
UNRESOLVED: 18_support/numeric_limits/min_max.cc compilation failed to produce executable
FAIL: 18_support/numeric_limits/specialization_default_values.cc (test for excess errors)
UNRESOLVED: 18_support/numeric_limits/specialization_default_values.cc compilation failed to produce executable
FAIL: 18_support/pthread_guard.cc (test for excess errors)
UNRESOLVED: 18_support/pthread_guard.cc compilation failed to produce executable
FAIL: 19_diagnostics/error_code/operators/not_equal.cc (test for excess errors)
UNRESOLVED: 19_diagnostics/error_code/operators/not_equal.cc compilation failed to produce executable
FAIL: 19_diagnostics/error_condition/operators/equal.cc (test for excess errors)
UNRESOLVED: 19_diagnostics/error_condition/operators/equal.cc compilation failed to produce executable
FAIL: 19_diagnostics/runtime_error/what-1.cc (test for excess errors)
UNRESOLVED: 19_diagnostics/runtime_error/what-1.cc compilation failed to produce executable
FAIL: 19_diagnostics/system_error/39880.cc (test for excess errors)
FAIL: 19_diagnostics/system_error/what-2.cc (test for excess errors)
UNRESOLVED: 19_diagnostics/system_error/what-2.cc compilation failed to produce executable
FAIL: 19_diagnostics/system_error/what-3.cc (test for excess errors)
UNRESOLVED: 19_diagnostics/system_error/what-3.cc compilation failed to produce executable
FAIL: 20_util/align/1.cc (test for excess errors)
UNRESOLVED: 20_util/align/1.cc compilation failed to produce executable
FAIL: 20_util/alignment_of/value.cc (test for excess errors)
FAIL: 20_util/allocator/8230.cc (test for excess errors)
UNRESOLVED: 20_util/allocator/8230.cc compilation failed to produce executable
FAIL: 20_util/allocator/requirements/typedefs.cc (test for excess errors)
FAIL: 20_util/allocator_traits/members/destroy.cc (test for excess errors)
UNRESOLVED: 20_util/allocator_traits/members/destroy.cc compilation failed to produce executable
FAIL: 20_util/allocator_traits/requirements/explicit_instantiation.cc (test for excess errors)
FAIL: 20_util/bind/48698.cc (test for excess errors)
FAIL: 20_util/bind/conv_result.cc (test for excess errors)
UNRESOLVED: 20_util/bind/conv_result.cc compilation failed to produce executable
FAIL: 20_util/bind/ref2.cc (test for excess errors)
UNRESOLVED: 20_util/bind/ref2.cc compilation failed to produce executable
FAIL: 20_util/declval/requirements/1.cc (test for excess errors)
FAIL: 20_util/default_delete/void_neg.cc (test for errors, line 27)
FAIL: 20_util/default_delete/void_neg.cc (test for errors, line 77)
FAIL: 20_util/default_delete/void_neg.cc (test for excess errors)
FAIL: 20_util/duration/arithmetic/constexpr.cc (test for excess errors)
FAIL: 20_util/duration/requirements/noexcept.cc (test for excess errors)
FAIL: 20_util/duration/requirements/typedefs_neg3.cc (test for errors, line )
FAIL: 20_util/duration/requirements/typedefs_neg3.cc (test for errors, line 31)
FAIL: 20_util/duration/requirements/typedefs_neg3.cc (test for excess errors)
FAIL: 20_util/enable_if/requirements/explicit_instantiation.cc (test for excess errors)
FAIL: 20_util/function/assign/move_target.cc (test for excess errors)
UNRESOLVED: 20_util/function/assign/move_target.cc compilation failed to produce executable
FAIL: 20_util/function/cons/callable.cc (test for excess errors)
FAIL: 20_util/function/requirements/explicit_instantiation.cc (test for excess errors)
FAIL: 20_util/function_objects/comparisons.cc (test for excess errors)
UNRESOLVED: 20_util/function_objects/comparisons.cc compilation failed to produce executable
FAIL: 20_util/function_objects/mem_fn/forward.cc (test for excess errors)
UNRESOLVED: 20_util/function_objects/mem_fn/forward.cc compilation failed to produce executable
FAIL: 20_util/has_virtual_destructor/requirements/typedefs.cc (test for excess errors)
FAIL: 20_util/hash/chi2_q_uniform_random.cc (test for excess errors)
UNRESOLVED: 20_util/hash/chi2_q_uniform_random.cc compilation failed to produce executable
FAIL: 20_util/hash/operators/size_t.cc (test for excess errors)
UNRESOLVED: 20_util/hash/operators/size_t.cc compilation failed to produce executable
FAIL: 20_util/hash/requirements/explicit_instantiation.cc (test for excess errors)
FAIL: 20_util/integral_constant/static_definition.cc (test for excess errors)
UNRESOLVED: 20_util/integral_constant/static_definition.cc compilation failed to produce executable
FAIL: 20_util/integral_constant/true_false_value.cc (test for excess errors)
UNRESOLVED: 20_util/integral_constant/true_false_value.cc compilation failed to produce executable
FAIL: 20_util/is_class/value.cc (test for excess errors)
FAIL: 20_util/is_const/value.cc (test for excess errors)
FAIL: 20_util/is_constructible/77395.cc (test for excess errors)
FAIL: 20_util/is_copy_assignable/requirements/explicit_instantiation.cc (test for excess errors)
FAIL: 20_util/is_fundamental/requirements/typedefs.cc (test for excess errors)
FAIL: 20_util/is_lvalue_reference/requirements/typedefs.cc (test for excess errors)
FAIL: 20_util/is_member_function_pointer/requirements/explicit_instantiation.cc (test for excess errors)
FAIL: 20_util/is_nothrow_default_constructible/requirements/explicit_instantiation.cc (test for excess errors)
FAIL: 20_util/is_pointer/value.cc (test for excess errors)
FAIL: 20_util/is_polymorphic/incomplete_neg.cc (test for errors, line )
FAIL: 20_util/is_polymorphic/incomplete_neg.cc (test for errors, line 29)
FAIL: 20_util/is_polymorphic/incomplete_neg.cc (test for excess errors)
FAIL: 20_util/is_scalar/requirements/typedefs.cc (test for excess errors)
FAIL: 20_util/is_volatile/requirements/explicit_instantiation.cc (test for excess errors)
FAIL: 20_util/make_signed/requirements/typedefs_neg.cc (test for errors, line )
FAIL: 20_util/make_signed/requirements/typedefs_neg.cc (test for errors, line 32)
FAIL: 20_util/make_signed/requirements/typedefs_neg.cc (test for errors, line 34)
FAIL: 20_util/make_signed/requirements/typedefs_neg.cc (test for errors, line 36)
FAIL: 20_util/make_signed/requirements/typedefs_neg.cc (test for errors, line 39)
FAIL: 20_util/make_signed/requirements/typedefs_neg.cc (test for errors, line 41)
FAIL: 20_util/make_signed/requirements/typedefs_neg.cc (test for excess errors)
FAIL: 20_util/make_unsigned/requirements/typedefs-3.cc (test for excess errors)
FAIL: 20_util/pair/86751.cc (test for excess errors)
FAIL: 20_util/pair/noncopyable.cc (test for excess errors)
FAIL: 20_util/pair/ref_assign.cc (test for excess errors)
UNRESOLVED: 20_util/pair/ref_assign.cc compilation failed to produce executable
FAIL: 20_util/ratio/comparisons/comp1.cc (test for excess errors)
UNRESOLVED: 20_util/ratio/comparisons/comp1.cc compilation failed to produce executable
FAIL: 20_util/ratio/cons/cons1.cc (test for excess errors)
UNRESOLVED: 20_util/ratio/cons/cons1.cc compilation failed to produce executable
FAIL: 20_util/ratio/operations/45866.cc (test for excess errors)
UNRESOLVED: 20_util/ratio/operations/45866.cc compilation failed to produce executable
FAIL: 20_util/ratio/requirements/constexpr_data.cc (test for excess errors)
FAIL: 20_util/raw_storage_iterator/requirements/explicit_instantiation/1.cc (test for excess errors)
FAIL: 20_util/reference_wrapper/typedefs-2.cc (test for excess errors)
FAIL: 20_util/remove_all_extents/requirements/explicit_instantiation.cc (test for excess errors)
FAIL: 20_util/remove_const/value.cc (test for excess errors)
FAIL: 20_util/remove_extent/requirements/alias_decl.cc (test for excess errors)
FAIL: 20_util/remove_pointer/requirements/alias_decl.cc (test for excess errors)
FAIL: 20_util/remove_volatile/requirements/explicit_instantiation.cc (test for excess errors)
FAIL: 20_util/shared_ptr/assign/move.cc (test for excess errors)
UNRESOLVED: 20_util/shared_ptr/assign/move.cc compilation failed to produce executable
FAIL: 20_util/shared_ptr/atomic/3.cc (test for excess errors)
UNRESOLVED: 20_util/shared_ptr/atomic/3.cc compilation failed to produce executable
FAIL: 20_util/shared_ptr/cons/nullptr.cc (test for excess errors)
UNRESOLVED: 20_util/shared_ptr/cons/nullptr.cc compilation failed to produce executable
FAIL: 20_util/shared_ptr/cons/unique_ptr_array.cc (test for excess errors)
UNRESOLVED: 20_util/shared_ptr/cons/unique_ptr_array.cc compilation failed to produce executable
FAIL: 20_util/shared_ptr/cons/unique_ptr_deleter.cc (test for excess errors)
UNRESOLVED: 20_util/shared_ptr/cons/unique_ptr_deleter.cc compilation failed to produce executable
FAIL: 20_util/shared_ptr/modifiers/reset.cc (test for excess errors)
UNRESOLVED: 20_util/shared_ptr/modifiers/reset.cc compilation failed to produce executable
FAIL: 20_util/shared_ptr/observers/owner_before.cc (test for excess errors)
UNRESOLVED: 20_util/shared_ptr/observers/owner_before.cc compilation failed to produce executable
FAIL: 20_util/shared_ptr/thread/default_weaktoshared.cc (test for excess errors)
UNRESOLVED: 20_util/shared_ptr/thread/default_weaktoshared.cc compilation failed to produce executable
FAIL: 20_util/shared_ptr/thread/mutex_weaktoshared.cc (test for excess errors)
UNRESOLVED: 20_util/shared_ptr/thread/mutex_weaktoshared.cc compilation failed to produce executable
FAIL: 20_util/specialized_algorithms/uninitialized_copy/64476.cc (test for excess errors)
UNRESOLVED: 20_util/specialized_algorithms/uninitialized_copy/64476.cc compilation failed to produce executable
FAIL: 20_util/specialized_algorithms/uninitialized_copy_n/89164.cc (test for errors, line )
FAIL: 20_util/specialized_algorithms/uninitialized_copy_n/89164.cc (test for errors, line 33)
FAIL: 20_util/specialized_algorithms/uninitialized_copy_n/89164.cc (test for excess errors)
FAIL: 20_util/synchronized_pool_resource/allocate.cc (test for excess errors)
UNRESOLVED: 20_util/synchronized_pool_resource/allocate.cc compilation failed to produce executable
FAIL: 20_util/synchronized_pool_resource/cons.cc (test for excess errors)
UNRESOLVED: 20_util/synchronized_pool_resource/cons.cc compilation failed to produce executable
FAIL: 20_util/synchronized_pool_resource/is_equal.cc (test for excess errors)
UNRESOLVED: 20_util/synchronized_pool_resource/is_equal.cc compilation failed to produce executable
FAIL: 20_util/synchronized_pool_resource/multithreaded.cc (test for excess errors)
UNRESOLVED: 20_util/synchronized_pool_resource/multithreaded.cc compilation failed to produce executable
FAIL: 20_util/synchronized_pool_resource/options.cc (test for excess errors)
UNRESOLVED: 20_util/synchronized_pool_resource/options.cc compilation failed to produce executable
FAIL: 20_util/synchronized_pool_resource/release.cc (test for excess errors)
UNRESOLVED: 20_util/synchronized_pool_resource/release.cc compilation failed to produce executable
FAIL: 20_util/time_point/cons/81468.cc (test for excess errors)
FAIL: 20_util/tuple/cons/constexpr-3.cc (test for excess errors)
FAIL: 20_util/tuple/creation_functions/constexpr.cc (test for excess errors)
FAIL: 20_util/tuple/element_access/constexpr_get.cc (test for excess errors)
FAIL: 20_util/tuple/element_access/get2.cc (test for excess errors)
FAIL: 20_util/tuple/requirements/dr2367.cc (test for excess errors)
FAIL: 20_util/unique_ptr/comparison/42925.cc (test for excess errors)
FAIL: 20_util/unique_ptr/requirements/explicit_instantiation/explicit_instantiation.cc (test for excess errors)
FAIL: 21_strings/basic_string/allocator/char/copy_assign.cc (test for excess errors)
UNRESOLVED: 21_strings/basic_string/allocator/char/copy_assign.cc compilation failed to produce executable
FAIL: 21_strings/basic_string/allocator/char/move.cc (test for excess errors)
UNRESOLVED: 21_strings/basic_string/allocator/char/move.cc compilation failed to produce executable
FAIL: 21_strings/basic_string/debug/1_neg.cc (test for excess errors)
UNRESOLVED: 21_strings/basic_string/debug/1_neg.cc compilation failed to produce executable
FAIL: 21_strings/basic_string/element_access/char/1.cc (test for excess errors)
UNRESOLVED: 21_strings/basic_string/element_access/char/1.cc compilation failed to produce executable
FAIL: 21_strings/basic_string/element_access/wchar_t/4.cc (test for excess errors)
UNRESOLVED: 21_strings/basic_string/element_access/wchar_t/4.cc compilation failed to produce executable
FAIL: 21_strings/basic_string/inserters_extractors/char/8.cc (test for excess errors)
UNRESOLVED: 21_strings/basic_string/inserters_extractors/char/8.cc compilation failed to produce executable
FAIL: 21_strings/basic_string/inserters_extractors/pod/10081-out.cc (test for excess errors)
UNRESOLVED: 21_strings/basic_string/inserters_extractors/pod/10081-out.cc compilation failed to produce executable
FAIL: 21_strings/basic_string/inserters_extractors/wchar_t/10.cc (test for excess errors)
UNRESOLVED: 21_strings/basic_string/inserters_extractors/wchar_t/10.cc compilation failed to produce executable
FAIL: 21_strings/basic_string/inserters_extractors/wchar_t/4.cc (test for excess errors)
UNRESOLVED: 21_strings/basic_string/inserters_extractors/wchar_t/4.cc compilation failed to produce executable
FAIL: 21_strings/basic_string/inserters_extractors/wchar_t/5.cc (test for excess errors)
UNRESOLVED: 21_strings/basic_string/inserters_extractors/wchar_t/5.cc compilation failed to produce executable
FAIL: 21_strings/basic_string/modifiers/assign/char/2.cc (test for excess errors)
UNRESOLVED: 21_strings/basic_string/modifiers/assign/char/2.cc compilation failed to produce executable
FAIL: 21_strings/basic_string/modifiers/assign/char/87749.cc (test for excess errors)
UNRESOLVED: 21_strings/basic_string/modifiers/assign/char/87749.cc compilation failed to produce executable
FAIL: 21_strings/basic_string/modifiers/assign/char/move_assign.cc (test for excess errors)
UNRESOLVED: 21_strings/basic_string/modifiers/assign/char/move_assign.cc compilation failed to produce executable
FAIL: 21_strings/basic_string/numeric_conversions/char/stoll.cc (test for excess errors)
UNRESOLVED: 21_strings/basic_string/numeric_conversions/char/stoll.cc compilation failed to produce executable
FAIL: 21_strings/basic_string/numeric_conversions/wchar_t/stoul.cc (test for excess errors)
UNRESOLVED: 21_strings/basic_string/numeric_conversions/wchar_t/stoul.cc compilation failed to produce executable
FAIL: 21_strings/basic_string/operations/rfind/char/3.cc (test for excess errors)
UNRESOLVED: 21_strings/basic_string/operations/rfind/char/3.cc compilation failed to produce executable
FAIL: 21_strings/basic_string/operations/rfind/wchar_t/1.cc (test for excess errors)
UNRESOLVED: 21_strings/basic_string/operations/rfind/wchar_t/1.cc compilation failed to produce executable
FAIL: 21_strings/basic_string/pthread18185.cc (test for excess errors)
UNRESOLVED: 21_strings/basic_string/pthread18185.cc compilation failed to produce executable
FAIL: 21_strings/basic_string/pthread33394.cc (test for excess errors)
UNRESOLVED: 21_strings/basic_string/pthread33394.cc compilation failed to produce executable
FAIL: 21_strings/basic_string/pthread4.cc (test for excess errors)
UNRESOLVED: 21_strings/basic_string/pthread4.cc compilation failed to produce executable
FAIL: 21_strings/basic_string/range_access/char/1.cc (test for excess errors)
FAIL: 21_strings/basic_string/requirements/explicit_instantiation/debug.cc (test for excess errors)
FAIL: 21_strings/basic_string/requirements/explicit_instantiation/wchar_t/1.cc (test for excess errors)
FAIL: 21_strings/char_traits/requirements/wchar_t/65049.cc (test for excess errors)
UNRESOLVED: 21_strings/char_traits/requirements/wchar_t/65049.cc compilation failed to produce executable
FAIL: 21_strings/debug/shrink_to_fit.cc (test for excess errors)
UNRESOLVED: 21_strings/debug/shrink_to_fit.cc compilation failed to produce executable
FAIL: 22_locale/codecvt/always_noconv/wchar_t/1.cc (test for excess errors)
UNRESOLVED: 22_locale/codecvt/always_noconv/wchar_t/1.cc compilation failed to produce executable
FAIL: 22_locale/codecvt/codecvt_utf16/66417.cc (test for excess errors)
UNRESOLVED: 22_locale/codecvt/codecvt_utf16/66417.cc compilation failed to produce executable
FAIL: 22_locale/codecvt/codecvt_utf8_utf16/members.cc (test for excess errors)
UNRESOLVED: 22_locale/codecvt/codecvt_utf8_utf16/members.cc compilation failed to produce executable
FAIL: 22_locale/codecvt/encoding/char/wrapped_env.cc (test for excess errors)
UNRESOLVED: 22_locale/codecvt/encoding/char/wrapped_env.cc compilation failed to produce executable
FAIL: 22_locale/codecvt/out/wchar_t/2.cc (test for excess errors)
UNRESOLVED: 22_locale/codecvt/out/wchar_t/2.cc compilation failed to produce executable
FAIL: 22_locale/codecvt/out/wchar_t/3.cc (test for excess errors)
UNRESOLVED: 22_locale/codecvt/out/wchar_t/3.cc compilation failed to produce executable
FAIL: 22_locale/codecvt/unshift/wchar_t/4.cc (test for excess errors)
UNRESOLVED: 22_locale/codecvt/unshift/wchar_t/4.cc compilation failed to produce executable
FAIL: 22_locale/collate/hash/char/1.cc (test for excess errors)
UNRESOLVED: 22_locale/collate/hash/char/1.cc compilation failed to produce executable
FAIL: 22_locale/conversions/string/66441.cc (test for excess errors)
UNRESOLVED: 22_locale/conversions/string/66441.cc compilation failed to produce executable
FAIL: 22_locale/conversions/string/requirements/typedefs-2.cc (test for excess errors)
FAIL: 22_locale/ctype/is/char/wrapped_env.cc (test for excess errors)
UNRESOLVED: 22_locale/ctype/is/char/wrapped_env.cc compilation failed to produce executable
FAIL: 22_locale/ctype/requirements/base_classes.cc (test for excess errors)
FAIL: 22_locale/ctype/scan/wchar_t/wrapped_env.cc (test for excess errors)
UNRESOLVED: 22_locale/ctype/scan/wchar_t/wrapped_env.cc compilation failed to produce executable
FAIL: 22_locale/ctype/to/char/wrapped_env.cc (test for excess errors)
UNRESOLVED: 22_locale/ctype/to/char/wrapped_env.cc compilation failed to produce executable
FAIL: 22_locale/ctype/widen/wchar_t/2.cc (test for excess errors)
UNRESOLVED: 22_locale/ctype/widen/wchar_t/2.cc compilation failed to produce executable
FAIL: 22_locale/ctype/widen/wchar_t/3.cc (test for excess errors)
UNRESOLVED: 22_locale/ctype/widen/wchar_t/3.cc compilation failed to produce executable
FAIL: 22_locale/ctype/widen/wchar_t/wrapped_env.cc (test for excess errors)
UNRESOLVED: 22_locale/ctype/widen/wchar_t/wrapped_env.cc compilation failed to produce executable
FAIL: 22_locale/ctype_byname/2.cc (test for excess errors)
FAIL: 22_locale/headers/clocale/macros.cc (test for excess errors)
FAIL: 22_locale/locale/cons/12658_thread-1.cc (test for excess errors)
UNRESOLVED: 22_locale/locale/cons/12658_thread-1.cc compilation failed to produce executable
FAIL: 22_locale/locale/cons/12658_thread-2.cc (test for excess errors)
UNRESOLVED: 22_locale/locale/cons/12658_thread-2.cc compilation failed to produce executable
FAIL: 22_locale/locale/cons/2.cc (test for excess errors)
UNRESOLVED: 22_locale/locale/cons/2.cc compilation failed to produce executable
FAIL: 22_locale/locale/cons/38365.cc (test for excess errors)
UNRESOLVED: 22_locale/locale/cons/38365.cc compilation failed to produce executable
FAIL: 22_locale/locale/cons/40184.cc (test for excess errors)
UNRESOLVED: 22_locale/locale/cons/40184.cc compilation failed to produce executable
FAIL: 22_locale/locale/cons/7.cc (test for excess errors)
UNRESOLVED: 22_locale/locale/cons/7.cc compilation failed to produce executable
FAIL: 22_locale/locale/cons/7222-env.cc (test for excess errors)
UNRESOLVED: 22_locale/locale/cons/7222-env.cc compilation failed to produce executable
FAIL: 22_locale/locale/global_locale_objects/2.cc (test for excess errors)
UNRESOLVED: 22_locale/locale/global_locale_objects/2.cc compilation failed to produce executable
FAIL: 22_locale/messages/members/char/wrapped_env.cc (test for excess errors)
UNRESOLVED: 22_locale/messages/members/char/wrapped_env.cc compilation failed to produce executable
FAIL: 22_locale/money_get/get/wchar_t/2.cc (test for excess errors)
UNRESOLVED: 22_locale/money_get/get/wchar_t/2.cc compilation failed to produce executable
FAIL: 22_locale/money_put/put/char/1.cc (test for excess errors)
UNRESOLVED: 22_locale/money_put/put/char/1.cc compilation failed to produce executable
FAIL: 22_locale/moneypunct/members/char/wrapped_env.cc (test for excess errors)
UNRESOLVED: 22_locale/moneypunct/members/char/wrapped_env.cc compilation failed to produce executable
FAIL: 22_locale/moneypunct_byname/requirements/base_classes.cc (test for excess errors)
FAIL: 22_locale/num_get/get/char/10.cc (test for excess errors)
UNRESOLVED: 22_locale/num_get/get/char/10.cc compilation failed to produce executable
FAIL: 22_locale/num_get/get/char/16.cc (test for excess errors)
UNRESOLVED: 22_locale/num_get/get/char/16.cc compilation failed to produce executable
FAIL: 22_locale/num_get/get/char/37958.cc (test for excess errors)
UNRESOLVED: 22_locale/num_get/get/char/37958.cc compilation failed to produce executable
FAIL: 22_locale/num_get/get/char/5.cc (test for excess errors)
UNRESOLVED: 22_locale/num_get/get/char/5.cc compilation failed to produce executable
FAIL: 22_locale/num_get/get/wchar_t/3.cc (test for excess errors)
UNRESOLVED: 22_locale/num_get/get/wchar_t/3.cc compilation failed to produce executable
FAIL: 22_locale/num_put/put/char/14220.cc (test for excess errors)
UNRESOLVED: 22_locale/num_put/put/char/14220.cc compilation failed to produce executable
FAIL: 22_locale/num_put/put/char/20909.cc (test for excess errors)
UNRESOLVED: 22_locale/num_put/put/char/20909.cc compilation failed to produce executable
FAIL: 22_locale/num_put/put/wchar_t/38210.cc (test for excess errors)
UNRESOLVED: 22_locale/num_put/put/wchar_t/38210.cc compilation failed to produce executable
FAIL: 22_locale/num_put/put/wchar_t/8.cc (test for excess errors)
UNRESOLVED: 22_locale/num_put/put/wchar_t/8.cc compilation failed to produce executable
FAIL: 22_locale/num_put/put/wchar_t/wrapped_env.cc (test for excess errors)
UNRESOLVED: 22_locale/num_put/put/wchar_t/wrapped_env.cc compilation failed to produce executable
FAIL: 22_locale/numpunct/members/char/3.cc execution test
FAIL: 22_locale/time_get/date_order/char/wrapped_env.cc (test for excess errors)
UNRESOLVED: 22_locale/time_get/date_order/char/wrapped_env.cc compilation failed to produce executable
FAIL: 22_locale/time_get/get_date/char/wrapped_env.cc (test for excess errors)
UNRESOLVED: 22_locale/time_get/get_date/char/wrapped_env.cc compilation failed to produce executable
FAIL: 22_locale/time_get/get_date/wchar_t/12750.cc (test for excess errors)
UNRESOLVED: 22_locale/time_get/get_date/wchar_t/12750.cc compilation failed to produce executable
FAIL: 22_locale/time_get/get_monthname/char/1.cc (test for excess errors)
UNRESOLVED: 22_locale/time_get/get_monthname/char/1.cc compilation failed to produce executable
FAIL: 22_locale/time_get/get_time/char/2.cc execution test
FAIL: 22_locale/time_get/get_time/char/4.cc (test for excess errors)
UNRESOLVED: 22_locale/time_get/get_time/char/4.cc compilation failed to produce executable
FAIL: 22_locale/time_get/get_time/char/wrapped_env.cc execution test
FAIL: 22_locale/time_get/get_time/char/wrapped_locale.cc execution test
FAIL: 22_locale/time_get/get_time/wchar_t/2.cc (test for excess errors)
UNRESOLVED: 22_locale/time_get/get_time/wchar_t/2.cc compilation failed to produce executable
FAIL: 22_locale/time_get/get_time/wchar_t/4.cc (test for excess errors)
UNRESOLVED: 22_locale/time_get/get_time/wchar_t/4.cc compilation failed to produce executable
FAIL: 22_locale/time_get/get_time/wchar_t/5.cc (test for excess errors)
UNRESOLVED: 22_locale/time_get/get_time/wchar_t/5.cc compilation failed to produce executable
FAIL: 22_locale/time_get/get_time/wchar_t/wrapped_env.cc execution test
FAIL: 22_locale/time_get/get_time/wchar_t/wrapped_locale.cc execution test
FAIL: 22_locale/time_get/get_weekday/char/3.cc (test for excess errors)
UNRESOLVED: 22_locale/time_get/get_weekday/char/3.cc compilation failed to produce executable
FAIL: 22_locale/time_get/get_weekday/wchar_t/wrapped_env.cc (test for excess errors)
UNRESOLVED: 22_locale/time_get/get_weekday/wchar_t/wrapped_env.cc compilation failed to produce executable
FAIL: 22_locale/time_get/get_year/char/3.cc (test for excess errors)
UNRESOLVED: 22_locale/time_get/get_year/char/3.cc compilation failed to produce executable
FAIL: 22_locale/time_put/put/char/12439_1.cc (test for excess errors)
UNRESOLVED: 22_locale/time_put/put/char/12439_1.cc compilation failed to produce executable
FAIL: 22_locale/time_put/put/char/wrapped_env.cc (test for excess errors)
UNRESOLVED: 22_locale/time_put/put/char/wrapped_env.cc compilation failed to produce executable
FAIL: 22_locale/time_put/requirements/base_classes.cc (test for excess errors)
FAIL: 22_locale/time_put/requirements/explicit_instantiation.cc (test for excess errors)
FAIL: 23_containers/array/capacity/size.cc (test for excess errors)
UNRESOLVED: 23_containers/array/capacity/size.cc compilation failed to produce executable
FAIL: 23_containers/array/comparison_operators/equal.cc (test for excess errors)
UNRESOLVED: 23_containers/array/comparison_operators/equal.cc compilation failed to produce executable
FAIL: 23_containers/array/element_access/54388.cc (test for excess errors)
UNRESOLVED: 23_containers/array/element_access/54388.cc compilation failed to produce executable
FAIL: 23_containers/array/element_access/at_neg.cc (test for excess errors)
UNRESOLVED: 23_containers/array/element_access/at_neg.cc compilation failed to produce executable
FAIL: 23_containers/array/tuple_interface/tuple_size.cc (test for excess errors)
FAIL: 23_containers/bitset/cons/50268.cc (test for excess errors)
UNRESOLVED: 23_containers/bitset/cons/50268.cc compilation failed to produce executable
FAIL: 23_containers/bitset/input/1.cc (test for excess errors)
UNRESOLVED: 23_containers/bitset/input/1.cc compilation failed to produce executable
FAIL: 23_containers/bitset/requirements/constexpr_functions.cc (test for excess errors)
FAIL: 23_containers/deque/92124.cc (test for excess errors)
UNRESOLVED: 23_containers/deque/92124.cc compilation failed to produce executable
FAIL: 23_containers/deque/allocator/minimal.cc (test for excess errors)
UNRESOLVED: 23_containers/deque/allocator/minimal.cc compilation failed to produce executable
FAIL: 23_containers/deque/capacity/29134-2.cc (test for excess errors)
UNRESOLVED: 23_containers/deque/capacity/29134-2.cc compilation failed to produce executable
FAIL: 23_containers/deque/check_construct_destroy.cc (test for excess errors)
UNRESOLVED: 23_containers/deque/check_construct_destroy.cc compilation failed to produce executable
FAIL: 23_containers/deque/cons/assign/1.cc (test for excess errors)
UNRESOLVED: 23_containers/deque/cons/assign/1.cc compilation failed to produce executable
FAIL: 23_containers/deque/debug/invalidation/2.cc (test for excess errors)
UNRESOLVED: 23_containers/deque/debug/invalidation/2.cc compilation failed to produce executable
FAIL: 23_containers/deque/modifiers/erase/54577.cc (test for excess errors)
FAIL: 23_containers/deque/requirements/exception/propagation_consistent.cc (test for excess errors)
UNRESOLVED: 23_containers/deque/requirements/exception/propagation_consistent.cc compilation failed to produce executable
FAIL: 23_containers/deque/requirements/explicit_instantiation/1.cc (test for excess errors)
FAIL: 23_containers/deque/requirements/explicit_instantiation/4.cc (test for excess errors)
FAIL: 23_containers/forward_list/cons/2.cc (test for excess errors)
UNRESOLVED: 23_containers/forward_list/cons/2.cc compilation failed to produce executable
FAIL: 23_containers/forward_list/debug/move_neg.cc (test for excess errors)
UNRESOLVED: 23_containers/forward_list/debug/move_neg.cc compilation failed to produce executable
FAIL: 23_containers/forward_list/requirements/exception/generation_prohibited.cc (test for excess errors)
UNRESOLVED: 23_containers/forward_list/requirements/exception/generation_prohibited.cc compilation failed to produce executable
FAIL: 23_containers/headers/bitset/synopsis.cc (test for excess errors)
FAIL: 23_containers/headers/vector/synopsis.cc (test for excess errors)
FAIL: 23_containers/list/18604.cc (test for excess errors)
FAIL: 23_containers/list/allocator/copy_assign.cc (test for excess errors)
UNRESOLVED: 23_containers/list/allocator/copy_assign.cc compilation failed to produce executable
FAIL: 23_containers/list/capacity/29134.cc (test for excess errors)
UNRESOLVED: 23_containers/list/capacity/29134.cc compilation failed to produce executable
FAIL: 23_containers/list/capacity/resize_size.cc (test for excess errors)
UNRESOLVED: 23_containers/list/capacity/resize_size.cc compilation failed to produce executable
FAIL: 23_containers/list/cons/5.cc (test for excess errors)
UNRESOLVED: 23_containers/list/cons/5.cc compilation failed to produce executable
FAIL: 23_containers/list/cons/6.cc (test for excess errors)
UNRESOLVED: 23_containers/list/cons/6.cc compilation failed to produce executable
FAIL: 23_containers/list/cons/noexcept_move_construct.cc (test for excess errors)
FAIL: 23_containers/list/debug/insert4_neg.cc (test for excess errors)
UNRESOLVED: 23_containers/list/debug/insert4_neg.cc compilation failed to produce executable
FAIL: 23_containers/list/init-list.cc (test for excess errors)
UNRESOLVED: 23_containers/list/init-list.cc compilation failed to produce executable
FAIL: 23_containers/list/modifiers/addressof.cc (test for excess errors)
FAIL: 23_containers/list/modifiers/emplace/52799.cc (test for excess errors)
FAIL: 23_containers/list/operations/3.cc (test for excess errors)
UNRESOLVED: 23_containers/list/operations/3.cc compilation failed to produce executable
FAIL: 23_containers/list/pthread1.cc (test for excess errors)
UNRESOLVED: 23_containers/list/pthread1.cc compilation failed to produce executable
FAIL: 23_containers/list/pthread5.cc (test for excess errors)
UNRESOLVED: 23_containers/list/pthread5.cc compilation failed to produce executable
FAIL: 23_containers/list/requirements/citerators.cc (test for excess errors)
UNRESOLVED: 23_containers/list/requirements/citerators.cc compilation failed to produce executable
FAIL: 23_containers/list/requirements/dr438/constructor.cc (test for excess errors)
FAIL: 23_containers/map/23781_neg.cc (test for errors, line 27)
FAIL: 23_containers/map/23781_neg.cc (test for errors, line 28)
FAIL: 23_containers/map/23781_neg.cc (test for excess errors)
FAIL: 23_containers/map/allocator/noexcept.cc (test for excess errors)
FAIL: 23_containers/map/modifiers/dr130.cc (test for excess errors)
UNRESOLVED: 23_containers/map/modifiers/dr130.cc compilation failed to produce executable
FAIL: 23_containers/map/operations/1.cc (test for excess errors)
UNRESOLVED: 23_containers/map/operations/1.cc compilation failed to produce executable
FAIL: 23_containers/map/operations/31440.cc (test for excess errors)
FAIL: 23_containers/map/operations/count.cc (test for excess errors)
UNRESOLVED: 23_containers/map/operations/count.cc compilation failed to produce executable
FAIL: 23_containers/map/pthread6.cc (test for excess errors)
UNRESOLVED: 23_containers/map/pthread6.cc compilation failed to produce executable
FAIL: 23_containers/map/requirements/exception/basic.cc (test for excess errors)
UNRESOLVED: 23_containers/map/requirements/exception/basic.cc compilation failed to produce executable
FAIL: 23_containers/multimap/operations/2.cc (test for excess errors)
UNRESOLVED: 23_containers/multimap/operations/2.cc compilation failed to produce executable
FAIL: 23_containers/multimap/requirements/explicit_instantiation/3.cc (test for excess errors)
FAIL: 23_containers/multiset/14340.cc (test for excess errors)
FAIL: 23_containers/multiset/allocator/minimal.cc (test for excess errors)
UNRESOLVED: 23_containers/multiset/allocator/minimal.cc compilation failed to produce executable
FAIL: 23_containers/multiset/allocator/noexcept.cc (test for excess errors)
FAIL: 23_containers/multiset/modifiers/erase/51142.cc (test for excess errors)
FAIL: 23_containers/multiset/requirements/exception/basic.cc (test for excess errors)
UNRESOLVED: 23_containers/multiset/requirements/exception/basic.cc compilation failed to produce executable
FAIL: 23_containers/multiset/requirements/explicit_instantiation/5.cc (test for excess errors)
FAIL: 23_containers/queue/members/7157.cc (test for excess errors)
UNRESOLVED: 23_containers/queue/members/7157.cc compilation failed to produce executable
FAIL: 23_containers/set/58764.cc (test for excess errors)
FAIL: 23_containers/set/cons/noexcept_move_construct.cc (test for excess errors)
FAIL: 23_containers/set/debug/invalidation/1.cc (test for excess errors)
UNRESOLVED: 23_containers/set/debug/invalidation/1.cc compilation failed to produce executable
FAIL: 23_containers/set/debug/move_assign_neg.cc (test for excess errors)
UNRESOLVED: 23_containers/set/debug/move_assign_neg.cc compilation failed to produce executable
FAIL: 23_containers/set/modifiers/swap/3.cc (test for excess errors)
UNRESOLVED: 23_containers/set/modifiers/swap/3.cc compilation failed to produce executable
FAIL: 23_containers/set/operations/count.cc (test for excess errors)
UNRESOLVED: 23_containers/set/operations/count.cc compilation failed to produce executable
FAIL: 23_containers/set/requirements/exception/generation_prohibited.cc (test for excess errors)
UNRESOLVED: 23_containers/set/requirements/exception/generation_prohibited.cc compilation failed to produce executable
FAIL: 23_containers/unordered_map/allocator/copy.cc (test for excess errors)
UNRESOLVED: 23_containers/unordered_map/allocator/copy.cc compilation failed to produce executable
FAIL: 23_containers/unordered_map/allocator/copy_assign.cc (test for excess errors)
UNRESOLVED: 23_containers/unordered_map/allocator/copy_assign.cc compilation failed to produce executable
FAIL: 23_containers/unordered_map/erase/1.cc (test for excess errors)
UNRESOLVED: 23_containers/unordered_map/erase/1.cc compilation failed to produce executable
FAIL: 23_containers/unordered_map/final_hash.cc (test for excess errors)
FAIL: 23_containers/unordered_map/requirements/typedefs.cc (test for excess errors)
FAIL: 23_containers/unordered_multimap/allocator/minimal.cc (test for excess errors)
UNRESOLVED: 23_containers/unordered_multimap/allocator/minimal.cc compilation failed to produce executable
FAIL: 23_containers/unordered_multimap/allocator/move.cc (test for excess errors)
UNRESOLVED: 23_containers/unordered_multimap/allocator/move.cc compilation failed to produce executable
FAIL: 23_containers/unordered_multimap/requirements/explicit_instantiation/3.cc (test for excess errors)
FAIL: 23_containers/unordered_multiset/allocator/minimal.cc (test for excess errors)
UNRESOLVED: 23_containers/unordered_multiset/allocator/minimal.cc compilation failed to produce executable
FAIL: 23_containers/unordered_multiset/erase/24061-multiset.cc (test for excess errors)
UNRESOLVED: 23_containers/unordered_multiset/erase/24061-multiset.cc compilation failed to produce executable
FAIL: 23_containers/unordered_multiset/insert/24061-multiset.cc (test for excess errors)
UNRESOLVED: 23_containers/unordered_multiset/insert/24061-multiset.cc compilation failed to produce executable
FAIL: 23_containers/unordered_multiset/insert/51866.cc (test for excess errors)
UNRESOLVED: 23_containers/unordered_multiset/insert/51866.cc compilation failed to produce executable
FAIL: 23_containers/unordered_multiset/observers.cc (test for excess errors)
FAIL: 23_containers/unordered_multiset/requirements/debug.cc (test for excess errors)
FAIL: 23_containers/unordered_multiset/requirements/explicit_instantiation/3.cc (test for excess errors)
FAIL: 23_containers/unordered_multiset/requirements/explicit_instantiation/4.cc (test for excess errors)
FAIL: 23_containers/unordered_set/63456.cc (test for excess errors)
UNRESOLVED: 23_containers/unordered_set/63456.cc compilation failed to produce executable
FAIL: 23_containers/unordered_set/allocator/noexcept.cc (test for excess errors)
FAIL: 23_containers/unordered_set/debug/construct4_neg.cc (test for excess errors)
UNRESOLVED: 23_containers/unordered_set/debug/construct4_neg.cc compilation failed to produce executable
FAIL: 23_containers/unordered_set/range_access.cc (test for excess errors)
FAIL: 23_containers/unordered_set/requirements/citerators.cc (test for excess errors)
UNRESOLVED: 23_containers/unordered_set/requirements/citerators.cc compilation failed to produce executable
FAIL: 23_containers/vector/92124.cc (test for excess errors)
UNRESOLVED: 23_containers/vector/92124.cc compilation failed to produce executable
FAIL: 23_containers/vector/allocator/swap.cc (test for excess errors)
UNRESOLVED: 23_containers/vector/allocator/swap.cc compilation failed to produce executable
FAIL: 23_containers/vector/bool/80893.cc (test for excess errors)
UNRESOLVED: 23_containers/vector/bool/80893.cc compilation failed to produce executable
FAIL: 23_containers/vector/bool/cons/noexcept_move_construct.cc (test for excess errors)
FAIL: 23_containers/vector/capacity/resize/strong_guarantee.cc (test for excess errors)
UNRESOLVED: 23_containers/vector/capacity/resize/strong_guarantee.cc compilation failed to produce executable
FAIL: 23_containers/vector/cons/86292.cc (test for excess errors)
UNRESOLVED: 23_containers/vector/cons/86292.cc compilation failed to produce executable
FAIL: 23_containers/vector/debug/assign4_neg.cc (test for excess errors)
UNRESOLVED: 23_containers/vector/debug/assign4_neg.cc compilation failed to produce executable
FAIL: 23_containers/vector/debug/insert4_neg.cc (test for excess errors)
UNRESOLVED: 23_containers/vector/debug/insert4_neg.cc compilation failed to produce executable
FAIL: 23_containers/vector/element_access/1.cc (test for excess errors)
UNRESOLVED: 23_containers/vector/element_access/1.cc compilation failed to produce executable
FAIL: 23_containers/vector/ext_pointer/modifiers/insert.cc (test for excess errors)
UNRESOLVED: 23_containers/vector/ext_pointer/modifiers/insert.cc compilation failed to produce executable
FAIL: 23_containers/vector/ext_pointer/resize.cc (test for excess errors)
UNRESOLVED: 23_containers/vector/ext_pointer/resize.cc compilation failed to produce executable
FAIL: 23_containers/vector/modifiers/erase/moveable.cc (test for excess errors)
UNRESOLVED: 23_containers/vector/modifiers/erase/moveable.cc compilation failed to produce executable
FAIL: 23_containers/vector/modifiers/moveable2.cc (test for excess errors)
UNRESOLVED: 23_containers/vector/modifiers/moveable2.cc compilation failed to produce executable
FAIL: 23_containers/vector/range_access.cc (test for excess errors)
FAIL: 23_containers/vector/requirements/dr438/insert_neg.cc (test for errors, line 34)
FAIL: 23_containers/vector/requirements/dr438/insert_neg.cc (test for excess errors)
FAIL: 23_containers/vector/requirements/explicit_instantiation/4.cc (test for excess errors)
FAIL: 24_iterators/front_insert_iterator/requirements/container.cc (test for excess errors)
FAIL: 24_iterators/istream_iterator/2.cc (test for excess errors)
UNRESOLVED: 24_iterators/istream_iterator/2.cc compilation failed to produce executable
FAIL: 24_iterators/operations/next.cc (test for excess errors)
UNRESOLVED: 24_iterators/operations/next.cc compilation failed to produce executable
FAIL: 24_iterators/random_access/string_vector_iterators.cc (test for excess errors)
UNRESOLVED: 24_iterators/random_access/string_vector_iterators.cc compilation failed to produce executable
FAIL: 24_iterators/range_access/range_access.cc (test for excess errors)
FAIL: 25_algorithms/advance/istreambuf_iterators/wchar_t/1.cc (test for excess errors)
UNRESOLVED: 25_algorithms/advance/istreambuf_iterators/wchar_t/1.cc compilation failed to produce executable
FAIL: 25_algorithms/all_of/check_type.cc (test for excess errors)
FAIL: 25_algorithms/any_of/1.cc (test for excess errors)
UNRESOLVED: 25_algorithms/any_of/1.cc compilation failed to produce executable
FAIL: 25_algorithms/any_of/check_type.cc (test for excess errors)
FAIL: 25_algorithms/copy/streambuf_iterators/wchar_t/2.cc (test for excess errors)
UNRESOLVED: 25_algorithms/copy/streambuf_iterators/wchar_t/2.cc compilation failed to produce executable
FAIL: 25_algorithms/fill_n/25306.cc (test for excess errors)
FAIL: 25_algorithms/find/1.cc (test for excess errors)
UNRESOLVED: 25_algorithms/find/1.cc compilation failed to produce executable
FAIL: 25_algorithms/find/istreambuf_iterators/wchar_t/2.cc (test for excess errors)
UNRESOLVED: 25_algorithms/find/istreambuf_iterators/wchar_t/2.cc compilation failed to produce executable
FAIL: 25_algorithms/find_if_not/check_type.cc (test for excess errors)
FAIL: 25_algorithms/find_if_not/requirements/explicit_instantiation/2.cc (test for excess errors)
FAIL: 25_algorithms/generate/requirements/explicit_instantiation/2.cc (test for excess errors)
FAIL: 25_algorithms/generate_n/25306.cc (test for excess errors)
FAIL: 25_algorithms/includes/requirements/explicit_instantiation/pod.cc (test for excess errors)
FAIL: 25_algorithms/inplace_merge/49559.cc (test for excess errors)
UNRESOLVED: 25_algorithms/inplace_merge/49559.cc compilation failed to produce executable
FAIL: 25_algorithms/inplace_merge/requirements/explicit_instantiation/pod.cc (test for excess errors)
FAIL: 25_algorithms/is_heap/requirements/explicit_instantiation/2.cc (test for excess errors)
FAIL: 25_algorithms/is_heap/requirements/explicit_instantiation/pod.cc (test for excess errors)
FAIL: 25_algorithms/is_sorted/1.cc (test for excess errors)
UNRESOLVED: 25_algorithms/is_sorted/1.cc compilation failed to produce executable
FAIL: 25_algorithms/lexicographical_compare/requirements/explicit_instantiation/2.cc (test for excess errors)
FAIL: 25_algorithms/lower_bound/2.cc (test for excess errors)
UNRESOLVED: 25_algorithms/lower_bound/2.cc compilation failed to produce executable
FAIL: 25_algorithms/min/requirements/explicit_instantiation/pod.cc (test for excess errors)
FAIL: 25_algorithms/min/requirements/explicit_instantiation/pod2.cc (test for excess errors)
FAIL: 25_algorithms/min_element/requirements/explicit_instantiation/2.cc (test for excess errors)
FAIL: 25_algorithms/min_element/requirements/explicit_instantiation/pod.cc (test for excess errors)
FAIL: 25_algorithms/minmax/3.cc (test for excess errors)
UNRESOLVED: 25_algorithms/minmax/3.cc compilation failed to produce executable
FAIL: 25_algorithms/minmax/37547.cc (test for excess errors)
UNRESOLVED: 25_algorithms/minmax/37547.cc compilation failed to produce executable
FAIL: 25_algorithms/move/deque_iterators/1.cc (test for excess errors)
UNRESOLVED: 25_algorithms/move/deque_iterators/1.cc compilation failed to produce executable
FAIL: 25_algorithms/move_backward/deque_iterators/2.cc (test for excess errors)
UNRESOLVED: 25_algorithms/move_backward/deque_iterators/2.cc compilation failed to produce executable
FAIL: 25_algorithms/move_backward/requirements/explicit_instantiation/pod.cc (test for excess errors)
FAIL: 25_algorithms/next_permutation/requirements/explicit_instantiation/2.cc (test for excess errors)
FAIL: 25_algorithms/nth_element/random_test.cc (test for excess errors)
UNRESOLVED: 25_algorithms/nth_element/random_test.cc compilation failed to produce executable
FAIL: 25_algorithms/partial_sort/requirements/explicit_instantiation/2.cc (test for excess errors)
FAIL: 25_algorithms/partial_sort_copy/requirements/explicit_instantiation/pod.cc (test for excess errors)
FAIL: 25_algorithms/partition_copy/1.cc (test for excess errors)
UNRESOLVED: 25_algorithms/partition_copy/1.cc compilation failed to produce executable
FAIL: 25_algorithms/random_shuffle/requirements/explicit_instantiation/2.cc (test for excess errors)
FAIL: 25_algorithms/remove/moveable.cc (test for excess errors)
UNRESOLVED: 25_algorithms/remove/moveable.cc compilation failed to produce executable
FAIL: 25_algorithms/remove_copy/requirements/explicit_instantiation/pod.cc (test for excess errors)
FAIL: 25_algorithms/remove_copy_if/check_type.cc (test for excess errors)
FAIL: 25_algorithms/remove_if/1.cc (test for excess errors)
UNRESOLVED: 25_algorithms/remove_if/1.cc compilation failed to produce executable
FAIL: 25_algorithms/remove_if/check_type.cc (test for excess errors)
FAIL: 25_algorithms/replace_copy/1.cc (test for excess errors)
UNRESOLVED: 25_algorithms/replace_copy/1.cc compilation failed to produce executable
FAIL: 25_algorithms/replace_copy/check_type.cc (test for excess errors)
FAIL: 25_algorithms/replace_copy_if/1.cc (test for excess errors)
UNRESOLVED: 25_algorithms/replace_copy_if/1.cc compilation failed to produce executable
FAIL: 25_algorithms/replace_if/requirements/explicit_instantiation/2.cc (test for excess errors)
FAIL: 25_algorithms/reverse/moveable.cc (test for excess errors)
FAIL: 25_algorithms/search_n/58358.cc (test for excess errors)
UNRESOLVED: 25_algorithms/search_n/58358.cc compilation failed to produce executable
FAIL: 25_algorithms/set_intersection/1.cc (test for excess errors)
UNRESOLVED: 25_algorithms/set_intersection/1.cc compilation failed to produce executable
FAIL: 25_algorithms/stable_sort/check_type.cc (test for excess errors)
FAIL: 26_numerics/complex/50880.cc (test for excess errors)
UNRESOLVED: 26_numerics/complex/50880.cc compilation failed to produce executable
FAIL: 26_numerics/complex/cons/constexpr.cc (test for excess errors)
FAIL: 26_numerics/endian/4.cc (test for excess errors)
FAIL: 26_numerics/headers/cmath/overloads_c++0x_neg.cc (test for errors, line 27)
FAIL: 26_numerics/headers/cmath/overloads_c++0x_neg.cc (test for errors, line 28)
FAIL: 26_numerics/headers/cmath/overloads_c++0x_neg.cc (test for errors, line 29)
FAIL: 26_numerics/headers/cmath/overloads_c++0x_neg.cc (test for errors, line 30)
FAIL: 26_numerics/headers/cmath/overloads_c++0x_neg.cc (test for errors, line 31)
FAIL: 26_numerics/headers/cmath/overloads_c++0x_neg.cc (test for errors, line 32)
FAIL: 26_numerics/headers/cmath/overloads_c++0x_neg.cc (test for errors, line 33)
FAIL: 26_numerics/headers/cmath/overloads_c++0x_neg.cc (test for errors, line 34)
FAIL: 26_numerics/headers/cmath/overloads_c++0x_neg.cc (test for errors, line 35)
FAIL: 26_numerics/headers/cmath/overloads_c++0x_neg.cc (test for errors, line 36)
FAIL: 26_numerics/headers/cmath/overloads_c++0x_neg.cc (test for errors, line 37)
FAIL: 26_numerics/headers/cmath/overloads_c++0x_neg.cc (test for errors, line 38)
FAIL: 26_numerics/headers/cmath/overloads_c++0x_neg.cc (test for errors, line 39)
FAIL: 26_numerics/headers/cmath/overloads_c++0x_neg.cc (test for errors, line 40)
FAIL: 26_numerics/headers/cmath/overloads_c++0x_neg.cc (test for errors, line 41)
FAIL: 26_numerics/headers/cmath/overloads_c++0x_neg.cc (test for errors, line 42)
FAIL: 26_numerics/headers/cmath/overloads_c++0x_neg.cc (test for errors, line 43)
FAIL: 26_numerics/headers/cmath/overloads_c++0x_neg.cc (test for errors, line 44)
FAIL: 26_numerics/headers/cmath/overloads_c++0x_neg.cc (test for errors, line 45)
FAIL: 26_numerics/headers/cmath/overloads_c++0x_neg.cc (test for errors, line 46)
FAIL: 26_numerics/headers/cmath/overloads_c++0x_neg.cc (test for errors, line 47)
FAIL: 26_numerics/headers/cmath/overloads_c++0x_neg.cc (test for errors, line 48)
FAIL: 26_numerics/headers/cmath/overloads_c++0x_neg.cc (test for errors, line 49)
FAIL: 26_numerics/headers/cmath/overloads_c++0x_neg.cc (test for errors, line 50)
FAIL: 26_numerics/headers/cmath/overloads_c++0x_neg.cc (test for errors, line 51)
FAIL: 26_numerics/headers/cmath/overloads_c++0x_neg.cc (test for errors, line 52)
FAIL: 26_numerics/headers/cmath/overloads_c++0x_neg.cc (test for errors, line 53)
FAIL: 26_numerics/headers/cmath/overloads_c++0x_neg.cc (test for errors, line 54)
FAIL: 26_numerics/headers/cmath/overloads_c++0x_neg.cc (test for errors, line 55)
FAIL: 26_numerics/headers/cmath/overloads_c++0x_neg.cc (test for errors, line 56)
FAIL: 26_numerics/headers/cmath/overloads_c++0x_neg.cc (test for errors, line 57)
FAIL: 26_numerics/headers/cmath/overloads_c++0x_neg.cc (test for errors, line 58)
FAIL: 26_numerics/headers/cmath/overloads_c++0x_neg.cc (test for errors, line 59)
FAIL: 26_numerics/headers/cmath/overloads_c++0x_neg.cc (test for errors, line 60)
FAIL: 26_numerics/headers/cmath/overloads_c++0x_neg.cc (test for errors, line 61)
FAIL: 26_numerics/headers/cmath/overloads_c++0x_neg.cc (test for excess errors)
FAIL: 26_numerics/partial_sum/1.cc (test for excess errors)
UNRESOLVED: 26_numerics/partial_sum/1.cc compilation failed to produce executable
FAIL: 26_numerics/random/discard_block_engine/cons/seed2.cc (test for excess errors)
UNRESOLVED: 26_numerics/random/discard_block_engine/cons/seed2.cc compilation failed to produce executable
FAIL: 26_numerics/random/discard_block_engine/cons/seed_seq.cc (test for excess errors)
UNRESOLVED: 26_numerics/random/discard_block_engine/cons/seed_seq.cc compilation failed to produce executable
FAIL: 26_numerics/random/discard_block_engine/requirements/constexpr_functions.cc (test for excess errors)
FAIL: 26_numerics/random/discard_block_engine/requirements/typedefs.cc (test for excess errors)
FAIL: 26_numerics/random/discrete_distribution/cons/initlist.cc (test for excess errors)
UNRESOLVED: 26_numerics/random/discrete_distribution/cons/initlist.cc compilation failed to produce executable
FAIL: 26_numerics/random/discrete_distribution/operators/serialize.cc (test for excess errors)
UNRESOLVED: 26_numerics/random/discrete_distribution/operators/serialize.cc compilation failed to produce executable
FAIL: 26_numerics/random/exponential_distribution/operators/inequal.cc (test for excess errors)
UNRESOLVED: 26_numerics/random/exponential_distribution/operators/inequal.cc compilation failed to produce executable
FAIL: 26_numerics/random/gamma_distribution/cons/default.cc (test for excess errors)
UNRESOLVED: 26_numerics/random/gamma_distribution/cons/default.cc compilation failed to produce executable
FAIL: 26_numerics/random/gamma_distribution/operators/equal.cc (test for excess errors)
UNRESOLVED: 26_numerics/random/gamma_distribution/operators/equal.cc compilation failed to produce executable
FAIL: 26_numerics/random/mersenne_twister_engine/cons/seed_seq2.cc (test for excess errors)
UNRESOLVED: 26_numerics/random/mersenne_twister_engine/cons/seed_seq2.cc compilation failed to produce executable
FAIL: 26_numerics/random/minstd_rand0.cc (test for excess errors)
UNRESOLVED: 26_numerics/random/minstd_rand0.cc compilation failed to produce executable
FAIL: 26_numerics/random/negative_binomial_distribution/cons/default.cc (test for excess errors)
UNRESOLVED: 26_numerics/random/negative_binomial_distribution/cons/default.cc compilation failed to produce executable
FAIL: 26_numerics/random/negative_binomial_distribution/operators/values.cc (test for excess errors)
UNRESOLVED: 26_numerics/random/negative_binomial_distribution/operators/values.cc compilation failed to produce executable
FAIL: 26_numerics/random/normal_distribution/cons/default.cc (test for excess errors)
UNRESOLVED: 26_numerics/random/normal_distribution/cons/default.cc compilation failed to produce executable
FAIL: 26_numerics/random/piecewise_linear_distribution/cons/initlist_fun.cc (test for excess errors)
UNRESOLVED: 26_numerics/random/piecewise_linear_distribution/cons/initlist_fun.cc compilation failed to produce executable
FAIL: 26_numerics/random/piecewise_linear_distribution/cons/num_xbound_fun.cc (test for excess errors)
UNRESOLVED: 26_numerics/random/piecewise_linear_distribution/cons/num_xbound_fun.cc compilation failed to produce executable
FAIL: 26_numerics/random/poisson_distribution/cons/default.cc (test for excess errors)
UNRESOLVED: 26_numerics/random/poisson_distribution/cons/default.cc compilation failed to produce executable
FAIL: 26_numerics/random/random_device/cons/default.cc (test for excess errors)
UNRESOLVED: 26_numerics/random/random_device/cons/default.cc compilation failed to produce executable
FAIL: 26_numerics/random/student_t_distribution/requirements/typedefs.cc (test for excess errors)
FAIL: 26_numerics/random/subtract_with_carry_engine/cons/55215.cc (test for excess errors)
UNRESOLVED: 26_numerics/random/subtract_with_carry_engine/cons/55215.cc compilation failed to produce executable
FAIL: 26_numerics/random/subtract_with_carry_engine/requirements/typedefs.cc (test for excess errors)
FAIL: 26_numerics/random/uniform_int_distribution/operators/inequal.cc (test for excess errors)
UNRESOLVED: 26_numerics/random/uniform_int_distribution/operators/inequal.cc compilation failed to produce executable
FAIL: 26_numerics/random/uniform_real_distribution/operators/inequal.cc (test for excess errors)
UNRESOLVED: 26_numerics/random/uniform_real_distribution/operators/inequal.cc compilation failed to produce executable
FAIL: 26_numerics/slice/1.cc (test for excess errors)
UNRESOLVED: 26_numerics/slice/1.cc compilation failed to produce executable
FAIL: 26_numerics/valarray/27867.cc (test for excess errors)
UNRESOLVED: 26_numerics/valarray/27867.cc compilation failed to produce executable
FAIL: 26_numerics/valarray/algo.cc (test for excess errors)
UNRESOLVED: 26_numerics/valarray/algo.cc compilation failed to produce executable
FAIL: 27_io/basic_filebuf/close/char/4.cc (test for excess errors)
UNRESOLVED: 27_io/basic_filebuf/close/char/4.cc compilation failed to produce executable
FAIL: 27_io/basic_filebuf/close/wchar_t/12790-2.cc (test for excess errors)
UNRESOLVED: 27_io/basic_filebuf/close/wchar_t/12790-2.cc compilation failed to produce executable
FAIL: 27_io/basic_filebuf/imbue/wchar_t/13582-3.cc (test for excess errors)
UNRESOLVED: 27_io/basic_filebuf/imbue/wchar_t/13582-3.cc compilation failed to produce executable
FAIL: 27_io/basic_filebuf/imbue/wchar_t/14975-2.cc (test for excess errors)
UNRESOLVED: 27_io/basic_filebuf/imbue/wchar_t/14975-2.cc compilation failed to produce executable
FAIL: 27_io/basic_filebuf/imbue/wchar_t/9322.cc (test for excess errors)
UNRESOLVED: 27_io/basic_filebuf/imbue/wchar_t/9322.cc compilation failed to produce executable
FAIL: 27_io/basic_filebuf/open/char/3.cc (test for excess errors)
UNRESOLVED: 27_io/basic_filebuf/open/char/3.cc compilation failed to produce executable
FAIL: 27_io/basic_filebuf/sbumpc/char/2-in.cc (test for excess errors)
UNRESOLVED: 27_io/basic_filebuf/sbumpc/char/2-in.cc compilation failed to produce executable
FAIL: 27_io/basic_filebuf/seekpos/char/12790-4.cc (test for excess errors)
UNRESOLVED: 27_io/basic_filebuf/seekpos/char/12790-4.cc compilation failed to produce executable
FAIL: 27_io/basic_filebuf/seekpos/char/3-io.cc (test for excess errors)
UNRESOLVED: 27_io/basic_filebuf/seekpos/char/3-io.cc compilation failed to produce executable
FAIL: 27_io/basic_filebuf/setbuf/char/1.cc (test for excess errors)
UNRESOLVED: 27_io/basic_filebuf/setbuf/char/1.cc compilation failed to produce executable
FAIL: 27_io/basic_filebuf/setbuf/char/2.cc (test for excess errors)
UNRESOLVED: 27_io/basic_filebuf/setbuf/char/2.cc compilation failed to produce executable
FAIL: 27_io/basic_filebuf/snextc/char/1-io.cc (test for excess errors)
UNRESOLVED: 27_io/basic_filebuf/snextc/char/1-io.cc compilation failed to produce executable
FAIL: 27_io/basic_filebuf/snextc/char/2-in.cc (test for excess errors)
UNRESOLVED: 27_io/basic_filebuf/snextc/char/2-in.cc compilation failed to produce executable
FAIL: 27_io/basic_filebuf/sputc/char/1-in.cc (test for excess errors)
UNRESOLVED: 27_io/basic_filebuf/sputc/char/1-in.cc compilation failed to produce executable
FAIL: 27_io/basic_filebuf/sputc/char/1057.cc (test for excess errors)
UNRESOLVED: 27_io/basic_filebuf/sputc/char/1057.cc compilation failed to produce executable
FAIL: 27_io/basic_filebuf/sputn/char/59427.cc (test for excess errors)
UNRESOLVED: 27_io/basic_filebuf/sputn/char/59427.cc compilation failed to produce executable
FAIL: 27_io/basic_filebuf/sungetc/char/1-out.cc (test for excess errors)
UNRESOLVED: 27_io/basic_filebuf/sungetc/char/1-out.cc compilation failed to produce executable
FAIL: 27_io/basic_filebuf/sungetc/char/2-out.cc (test for excess errors)
UNRESOLVED: 27_io/basic_filebuf/sungetc/char/2-out.cc compilation failed to produce executable
FAIL: 27_io/basic_ifstream/open/char/1.cc (test for excess errors)
UNRESOLVED: 27_io/basic_ifstream/open/char/1.cc compilation failed to produce executable
FAIL: 27_io/basic_ifstream/open/char/2.cc (test for excess errors)
FAIL: 27_io/basic_ios/copyfmt/char/2.cc (test for excess errors)
UNRESOLVED: 27_io/basic_ios/copyfmt/char/2.cc compilation failed to produce executable
FAIL: 27_io/basic_ios/exceptions/char/2.cc (test for excess errors)
UNRESOLVED: 27_io/basic_ios/exceptions/char/2.cc compilation failed to produce executable
FAIL: 27_io/basic_istream/extractors_arithmetic/char/02.cc (test for excess errors)
UNRESOLVED: 27_io/basic_istream/extractors_arithmetic/char/02.cc compilation failed to produce executable
FAIL: 27_io/basic_istream/extractors_arithmetic/wchar_t/02.cc (test for excess errors)
UNRESOLVED: 27_io/basic_istream/extractors_arithmetic/wchar_t/02.cc compilation failed to produce executable
FAIL: 27_io/basic_istream/extractors_arithmetic/wchar_t/06.cc (test for excess errors)
UNRESOLVED: 27_io/basic_istream/extractors_arithmetic/wchar_t/06.cc compilation failed to produce executable
FAIL: 27_io/basic_istream/extractors_arithmetic/wchar_t/08.cc (test for excess errors)
UNRESOLVED: 27_io/basic_istream/extractors_arithmetic/wchar_t/08.cc compilation failed to produce executable
FAIL: 27_io/basic_istream/extractors_arithmetic/wchar_t/dr696.cc (test for excess errors)
UNRESOLVED: 27_io/basic_istream/extractors_arithmetic/wchar_t/dr696.cc compilation failed to produce executable
FAIL: 27_io/basic_istream/extractors_arithmetic/wchar_t/exceptions_failbit_throw.cc (test for excess errors)
UNRESOLVED: 27_io/basic_istream/extractors_arithmetic/wchar_t/exceptions_failbit_throw.cc compilation failed to produce executable
FAIL: 27_io/basic_istream/extractors_other/wchar_t/exceptions_failbit_throw.cc (test for excess errors)
UNRESOLVED: 27_io/basic_istream/extractors_other/wchar_t/exceptions_failbit_throw.cc compilation failed to produce executable
FAIL: 27_io/basic_istream/ignore/char/1.cc (test for excess errors)
UNRESOLVED: 27_io/basic_istream/ignore/char/1.cc compilation failed to produce executable
FAIL: 27_io/basic_istream/peek/wchar_t/6414.cc (test for excess errors)
UNRESOLVED: 27_io/basic_istream/peek/wchar_t/6414.cc compilation failed to produce executable
FAIL: 27_io/basic_istream/read/wchar_t/3.cc (test for excess errors)
UNRESOLVED: 27_io/basic_istream/read/wchar_t/3.cc compilation failed to produce executable
FAIL: 27_io/basic_istream/requirements/typedefs.cc (test for excess errors)
FAIL: 27_io/basic_istream/tellg/char/8348.cc (test for excess errors)
UNRESOLVED: 27_io/basic_istream/tellg/char/8348.cc compilation failed to produce executable
FAIL: 27_io/basic_istream/tellg/wchar_t/1.cc (test for excess errors)
UNRESOLVED: 27_io/basic_istream/tellg/wchar_t/1.cc compilation failed to produce executable
FAIL: 27_io/basic_istream/tellg/wchar_t/2.cc (test for excess errors)
UNRESOLVED: 27_io/basic_istream/tellg/wchar_t/2.cc compilation failed to produce executable
FAIL: 27_io/basic_istream/ws/char/1.cc (test for excess errors)
UNRESOLVED: 27_io/basic_istream/ws/char/1.cc compilation failed to produce executable
FAIL: 27_io/basic_istringstream/requirements/base_classes.cc (test for excess errors)
FAIL: 27_io/basic_ofstream/cons/char/2.cc (test for excess errors)
FAIL: 27_io/basic_ofstream/open/char/2.cc (test for excess errors)
FAIL: 27_io/basic_ofstream/pthread2.cc (test for excess errors)
UNRESOLVED: 27_io/basic_ofstream/pthread2.cc compilation failed to produce executable
FAIL: 27_io/basic_ostream/ends/wchar_t/2.cc (test for excess errors)
UNRESOLVED: 27_io/basic_ostream/ends/wchar_t/2.cc compilation failed to produce executable
FAIL: 27_io/basic_ostream/exceptions/char/9561.cc (test for excess errors)
UNRESOLVED: 27_io/basic_ostream/exceptions/char/9561.cc compilation failed to produce executable
FAIL: 27_io/basic_ostream/inserters_arithmetic/char/hexfloat.cc (test for excess errors)
UNRESOLVED: 27_io/basic_ostream/inserters_arithmetic/char/hexfloat.cc compilation failed to produce executable
FAIL: 27_io/basic_ostream/inserters_arithmetic/wchar_t/9555-oa.cc (test for excess errors)
UNRESOLVED: 27_io/basic_ostream/inserters_arithmetic/wchar_t/9555-oa.cc compilation failed to produce executable
FAIL: 27_io/basic_ostream/inserters_character/wchar_t/5.cc (test for excess errors)
UNRESOLVED: 27_io/basic_ostream/inserters_character/wchar_t/5.cc compilation failed to produce executable
FAIL: 27_io/basic_ostream/inserters_other/char/4.cc (test for excess errors)
UNRESOLVED: 27_io/basic_ostream/inserters_other/char/4.cc compilation failed to produce executable
FAIL: 27_io/basic_ostream/inserters_other/char/error_failbit.cc (test for excess errors)
UNRESOLVED: 27_io/basic_ostream/inserters_other/char/error_failbit.cc compilation failed to produce executable
FAIL: 27_io/basic_ostream/inserters_other/wchar_t/4.cc (test for excess errors)
UNRESOLVED: 27_io/basic_ostream/inserters_other/wchar_t/4.cc compilation failed to produce executable
FAIL: 27_io/basic_ostream/inserters_other/wchar_t/exceptions_null.cc (test for excess errors)
UNRESOLVED: 27_io/basic_ostream/inserters_other/wchar_t/exceptions_null.cc compilation failed to produce executable
FAIL: 27_io/basic_ostream/seekp/char/2346-fstream.cc (test for excess errors)
UNRESOLVED: 27_io/basic_ostream/seekp/char/2346-fstream.cc compilation failed to produce executable
FAIL: 27_io/basic_ostream/write/wchar_t/1.cc (test for excess errors)
UNRESOLVED: 27_io/basic_ostream/write/wchar_t/1.cc compilation failed to produce executable
FAIL: 27_io/basic_ostringstream/pthread3.cc (test for excess errors)
UNRESOLVED: 27_io/basic_ostringstream/pthread3.cc compilation failed to produce executable
FAIL: 27_io/basic_streambuf/imbue/wchar_t/9322.cc (test for excess errors)
UNRESOLVED: 27_io/basic_streambuf/imbue/wchar_t/9322.cc compilation failed to produce executable
FAIL: 27_io/basic_streambuf/sgetn/char/1.cc (test for excess errors)
UNRESOLVED: 27_io/basic_streambuf/sgetn/char/1.cc compilation failed to produce executable
FAIL: 27_io/basic_stringbuf/cons/2020.cc (test for excess errors)
UNRESOLVED: 27_io/basic_stringbuf/cons/2020.cc compilation failed to produce executable
FAIL: 27_io/basic_stringbuf/cons/char/1.cc (test for excess errors)
UNRESOLVED: 27_io/basic_stringbuf/cons/char/1.cc compilation failed to produce executable
FAIL: 27_io/basic_stringbuf/imbue/wchar_t/1.cc (test for excess errors)
UNRESOLVED: 27_io/basic_stringbuf/imbue/wchar_t/1.cc compilation failed to produce executable
FAIL: 27_io/basic_stringbuf/imbue/wchar_t/9322.cc (test for excess errors)
UNRESOLVED: 27_io/basic_stringbuf/imbue/wchar_t/9322.cc compilation failed to produce executable
FAIL: 27_io/basic_stringbuf/overflow/char/1.cc (test for excess errors)
UNRESOLVED: 27_io/basic_stringbuf/overflow/char/1.cc compilation failed to produce executable
FAIL: 27_io/basic_stringbuf/requirements/explicit_instantiation/4.cc (test for excess errors)
FAIL: 27_io/basic_stringbuf/seekpos/char/1.cc (test for excess errors)
UNRESOLVED: 27_io/basic_stringbuf/seekpos/char/1.cc compilation failed to produce executable
FAIL: 27_io/basic_stringbuf/seekpos/char/3.cc (test for excess errors)
UNRESOLVED: 27_io/basic_stringbuf/seekpos/char/3.cc compilation failed to produce executable
FAIL: 27_io/basic_stringbuf/snextc/char/1.cc (test for excess errors)
UNRESOLVED: 27_io/basic_stringbuf/snextc/char/1.cc compilation failed to produce executable
FAIL: 27_io/basic_stringbuf/str/char/1.cc (test for excess errors)
UNRESOLVED: 27_io/basic_stringbuf/str/char/1.cc compilation failed to produce executable
FAIL: 27_io/basic_stringbuf/str/wchar_t/1.cc (test for excess errors)
UNRESOLVED: 27_io/basic_stringbuf/str/wchar_t/1.cc compilation failed to produce executable
FAIL: 27_io/basic_stringstream/cons/move.cc (test for excess errors)
UNRESOLVED: 27_io/basic_stringstream/cons/move.cc compilation failed to produce executable
FAIL: 27_io/basic_stringstream/rdbuf/wchar_t/2832.cc (test for excess errors)
UNRESOLVED: 27_io/basic_stringstream/rdbuf/wchar_t/2832.cc compilation failed to produce executable
FAIL: 27_io/basic_stringstream/str/char/3.cc (test for excess errors)
UNRESOLVED: 27_io/basic_stringstream/str/char/3.cc compilation failed to produce executable
FAIL: 27_io/fpos/14252.cc (test for excess errors)
UNRESOLVED: 27_io/fpos/14252.cc compilation failed to produce executable
FAIL: 27_io/fpos/14320-4.cc (test for excess errors)
UNRESOLVED: 27_io/fpos/14320-4.cc compilation failed to produce executable
FAIL: 27_io/headers/ostream/types_std.cc (test for excess errors)
FAIL: 27_io/headers/sstream/synopsis.cc (test for excess errors)
FAIL: 27_io/headers/streambuf/types_std.cc (test for excess errors)
FAIL: 27_io/ios_base/callbacks/1.cc (test for excess errors)
UNRESOLVED: 27_io/ios_base/callbacks/1.cc compilation failed to produce executable
FAIL: 27_io/ios_base/failure/cxx11.cc (test for excess errors)
UNRESOLVED: 27_io/ios_base/failure/cxx11.cc compilation failed to produce executable
FAIL: 27_io/manipulators/basefield/wchar_t/1.cc (test for excess errors)
UNRESOLVED: 27_io/manipulators/basefield/wchar_t/1.cc compilation failed to produce executable
FAIL: 27_io/manipulators/extended/get_money/char/1.cc (test for excess errors)
UNRESOLVED: 27_io/manipulators/extended/get_money/char/1.cc compilation failed to produce executable
FAIL: 27_io/manipulators/extended/get_money/wchar_t/51288.cc (test for excess errors)
UNRESOLVED: 27_io/manipulators/extended/get_money/wchar_t/51288.cc compilation failed to produce executable
FAIL: 27_io/objects/char/2.cc (test for excess errors)
UNRESOLVED: 27_io/objects/char/2.cc compilation failed to produce executable
FAIL: 27_io/objects/char/3647.cc (test for excess errors)
UNRESOLVED: 27_io/objects/char/3647.cc compilation failed to produce executable
FAIL: 27_io/objects/wchar_t/11.cc (test for excess errors)
UNRESOLVED: 27_io/objects/wchar_t/11.cc compilation failed to produce executable
FAIL: 27_io/objects/wchar_t/12048-1.cc (test for excess errors)
UNRESOLVED: 27_io/objects/wchar_t/12048-1.cc compilation failed to produce executable
FAIL: 28_regex/algorithms/regex_match/awk/cstring_01.cc (test for excess errors)
UNRESOLVED: 28_regex/algorithms/regex_match/awk/cstring_01.cc compilation failed to produce executable
FAIL: 28_regex/algorithms/regex_match/basic/string_01.cc (test for excess errors)
UNRESOLVED: 28_regex/algorithms/regex_match/basic/string_01.cc compilation failed to produce executable
FAIL: 28_regex/algorithms/regex_match/basic/string_range_00_03.cc (test for excess errors)
UNRESOLVED: 28_regex/algorithms/regex_match/basic/string_range_00_03.cc compilation failed to produce executable
FAIL: 28_regex/algorithms/regex_match/ecma/char/emptygroup.cc (test for excess errors)
UNRESOLVED: 28_regex/algorithms/regex_match/ecma/char/emptygroup.cc compilation failed to produce executable
FAIL: 28_regex/algorithms/regex_match/ecma/char/ungreedy.cc (test for excess errors)
UNRESOLVED: 28_regex/algorithms/regex_match/ecma/char/ungreedy.cc compilation failed to produce executable
FAIL: 28_regex/algorithms/regex_match/extended/string_range_02_03.cc (test for excess errors)
UNRESOLVED: 28_regex/algorithms/regex_match/extended/string_range_02_03.cc compilation failed to produce executable
FAIL: 28_regex/basic_regex/ctors/basic/default.cc (test for excess errors)
FAIL: 28_regex/iterators/regex_token_iterator/ctors/wchar_t/default.cc (test for excess errors)
FAIL: 28_regex/range_access.cc (test for excess errors)
FAIL: 29_atomics/atomic/cons/copy_neg.cc (test for errors, line 678)
FAIL: 29_atomics/atomic/cons/copy_neg.cc (test for excess errors)
FAIL: 29_atomics/atomic/cons/default.cc (test for excess errors)
UNRESOLVED: 29_atomics/atomic/cons/default.cc compilation failed to produce executable
FAIL: 29_atomics/atomic/operators/56011.cc (test for excess errors)
FAIL: 29_atomics/atomic_flag/cons/copy_neg.cc (test for errors, line 27)
FAIL: 29_atomics/atomic_flag/cons/copy_neg.cc (test for excess errors)
FAIL: 29_atomics/atomic_flag/test_and_set/implicit.cc (test for excess errors)
UNRESOLVED: 29_atomics/atomic_flag/test_and_set/implicit.cc compilation failed to produce executable
FAIL: 29_atomics/atomic_integral/cons/copy_neg.cc (test for errors, line 678)
FAIL: 29_atomics/atomic_integral/cons/copy_neg.cc (test for excess errors)
FAIL: 29_atomics/atomic_integral/operators/bitwise.cc (test for excess errors)
FAIL: 29_atomics/atomic_ref/generic.cc (test for excess errors)
UNRESOLVED: 29_atomics/atomic_ref/generic.cc compilation failed to produce executable
FAIL: 29_atomics/atomic_ref/integral.cc (test for excess errors)
UNRESOLVED: 29_atomics/atomic_ref/integral.cc compilation failed to produce executable
FAIL: 29_atomics/atomic_ref/pointer.cc (test for excess errors)
UNRESOLVED: 29_atomics/atomic_ref/pointer.cc compilation failed to produce executable
FAIL: 30_threads/async/42819.cc (test for excess errors)
UNRESOLVED: 30_threads/async/42819.cc compilation failed to produce executable
FAIL: 30_threads/async/49668.cc (test for excess errors)
UNRESOLVED: 30_threads/async/49668.cc compilation failed to produce executable
FAIL: 30_threads/async/54297.cc (test for excess errors)
UNRESOLVED: 30_threads/async/54297.cc compilation failed to produce executable
FAIL: 30_threads/async/any.cc (test for excess errors)
UNRESOLVED: 30_threads/async/any.cc compilation failed to produce executable
FAIL: 30_threads/async/async.cc (test for excess errors)
UNRESOLVED: 30_threads/async/async.cc compilation failed to produce executable
FAIL: 30_threads/async/except.cc (test for excess errors)
UNRESOLVED: 30_threads/async/except.cc compilation failed to produce executable
FAIL: 30_threads/async/forced_unwind.cc (test for excess errors)
UNRESOLVED: 30_threads/async/forced_unwind.cc compilation failed to produce executable
FAIL: 30_threads/async/launch.cc (test for excess errors)
UNRESOLVED: 30_threads/async/launch.cc compilation failed to produce executable
FAIL: 30_threads/async/sync.cc (test for excess errors)
UNRESOLVED: 30_threads/async/sync.cc compilation failed to produce executable
FAIL: 30_threads/call_once/39909.cc (test for excess errors)
UNRESOLVED: 30_threads/call_once/39909.cc compilation failed to produce executable
FAIL: 30_threads/call_once/49668.cc (test for excess errors)
UNRESOLVED: 30_threads/call_once/49668.cc compilation failed to produce executable
FAIL: 30_threads/call_once/call_once1.cc (test for excess errors)
UNRESOLVED: 30_threads/call_once/call_once1.cc compilation failed to produce executable
FAIL: 30_threads/call_once/dr2442.cc (test for excess errors)
UNRESOLVED: 30_threads/call_once/dr2442.cc compilation failed to produce executable
FAIL: 30_threads/condition_variable/54185.cc (test for excess errors)
UNRESOLVED: 30_threads/condition_variable/54185.cc compilation failed to produce executable
FAIL: 30_threads/condition_variable/cons/1.cc (test for excess errors)
UNRESOLVED: 30_threads/condition_variable/cons/1.cc compilation failed to produce executable
FAIL: 30_threads/condition_variable/cons/copy_neg.cc (test for errors, line 28)
FAIL: 30_threads/condition_variable/cons/copy_neg.cc (test for excess errors)
FAIL: 30_threads/condition_variable/members/1.cc (test for excess errors)
UNRESOLVED: 30_threads/condition_variable/members/1.cc compilation failed to produce executable
FAIL: 30_threads/condition_variable/members/2.cc (test for excess errors)
UNRESOLVED: 30_threads/condition_variable/members/2.cc compilation failed to produce executable
FAIL: 30_threads/condition_variable/members/3.cc (test for excess errors)
UNRESOLVED: 30_threads/condition_variable/members/3.cc compilation failed to produce executable
FAIL: 30_threads/condition_variable/members/68519.cc (test for excess errors)
UNRESOLVED: 30_threads/condition_variable/members/68519.cc compilation failed to produce executable
FAIL: 30_threads/condition_variable/native_handle/typesizes.cc (test for excess errors)
UNRESOLVED: 30_threads/condition_variable/native_handle/typesizes.cc compilation failed to produce executable
FAIL: 30_threads/condition_variable/requirements/typedefs.cc (test for excess errors)
FAIL: 30_threads/condition_variable_any/50862.cc (test for excess errors)
UNRESOLVED: 30_threads/condition_variable_any/50862.cc compilation failed to produce executable
FAIL: 30_threads/condition_variable_any/53830.cc (test for excess errors)
UNRESOLVED: 30_threads/condition_variable_any/53830.cc compilation failed to produce executable
FAIL: 30_threads/condition_variable_any/cond.cc (test for excess errors)
UNRESOLVED: 30_threads/condition_variable_any/cond.cc compilation failed to produce executable
FAIL: 30_threads/condition_variable_any/cons/1.cc (test for excess errors)
UNRESOLVED: 30_threads/condition_variable_any/cons/1.cc compilation failed to produce executable
FAIL: 30_threads/condition_variable_any/members/1.cc (test for excess errors)
UNRESOLVED: 30_threads/condition_variable_any/members/1.cc compilation failed to produce executable
FAIL: 30_threads/condition_variable_any/members/2.cc (test for excess errors)
UNRESOLVED: 30_threads/condition_variable_any/members/2.cc compilation failed to produce executable
FAIL: 30_threads/condition_variable_any/stop_token/wait_on.cc (test for excess errors)
UNRESOLVED: 30_threads/condition_variable_any/stop_token/wait_on.cc compilation failed to produce executable
FAIL: 30_threads/future/cons/move.cc (test for excess errors)
UNRESOLVED: 30_threads/future/cons/move.cc compilation failed to produce executable
FAIL: 30_threads/future/members/45133.cc (test for excess errors)
UNRESOLVED: 30_threads/future/members/45133.cc compilation failed to produce executable
FAIL: 30_threads/future/members/get.cc (test for excess errors)
UNRESOLVED: 30_threads/future/members/get.cc compilation failed to produce executable
FAIL: 30_threads/future/members/get2.cc (test for excess errors)
UNRESOLVED: 30_threads/future/members/get2.cc compilation failed to produce executable
FAIL: 30_threads/future/members/share.cc (test for excess errors)
UNRESOLVED: 30_threads/future/members/share.cc compilation failed to produce executable
FAIL: 30_threads/future/members/valid.cc (test for excess errors)
UNRESOLVED: 30_threads/future/members/valid.cc compilation failed to produce executable
FAIL: 30_threads/future/members/wait.cc (test for excess errors)
UNRESOLVED: 30_threads/future/members/wait.cc compilation failed to produce executable
FAIL: 30_threads/future/members/wait_for.cc (test for excess errors)
UNRESOLVED: 30_threads/future/members/wait_for.cc compilation failed to produce executable
FAIL: 30_threads/future/members/wait_until.cc (test for excess errors)
UNRESOLVED: 30_threads/future/members/wait_until.cc compilation failed to produce executable
FAIL: 30_threads/jthread/jthread.cc (test for excess errors)
UNRESOLVED: 30_threads/jthread/jthread.cc compilation failed to produce executable
FAIL: 30_threads/lock/1.cc (test for excess errors)
UNRESOLVED: 30_threads/lock/1.cc compilation failed to produce executable
FAIL: 30_threads/lock/2.cc (test for excess errors)
UNRESOLVED: 30_threads/lock/2.cc compilation failed to produce executable
FAIL: 30_threads/lock/3.cc (test for excess errors)
UNRESOLVED: 30_threads/lock/3.cc compilation failed to produce executable
FAIL: 30_threads/lock/4.cc (test for excess errors)
UNRESOLVED: 30_threads/lock/4.cc compilation failed to produce executable
FAIL: 30_threads/mutex/cons/1.cc (test for excess errors)
UNRESOLVED: 30_threads/mutex/cons/1.cc compilation failed to produce executable
FAIL: 30_threads/mutex/dest/destructor_locked.cc (test for excess errors)
UNRESOLVED: 30_threads/mutex/dest/destructor_locked.cc compilation failed to produce executable
FAIL: 30_threads/mutex/lock/1.cc (test for excess errors)
UNRESOLVED: 30_threads/mutex/lock/1.cc compilation failed to produce executable
FAIL: 30_threads/mutex/native_handle/1.cc (test for excess errors)
UNRESOLVED: 30_threads/mutex/native_handle/1.cc compilation failed to produce executable
FAIL: 30_threads/mutex/native_handle/typesizes.cc (test for excess errors)
UNRESOLVED: 30_threads/mutex/native_handle/typesizes.cc compilation failed to produce executable
FAIL: 30_threads/mutex/try_lock/1.cc (test for excess errors)
UNRESOLVED: 30_threads/mutex/try_lock/1.cc compilation failed to produce executable
FAIL: 30_threads/mutex/try_lock/2.cc (test for excess errors)
UNRESOLVED: 30_threads/mutex/try_lock/2.cc compilation failed to produce executable
FAIL: 30_threads/mutex/unlock/1.cc (test for excess errors)
UNRESOLVED: 30_threads/mutex/unlock/1.cc compilation failed to produce executable
FAIL: 30_threads/mutex/unlock/2.cc (test for excess errors)
UNRESOLVED: 30_threads/mutex/unlock/2.cc compilation failed to produce executable
FAIL: 30_threads/packaged_task/49668.cc (test for excess errors)
UNRESOLVED: 30_threads/packaged_task/49668.cc compilation failed to produce executable
FAIL: 30_threads/packaged_task/60564.cc (test for excess errors)
UNRESOLVED: 30_threads/packaged_task/60564.cc compilation failed to produce executable
FAIL: 30_threads/packaged_task/cons/1.cc (test for excess errors)
UNRESOLVED: 30_threads/packaged_task/cons/1.cc compilation failed to produce executable
FAIL: 30_threads/packaged_task/cons/2.cc (test for excess errors)
UNRESOLVED: 30_threads/packaged_task/cons/2.cc compilation failed to produce executable
FAIL: 30_threads/packaged_task/cons/3.cc (test for excess errors)
UNRESOLVED: 30_threads/packaged_task/cons/3.cc compilation failed to produce executable
FAIL: 30_threads/packaged_task/cons/alloc.cc (test for excess errors)
UNRESOLVED: 30_threads/packaged_task/cons/alloc.cc compilation failed to produce executable
FAIL: 30_threads/packaged_task/cons/move.cc (test for excess errors)
UNRESOLVED: 30_threads/packaged_task/cons/move.cc compilation failed to produce executable
FAIL: 30_threads/packaged_task/cons/move_assign.cc (test for excess errors)
UNRESOLVED: 30_threads/packaged_task/cons/move_assign.cc compilation failed to produce executable
FAIL: 30_threads/packaged_task/forced_unwind.cc (test for excess errors)
UNRESOLVED: 30_threads/packaged_task/forced_unwind.cc compilation failed to produce executable
FAIL: 30_threads/packaged_task/members/at_thread_exit.cc (test for excess errors)
UNRESOLVED: 30_threads/packaged_task/members/at_thread_exit.cc compilation failed to produce executable
FAIL: 30_threads/packaged_task/members/get_future.cc (test for excess errors)
UNRESOLVED: 30_threads/packaged_task/members/get_future.cc compilation failed to produce executable
FAIL: 30_threads/packaged_task/members/get_future2.cc (test for excess errors)
UNRESOLVED: 30_threads/packaged_task/members/get_future2.cc compilation failed to produce executable
FAIL: 30_threads/packaged_task/members/invoke.cc (test for excess errors)
UNRESOLVED: 30_threads/packaged_task/members/invoke.cc compilation failed to produce executable
FAIL: 30_threads/packaged_task/members/invoke2.cc (test for excess errors)
UNRESOLVED: 30_threads/packaged_task/members/invoke2.cc compilation failed to produce executable
FAIL: 30_threads/packaged_task/members/invoke3.cc (test for excess errors)
UNRESOLVED: 30_threads/packaged_task/members/invoke3.cc compilation failed to produce executable
FAIL: 30_threads/packaged_task/members/invoke4.cc (test for excess errors)
UNRESOLVED: 30_threads/packaged_task/members/invoke4.cc compilation failed to produce executable
FAIL: 30_threads/packaged_task/members/invoke5.cc (test for excess errors)
UNRESOLVED: 30_threads/packaged_task/members/invoke5.cc compilation failed to produce executable
FAIL: 30_threads/packaged_task/members/reset.cc (test for excess errors)
UNRESOLVED: 30_threads/packaged_task/members/reset.cc compilation failed to produce executable
FAIL: 30_threads/packaged_task/members/reset2.cc (test for excess errors)
UNRESOLVED: 30_threads/packaged_task/members/reset2.cc compilation failed to produce executable
FAIL: 30_threads/packaged_task/members/swap.cc (test for excess errors)
UNRESOLVED: 30_threads/packaged_task/members/swap.cc compilation failed to produce executable
FAIL: 30_threads/packaged_task/members/valid.cc (test for excess errors)
UNRESOLVED: 30_threads/packaged_task/members/valid.cc compilation failed to produce executable
FAIL: 30_threads/packaged_task/uses_allocator.cc (test for excess errors)
FAIL: 30_threads/promise/60966.cc (test for excess errors)
UNRESOLVED: 30_threads/promise/60966.cc compilation failed to produce executable
FAIL: 30_threads/promise/cons/1.cc (test for excess errors)
UNRESOLVED: 30_threads/promise/cons/1.cc compilation failed to produce executable
FAIL: 30_threads/promise/cons/alloc.cc (test for excess errors)
UNRESOLVED: 30_threads/promise/cons/alloc.cc compilation failed to produce executable
FAIL: 30_threads/promise/cons/move.cc (test for excess errors)
UNRESOLVED: 30_threads/promise/cons/move.cc compilation failed to produce executable
FAIL: 30_threads/promise/cons/move_assign.cc (test for excess errors)
UNRESOLVED: 30_threads/promise/cons/move_assign.cc compilation failed to produce executable
FAIL: 30_threads/promise/members/at_thread_exit.cc (test for excess errors)
UNRESOLVED: 30_threads/promise/members/at_thread_exit.cc compilation failed to produce executable
FAIL: 30_threads/promise/members/at_thread_exit2.cc (test for excess errors)
UNRESOLVED: 30_threads/promise/members/at_thread_exit2.cc compilation failed to produce executable
FAIL: 30_threads/promise/members/get_future.cc (test for excess errors)
UNRESOLVED: 30_threads/promise/members/get_future.cc compilation failed to produce executable
FAIL: 30_threads/promise/members/get_future2.cc (test for excess errors)
UNRESOLVED: 30_threads/promise/members/get_future2.cc compilation failed to produce executable
FAIL: 30_threads/promise/members/set_exception.cc (test for excess errors)
UNRESOLVED: 30_threads/promise/members/set_exception.cc compilation failed to produce executable
FAIL: 30_threads/promise/members/set_exception2.cc (test for excess errors)
UNRESOLVED: 30_threads/promise/members/set_exception2.cc compilation failed to produce executable
FAIL: 30_threads/promise/members/set_value.cc (test for excess errors)
UNRESOLVED: 30_threads/promise/members/set_value.cc compilation failed to produce executable
FAIL: 30_threads/promise/members/set_value2.cc (test for excess errors)
UNRESOLVED: 30_threads/promise/members/set_value2.cc compilation failed to produce executable
FAIL: 30_threads/promise/members/set_value3.cc (test for excess errors)
UNRESOLVED: 30_threads/promise/members/set_value3.cc compilation failed to produce executable
FAIL: 30_threads/promise/members/swap.cc (test for excess errors)
UNRESOLVED: 30_threads/promise/members/swap.cc compilation failed to produce executable
FAIL: 30_threads/recursive_mutex/cons/1.cc (test for excess errors)
UNRESOLVED: 30_threads/recursive_mutex/cons/1.cc compilation failed to produce executable
FAIL: 30_threads/recursive_mutex/cons/assign_neg.cc (test for errors, line 30)
FAIL: 30_threads/recursive_mutex/cons/assign_neg.cc (test for excess errors)
FAIL: 30_threads/recursive_mutex/dest/destructor_locked.cc (test for excess errors)
UNRESOLVED: 30_threads/recursive_mutex/dest/destructor_locked.cc compilation failed to produce executable
FAIL: 30_threads/recursive_mutex/lock/1.cc (test for excess errors)
UNRESOLVED: 30_threads/recursive_mutex/lock/1.cc compilation failed to produce executable
FAIL: 30_threads/recursive_mutex/native_handle/1.cc (test for excess errors)
UNRESOLVED: 30_threads/recursive_mutex/native_handle/1.cc compilation failed to produce executable
FAIL: 30_threads/recursive_mutex/native_handle/typesizes.cc (test for excess errors)
UNRESOLVED: 30_threads/recursive_mutex/native_handle/typesizes.cc compilation failed to produce executable
FAIL: 30_threads/recursive_mutex/try_lock/1.cc (test for excess errors)
UNRESOLVED: 30_threads/recursive_mutex/try_lock/1.cc compilation failed to produce executable
FAIL: 30_threads/recursive_mutex/try_lock/2.cc (test for excess errors)
UNRESOLVED: 30_threads/recursive_mutex/try_lock/2.cc compilation failed to produce executable
FAIL: 30_threads/recursive_mutex/unlock/1.cc (test for excess errors)
UNRESOLVED: 30_threads/recursive_mutex/unlock/1.cc compilation failed to produce executable
FAIL: 30_threads/recursive_mutex/unlock/2.cc (test for excess errors)
UNRESOLVED: 30_threads/recursive_mutex/unlock/2.cc compilation failed to produce executable
FAIL: 30_threads/recursive_timed_mutex/cons/1.cc (test for excess errors)
UNRESOLVED: 30_threads/recursive_timed_mutex/cons/1.cc compilation failed to produce executable
FAIL: 30_threads/recursive_timed_mutex/dest/destructor_locked.cc (test for excess errors)
UNRESOLVED: 30_threads/recursive_timed_mutex/dest/destructor_locked.cc compilation failed to produce executable
FAIL: 30_threads/recursive_timed_mutex/lock/1.cc (test for excess errors)
UNRESOLVED: 30_threads/recursive_timed_mutex/lock/1.cc compilation failed to produce executable
FAIL: 30_threads/recursive_timed_mutex/lock/2.cc (test for excess errors)
UNRESOLVED: 30_threads/recursive_timed_mutex/lock/2.cc compilation failed to produce executable
FAIL: 30_threads/recursive_timed_mutex/native_handle/1.cc (test for excess errors)
UNRESOLVED: 30_threads/recursive_timed_mutex/native_handle/1.cc compilation failed to produce executable
FAIL: 30_threads/recursive_timed_mutex/native_handle/typesizes.cc (test for excess errors)
UNRESOLVED: 30_threads/recursive_timed_mutex/native_handle/typesizes.cc compilation failed to produce executable
FAIL: 30_threads/recursive_timed_mutex/try_lock/1.cc (test for excess errors)
UNRESOLVED: 30_threads/recursive_timed_mutex/try_lock/1.cc compilation failed to produce executable
FAIL: 30_threads/recursive_timed_mutex/try_lock/2.cc (test for excess errors)
UNRESOLVED: 30_threads/recursive_timed_mutex/try_lock/2.cc compilation failed to produce executable
FAIL: 30_threads/recursive_timed_mutex/try_lock_for/1.cc (test for excess errors)
UNRESOLVED: 30_threads/recursive_timed_mutex/try_lock_for/1.cc compilation failed to produce executable
FAIL: 30_threads/recursive_timed_mutex/try_lock_for/2.cc (test for excess errors)
UNRESOLVED: 30_threads/recursive_timed_mutex/try_lock_for/2.cc compilation failed to produce executable
FAIL: 30_threads/recursive_timed_mutex/try_lock_for/3.cc (test for excess errors)
UNRESOLVED: 30_threads/recursive_timed_mutex/try_lock_for/3.cc compilation failed to produce executable
FAIL: 30_threads/recursive_timed_mutex/try_lock_until/1.cc (test for excess errors)
UNRESOLVED: 30_threads/recursive_timed_mutex/try_lock_until/1.cc compilation failed to produce executable
FAIL: 30_threads/recursive_timed_mutex/try_lock_until/2.cc (test for excess errors)
UNRESOLVED: 30_threads/recursive_timed_mutex/try_lock_until/2.cc compilation failed to produce executable
FAIL: 30_threads/recursive_timed_mutex/try_lock_until/3.cc (test for excess errors)
UNRESOLVED: 30_threads/recursive_timed_mutex/try_lock_until/3.cc compilation failed to produce executable
FAIL: 30_threads/recursive_timed_mutex/unlock/1.cc (test for excess errors)
UNRESOLVED: 30_threads/recursive_timed_mutex/unlock/1.cc compilation failed to produce executable
FAIL: 30_threads/recursive_timed_mutex/unlock/2.cc (test for excess errors)
UNRESOLVED: 30_threads/recursive_timed_mutex/unlock/2.cc compilation failed to produce executable
FAIL: 30_threads/shared_future/cons/copy.cc (test for excess errors)
FAIL: 30_threads/shared_future/cons/move.cc (test for excess errors)
UNRESOLVED: 30_threads/shared_future/cons/move.cc compilation failed to produce executable
FAIL: 30_threads/shared_future/members/45133.cc (test for excess errors)
UNRESOLVED: 30_threads/shared_future/members/45133.cc compilation failed to produce executable
FAIL: 30_threads/shared_future/members/get.cc (test for excess errors)
UNRESOLVED: 30_threads/shared_future/members/get.cc compilation failed to produce executable
FAIL: 30_threads/shared_future/members/get2.cc (test for excess errors)
UNRESOLVED: 30_threads/shared_future/members/get2.cc compilation failed to produce executable
FAIL: 30_threads/shared_future/members/valid.cc (test for excess errors)
UNRESOLVED: 30_threads/shared_future/members/valid.cc compilation failed to produce executable
FAIL: 30_threads/shared_future/members/wait.cc (test for excess errors)
UNRESOLVED: 30_threads/shared_future/members/wait.cc compilation failed to produce executable
FAIL: 30_threads/shared_future/members/wait_for.cc (test for excess errors)
UNRESOLVED: 30_threads/shared_future/members/wait_for.cc compilation failed to produce executable
FAIL: 30_threads/shared_future/members/wait_until.cc (test for excess errors)
UNRESOLVED: 30_threads/shared_future/members/wait_until.cc compilation failed to produce executable
FAIL: 30_threads/shared_lock/cons/1.cc (test for excess errors)
UNRESOLVED: 30_threads/shared_lock/cons/1.cc compilation failed to produce executable
FAIL: 30_threads/shared_lock/cons/2.cc (test for excess errors)
UNRESOLVED: 30_threads/shared_lock/cons/2.cc compilation failed to produce executable
FAIL: 30_threads/shared_lock/cons/3.cc (test for excess errors)
UNRESOLVED: 30_threads/shared_lock/cons/3.cc compilation failed to produce executable
FAIL: 30_threads/shared_lock/cons/4.cc (test for excess errors)
UNRESOLVED: 30_threads/shared_lock/cons/4.cc compilation failed to produce executable
FAIL: 30_threads/shared_lock/cons/5.cc (test for excess errors)
UNRESOLVED: 30_threads/shared_lock/cons/5.cc compilation failed to produce executable
FAIL: 30_threads/shared_lock/cons/6.cc (test for excess errors)
UNRESOLVED: 30_threads/shared_lock/cons/6.cc compilation failed to produce executable
FAIL: 30_threads/shared_lock/locking/1.cc (test for excess errors)
UNRESOLVED: 30_threads/shared_lock/locking/1.cc compilation failed to produce executable
FAIL: 30_threads/shared_lock/locking/2.cc (test for excess errors)
UNRESOLVED: 30_threads/shared_lock/locking/2.cc compilation failed to produce executable
FAIL: 30_threads/shared_lock/locking/3.cc (test for excess errors)
UNRESOLVED: 30_threads/shared_lock/locking/3.cc compilation failed to produce executable
FAIL: 30_threads/shared_lock/locking/4.cc (test for excess errors)
UNRESOLVED: 30_threads/shared_lock/locking/4.cc compilation failed to produce executable
FAIL: 30_threads/shared_lock/modifiers/1.cc (test for excess errors)
UNRESOLVED: 30_threads/shared_lock/modifiers/1.cc compilation failed to produce executable
FAIL: 30_threads/shared_mutex/cons/1.cc (test for excess errors)
UNRESOLVED: 30_threads/shared_mutex/cons/1.cc compilation failed to produce executable
FAIL: 30_threads/shared_mutex/try_lock/1.cc (test for excess errors)
UNRESOLVED: 30_threads/shared_mutex/try_lock/1.cc compilation failed to produce executable
FAIL: 30_threads/shared_mutex/try_lock/2.cc (test for excess errors)
UNRESOLVED: 30_threads/shared_mutex/try_lock/2.cc compilation failed to produce executable
FAIL: 30_threads/shared_mutex/unlock/1.cc (test for excess errors)
UNRESOLVED: 30_threads/shared_mutex/unlock/1.cc compilation failed to produce executable
FAIL: 30_threads/shared_timed_mutex/cons/1.cc (test for excess errors)
UNRESOLVED: 30_threads/shared_timed_mutex/cons/1.cc compilation failed to produce executable
FAIL: 30_threads/shared_timed_mutex/try_lock/1.cc (test for excess errors)
UNRESOLVED: 30_threads/shared_timed_mutex/try_lock/1.cc compilation failed to produce executable
FAIL: 30_threads/shared_timed_mutex/try_lock/2.cc (test for excess errors)
UNRESOLVED: 30_threads/shared_timed_mutex/try_lock/2.cc compilation failed to produce executable
FAIL: 30_threads/shared_timed_mutex/try_lock/3.cc (test for excess errors)
UNRESOLVED: 30_threads/shared_timed_mutex/try_lock/3.cc compilation failed to produce executable
FAIL: 30_threads/shared_timed_mutex/unlock/1.cc (test for excess errors)
UNRESOLVED: 30_threads/shared_timed_mutex/unlock/1.cc compilation failed to produce executable
FAIL: 30_threads/stop_token/stop_callback.cc (test for excess errors)
UNRESOLVED: 30_threads/stop_token/stop_callback.cc compilation failed to produce executable
FAIL: 30_threads/stop_token/stop_source.cc (test for excess errors)
UNRESOLVED: 30_threads/stop_token/stop_source.cc compilation failed to produce executable
FAIL: 30_threads/stop_token/stop_token.cc (test for excess errors)
UNRESOLVED: 30_threads/stop_token/stop_token.cc compilation failed to produce executable
FAIL: 30_threads/this_thread/1.cc (test for excess errors)
UNRESOLVED: 30_threads/this_thread/1.cc compilation failed to produce executable
FAIL: 30_threads/this_thread/2.cc (test for excess errors)
UNRESOLVED: 30_threads/this_thread/2.cc compilation failed to produce executable
FAIL: 30_threads/this_thread/3.cc (test for excess errors)
UNRESOLVED: 30_threads/this_thread/3.cc compilation failed to produce executable
FAIL: 30_threads/this_thread/4.cc (test for excess errors)
UNRESOLVED: 30_threads/this_thread/4.cc compilation failed to produce executable
FAIL: 30_threads/this_thread/60421.cc (test for excess errors)
UNRESOLVED: 30_threads/this_thread/60421.cc compilation failed to produce executable
FAIL: 30_threads/thread/84532.cc (test for excess errors)
FAIL: 30_threads/thread/cons/1.cc (test for excess errors)
UNRESOLVED: 30_threads/thread/cons/1.cc compilation failed to produce executable
FAIL: 30_threads/thread/cons/2.cc (test for excess errors)
UNRESOLVED: 30_threads/thread/cons/2.cc compilation failed to produce executable
FAIL: 30_threads/thread/cons/3.cc (test for excess errors)
UNRESOLVED: 30_threads/thread/cons/3.cc compilation failed to produce executable
FAIL: 30_threads/thread/cons/4.cc (test for excess errors)
UNRESOLVED: 30_threads/thread/cons/4.cc compilation failed to produce executable
FAIL: 30_threads/thread/cons/49668.cc (test for excess errors)
UNRESOLVED: 30_threads/thread/cons/49668.cc compilation failed to produce executable
FAIL: 30_threads/thread/cons/5.cc (test for excess errors)
UNRESOLVED: 30_threads/thread/cons/5.cc compilation failed to produce executable
FAIL: 30_threads/thread/cons/6.cc (test for excess errors)
UNRESOLVED: 30_threads/thread/cons/6.cc compilation failed to produce executable
FAIL: 30_threads/thread/cons/69724.cc (test for excess errors)
UNRESOLVED: 30_threads/thread/cons/69724.cc compilation failed to produce executable
FAIL: 30_threads/thread/cons/7.cc (test for excess errors)
UNRESOLVED: 30_threads/thread/cons/7.cc compilation failed to produce executable
FAIL: 30_threads/thread/cons/8.cc (test for excess errors)
UNRESOLVED: 30_threads/thread/cons/8.cc compilation failed to produce executable
FAIL: 30_threads/thread/cons/9.cc (test for excess errors)
UNRESOLVED: 30_threads/thread/cons/9.cc compilation failed to produce executable
FAIL: 30_threads/thread/cons/moveable.cc (test for excess errors)
UNRESOLVED: 30_threads/thread/cons/moveable.cc compilation failed to produce executable
FAIL: 30_threads/thread/cons/terminate.cc (test for excess errors)
UNRESOLVED: 30_threads/thread/cons/terminate.cc compilation failed to produce executable
FAIL: 30_threads/thread/members/1.cc (test for excess errors)
UNRESOLVED: 30_threads/thread/members/1.cc compilation failed to produce executable
FAIL: 30_threads/thread/members/2.cc (test for excess errors)
UNRESOLVED: 30_threads/thread/members/2.cc compilation failed to produce executable
FAIL: 30_threads/thread/members/3.cc (test for excess errors)
UNRESOLVED: 30_threads/thread/members/3.cc compilation failed to produce executable
FAIL: 30_threads/thread/members/4.cc (test for excess errors)
UNRESOLVED: 30_threads/thread/members/4.cc compilation failed to produce executable
FAIL: 30_threads/thread/members/5.cc (test for excess errors)
UNRESOLVED: 30_threads/thread/members/5.cc compilation failed to produce executable
FAIL: 30_threads/thread/members/hardware_concurrency.cc (test for excess errors)
UNRESOLVED: 30_threads/thread/members/hardware_concurrency.cc compilation failed to produce executable
FAIL: 30_threads/thread/native_handle/cancel.cc (test for excess errors)
UNRESOLVED: 30_threads/thread/native_handle/cancel.cc compilation failed to produce executable
FAIL: 30_threads/thread/native_handle/typesizes.cc (test for excess errors)
UNRESOLVED: 30_threads/thread/native_handle/typesizes.cc compilation failed to produce executable
FAIL: 30_threads/thread/swap/1.cc (test for excess errors)
UNRESOLVED: 30_threads/thread/swap/1.cc compilation failed to produce executable
FAIL: 30_threads/timed_mutex/cons/1.cc (test for excess errors)
UNRESOLVED: 30_threads/timed_mutex/cons/1.cc compilation failed to produce executable
FAIL: 30_threads/timed_mutex/cons/copy_neg.cc (test for errors, line 28)
FAIL: 30_threads/timed_mutex/cons/copy_neg.cc (test for excess errors)
FAIL: 30_threads/timed_mutex/dest/destructor_locked.cc (test for excess errors)
UNRESOLVED: 30_threads/timed_mutex/dest/destructor_locked.cc compilation failed to produce executable
FAIL: 30_threads/timed_mutex/lock/1.cc (test for excess errors)
UNRESOLVED: 30_threads/timed_mutex/lock/1.cc compilation failed to produce executable
FAIL: 30_threads/timed_mutex/native_handle/1.cc (test for excess errors)
UNRESOLVED: 30_threads/timed_mutex/native_handle/1.cc compilation failed to produce executable
FAIL: 30_threads/timed_mutex/native_handle/typesizes.cc (test for excess errors)
UNRESOLVED: 30_threads/timed_mutex/native_handle/typesizes.cc compilation failed to produce executable
FAIL: 30_threads/timed_mutex/try_lock/1.cc (test for excess errors)
UNRESOLVED: 30_threads/timed_mutex/try_lock/1.cc compilation failed to produce executable
FAIL: 30_threads/timed_mutex/try_lock/2.cc (test for excess errors)
UNRESOLVED: 30_threads/timed_mutex/try_lock/2.cc compilation failed to produce executable
FAIL: 30_threads/timed_mutex/try_lock_for/1.cc (test for excess errors)
UNRESOLVED: 30_threads/timed_mutex/try_lock_for/1.cc compilation failed to produce executable
FAIL: 30_threads/timed_mutex/try_lock_for/2.cc (test for excess errors)
UNRESOLVED: 30_threads/timed_mutex/try_lock_for/2.cc compilation failed to produce executable
FAIL: 30_threads/timed_mutex/try_lock_for/3.cc (test for excess errors)
UNRESOLVED: 30_threads/timed_mutex/try_lock_for/3.cc compilation failed to produce executable
FAIL: 30_threads/timed_mutex/try_lock_until/1.cc (test for excess errors)
UNRESOLVED: 30_threads/timed_mutex/try_lock_until/1.cc compilation failed to produce executable
FAIL: 30_threads/timed_mutex/try_lock_until/2.cc (test for excess errors)
UNRESOLVED: 30_threads/timed_mutex/try_lock_until/2.cc compilation failed to produce executable
FAIL: 30_threads/timed_mutex/try_lock_until/3.cc (test for excess errors)
UNRESOLVED: 30_threads/timed_mutex/try_lock_until/3.cc compilation failed to produce executable
FAIL: 30_threads/timed_mutex/try_lock_until/4.cc (test for excess errors)
UNRESOLVED: 30_threads/timed_mutex/try_lock_until/4.cc compilation failed to produce executable
FAIL: 30_threads/timed_mutex/try_lock_until/57641.cc (test for excess errors)
UNRESOLVED: 30_threads/timed_mutex/try_lock_until/57641.cc compilation failed to produce executable
FAIL: 30_threads/timed_mutex/unlock/1.cc (test for excess errors)
UNRESOLVED: 30_threads/timed_mutex/unlock/1.cc compilation failed to produce executable
FAIL: 30_threads/timed_mutex/unlock/2.cc (test for excess errors)
UNRESOLVED: 30_threads/timed_mutex/unlock/2.cc compilation failed to produce executable
FAIL: 30_threads/try_lock/1.cc (test for excess errors)
UNRESOLVED: 30_threads/try_lock/1.cc compilation failed to produce executable
FAIL: 30_threads/try_lock/2.cc (test for excess errors)
UNRESOLVED: 30_threads/try_lock/2.cc compilation failed to produce executable
FAIL: 30_threads/try_lock/3.cc (test for excess errors)
UNRESOLVED: 30_threads/try_lock/3.cc compilation failed to produce executable
FAIL: 30_threads/try_lock/4.cc (test for excess errors)
UNRESOLVED: 30_threads/try_lock/4.cc compilation failed to produce executable
FAIL: 30_threads/unique_lock/cons/1.cc (test for excess errors)
UNRESOLVED: 30_threads/unique_lock/cons/1.cc compilation failed to produce executable
FAIL: 30_threads/unique_lock/cons/2.cc (test for excess errors)
UNRESOLVED: 30_threads/unique_lock/cons/2.cc compilation failed to produce executable
FAIL: 30_threads/unique_lock/cons/3.cc (test for excess errors)
UNRESOLVED: 30_threads/unique_lock/cons/3.cc compilation failed to produce executable
FAIL: 30_threads/unique_lock/cons/4.cc (test for excess errors)
UNRESOLVED: 30_threads/unique_lock/cons/4.cc compilation failed to produce executable
FAIL: 30_threads/unique_lock/cons/5.cc (test for excess errors)
UNRESOLVED: 30_threads/unique_lock/cons/5.cc compilation failed to produce executable
FAIL: 30_threads/unique_lock/cons/6.cc (test for excess errors)
UNRESOLVED: 30_threads/unique_lock/cons/6.cc compilation failed to produce executable
FAIL: 30_threads/unique_lock/locking/1.cc (test for excess errors)
UNRESOLVED: 30_threads/unique_lock/locking/1.cc compilation failed to produce executable
FAIL: 30_threads/unique_lock/locking/2.cc (test for excess errors)
UNRESOLVED: 30_threads/unique_lock/locking/2.cc compilation failed to produce executable
FAIL: 30_threads/unique_lock/locking/3.cc (test for excess errors)
UNRESOLVED: 30_threads/unique_lock/locking/3.cc compilation failed to produce executable
FAIL: 30_threads/unique_lock/locking/4.cc (test for excess errors)
UNRESOLVED: 30_threads/unique_lock/locking/4.cc compilation failed to produce executable
FAIL: 30_threads/unique_lock/modifiers/1.cc (test for excess errors)
UNRESOLVED: 30_threads/unique_lock/modifiers/1.cc compilation failed to produce executable
FAIL: abi/demangle/abi_examples/10.cc (test for excess errors)
UNRESOLVED: abi/demangle/abi_examples/10.cc compilation failed to produce executable
FAIL: abi/demangle/abi_examples/11.cc (test for excess errors)
UNRESOLVED: abi/demangle/abi_examples/11.cc compilation failed to produce executable
FAIL: abi/demangle/abi_examples/19.cc (test for excess errors)
UNRESOLVED: abi/demangle/abi_examples/19.cc compilation failed to produce executable
FAIL: abi/demangle/regression/7986-07.cc (test for excess errors)
UNRESOLVED: abi/demangle/regression/7986-07.cc compilation failed to produce executable
FAIL: abi/demangle/regression/7986-12.cc (test for excess errors)
UNRESOLVED: abi/demangle/regression/7986-12.cc compilation failed to produce executable
FAIL: abi/demangle/regression/cw-03.cc (test for excess errors)
UNRESOLVED: abi/demangle/regression/cw-03.cc compilation failed to produce executable
FAIL: abi/demangle/regression/cw-13.cc (test for excess errors)
UNRESOLVED: abi/demangle/regression/cw-13.cc compilation failed to produce executable
FAIL: abi/demangle/regression/old.cc (test for excess errors)
UNRESOLVED: abi/demangle/regression/old.cc compilation failed to produce executable
FAIL: experimental/algorithm/shuffle.cc (test for excess errors)
UNRESOLVED: experimental/algorithm/shuffle.cc compilation failed to produce executable
FAIL: experimental/memory/observer_ptr/relops/relops.cc (test for excess errors)
UNRESOLVED: experimental/memory/observer_ptr/relops/relops.cc compilation failed to produce executable
FAIL: experimental/memory/observer_ptr/typedefs.cc (test for excess errors)
FAIL: experimental/memory/shared_ptr/cons/move_ctor.cc (test for excess errors)
UNRESOLVED: experimental/memory/shared_ptr/cons/move_ctor.cc compilation failed to produce executable
FAIL: experimental/memory/shared_ptr/cons/pointer_ctor.cc (test for excess errors)
UNRESOLVED: experimental/memory/shared_ptr/cons/pointer_ctor.cc compilation failed to produce executable
FAIL: experimental/memory/shared_ptr/cons/weak_ptr_ctor.cc (test for excess errors)
UNRESOLVED: experimental/memory/shared_ptr/cons/weak_ptr_ctor.cc compilation failed to produce executable
FAIL: experimental/memory/shared_ptr/dest/dest.cc (test for excess errors)
UNRESOLVED: experimental/memory/shared_ptr/dest/dest.cc compilation failed to produce executable
FAIL: experimental/memory/shared_ptr/modifiers/reset.cc (test for excess errors)
UNRESOLVED: experimental/memory/shared_ptr/modifiers/reset.cc compilation failed to produce executable
FAIL: experimental/net/headers.cc (test for excess errors)
FAIL: experimental/net/internet/resolver/ops/reverse.cc (test for excess errors)
UNRESOLVED: experimental/net/internet/resolver/ops/reverse.cc compilation failed to produce executable
FAIL: experimental/net/timer/waitable/cons.cc (test for excess errors)
UNRESOLVED: experimental/net/timer/waitable/cons.cc compilation failed to produce executable
FAIL: experimental/net/timer/waitable/dest.cc (test for excess errors)
UNRESOLVED: experimental/net/timer/waitable/dest.cc compilation failed to produce executable
FAIL: experimental/net/timer/waitable/ops.cc (test for excess errors)
UNRESOLVED: experimental/net/timer/waitable/ops.cc compilation failed to produce executable
FAIL: experimental/optional/cons/copy.cc (test for excess errors)
UNRESOLVED: experimental/optional/cons/copy.cc compilation failed to produce executable
FAIL: experimental/optional/constexpr/relops/2.cc (test for excess errors)
FAIL: experimental/optional/constexpr/relops/6.cc (test for excess errors)
FAIL: experimental/polymorphic_allocator/pmr_typedefs_set.cc (test for excess errors)
FAIL: experimental/polymorphic_allocator/pmr_typedefs_string.cc (test for excess errors)
FAIL: experimental/polymorphic_allocator/pmr_typedefs_unordered_multiset.cc (test for excess errors)
FAIL: experimental/propagate_const/requirements2.cc (test for errors, line )
FAIL: experimental/propagate_const/requirements2.cc (test for excess errors)
FAIL: experimental/propagate_const/requirements4.cc (test for errors, line )
FAIL: experimental/propagate_const/requirements4.cc (test for errors, line 24)
FAIL: experimental/propagate_const/requirements4.cc (test for excess errors)
FAIL: experimental/propagate_const/swap/1.cc (test for excess errors)
UNRESOLVED: experimental/propagate_const/swap/1.cc compilation failed to produce executable
FAIL: experimental/ratio/value.cc (test for excess errors)
FAIL: experimental/string_view/element_access/char/1.cc (test for excess errors)
UNRESOLVED: experimental/string_view/element_access/char/1.cc compilation failed to produce executable
FAIL: experimental/string_view/inserters/wchar_t/2.cc (test for excess errors)
UNRESOLVED: experimental/string_view/inserters/wchar_t/2.cc compilation failed to produce executable
FAIL: experimental/string_view/operations/compare/wchar_t/1.cc (test for excess errors)
UNRESOLVED: experimental/string_view/operations/compare/wchar_t/1.cc compilation failed to produce executable
FAIL: experimental/string_view/operations/rfind/wchar_t/2.cc (test for excess errors)
UNRESOLVED: experimental/string_view/operations/rfind/wchar_t/2.cc compilation failed to produce executable
FAIL: experimental/string_view/operations/substr/char/83511.cc (test for excess errors)
UNRESOLVED: experimental/string_view/operations/substr/char/83511.cc compilation failed to produce executable
FAIL: experimental/string_view/range_access/wchar_t/1.cc (test for excess errors)
FAIL: experimental/tuple/tuple_size.cc (test for excess errors)
FAIL: ext/bitmap_allocator/check_allocate_max_size.cc (test for excess errors)
UNRESOLVED: ext/bitmap_allocator/check_allocate_max_size.cc compilation failed to produce executable
FAIL: ext/codecvt/char-2.cc (test for excess errors)
UNRESOLVED: ext/codecvt/char-2.cc compilation failed to produce executable
FAIL: ext/is_heap/check_type.cc (test for excess errors)
FAIL: ext/malloc_allocator/eq.cc (test for excess errors)
FAIL: ext/median.cc (test for excess errors)
UNRESOLVED: ext/median.cc compilation failed to produce executable
FAIL: ext/mt_allocator/22309_thread.cc (test for excess errors)
UNRESOLVED: ext/mt_allocator/22309_thread.cc compilation failed to produce executable
FAIL: ext/mt_allocator/check_allocate_big_per_type.cc (test for excess errors)
UNRESOLVED: ext/mt_allocator/check_allocate_big_per_type.cc compilation failed to produce executable
FAIL: ext/mt_allocator/deallocate_local-4.cc (test for excess errors)
UNRESOLVED: ext/mt_allocator/deallocate_local-4.cc compilation failed to produce executable
FAIL: ext/mt_allocator/deallocate_local-6.cc (test for excess errors)
UNRESOLVED: ext/mt_allocator/deallocate_local-6.cc compilation failed to produce executable
FAIL: ext/new_allocator/variadic_construct.cc (test for excess errors)
UNRESOLVED: ext/new_allocator/variadic_construct.cc compilation failed to produce executable
FAIL: ext/pb_ds/example/tree_intervals.cc (test for excess errors)
UNRESOLVED: ext/pb_ds/example/tree_intervals.cc compilation failed to produce executable
FAIL: ext/pb_ds/regression/priority_queues.cc (test for excess errors)
UNRESOLVED: ext/pb_ds/regression/priority_queues.cc compilation failed to produce executable
FAIL: ext/pool_allocator/allocate_chunk.cc (test for excess errors)
UNRESOLVED: ext/pool_allocator/allocate_chunk.cc compilation failed to produce executable
FAIL: ext/random/k_distribution/operators/serialize.cc (test for excess errors)
UNRESOLVED: ext/random/k_distribution/operators/serialize.cc compilation failed to produce executable
FAIL: ext/random/normal_mv_distribution/cons/parms.cc (test for excess errors)
UNRESOLVED: ext/random/normal_mv_distribution/cons/parms.cc compilation failed to produce executable
FAIL: ext/random/triangular_distribution/operators/equal.cc (test for excess errors)
UNRESOLVED: ext/random/triangular_distribution/operators/equal.cc compilation failed to produce executable
FAIL: ext/random/triangular_distribution/operators/serialize.cc (test for excess errors)
UNRESOLVED: ext/random/triangular_distribution/operators/serialize.cc compilation failed to produce executable
FAIL: ext/random/von_mises_distribution/operators/serialize.cc (test for excess errors)
UNRESOLVED: ext/random/von_mises_distribution/operators/serialize.cc compilation failed to produce executable
FAIL: ext/rope/7.cc (test for excess errors)
UNRESOLVED: ext/rope/7.cc compilation failed to produce executable
FAIL: ext/rope/pthread7-rope.cc (test for excess errors)
UNRESOLVED: ext/rope/pthread7-rope.cc compilation failed to produce executable
FAIL: ext/shared_ptr/1.cc (test for excess errors)
UNRESOLVED: ext/shared_ptr/1.cc compilation failed to produce executable
FAIL: ext/stdio_filebuf/char/2.cc (test for excess errors)
UNRESOLVED: ext/stdio_filebuf/char/2.cc compilation failed to produce executable
FAIL: ext/stdio_sync_filebuf/char/12048-2.cc (test for excess errors)
UNRESOLVED: ext/stdio_sync_filebuf/char/12048-2.cc compilation failed to produce executable
FAIL: ext/stdio_sync_filebuf/wchar_t/12948-1.cc (test for excess errors)
UNRESOLVED: ext/stdio_sync_filebuf/wchar_t/12948-1.cc compilation failed to produce executable
FAIL: ext/throw_allocator/deallocate_global.cc (test for excess errors)
UNRESOLVED: ext/throw_allocator/deallocate_global.cc compilation failed to produce executable
FAIL: ext/type_traits/add_unsigned_integer_neg.cc (test for errors, line 100)
FAIL: ext/type_traits/add_unsigned_integer_neg.cc (test for errors, line 103)
FAIL: ext/type_traits/add_unsigned_integer_neg.cc (test for errors, line 28)
FAIL: ext/type_traits/add_unsigned_integer_neg.cc (test for errors, line 33)
FAIL: ext/type_traits/add_unsigned_integer_neg.cc (test for errors, line 34)
FAIL: ext/type_traits/add_unsigned_integer_neg.cc (test for excess errors)
FAIL: ext/vstring/operators/2.cc (test for excess errors)
UNRESOLVED: ext/vstring/operators/2.cc compilation failed to produce executable
FAIL: ext/vstring/requirements/explicit_instantiation/2.cc (test for excess errors)
FAIL: tr1/2_general_utilities/shared_ptr/observers/get.cc (test for excess errors)
UNRESOLVED: tr1/2_general_utilities/shared_ptr/observers/get.cc compilation failed to produce executable
FAIL: tr1/2_general_utilities/shared_ptr/thread/default_weaktoshared.cc (test for excess errors)
UNRESOLVED: tr1/2_general_utilities/shared_ptr/thread/default_weaktoshared.cc compilation failed to produce executable
FAIL: tr1/2_general_utilities/shared_ptr/thread/mutex_weaktoshared.cc (test for excess errors)
UNRESOLVED: tr1/2_general_utilities/shared_ptr/thread/mutex_weaktoshared.cc compilation failed to produce executable
FAIL: tr1/3_function_objects/bind/mixed.cc (test for excess errors)
UNRESOLVED: tr1/3_function_objects/bind/mixed.cc compilation failed to produce executable
FAIL: tr1/3_function_objects/function/63840.cc (test for excess errors)
UNRESOLVED: tr1/3_function_objects/function/63840.cc compilation failed to produce executable
FAIL: tr1/3_function_objects/function/9.cc (test for excess errors)
UNRESOLVED: tr1/3_function_objects/function/9.cc compilation failed to produce executable
FAIL: tr1/3_function_objects/mem_fn.cc (test for excess errors)
UNRESOLVED: tr1/3_function_objects/mem_fn.cc compilation failed to produce executable
FAIL: tr1/4_metaprogramming/add_cv/value.cc (test for excess errors)
UNRESOLVED: tr1/4_metaprogramming/add_cv/value.cc compilation failed to produce executable
FAIL: tr1/4_metaprogramming/has_trivial_copy/requirements/typedefs.cc (test for excess errors)
FAIL: tr1/4_metaprogramming/has_trivial_copy/value.cc (test for excess errors)
UNRESOLVED: tr1/4_metaprogramming/has_trivial_copy/value.cc compilation failed to produce executable
FAIL: tr1/4_metaprogramming/has_trivial_destructor/requirements/explicit_instantiation.cc (test for excess errors)
FAIL: tr1/4_metaprogramming/has_virtual_destructor/requirements/typedefs.cc (test for excess errors)
FAIL: tr1/4_metaprogramming/is_abstract/value.cc (test for excess errors)
UNRESOLVED: tr1/4_metaprogramming/is_abstract/value.cc compilation failed to produce executable
FAIL: tr1/4_metaprogramming/is_arithmetic/requirements/explicit_instantiation.cc (test for excess errors)
FAIL: tr1/4_metaprogramming/is_array/requirements/typedefs.cc (test for excess errors)
FAIL: tr1/4_metaprogramming/is_base_of/requirements/typedefs.cc (test for excess errors)
FAIL: tr1/4_metaprogramming/is_empty/value.cc (test for excess errors)
UNRESOLVED: tr1/4_metaprogramming/is_empty/value.cc compilation failed to produce executable
FAIL: tr1/4_metaprogramming/is_function/requirements/typedefs.cc (test for excess errors)
FAIL: tr1/4_metaprogramming/is_fundamental/value.cc (test for excess errors)
UNRESOLVED: tr1/4_metaprogramming/is_fundamental/value.cc compilation failed to produce executable
FAIL: tr1/4_metaprogramming/is_member_pointer/requirements/explicit_instantiation.cc (test for excess errors)
FAIL: tr1/4_metaprogramming/is_polymorphic/24809.cc (test for excess errors)
FAIL: tr1/4_metaprogramming/is_union/requirements/explicit_instantiation.cc (test for excess errors)
FAIL: tr1/4_metaprogramming/remove_volatile/requirements/explicit_instantiation.cc (test for excess errors)
FAIL: tr1/5_numerical_facilities/random/mt19937.cc (test for excess errors)
UNRESOLVED: tr1/5_numerical_facilities/random/mt19937.cc compilation failed to produce executable
FAIL: tr1/5_numerical_facilities/random/normal_distribution/requirements/typedefs.cc (test for excess errors)
FAIL: tr1/5_numerical_facilities/random/subtract_with_carry/cons/seed2.cc (test for excess errors)
UNRESOLVED: tr1/5_numerical_facilities/random/subtract_with_carry/cons/seed2.cc compilation failed to produce executable
FAIL: tr1/5_numerical_facilities/random/subtract_with_carry/requirements/constants.cc (test for excess errors)
FAIL: tr1/5_numerical_facilities/random/subtract_with_carry_01/cons/default.cc (test for excess errors)
UNRESOLVED: tr1/5_numerical_facilities/random/subtract_with_carry_01/cons/default.cc compilation failed to produce executable
FAIL: tr1/5_numerical_facilities/special_functions/05_comp_ellint_2/compile_2.cc (test for excess errors)
FAIL: tr1/5_numerical_facilities/special_functions/08_cyl_bessel_i/pr56216.cc (test for excess errors)
UNRESOLVED: tr1/5_numerical_facilities/special_functions/08_cyl_bessel_i/pr56216.cc compilation failed to produce executable
FAIL: tr1/5_numerical_facilities/special_functions/10_cyl_bessel_k/airy.cc (test for excess errors)
FAIL: tr1/5_numerical_facilities/special_functions/15_expint/compile.cc (test for excess errors)
FAIL: tr1/5_numerical_facilities/special_functions/16_hermite/check_nan.cc (test for excess errors)
UNRESOLVED: tr1/5_numerical_facilities/special_functions/16_hermite/check_nan.cc compilation failed to produce executable
FAIL: tr1/5_numerical_facilities/special_functions/17_hyperg/check_nan.cc (test for excess errors)
UNRESOLVED: tr1/5_numerical_facilities/special_functions/17_hyperg/check_nan.cc compilation failed to produce executable
FAIL: tr1/5_numerical_facilities/special_functions/19_legendre/compile.cc (test for excess errors)
FAIL: tr1/6_containers/array/capacity/size.cc (test for excess errors)
UNRESOLVED: tr1/6_containers/array/capacity/size.cc compilation failed to produce executable
FAIL: tr1/6_containers/array/comparison_operators/less_or_equal.cc (test for excess errors)
UNRESOLVED: tr1/6_containers/array/comparison_operators/less_or_equal.cc compilation failed to produce executable
FAIL: tr1/6_containers/array/iterators/end_is_one_past.cc (test for excess errors)
UNRESOLVED: tr1/6_containers/array/iterators/end_is_one_past.cc compilation failed to produce executable
FAIL: tr1/6_containers/array/requirements/assign.cc (test for excess errors)
UNRESOLVED: tr1/6_containers/array/requirements/assign.cc compilation failed to produce executable
FAIL: tr1/6_containers/array/tuple_interface/tuple_element.cc (test for excess errors)
UNRESOLVED: tr1/6_containers/array/tuple_interface/tuple_element.cc compilation failed to produce executable
FAIL: tr1/6_containers/headers/unordered_set/synopsis.cc (test for excess errors)
FAIL: tr1/6_containers/tuple/comparison_operators/comparisons.cc (test for excess errors)
UNRESOLVED: tr1/6_containers/tuple/comparison_operators/comparisons.cc compilation failed to produce executable
FAIL: tr1/6_containers/tuple/requirements/explicit_instantiation.cc (test for excess errors)
FAIL: tr1/6_containers/unordered_map/capacity/29134-map.cc (test for excess errors)
UNRESOLVED: tr1/6_containers/unordered_map/capacity/29134-map.cc compilation failed to produce executable
FAIL: tr1/6_containers/unordered_map/insert/24061-map.cc (test for excess errors)
UNRESOLVED: tr1/6_containers/unordered_map/insert/24061-map.cc compilation failed to produce executable
FAIL: tr1/6_containers/unordered_set/requirements/typedefs.cc (test for excess errors)
FAIL: tr1/6_containers/unordered_set/swap/2.cc (test for excess errors)
UNRESOLVED: tr1/6_containers/unordered_set/swap/2.cc compilation failed to produce executable
FAIL: tr1/7_regular_expressions/basic_regex/assign/char/string.cc (test for excess errors)
FAIL: tr1/7_regular_expressions/basic_regex/ctors/wchar_t/string.cc (test for excess errors)
FAIL: tr1/7_regular_expressions/regex_traits/wchar_t/value.cc (test for excess errors)
UNRESOLVED: tr1/7_regular_expressions/regex_traits/wchar_t/value.cc compilation failed to produce executable
FAIL: tr1/8_c_compatibility/cmath/types_std_tr1.cc (test for excess errors)
FAIL: tr2/dynamic_bitset/cmp.cc (test for excess errors)
UNRESOLVED: tr2/dynamic_bitset/cmp.cc compilation failed to produce executable
=== libstdc++ Summary ===
# of expected passes 12518
# of unexpected failures 880
# of expected failures 83
# of unresolved testcases 597
# of unsupported tests 383
Compiler version: 10.0.0 20191221 (experimental) [trunk revision 279690] (GCC)
Platform: riscv64-suse-linux-gnu
configure flags: --prefix=/usr --build=riscv64-suse-linux --enable-shared --with-system-zlib CFLAGS='-O2 -g' CXXFLAGS='-O2 -g' --with-multilib-list=lp64d
More information about the Gcc-testresults
mailing list