Results for 10.0.0 20191220 (experimental) [trunk revision 279635] (GCC) testsuite on sparcv9-sun-solaris2.11
Rainer Orth
ro@CeBiTec.Uni-Bielefeld.DE
Sat Dec 21 13:09:00 GMT 2019
LAST_UPDATED: Fri Dec 20 09:54:20 UTC 2019 (revision 279635)
=== acats tests ===
=== acats Summary ===
# of expected passes 2320
# of unexpected failures 0
Native configuration is sparcv9-sun-solaris2.11
=== g++ tests ===
Running target unix
FAIL: g++.dg/gcov/pr16855-priority.C -std=gnu++14 gcov: 1 failures in line counts, 0 in branch percentages, 0 in return percentages, 0 in intermediate format
FAIL: g++.dg/gcov/pr16855-priority.C -std=gnu++14 line 22: is #####:should be 1
FAIL: g++.dg/gcov/pr16855-priority.C -std=gnu++17 gcov: 1 failures in line counts, 0 in branch percentages, 0 in return percentages, 0 in intermediate format
FAIL: g++.dg/gcov/pr16855-priority.C -std=gnu++17 line 22: is #####:should be 1
FAIL: g++.dg/gcov/pr16855-priority.C -std=gnu++2a gcov: 1 failures in line counts, 0 in branch percentages, 0 in return percentages, 0 in intermediate format
FAIL: g++.dg/gcov/pr16855-priority.C -std=gnu++2a line 22: is #####:should be 1
FAIL: g++.dg/gcov/pr16855-priority.C -std=gnu++98 gcov: 1 failures in line counts, 0 in branch percentages, 0 in return percentages, 0 in intermediate format
FAIL: g++.dg/gcov/pr16855-priority.C -std=gnu++98 line 22: is #####:should be 1
FAIL: g++.dg/gcov/pr16855.C -std=gnu++14 gcov: 1 failures in line counts, 0 in branch percentages, 0 in return percentages, 0 in intermediate format
FAIL: g++.dg/gcov/pr16855.C -std=gnu++14 line 24: is #####:should be 1
FAIL: g++.dg/gcov/pr16855.C -std=gnu++17 gcov: 1 failures in line counts, 0 in branch percentages, 0 in return percentages, 0 in intermediate format
FAIL: g++.dg/gcov/pr16855.C -std=gnu++17 line 24: is #####:should be 1
FAIL: g++.dg/gcov/pr16855.C -std=gnu++2a gcov: 1 failures in line counts, 0 in branch percentages, 0 in return percentages, 0 in intermediate format
FAIL: g++.dg/gcov/pr16855.C -std=gnu++2a line 24: is #####:should be 1
FAIL: g++.dg/gcov/pr16855.C -std=gnu++98 gcov: 1 failures in line counts, 0 in branch percentages, 0 in return percentages, 0 in intermediate format
FAIL: g++.dg/gcov/pr16855.C -std=gnu++98 line 24: is #####:should be 1
FAIL: g++.dg/lto/pr89335 cp_lto_pr89335_0.o assemble, -O2 -flto -Wsuggest-final-methods
FAIL: g++.dg/ubsan/vptr-4.C -O0 (test for excess errors)
FAIL: g++.dg/ubsan/vptr-4.C -O1 (test for excess errors)
FAIL: g++.dg/ubsan/vptr-4.C -O2 (test for excess errors)
FAIL: g++.dg/ubsan/vptr-4.C -O2 -flto (test for excess errors)
FAIL: g++.dg/ubsan/vptr-4.C -O2 -flto -flto-partition=none (test for excess errors)
FAIL: g++.dg/ubsan/vptr-4.C -O3 -g (test for excess errors)
FAIL: g++.dg/ubsan/vptr-4.C -Os (test for excess errors)
=== g++ Summary for unix ===
# of expected passes 179631
# of unexpected failures 24
# of expected failures 680
# of unsupported tests 7946
Running target unix/-m32
FAIL: g++.dg/asan/default-options-1.C -O0 execution test
FAIL: g++.dg/asan/default-options-1.C -O1 execution test
FAIL: g++.dg/asan/default-options-1.C -O2 execution test
FAIL: g++.dg/asan/default-options-1.C -O2 -flto execution test
FAIL: g++.dg/asan/default-options-1.C -O2 -flto -flto-partition=none execution test
FAIL: g++.dg/asan/default-options-1.C -O3 -g execution test
FAIL: g++.dg/asan/default-options-1.C -Os execution test
FAIL: g++.dg/gcov/pr16855-priority.C -std=gnu++14 gcov: 1 failures in line counts, 0 in branch percentages, 0 in return percentages, 0 in intermediate format
FAIL: g++.dg/gcov/pr16855-priority.C -std=gnu++14 line 22: is #####:should be 1
FAIL: g++.dg/gcov/pr16855-priority.C -std=gnu++17 gcov: 1 failures in line counts, 0 in branch percentages, 0 in return percentages, 0 in intermediate format
FAIL: g++.dg/gcov/pr16855-priority.C -std=gnu++17 line 22: is #####:should be 1
FAIL: g++.dg/gcov/pr16855-priority.C -std=gnu++2a gcov: 1 failures in line counts, 0 in branch percentages, 0 in return percentages, 0 in intermediate format
FAIL: g++.dg/gcov/pr16855-priority.C -std=gnu++2a line 22: is #####:should be 1
FAIL: g++.dg/gcov/pr16855-priority.C -std=gnu++98 gcov: 1 failures in line counts, 0 in branch percentages, 0 in return percentages, 0 in intermediate format
FAIL: g++.dg/gcov/pr16855-priority.C -std=gnu++98 line 22: is #####:should be 1
FAIL: g++.dg/gcov/pr16855.C -std=gnu++14 gcov: 1 failures in line counts, 0 in branch percentages, 0 in return percentages, 0 in intermediate format
FAIL: g++.dg/gcov/pr16855.C -std=gnu++14 line 24: is #####:should be 1
FAIL: g++.dg/gcov/pr16855.C -std=gnu++17 gcov: 1 failures in line counts, 0 in branch percentages, 0 in return percentages, 0 in intermediate format
FAIL: g++.dg/gcov/pr16855.C -std=gnu++17 line 24: is #####:should be 1
FAIL: g++.dg/gcov/pr16855.C -std=gnu++2a gcov: 1 failures in line counts, 0 in branch percentages, 0 in return percentages, 0 in intermediate format
FAIL: g++.dg/gcov/pr16855.C -std=gnu++2a line 24: is #####:should be 1
FAIL: g++.dg/gcov/pr16855.C -std=gnu++98 gcov: 1 failures in line counts, 0 in branch percentages, 0 in return percentages, 0 in intermediate format
FAIL: g++.dg/gcov/pr16855.C -std=gnu++98 line 24: is #####:should be 1
FAIL: c-c++-common/goacc/mdc-1.c -std=c++14 scan-tree-dump-times omplower "pragma omp target oacc_data map.attach:s.e .bias: 8.." 1
FAIL: c-c++-common/goacc/mdc-1.c -std=c++14 scan-tree-dump-times omplower "pragma omp target oacc_data map.tofrom:.z .len: 40.. map.struct:s .len: 1.. map.alloc:s.a .len: 8.. map.tofrom:._1 .len: 40.. map.attach:s.a .bias: 0.." 1
FAIL: c-c++-common/goacc/mdc-1.c -std=c++14 scan-tree-dump-times omplower "pragma omp target oacc_enter_exit_data finalize map.force_detach:a .bias: 8.." 1
FAIL: c-c++-common/goacc/mdc-1.c -std=c++14 scan-tree-dump-times omplower "pragma omp target oacc_enter_exit_data finalize map.force_detach:s.a .bias: 8.." 1
FAIL: c-c++-common/goacc/mdc-1.c -std=c++14 scan-tree-dump-times omplower "pragma omp target oacc_enter_exit_data map.attach:a .bias: 8.." 1
FAIL: c-c++-common/goacc/mdc-1.c -std=c++14 scan-tree-dump-times omplower "pragma omp target oacc_enter_exit_data map.detach:a .bias: 8.." 1
FAIL: c-c++-common/goacc/mdc-1.c -std=c++14 scan-tree-dump-times omplower "pragma omp target oacc_enter_exit_data map.detach:s.e .bias: 8.." 1
FAIL: c-c++-common/goacc/mdc-1.c -std=c++14 scan-tree-dump-times omplower "pragma omp target oacc_enter_exit_data map.release:a .len: 8.." 1
FAIL: c-c++-common/goacc/mdc-1.c -std=c++14 scan-tree-dump-times omplower "pragma omp target oacc_enter_exit_data map.to:a .len: 8.." 1
FAIL: c-c++-common/goacc/mdc-1.c -std=c++14 scan-tree-dump-times omplower "pragma omp target oacc_enter_exit_data map.to:s .len: 32.." 1
FAIL: c-c++-common/goacc/mdc-1.c -std=c++14 scan-tree-dump-times omplower "pragma omp target oacc_parallel map.attach:s.e .bias: 8.. map.tofrom:s .len: 32" 1
FAIL: c-c++-common/goacc/mdc-1.c -std=c++17 scan-tree-dump-times omplower "pragma omp target oacc_data map.attach:s.e .bias: 8.." 1
FAIL: c-c++-common/goacc/mdc-1.c -std=c++17 scan-tree-dump-times omplower "pragma omp target oacc_data map.tofrom:.z .len: 40.. map.struct:s .len: 1.. map.alloc:s.a .len: 8.. map.tofrom:._1 .len: 40.. map.attach:s.a .bias: 0.." 1
FAIL: c-c++-common/goacc/mdc-1.c -std=c++17 scan-tree-dump-times omplower "pragma omp target oacc_enter_exit_data finalize map.force_detach:a .bias: 8.." 1
FAIL: c-c++-common/goacc/mdc-1.c -std=c++17 scan-tree-dump-times omplower "pragma omp target oacc_enter_exit_data finalize map.force_detach:s.a .bias: 8.." 1
FAIL: c-c++-common/goacc/mdc-1.c -std=c++17 scan-tree-dump-times omplower "pragma omp target oacc_enter_exit_data map.attach:a .bias: 8.." 1
FAIL: c-c++-common/goacc/mdc-1.c -std=c++17 scan-tree-dump-times omplower "pragma omp target oacc_enter_exit_data map.detach:a .bias: 8.." 1
FAIL: c-c++-common/goacc/mdc-1.c -std=c++17 scan-tree-dump-times omplower "pragma omp target oacc_enter_exit_data map.detach:s.e .bias: 8.." 1
FAIL: c-c++-common/goacc/mdc-1.c -std=c++17 scan-tree-dump-times omplower "pragma omp target oacc_enter_exit_data map.release:a .len: 8.." 1
FAIL: c-c++-common/goacc/mdc-1.c -std=c++17 scan-tree-dump-times omplower "pragma omp target oacc_enter_exit_data map.to:a .len: 8.." 1
FAIL: c-c++-common/goacc/mdc-1.c -std=c++17 scan-tree-dump-times omplower "pragma omp target oacc_enter_exit_data map.to:s .len: 32.." 1
FAIL: c-c++-common/goacc/mdc-1.c -std=c++17 scan-tree-dump-times omplower "pragma omp target oacc_parallel map.attach:s.e .bias: 8.. map.tofrom:s .len: 32" 1
FAIL: c-c++-common/goacc/mdc-1.c -std=c++2a scan-tree-dump-times omplower "pragma omp target oacc_data map.attach:s.e .bias: 8.." 1
FAIL: c-c++-common/goacc/mdc-1.c -std=c++2a scan-tree-dump-times omplower "pragma omp target oacc_data map.tofrom:.z .len: 40.. map.struct:s .len: 1.. map.alloc:s.a .len: 8.. map.tofrom:._1 .len: 40.. map.attach:s.a .bias: 0.." 1
FAIL: c-c++-common/goacc/mdc-1.c -std=c++2a scan-tree-dump-times omplower "pragma omp target oacc_enter_exit_data finalize map.force_detach:a .bias: 8.." 1
FAIL: c-c++-common/goacc/mdc-1.c -std=c++2a scan-tree-dump-times omplower "pragma omp target oacc_enter_exit_data finalize map.force_detach:s.a .bias: 8.." 1
FAIL: c-c++-common/goacc/mdc-1.c -std=c++2a scan-tree-dump-times omplower "pragma omp target oacc_enter_exit_data map.attach:a .bias: 8.." 1
FAIL: c-c++-common/goacc/mdc-1.c -std=c++2a scan-tree-dump-times omplower "pragma omp target oacc_enter_exit_data map.detach:a .bias: 8.." 1
FAIL: c-c++-common/goacc/mdc-1.c -std=c++2a scan-tree-dump-times omplower "pragma omp target oacc_enter_exit_data map.detach:s.e .bias: 8.." 1
FAIL: c-c++-common/goacc/mdc-1.c -std=c++2a scan-tree-dump-times omplower "pragma omp target oacc_enter_exit_data map.release:a .len: 8.." 1
FAIL: c-c++-common/goacc/mdc-1.c -std=c++2a scan-tree-dump-times omplower "pragma omp target oacc_enter_exit_data map.to:a .len: 8.." 1
FAIL: c-c++-common/goacc/mdc-1.c -std=c++2a scan-tree-dump-times omplower "pragma omp target oacc_enter_exit_data map.to:s .len: 32.." 1
FAIL: c-c++-common/goacc/mdc-1.c -std=c++2a scan-tree-dump-times omplower "pragma omp target oacc_parallel map.attach:s.e .bias: 8.. map.tofrom:s .len: 32" 1
FAIL: c-c++-common/goacc/mdc-1.c -std=c++98 scan-tree-dump-times omplower "pragma omp target oacc_data map.attach:s.e .bias: 8.." 1
FAIL: c-c++-common/goacc/mdc-1.c -std=c++98 scan-tree-dump-times omplower "pragma omp target oacc_data map.tofrom:.z .len: 40.. map.struct:s .len: 1.. map.alloc:s.a .len: 8.. map.tofrom:._1 .len: 40.. map.attach:s.a .bias: 0.." 1
FAIL: c-c++-common/goacc/mdc-1.c -std=c++98 scan-tree-dump-times omplower "pragma omp target oacc_enter_exit_data finalize map.force_detach:a .bias: 8.." 1
FAIL: c-c++-common/goacc/mdc-1.c -std=c++98 scan-tree-dump-times omplower "pragma omp target oacc_enter_exit_data finalize map.force_detach:s.a .bias: 8.." 1
FAIL: c-c++-common/goacc/mdc-1.c -std=c++98 scan-tree-dump-times omplower "pragma omp target oacc_enter_exit_data map.attach:a .bias: 8.." 1
FAIL: c-c++-common/goacc/mdc-1.c -std=c++98 scan-tree-dump-times omplower "pragma omp target oacc_enter_exit_data map.detach:a .bias: 8.." 1
FAIL: c-c++-common/goacc/mdc-1.c -std=c++98 scan-tree-dump-times omplower "pragma omp target oacc_enter_exit_data map.detach:s.e .bias: 8.." 1
FAIL: c-c++-common/goacc/mdc-1.c -std=c++98 scan-tree-dump-times omplower "pragma omp target oacc_enter_exit_data map.release:a .len: 8.." 1
FAIL: c-c++-common/goacc/mdc-1.c -std=c++98 scan-tree-dump-times omplower "pragma omp target oacc_enter_exit_data map.to:a .len: 8.." 1
FAIL: c-c++-common/goacc/mdc-1.c -std=c++98 scan-tree-dump-times omplower "pragma omp target oacc_enter_exit_data map.to:s .len: 32.." 1
FAIL: c-c++-common/goacc/mdc-1.c -std=c++98 scan-tree-dump-times omplower "pragma omp target oacc_parallel map.attach:s.e .bias: 8.. map.tofrom:s .len: 32" 1
FAIL: g++.dg/lto/pr89335 cp_lto_pr89335_0.o assemble, -O2 -flto -Wsuggest-final-methods
FAIL: g++.dg/ubsan/vptr-4.C -O0 (test for excess errors)
FAIL: g++.dg/ubsan/vptr-4.C -O1 (test for excess errors)
FAIL: g++.dg/ubsan/vptr-4.C -O2 (test for excess errors)
FAIL: g++.dg/ubsan/vptr-4.C -O2 -flto (test for excess errors)
FAIL: g++.dg/ubsan/vptr-4.C -O2 -flto -flto-partition=none (test for excess errors)
FAIL: g++.dg/ubsan/vptr-4.C -O3 -g (test for excess errors)
FAIL: g++.dg/ubsan/vptr-4.C -Os (test for excess errors)
=== g++ Summary for unix/-m32 ===
# of expected passes 178801
# of unexpected failures 75
# of expected failures 676
# of unsupported tests 8242
=== g++ Summary ===
# of expected passes 358432
# of unexpected failures 99
# of expected failures 1356
# of unsupported tests 16188
/var/gcc/regression/trunk/11.5-gcc-gas-64/build/gcc/xg++ version 10.0.0 20191220 (experimental) [trunk revision 279635] (GCC)
=== gcc tests ===
Running target unix
FAIL: gcc.dg/Wstringop-overflow-17.c (test for warnings, line 8)
FAIL: gcc.dg/strlenopt-81.c (test for excess errors)
UNRESOLVED: gcc.dg/strlenopt-81.c compilation failed to produce executable
XPASS: gcc.dg/graphite/scop-21.c scan-tree-dump-times graphite "number of SCoPs: 1" 1
FAIL: gcc.dg/ipa/ipa-icf-38.c scan-ltrans-tree-dump-not optimized "Function bar"
FAIL: gcc.dg/vect/bb-slp-22.c -flto -ffat-lto-objects scan-tree-dump-times slp2 "basic block vectorized" 1
FAIL: gcc.dg/vect/bb-slp-22.c scan-tree-dump-times slp2 "basic block vectorized" 1
FAIL: gcc.dg/vect/vect-epilogues.c -flto -ffat-lto-objects scan-tree-dump vect "LOOP EPILOGUE VECTORIZED"
FAIL: gcc.dg/vect/vect-epilogues.c scan-tree-dump vect "LOOP EPILOGUE VECTORIZED"
WARNING: gcc.target/sparc/ultrasp12.c (test for excess errors) program timed out.
FAIL: gcc.target/sparc/ultrasp12.c (test for excess errors)
=== gcc Summary for unix ===
# of expected passes 119306
# of unexpected failures 8
# of unexpected successes 1
# of expected failures 636
# of unresolved testcases 1
# of unsupported tests 2920
Running target unix/-m32
FAIL: gcc.dg/Wstringop-overflow-17.c (test for warnings, line 8)
FAIL: gcc.dg/pr84877.c execution test
FAIL: gcc.dg/strlenopt-81.c (test for excess errors)
UNRESOLVED: gcc.dg/strlenopt-81.c compilation failed to produce executable
FAIL: c-c++-common/goacc/mdc-1.c scan-tree-dump-times omplower "pragma omp target oacc_data map.attach:s.e .bias: 8.." 1
FAIL: c-c++-common/goacc/mdc-1.c scan-tree-dump-times omplower "pragma omp target oacc_data map.tofrom:.z .len: 40.. map.struct:s .len: 1.. map.alloc:s.a .len: 8.. map.tofrom:._1 .len: 40.. map.attach:s.a .bias: 0.." 1
FAIL: c-c++-common/goacc/mdc-1.c scan-tree-dump-times omplower "pragma omp target oacc_enter_exit_data finalize map.force_detach:a .bias: 8.." 1
FAIL: c-c++-common/goacc/mdc-1.c scan-tree-dump-times omplower "pragma omp target oacc_enter_exit_data finalize map.force_detach:s.a .bias: 8.." 1
FAIL: c-c++-common/goacc/mdc-1.c scan-tree-dump-times omplower "pragma omp target oacc_enter_exit_data map.attach:a .bias: 8.." 1
FAIL: c-c++-common/goacc/mdc-1.c scan-tree-dump-times omplower "pragma omp target oacc_enter_exit_data map.detach:a .bias: 8.." 1
FAIL: c-c++-common/goacc/mdc-1.c scan-tree-dump-times omplower "pragma omp target oacc_enter_exit_data map.detach:s.e .bias: 8.." 1
FAIL: c-c++-common/goacc/mdc-1.c scan-tree-dump-times omplower "pragma omp target oacc_enter_exit_data map.release:a .len: 8.." 1
FAIL: c-c++-common/goacc/mdc-1.c scan-tree-dump-times omplower "pragma omp target oacc_enter_exit_data map.to:a .len: 8.." 1
FAIL: c-c++-common/goacc/mdc-1.c scan-tree-dump-times omplower "pragma omp target oacc_enter_exit_data map.to:s .len: 32.." 1
FAIL: c-c++-common/goacc/mdc-1.c scan-tree-dump-times omplower "pragma omp target oacc_parallel map.attach:s.e .bias: 8.. map.tofrom:s .len: 32" 1
XPASS: gcc.dg/graphite/scop-21.c scan-tree-dump-times graphite "number of SCoPs: 1" 1
FAIL: gcc.dg/ipa/ipa-icf-38.c scan-ltrans-tree-dump-not optimized "Function bar"
FAIL: gcc.dg/simulate-thread/atomic-other-int.c -O2 -g thread simulation test
FAIL: gcc.dg/simulate-thread/atomic-other-int.c -O3 -g thread simulation test
FAIL: gcc.dg/simulate-thread/speculative-store-4.c -O0 -g thread simulation test
FAIL: gcc.dg/simulate-thread/speculative-store-4.c -O2 -g thread simulation test
FAIL: gcc.dg/simulate-thread/speculative-store-4.c -O3 -g thread simulation test
FAIL: gcc.dg/simulate-thread/speculative-store.c -O0 -g thread simulation test
FAIL: gcc.dg/vect/bb-slp-22.c -flto -ffat-lto-objects scan-tree-dump-times slp2 "basic block vectorized" 1
FAIL: gcc.dg/vect/bb-slp-22.c scan-tree-dump-times slp2 "basic block vectorized" 1
FAIL: gcc.dg/vect/vect-epilogues.c -flto -ffat-lto-objects scan-tree-dump vect "LOOP EPILOGUE VECTORIZED"
FAIL: gcc.dg/vect/vect-epilogues.c scan-tree-dump vect "LOOP EPILOGUE VECTORIZED"
=== gcc Summary for unix/-m32 ===
# of expected passes 119711
# of unexpected failures 25
# of unexpected successes 1
# of expected failures 646
# of unresolved testcases 1
# of unsupported tests 3546
=== gcc Summary ===
# of expected passes 239017
# of unexpected failures 33
# of unexpected successes 2
# of expected failures 1282
# of unresolved testcases 2
# of unsupported tests 6466
/var/gcc/regression/trunk/11.5-gcc-gas-64/build/gcc/xgcc version 10.0.0 20191220 (experimental) [trunk revision 279635] (GCC)
=== gdc tests ===
Running target unix
FAIL: gdc.dg/runnable.d -O0 execution test
FAIL: gdc.dg/runnable.d -O0 -g execution test
FAIL: gdc.dg/runnable.d -O1 execution test
FAIL: gdc.dg/runnable.d -O1 -g execution test
FAIL: gdc.dg/runnable.d -O2 execution test
FAIL: gdc.dg/runnable.d -O2 -g execution test
FAIL: gdc.dg/runnable.d -O3 execution test
FAIL: gdc.dg/runnable.d -O3 -g execution test
FAIL: gdc.dg/runnable.d -Os execution test
FAIL: gdc.dg/runnable.d -Os -g execution test
FAIL: gdc.dg/lto/ltotests d_lto_ltotests_0.o-d_lto_ltotests_1.o link, -O0 -flto (internal compiler error)
FAIL: gdc.dg/lto/ltotests d_lto_ltotests_0.o-d_lto_ltotests_1.o link, -O0 -flto -flto-partition=1to1 (internal compiler error)
FAIL: gdc.dg/lto/ltotests d_lto_ltotests_0.o-d_lto_ltotests_1.o link, -O0 -flto -flto-partition=none (internal compiler error)
FAIL: gdc.dg/lto/ltotests d_lto_ltotests_0.o-d_lto_ltotests_1.o link, -O2 -flto (internal compiler error)
FAIL: gdc.dg/lto/ltotests d_lto_ltotests_0.o-d_lto_ltotests_1.o link, -O2 -flto -flto-partition=1to1 (internal compiler error)
FAIL: gdc.dg/lto/ltotests d_lto_ltotests_0.o-d_lto_ltotests_1.o link, -O2 -flto -flto-partition=none (internal compiler error)
FAIL: gdc.test/runnable/cpp_abi_tests.d -O2 execution test
FAIL: gdc.test/runnable/cpp_abi_tests.d -O2 -g execution test
FAIL: gdc.test/runnable/cpp_abi_tests.d -O2 -g -shared-libphobos execution test
FAIL: gdc.test/runnable/cpp_abi_tests.d -O2 -shared-libphobos execution test
FAIL: gdc.test/runnable/foreach5.d execution test
FAIL: gdc.test/runnable/foreach5.d -frelease execution test
FAIL: gdc.test/runnable/foreach5.d -frelease -g execution test
FAIL: gdc.test/runnable/foreach5.d -frelease -g -shared-libphobos execution test
FAIL: gdc.test/runnable/foreach5.d -frelease -shared-libphobos execution test
FAIL: gdc.test/runnable/foreach5.d -g execution test
FAIL: gdc.test/runnable/foreach5.d -g -shared-libphobos execution test
FAIL: gdc.test/runnable/foreach5.d -shared-libphobos execution test
FAIL: gdc.test/runnable/inline.d execution test
FAIL: gdc.test/runnable/inline.d -O2 execution test
FAIL: gdc.test/runnable/inline.d -O2 -g execution test
FAIL: gdc.test/runnable/inline.d -O2 -g -shared-libphobos execution test
FAIL: gdc.test/runnable/inline.d -O2 -shared-libphobos execution test
FAIL: gdc.test/runnable/inline.d -g execution test
FAIL: gdc.test/runnable/inline.d -g -shared-libphobos execution test
FAIL: gdc.test/runnable/inline.d -shared-libphobos execution test
WARNING: gdc.test/runnable/test17338.d (test for excess errors) program timed out.
UNRESOLVED: gdc.test/runnable/test17338.d compilation failed to produce executable
FAIL: gdc.test/runnable/test42.d execution test
FAIL: gdc.test/runnable/test42.d -g execution test
FAIL: gdc.test/runnable/test42.d -g -shared-libphobos execution test
FAIL: gdc.test/runnable/test42.d -shared-libphobos execution test
=== gdc Summary for unix ===
# of expected passes 29807
# of unexpected failures 40
# of unresolved testcases 1
Running target unix/-m32
FAIL: gdc.dg/lto/ltotests d_lto_ltotests_0.o-d_lto_ltotests_1.o link, -O0 -flto (internal compiler error)
FAIL: gdc.dg/lto/ltotests d_lto_ltotests_0.o-d_lto_ltotests_1.o link, -O0 -flto -flto-partition=1to1 (internal compiler error)
FAIL: gdc.dg/lto/ltotests d_lto_ltotests_0.o-d_lto_ltotests_1.o link, -O0 -flto -flto-partition=none (internal compiler error)
FAIL: gdc.dg/lto/ltotests d_lto_ltotests_0.o-d_lto_ltotests_1.o link, -O2 -flto (internal compiler error)
FAIL: gdc.dg/lto/ltotests d_lto_ltotests_0.o-d_lto_ltotests_1.o link, -O2 -flto -flto-partition=1to1 (internal compiler error)
FAIL: gdc.dg/lto/ltotests d_lto_ltotests_0.o-d_lto_ltotests_1.o link, -O2 -flto -flto-partition=none (internal compiler error)
FAIL: gdc.test/runnable/cpp_abi_tests.d -O2 execution test
FAIL: gdc.test/runnable/cpp_abi_tests.d -O2 -g execution test
FAIL: gdc.test/runnable/cpp_abi_tests.d -O2 -g -shared-libphobos execution test
FAIL: gdc.test/runnable/cpp_abi_tests.d -O2 -shared-libphobos execution test
FAIL: gdc.test/runnable/eh.d -fPIC -shared-libphobos execution test
FAIL: gdc.test/runnable/eh.d -shared-libphobos execution test
FAIL: gdc.test/runnable/test42.d execution test
FAIL: gdc.test/runnable/test42.d -g execution test
FAIL: gdc.test/runnable/test42.d -g -shared-libphobos execution test
FAIL: gdc.test/runnable/test42.d -shared-libphobos execution test
=== gdc Summary for unix/-m32 ===
# of expected passes 29832
# of unexpected failures 16
=== gdc Summary ===
# of expected passes 59639
# of unexpected failures 56
# of unresolved testcases 1
/var/gcc/regression/trunk/11.5-gcc-gas-64/build/gcc/gdc version 10.0.0 20191220 (experimental) [trunk revision 279635] (GCC)
=== gfortran tests ===
Running target unix
FAIL: gfortran.dg/ISO_Fortran_binding_15.f90 -O2 execution test
FAIL: gfortran.dg/ISO_Fortran_binding_15.f90 -O3 -fomit-frame-pointer -funroll-loops -fpeel-loops -ftracer -finline-functions execution test
FAIL: gfortran.dg/ISO_Fortran_binding_15.f90 -Os execution test
FAIL: gfortran.dg/goacc/derived-types-3.f90 -O (test for errors, line 11)
FAIL: gfortran.dg/goacc/derived-types-3.f90 -O (internal compiler error)
FAIL: gfortran.dg/goacc/derived-types-3.f90 -O (test for excess errors)
FAIL: gfortran.dg/goacc/finalize-1.f -O scan-tree-dump-times gimple "(?n)#pragma omp target oacc_enter_exit_data map\\\\(delete:MEM\\\\[\\\\(c_char \\\\*\\\\)[^\\\\]]+\\\\] \\\\[len: [^\\\\]]+\\\\]\\\\) map\\\\(to:del_f_p \\\\[pointer set, len: [0-9]+\\\\]\\\\) map\\\\(alloc:del_f_p\\\\.data \\\\[pointer assign, bias: [^\\\\]]+\\\\]\\\\) finalize\$" 1
FAIL: gfortran.dg/goacc/finalize-1.f -O scan-tree-dump-times gimple "(?n)#pragma omp target oacc_enter_exit_data map\\\\(force_from:MEM\\\\[\\\\(c_char \\\\*\\\\)[^\\\\]]+\\\\] \\\\[len: [^\\\\]]+\\\\]\\\\) map\\\\(to:cpo_f_p \\\\[pointer set, len: [0-9]+\\\\]\\\\) map\\\\(alloc:cpo_f_p\\\\.data \\\\[pointer assign, bias: [^\\\\]]+\\\\]\\\\) finalize\$" 1
=== gfortran Summary for unix ===
# of expected passes 52698
# of unexpected failures 8
# of expected failures 189
# of unsupported tests 150
Running target unix/-m32
FAIL: gfortran.dg/ISO_Fortran_binding_15.f90 -O1 execution test
FAIL: gfortran.dg/ISO_Fortran_binding_15.f90 -O2 execution test
FAIL: gfortran.dg/ISO_Fortran_binding_15.f90 -O3 -fomit-frame-pointer -funroll-loops -fpeel-loops -ftracer -finline-functions execution test
FAIL: gfortran.dg/ISO_Fortran_binding_15.f90 -O3 -g execution test
FAIL: gfortran.dg/ISO_Fortran_binding_15.f90 -Os execution test
FAIL: gfortran.dg/goacc/derived-types-3.f90 -O (test for errors, line 11)
FAIL: gfortran.dg/goacc/derived-types-3.f90 -O (internal compiler error)
FAIL: gfortran.dg/goacc/derived-types-3.f90 -O (test for excess errors)
FAIL: gfortran.dg/goacc/finalize-1.f -O scan-tree-dump-times gimple "(?n)#pragma omp target oacc_enter_exit_data map\\\\(delete:MEM\\\\[\\\\(c_char \\\\*\\\\)[^\\\\]]+\\\\] \\\\[len: [^\\\\]]+\\\\]\\\\) map\\\\(to:del_f_p \\\\[pointer set, len: [0-9]+\\\\]\\\\) map\\\\(alloc:del_f_p\\\\.data \\\\[pointer assign, bias: [^\\\\]]+\\\\]\\\\) finalize\$" 1
FAIL: gfortran.dg/goacc/finalize-1.f -O scan-tree-dump-times gimple "(?n)#pragma omp target oacc_enter_exit_data map\\\\(force_from:MEM\\\\[\\\\(c_char \\\\*\\\\)[^\\\\]]+\\\\] \\\\[len: [^\\\\]]+\\\\]\\\\) map\\\\(to:cpo_f_p \\\\[pointer set, len: [0-9]+\\\\]\\\\) map\\\\(alloc:cpo_f_p\\\\.data \\\\[pointer assign, bias: [^\\\\]]+\\\\]\\\\) finalize\$" 1
=== gfortran Summary for unix/-m32 ===
# of expected passes 52435
# of unexpected failures 10
# of expected failures 191
# of unsupported tests 277
=== gfortran Summary ===
# of expected passes 105133
# of unexpected failures 18
# of expected failures 380
# of unsupported tests 427
/var/gcc/regression/trunk/11.5-gcc-gas-64/build/gcc/gfortran version 10.0.0 20191220 (experimental) [trunk revision 279635] (GCC)
=== gnat tests ===
Running target unix
=== gnat Summary for unix ===
# of expected passes 3237
# of expected failures 23
# of unsupported tests 30
Running target unix/-m32
=== gnat Summary for unix/-m32 ===
# of expected passes 3237
# of expected failures 23
# of unsupported tests 30
=== gnat Summary ===
# of expected passes 6474
# of expected failures 46
# of unsupported tests 60
/var/gcc/regression/trunk/11.5-gcc-gas-64/build/gcc/gnatmake version 10.0.0 20191220 (experimental) [trunk revision 279635]
=== go tests ===
Running target unix
FAIL: ./index0-out.go execution, -O0 -g -fno-var-tracking-assignments
=== go Summary for unix ===
# of expected passes 7349
# of unexpected failures 1
# of expected failures 1
# of untested testcases 11
# of unsupported tests 3
Running target unix/-m32
FAIL: ./index0-out.go execution, -O0 -g -fno-var-tracking-assignments
FAIL: go.test/test/fixedbugs/issue4085b.go execution, -O2 -g
FAIL: go.test/test/nil.go execution, -O2 -g
=== go Summary for unix/-m32 ===
# of expected passes 7467
# of unexpected failures 3
# of expected failures 1
# of untested testcases 11
# of unsupported tests 3
=== go Summary ===
# of expected passes 14816
# of unexpected failures 4
# of expected failures 2
# of untested testcases 22
# of unsupported tests 6
=== obj-c++ tests ===
Running target unix/-m32
=== obj-c++ Summary for unix/-m32 ===
# of expected passes 1450
# of expected failures 2
# of unsupported tests 77
Running target unix
=== obj-c++ Summary for unix ===
# of expected passes 1442
# of expected failures 10
# of unsupported tests 77
=== obj-c++ Summary ===
# of expected passes 2892
# of expected failures 12
# of unsupported tests 154
/var/gcc/regression/trunk/11.5-gcc-gas-64/build/gcc/xg++ version 10.0.0 20191220 (experimental) [trunk revision 279635] (GCC)
=== objc tests ===
Running target unix
=== objc Summary for unix ===
# of expected passes 2783
# of unsupported tests 68
Running target unix/-m32
=== objc Summary for unix/-m32 ===
# of expected passes 2783
# of unsupported tests 68
=== objc Summary ===
# of expected passes 5566
# of unsupported tests 136
/var/gcc/regression/trunk/11.5-gcc-gas-64/build/gcc/xgcc version 10.0.0 20191220 (experimental) [trunk revision 279635] (GCC)
=== gotools tests ===
FAIL: TestScript
FAIL: go test cmd/go
FAIL: TestAbort
FAIL: TestArenaCollision
FAIL: TestPanicInlined
FAIL: go test runtime
FAIL: go test misc/cgo/test
=== gotools Summary ===
# of expected passes 260
# of unexpected failures 7
# of untested testcases 187
/var/gcc/regression/trunk/11.5-gcc-gas-64/build/./gcc/gccgo version 10.0.0 20191220 (experimental) [trunk revision 279635] (GCC)
=== libatomic tests ===
Running target unix/-m32
=== libatomic Summary for unix/-m32 ===
# of expected passes 44
# of unsupported tests 5
Running target unix
=== libatomic Summary for unix ===
# of expected passes 54
=== libatomic Summary ===
# of expected passes 98
# of unsupported tests 5
=== libffi tests ===
Running target unix/-m32
=== libffi Summary for unix/-m32 ===
# of expected passes 2214
Running target unix
=== libffi Summary for unix ===
# of expected passes 2214
=== libffi Summary ===
# of expected passes 4428
=== libgo tests ===
Running target unix
FAIL: crypto/tls
FAIL: go/build
FAIL: net/http
FAIL: runtime
FAIL: runtime/pprof
FAIL: sync/atomic
=== libgo Summary for unix ===
# of expected passes 168
# of unexpected failures 6
Running target unix/-m32
FAIL: go/build
FAIL: net/http
FAIL: runtime
FAIL: runtime/pprof
FAIL: sync/atomic
=== libgo Summary for unix/-m32 ===
# of expected passes 169
# of unexpected failures 5
=== libgo Summary ===
# of expected passes 337
# of unexpected failures 11
/var/gcc/regression/trunk/11.5-gcc-gas-64/build/./gcc/gccgo version 10.0.0 20191220 (experimental) [trunk revision 279635] (GCC)
=== libgomp tests ===
Running target unix
WARNING: libgomp.c++/task-reduction-11.C execution test program timed out.
FAIL: libgomp.c++/task-reduction-11.C execution test
WARNING: libgomp.c++/task-reduction-13.C execution test program timed out.
FAIL: libgomp.c++/task-reduction-13.C execution test
FAIL: libgomp.oacc-fortran/classtypes-2.f95 -DACC_DEVICE_TYPE_host=1 -DACC_MEM_SHARED=1 -foffload=disable -O0 (internal compiler error)
FAIL: libgomp.oacc-fortran/classtypes-2.f95 -DACC_DEVICE_TYPE_host=1 -DACC_MEM_SHARED=1 -foffload=disable -O0 (test for excess errors)
UNRESOLVED: libgomp.oacc-fortran/classtypes-2.f95 -DACC_DEVICE_TYPE_host=1 -DACC_MEM_SHARED=1 -foffload=disable -O0 compilation failed to produce executable
FAIL: libgomp.oacc-fortran/classtypes-2.f95 -DACC_DEVICE_TYPE_host=1 -DACC_MEM_SHARED=1 -foffload=disable -O1 (internal compiler error)
FAIL: libgomp.oacc-fortran/classtypes-2.f95 -DACC_DEVICE_TYPE_host=1 -DACC_MEM_SHARED=1 -foffload=disable -O1 (test for excess errors)
UNRESOLVED: libgomp.oacc-fortran/classtypes-2.f95 -DACC_DEVICE_TYPE_host=1 -DACC_MEM_SHARED=1 -foffload=disable -O1 compilation failed to produce executable
FAIL: libgomp.oacc-fortran/classtypes-2.f95 -DACC_DEVICE_TYPE_host=1 -DACC_MEM_SHARED=1 -foffload=disable -O2 (internal compiler error)
FAIL: libgomp.oacc-fortran/classtypes-2.f95 -DACC_DEVICE_TYPE_host=1 -DACC_MEM_SHARED=1 -foffload=disable -O2 (test for excess errors)
UNRESOLVED: libgomp.oacc-fortran/classtypes-2.f95 -DACC_DEVICE_TYPE_host=1 -DACC_MEM_SHARED=1 -foffload=disable -O2 compilation failed to produce executable
FAIL: libgomp.oacc-fortran/classtypes-2.f95 -DACC_DEVICE_TYPE_host=1 -DACC_MEM_SHARED=1 -foffload=disable -O3 -fomit-frame-pointer -funroll-loops -fpeel-loops -ftracer -finline-functions (internal compiler error)
FAIL: libgomp.oacc-fortran/classtypes-2.f95 -DACC_DEVICE_TYPE_host=1 -DACC_MEM_SHARED=1 -foffload=disable -O3 -fomit-frame-pointer -funroll-loops -fpeel-loops -ftracer -finline-functions (test for excess errors)
UNRESOLVED: libgomp.oacc-fortran/classtypes-2.f95 -DACC_DEVICE_TYPE_host=1 -DACC_MEM_SHARED=1 -foffload=disable -O3 -fomit-frame-pointer -funroll-loops -fpeel-loops -ftracer -finline-functions compilation failed to produce executable
FAIL: libgomp.oacc-fortran/classtypes-2.f95 -DACC_DEVICE_TYPE_host=1 -DACC_MEM_SHARED=1 -foffload=disable -O3 -g (internal compiler error)
FAIL: libgomp.oacc-fortran/classtypes-2.f95 -DACC_DEVICE_TYPE_host=1 -DACC_MEM_SHARED=1 -foffload=disable -O3 -g (test for excess errors)
UNRESOLVED: libgomp.oacc-fortran/classtypes-2.f95 -DACC_DEVICE_TYPE_host=1 -DACC_MEM_SHARED=1 -foffload=disable -O3 -g compilation failed to produce executable
FAIL: libgomp.oacc-fortran/classtypes-2.f95 -DACC_DEVICE_TYPE_host=1 -DACC_MEM_SHARED=1 -foffload=disable -Os (internal compiler error)
FAIL: libgomp.oacc-fortran/classtypes-2.f95 -DACC_DEVICE_TYPE_host=1 -DACC_MEM_SHARED=1 -foffload=disable -Os (test for excess errors)
UNRESOLVED: libgomp.oacc-fortran/classtypes-2.f95 -DACC_DEVICE_TYPE_host=1 -DACC_MEM_SHARED=1 -foffload=disable -Os compilation failed to produce executable
FAIL: libgomp.oacc-fortran/deep-copy-2.f90 -DACC_DEVICE_TYPE_host=1 -DACC_MEM_SHARED=1 -foffload=disable -O0 (internal compiler error)
FAIL: libgomp.oacc-fortran/deep-copy-2.f90 -DACC_DEVICE_TYPE_host=1 -DACC_MEM_SHARED=1 -foffload=disable -O0 (test for excess errors)
UNRESOLVED: libgomp.oacc-fortran/deep-copy-2.f90 -DACC_DEVICE_TYPE_host=1 -DACC_MEM_SHARED=1 -foffload=disable -O0 compilation failed to produce executable
FAIL: libgomp.oacc-fortran/deep-copy-2.f90 -DACC_DEVICE_TYPE_host=1 -DACC_MEM_SHARED=1 -foffload=disable -O1 (internal compiler error)
FAIL: libgomp.oacc-fortran/deep-copy-2.f90 -DACC_DEVICE_TYPE_host=1 -DACC_MEM_SHARED=1 -foffload=disable -O1 (test for excess errors)
UNRESOLVED: libgomp.oacc-fortran/deep-copy-2.f90 -DACC_DEVICE_TYPE_host=1 -DACC_MEM_SHARED=1 -foffload=disable -O1 compilation failed to produce executable
FAIL: libgomp.oacc-fortran/deep-copy-2.f90 -DACC_DEVICE_TYPE_host=1 -DACC_MEM_SHARED=1 -foffload=disable -O2 (internal compiler error)
FAIL: libgomp.oacc-fortran/deep-copy-2.f90 -DACC_DEVICE_TYPE_host=1 -DACC_MEM_SHARED=1 -foffload=disable -O2 (test for excess errors)
UNRESOLVED: libgomp.oacc-fortran/deep-copy-2.f90 -DACC_DEVICE_TYPE_host=1 -DACC_MEM_SHARED=1 -foffload=disable -O2 compilation failed to produce executable
FAIL: libgomp.oacc-fortran/deep-copy-2.f90 -DACC_DEVICE_TYPE_host=1 -DACC_MEM_SHARED=1 -foffload=disable -O3 -fomit-frame-pointer -funroll-loops -fpeel-loops -ftracer -finline-functions (internal compiler error)
FAIL: libgomp.oacc-fortran/deep-copy-2.f90 -DACC_DEVICE_TYPE_host=1 -DACC_MEM_SHARED=1 -foffload=disable -O3 -fomit-frame-pointer -funroll-loops -fpeel-loops -ftracer -finline-functions (test for excess errors)
UNRESOLVED: libgomp.oacc-fortran/deep-copy-2.f90 -DACC_DEVICE_TYPE_host=1 -DACC_MEM_SHARED=1 -foffload=disable -O3 -fomit-frame-pointer -funroll-loops -fpeel-loops -ftracer -finline-functions compilation failed to produce executable
FAIL: libgomp.oacc-fortran/deep-copy-2.f90 -DACC_DEVICE_TYPE_host=1 -DACC_MEM_SHARED=1 -foffload=disable -O3 -g (internal compiler error)
FAIL: libgomp.oacc-fortran/deep-copy-2.f90 -DACC_DEVICE_TYPE_host=1 -DACC_MEM_SHARED=1 -foffload=disable -O3 -g (test for excess errors)
UNRESOLVED: libgomp.oacc-fortran/deep-copy-2.f90 -DACC_DEVICE_TYPE_host=1 -DACC_MEM_SHARED=1 -foffload=disable -O3 -g compilation failed to produce executable
FAIL: libgomp.oacc-fortran/deep-copy-2.f90 -DACC_DEVICE_TYPE_host=1 -DACC_MEM_SHARED=1 -foffload=disable -Os (internal compiler error)
FAIL: libgomp.oacc-fortran/deep-copy-2.f90 -DACC_DEVICE_TYPE_host=1 -DACC_MEM_SHARED=1 -foffload=disable -Os (test for excess errors)
UNRESOLVED: libgomp.oacc-fortran/deep-copy-2.f90 -DACC_DEVICE_TYPE_host=1 -DACC_MEM_SHARED=1 -foffload=disable -Os compilation failed to produce executable
FAIL: libgomp.oacc-fortran/deep-copy-3.f90 -DACC_DEVICE_TYPE_host=1 -DACC_MEM_SHARED=1 -foffload=disable -O0 (internal compiler error)
FAIL: libgomp.oacc-fortran/deep-copy-3.f90 -DACC_DEVICE_TYPE_host=1 -DACC_MEM_SHARED=1 -foffload=disable -O0 (test for excess errors)
UNRESOLVED: libgomp.oacc-fortran/deep-copy-3.f90 -DACC_DEVICE_TYPE_host=1 -DACC_MEM_SHARED=1 -foffload=disable -O0 compilation failed to produce executable
FAIL: libgomp.oacc-fortran/deep-copy-3.f90 -DACC_DEVICE_TYPE_host=1 -DACC_MEM_SHARED=1 -foffload=disable -O1 (internal compiler error)
FAIL: libgomp.oacc-fortran/deep-copy-3.f90 -DACC_DEVICE_TYPE_host=1 -DACC_MEM_SHARED=1 -foffload=disable -O1 (test for excess errors)
UNRESOLVED: libgomp.oacc-fortran/deep-copy-3.f90 -DACC_DEVICE_TYPE_host=1 -DACC_MEM_SHARED=1 -foffload=disable -O1 compilation failed to produce executable
FAIL: libgomp.oacc-fortran/deep-copy-3.f90 -DACC_DEVICE_TYPE_host=1 -DACC_MEM_SHARED=1 -foffload=disable -O2 (internal compiler error)
FAIL: libgomp.oacc-fortran/deep-copy-3.f90 -DACC_DEVICE_TYPE_host=1 -DACC_MEM_SHARED=1 -foffload=disable -O2 (test for excess errors)
UNRESOLVED: libgomp.oacc-fortran/deep-copy-3.f90 -DACC_DEVICE_TYPE_host=1 -DACC_MEM_SHARED=1 -foffload=disable -O2 compilation failed to produce executable
FAIL: libgomp.oacc-fortran/deep-copy-3.f90 -DACC_DEVICE_TYPE_host=1 -DACC_MEM_SHARED=1 -foffload=disable -O3 -fomit-frame-pointer -funroll-loops -fpeel-loops -ftracer -finline-functions (internal compiler error)
FAIL: libgomp.oacc-fortran/deep-copy-3.f90 -DACC_DEVICE_TYPE_host=1 -DACC_MEM_SHARED=1 -foffload=disable -O3 -fomit-frame-pointer -funroll-loops -fpeel-loops -ftracer -finline-functions (test for excess errors)
UNRESOLVED: libgomp.oacc-fortran/deep-copy-3.f90 -DACC_DEVICE_TYPE_host=1 -DACC_MEM_SHARED=1 -foffload=disable -O3 -fomit-frame-pointer -funroll-loops -fpeel-loops -ftracer -finline-functions compilation failed to produce executable
FAIL: libgomp.oacc-fortran/deep-copy-3.f90 -DACC_DEVICE_TYPE_host=1 -DACC_MEM_SHARED=1 -foffload=disable -O3 -g (internal compiler error)
FAIL: libgomp.oacc-fortran/deep-copy-3.f90 -DACC_DEVICE_TYPE_host=1 -DACC_MEM_SHARED=1 -foffload=disable -O3 -g (test for excess errors)
UNRESOLVED: libgomp.oacc-fortran/deep-copy-3.f90 -DACC_DEVICE_TYPE_host=1 -DACC_MEM_SHARED=1 -foffload=disable -O3 -g compilation failed to produce executable
FAIL: libgomp.oacc-fortran/deep-copy-3.f90 -DACC_DEVICE_TYPE_host=1 -DACC_MEM_SHARED=1 -foffload=disable -Os (internal compiler error)
FAIL: libgomp.oacc-fortran/deep-copy-3.f90 -DACC_DEVICE_TYPE_host=1 -DACC_MEM_SHARED=1 -foffload=disable -Os (test for excess errors)
UNRESOLVED: libgomp.oacc-fortran/deep-copy-3.f90 -DACC_DEVICE_TYPE_host=1 -DACC_MEM_SHARED=1 -foffload=disable -Os compilation failed to produce executable
FAIL: libgomp.oacc-fortran/deep-copy-4.f90 -DACC_DEVICE_TYPE_host=1 -DACC_MEM_SHARED=1 -foffload=disable -O0 (internal compiler error)
FAIL: libgomp.oacc-fortran/deep-copy-4.f90 -DACC_DEVICE_TYPE_host=1 -DACC_MEM_SHARED=1 -foffload=disable -O0 (test for excess errors)
UNRESOLVED: libgomp.oacc-fortran/deep-copy-4.f90 -DACC_DEVICE_TYPE_host=1 -DACC_MEM_SHARED=1 -foffload=disable -O0 compilation failed to produce executable
FAIL: libgomp.oacc-fortran/deep-copy-4.f90 -DACC_DEVICE_TYPE_host=1 -DACC_MEM_SHARED=1 -foffload=disable -O1 (internal compiler error)
FAIL: libgomp.oacc-fortran/deep-copy-4.f90 -DACC_DEVICE_TYPE_host=1 -DACC_MEM_SHARED=1 -foffload=disable -O1 (test for excess errors)
UNRESOLVED: libgomp.oacc-fortran/deep-copy-4.f90 -DACC_DEVICE_TYPE_host=1 -DACC_MEM_SHARED=1 -foffload=disable -O1 compilation failed to produce executable
FAIL: libgomp.oacc-fortran/deep-copy-4.f90 -DACC_DEVICE_TYPE_host=1 -DACC_MEM_SHARED=1 -foffload=disable -O2 (internal compiler error)
FAIL: libgomp.oacc-fortran/deep-copy-4.f90 -DACC_DEVICE_TYPE_host=1 -DACC_MEM_SHARED=1 -foffload=disable -O2 (test for excess errors)
UNRESOLVED: libgomp.oacc-fortran/deep-copy-4.f90 -DACC_DEVICE_TYPE_host=1 -DACC_MEM_SHARED=1 -foffload=disable -O2 compilation failed to produce executable
FAIL: libgomp.oacc-fortran/deep-copy-4.f90 -DACC_DEVICE_TYPE_host=1 -DACC_MEM_SHARED=1 -foffload=disable -O3 -fomit-frame-pointer -funroll-loops -fpeel-loops -ftracer -finline-functions (internal compiler error)
FAIL: libgomp.oacc-fortran/deep-copy-4.f90 -DACC_DEVICE_TYPE_host=1 -DACC_MEM_SHARED=1 -foffload=disable -O3 -fomit-frame-pointer -funroll-loops -fpeel-loops -ftracer -finline-functions (test for excess errors)
UNRESOLVED: libgomp.oacc-fortran/deep-copy-4.f90 -DACC_DEVICE_TYPE_host=1 -DACC_MEM_SHARED=1 -foffload=disable -O3 -fomit-frame-pointer -funroll-loops -fpeel-loops -ftracer -finline-functions compilation failed to produce executable
FAIL: libgomp.oacc-fortran/deep-copy-4.f90 -DACC_DEVICE_TYPE_host=1 -DACC_MEM_SHARED=1 -foffload=disable -O3 -g (internal compiler error)
FAIL: libgomp.oacc-fortran/deep-copy-4.f90 -DACC_DEVICE_TYPE_host=1 -DACC_MEM_SHARED=1 -foffload=disable -O3 -g (test for excess errors)
UNRESOLVED: libgomp.oacc-fortran/deep-copy-4.f90 -DACC_DEVICE_TYPE_host=1 -DACC_MEM_SHARED=1 -foffload=disable -O3 -g compilation failed to produce executable
FAIL: libgomp.oacc-fortran/deep-copy-4.f90 -DACC_DEVICE_TYPE_host=1 -DACC_MEM_SHARED=1 -foffload=disable -Os (internal compiler error)
FAIL: libgomp.oacc-fortran/deep-copy-4.f90 -DACC_DEVICE_TYPE_host=1 -DACC_MEM_SHARED=1 -foffload=disable -Os (test for excess errors)
UNRESOLVED: libgomp.oacc-fortran/deep-copy-4.f90 -DACC_DEVICE_TYPE_host=1 -DACC_MEM_SHARED=1 -foffload=disable -Os compilation failed to produce executable
FAIL: libgomp.oacc-fortran/deep-copy-5.f90 -DACC_DEVICE_TYPE_host=1 -DACC_MEM_SHARED=1 -foffload=disable -O0 (internal compiler error)
FAIL: libgomp.oacc-fortran/deep-copy-5.f90 -DACC_DEVICE_TYPE_host=1 -DACC_MEM_SHARED=1 -foffload=disable -O0 (test for excess errors)
UNRESOLVED: libgomp.oacc-fortran/deep-copy-5.f90 -DACC_DEVICE_TYPE_host=1 -DACC_MEM_SHARED=1 -foffload=disable -O0 compilation failed to produce executable
FAIL: libgomp.oacc-fortran/deep-copy-5.f90 -DACC_DEVICE_TYPE_host=1 -DACC_MEM_SHARED=1 -foffload=disable -O1 (internal compiler error)
FAIL: libgomp.oacc-fortran/deep-copy-5.f90 -DACC_DEVICE_TYPE_host=1 -DACC_MEM_SHARED=1 -foffload=disable -O1 (test for excess errors)
UNRESOLVED: libgomp.oacc-fortran/deep-copy-5.f90 -DACC_DEVICE_TYPE_host=1 -DACC_MEM_SHARED=1 -foffload=disable -O1 compilation failed to produce executable
FAIL: libgomp.oacc-fortran/deep-copy-5.f90 -DACC_DEVICE_TYPE_host=1 -DACC_MEM_SHARED=1 -foffload=disable -O2 (internal compiler error)
FAIL: libgomp.oacc-fortran/deep-copy-5.f90 -DACC_DEVICE_TYPE_host=1 -DACC_MEM_SHARED=1 -foffload=disable -O2 (test for excess errors)
UNRESOLVED: libgomp.oacc-fortran/deep-copy-5.f90 -DACC_DEVICE_TYPE_host=1 -DACC_MEM_SHARED=1 -foffload=disable -O2 compilation failed to produce executable
FAIL: libgomp.oacc-fortran/deep-copy-5.f90 -DACC_DEVICE_TYPE_host=1 -DACC_MEM_SHARED=1 -foffload=disable -O3 -fomit-frame-pointer -funroll-loops -fpeel-loops -ftracer -finline-functions (internal compiler error)
FAIL: libgomp.oacc-fortran/deep-copy-5.f90 -DACC_DEVICE_TYPE_host=1 -DACC_MEM_SHARED=1 -foffload=disable -O3 -fomit-frame-pointer -funroll-loops -fpeel-loops -ftracer -finline-functions (test for excess errors)
UNRESOLVED: libgomp.oacc-fortran/deep-copy-5.f90 -DACC_DEVICE_TYPE_host=1 -DACC_MEM_SHARED=1 -foffload=disable -O3 -fomit-frame-pointer -funroll-loops -fpeel-loops -ftracer -finline-functions compilation failed to produce executable
FAIL: libgomp.oacc-fortran/deep-copy-5.f90 -DACC_DEVICE_TYPE_host=1 -DACC_MEM_SHARED=1 -foffload=disable -O3 -g (internal compiler error)
FAIL: libgomp.oacc-fortran/deep-copy-5.f90 -DACC_DEVICE_TYPE_host=1 -DACC_MEM_SHARED=1 -foffload=disable -O3 -g (test for excess errors)
UNRESOLVED: libgomp.oacc-fortran/deep-copy-5.f90 -DACC_DEVICE_TYPE_host=1 -DACC_MEM_SHARED=1 -foffload=disable -O3 -g compilation failed to produce executable
FAIL: libgomp.oacc-fortran/deep-copy-5.f90 -DACC_DEVICE_TYPE_host=1 -DACC_MEM_SHARED=1 -foffload=disable -Os (internal compiler error)
FAIL: libgomp.oacc-fortran/deep-copy-5.f90 -DACC_DEVICE_TYPE_host=1 -DACC_MEM_SHARED=1 -foffload=disable -Os (test for excess errors)
UNRESOLVED: libgomp.oacc-fortran/deep-copy-5.f90 -DACC_DEVICE_TYPE_host=1 -DACC_MEM_SHARED=1 -foffload=disable -Os compilation failed to produce executable
FAIL: libgomp.oacc-fortran/deep-copy-6.f90 -DACC_DEVICE_TYPE_host=1 -DACC_MEM_SHARED=1 -foffload=disable -O0 (internal compiler error)
FAIL: libgomp.oacc-fortran/deep-copy-6.f90 -DACC_DEVICE_TYPE_host=1 -DACC_MEM_SHARED=1 -foffload=disable -O0 (test for excess errors)
UNRESOLVED: libgomp.oacc-fortran/deep-copy-6.f90 -DACC_DEVICE_TYPE_host=1 -DACC_MEM_SHARED=1 -foffload=disable -O0 compilation failed to produce executable
FAIL: libgomp.oacc-fortran/deep-copy-6.f90 -DACC_DEVICE_TYPE_host=1 -DACC_MEM_SHARED=1 -foffload=disable -O1 (internal compiler error)
FAIL: libgomp.oacc-fortran/deep-copy-6.f90 -DACC_DEVICE_TYPE_host=1 -DACC_MEM_SHARED=1 -foffload=disable -O1 (test for excess errors)
UNRESOLVED: libgomp.oacc-fortran/deep-copy-6.f90 -DACC_DEVICE_TYPE_host=1 -DACC_MEM_SHARED=1 -foffload=disable -O1 compilation failed to produce executable
FAIL: libgomp.oacc-fortran/deep-copy-6.f90 -DACC_DEVICE_TYPE_host=1 -DACC_MEM_SHARED=1 -foffload=disable -O2 (internal compiler error)
FAIL: libgomp.oacc-fortran/deep-copy-6.f90 -DACC_DEVICE_TYPE_host=1 -DACC_MEM_SHARED=1 -foffload=disable -O2 (test for excess errors)
UNRESOLVED: libgomp.oacc-fortran/deep-copy-6.f90 -DACC_DEVICE_TYPE_host=1 -DACC_MEM_SHARED=1 -foffload=disable -O2 compilation failed to produce executable
FAIL: libgomp.oacc-fortran/deep-copy-6.f90 -DACC_DEVICE_TYPE_host=1 -DACC_MEM_SHARED=1 -foffload=disable -O3 -fomit-frame-pointer -funroll-loops -fpeel-loops -ftracer -finline-functions (internal compiler error)
FAIL: libgomp.oacc-fortran/deep-copy-6.f90 -DACC_DEVICE_TYPE_host=1 -DACC_MEM_SHARED=1 -foffload=disable -O3 -fomit-frame-pointer -funroll-loops -fpeel-loops -ftracer -finline-functions (test for excess errors)
UNRESOLVED: libgomp.oacc-fortran/deep-copy-6.f90 -DACC_DEVICE_TYPE_host=1 -DACC_MEM_SHARED=1 -foffload=disable -O3 -fomit-frame-pointer -funroll-loops -fpeel-loops -ftracer -finline-functions compilation failed to produce executable
FAIL: libgomp.oacc-fortran/deep-copy-6.f90 -DACC_DEVICE_TYPE_host=1 -DACC_MEM_SHARED=1 -foffload=disable -O3 -g (internal compiler error)
FAIL: libgomp.oacc-fortran/deep-copy-6.f90 -DACC_DEVICE_TYPE_host=1 -DACC_MEM_SHARED=1 -foffload=disable -O3 -g (test for excess errors)
UNRESOLVED: libgomp.oacc-fortran/deep-copy-6.f90 -DACC_DEVICE_TYPE_host=1 -DACC_MEM_SHARED=1 -foffload=disable -O3 -g compilation failed to produce executable
FAIL: libgomp.oacc-fortran/deep-copy-6.f90 -DACC_DEVICE_TYPE_host=1 -DACC_MEM_SHARED=1 -foffload=disable -Os (internal compiler error)
FAIL: libgomp.oacc-fortran/deep-copy-6.f90 -DACC_DEVICE_TYPE_host=1 -DACC_MEM_SHARED=1 -foffload=disable -Os (test for excess errors)
UNRESOLVED: libgomp.oacc-fortran/deep-copy-6.f90 -DACC_DEVICE_TYPE_host=1 -DACC_MEM_SHARED=1 -foffload=disable -Os compilation failed to produce executable
FAIL: libgomp.oacc-fortran/deep-copy-7.f90 -DACC_DEVICE_TYPE_host=1 -DACC_MEM_SHARED=1 -foffload=disable -O0 (internal compiler error)
FAIL: libgomp.oacc-fortran/deep-copy-7.f90 -DACC_DEVICE_TYPE_host=1 -DACC_MEM_SHARED=1 -foffload=disable -O0 (test for excess errors)
UNRESOLVED: libgomp.oacc-fortran/deep-copy-7.f90 -DACC_DEVICE_TYPE_host=1 -DACC_MEM_SHARED=1 -foffload=disable -O0 compilation failed to produce executable
FAIL: libgomp.oacc-fortran/deep-copy-7.f90 -DACC_DEVICE_TYPE_host=1 -DACC_MEM_SHARED=1 -foffload=disable -O1 (internal compiler error)
FAIL: libgomp.oacc-fortran/deep-copy-7.f90 -DACC_DEVICE_TYPE_host=1 -DACC_MEM_SHARED=1 -foffload=disable -O1 (test for excess errors)
UNRESOLVED: libgomp.oacc-fortran/deep-copy-7.f90 -DACC_DEVICE_TYPE_host=1 -DACC_MEM_SHARED=1 -foffload=disable -O1 compilation failed to produce executable
FAIL: libgomp.oacc-fortran/deep-copy-7.f90 -DACC_DEVICE_TYPE_host=1 -DACC_MEM_SHARED=1 -foffload=disable -O2 (internal compiler error)
FAIL: libgomp.oacc-fortran/deep-copy-7.f90 -DACC_DEVICE_TYPE_host=1 -DACC_MEM_SHARED=1 -foffload=disable -O2 (test for excess errors)
UNRESOLVED: libgomp.oacc-fortran/deep-copy-7.f90 -DACC_DEVICE_TYPE_host=1 -DACC_MEM_SHARED=1 -foffload=disable -O2 compilation failed to produce executable
FAIL: libgomp.oacc-fortran/deep-copy-7.f90 -DACC_DEVICE_TYPE_host=1 -DACC_MEM_SHARED=1 -foffload=disable -O3 -fomit-frame-pointer -funroll-loops -fpeel-loops -ftracer -finline-functions (internal compiler error)
FAIL: libgomp.oacc-fortran/deep-copy-7.f90 -DACC_DEVICE_TYPE_host=1 -DACC_MEM_SHARED=1 -foffload=disable -O3 -fomit-frame-pointer -funroll-loops -fpeel-loops -ftracer -finline-functions (test for excess errors)
UNRESOLVED: libgomp.oacc-fortran/deep-copy-7.f90 -DACC_DEVICE_TYPE_host=1 -DACC_MEM_SHARED=1 -foffload=disable -O3 -fomit-frame-pointer -funroll-loops -fpeel-loops -ftracer -finline-functions compilation failed to produce executable
FAIL: libgomp.oacc-fortran/deep-copy-7.f90 -DACC_DEVICE_TYPE_host=1 -DACC_MEM_SHARED=1 -foffload=disable -O3 -g (internal compiler error)
FAIL: libgomp.oacc-fortran/deep-copy-7.f90 -DACC_DEVICE_TYPE_host=1 -DACC_MEM_SHARED=1 -foffload=disable -O3 -g (test for excess errors)
UNRESOLVED: libgomp.oacc-fortran/deep-copy-7.f90 -DACC_DEVICE_TYPE_host=1 -DACC_MEM_SHARED=1 -foffload=disable -O3 -g compilation failed to produce executable
FAIL: libgomp.oacc-fortran/deep-copy-7.f90 -DACC_DEVICE_TYPE_host=1 -DACC_MEM_SHARED=1 -foffload=disable -Os (internal compiler error)
FAIL: libgomp.oacc-fortran/deep-copy-7.f90 -DACC_DEVICE_TYPE_host=1 -DACC_MEM_SHARED=1 -foffload=disable -Os (test for excess errors)
UNRESOLVED: libgomp.oacc-fortran/deep-copy-7.f90 -DACC_DEVICE_TYPE_host=1 -DACC_MEM_SHARED=1 -foffload=disable -Os compilation failed to produce executable
=== libgomp Summary for unix ===
# of expected passes 7419
# of unexpected failures 86
# of expected failures 4
# of unresolved testcases 42
# of unsupported tests 491
Running target unix/-m32
WARNING: libgomp.c++/task-reduction-11.C execution test program timed out.
FAIL: libgomp.c++/task-reduction-11.C execution test
WARNING: libgomp.c++/task-reduction-13.C execution test program timed out.
FAIL: libgomp.c++/task-reduction-13.C execution test
WARNING: libgomp.c++/task-reduction-9.C execution test program timed out.
FAIL: libgomp.c++/task-reduction-9.C execution test
FAIL: libgomp.oacc-fortran/classtypes-2.f95 -DACC_DEVICE_TYPE_host=1 -DACC_MEM_SHARED=1 -foffload=disable -O0 (internal compiler error)
FAIL: libgomp.oacc-fortran/classtypes-2.f95 -DACC_DEVICE_TYPE_host=1 -DACC_MEM_SHARED=1 -foffload=disable -O0 (test for excess errors)
UNRESOLVED: libgomp.oacc-fortran/classtypes-2.f95 -DACC_DEVICE_TYPE_host=1 -DACC_MEM_SHARED=1 -foffload=disable -O0 compilation failed to produce executable
FAIL: libgomp.oacc-fortran/classtypes-2.f95 -DACC_DEVICE_TYPE_host=1 -DACC_MEM_SHARED=1 -foffload=disable -O1 (internal compiler error)
FAIL: libgomp.oacc-fortran/classtypes-2.f95 -DACC_DEVICE_TYPE_host=1 -DACC_MEM_SHARED=1 -foffload=disable -O1 (test for excess errors)
UNRESOLVED: libgomp.oacc-fortran/classtypes-2.f95 -DACC_DEVICE_TYPE_host=1 -DACC_MEM_SHARED=1 -foffload=disable -O1 compilation failed to produce executable
FAIL: libgomp.oacc-fortran/classtypes-2.f95 -DACC_DEVICE_TYPE_host=1 -DACC_MEM_SHARED=1 -foffload=disable -O2 (internal compiler error)
FAIL: libgomp.oacc-fortran/classtypes-2.f95 -DACC_DEVICE_TYPE_host=1 -DACC_MEM_SHARED=1 -foffload=disable -O2 (test for excess errors)
UNRESOLVED: libgomp.oacc-fortran/classtypes-2.f95 -DACC_DEVICE_TYPE_host=1 -DACC_MEM_SHARED=1 -foffload=disable -O2 compilation failed to produce executable
FAIL: libgomp.oacc-fortran/classtypes-2.f95 -DACC_DEVICE_TYPE_host=1 -DACC_MEM_SHARED=1 -foffload=disable -O3 -fomit-frame-pointer -funroll-loops -fpeel-loops -ftracer -finline-functions (internal compiler error)
FAIL: libgomp.oacc-fortran/classtypes-2.f95 -DACC_DEVICE_TYPE_host=1 -DACC_MEM_SHARED=1 -foffload=disable -O3 -fomit-frame-pointer -funroll-loops -fpeel-loops -ftracer -finline-functions (test for excess errors)
UNRESOLVED: libgomp.oacc-fortran/classtypes-2.f95 -DACC_DEVICE_TYPE_host=1 -DACC_MEM_SHARED=1 -foffload=disable -O3 -fomit-frame-pointer -funroll-loops -fpeel-loops -ftracer -finline-functions compilation failed to produce executable
FAIL: libgomp.oacc-fortran/classtypes-2.f95 -DACC_DEVICE_TYPE_host=1 -DACC_MEM_SHARED=1 -foffload=disable -O3 -g (internal compiler error)
FAIL: libgomp.oacc-fortran/classtypes-2.f95 -DACC_DEVICE_TYPE_host=1 -DACC_MEM_SHARED=1 -foffload=disable -O3 -g (test for excess errors)
UNRESOLVED: libgomp.oacc-fortran/classtypes-2.f95 -DACC_DEVICE_TYPE_host=1 -DACC_MEM_SHARED=1 -foffload=disable -O3 -g compilation failed to produce executable
FAIL: libgomp.oacc-fortran/classtypes-2.f95 -DACC_DEVICE_TYPE_host=1 -DACC_MEM_SHARED=1 -foffload=disable -Os (internal compiler error)
FAIL: libgomp.oacc-fortran/classtypes-2.f95 -DACC_DEVICE_TYPE_host=1 -DACC_MEM_SHARED=1 -foffload=disable -Os (test for excess errors)
UNRESOLVED: libgomp.oacc-fortran/classtypes-2.f95 -DACC_DEVICE_TYPE_host=1 -DACC_MEM_SHARED=1 -foffload=disable -Os compilation failed to produce executable
FAIL: libgomp.oacc-fortran/deep-copy-2.f90 -DACC_DEVICE_TYPE_host=1 -DACC_MEM_SHARED=1 -foffload=disable -O0 (internal compiler error)
FAIL: libgomp.oacc-fortran/deep-copy-2.f90 -DACC_DEVICE_TYPE_host=1 -DACC_MEM_SHARED=1 -foffload=disable -O0 (test for excess errors)
UNRESOLVED: libgomp.oacc-fortran/deep-copy-2.f90 -DACC_DEVICE_TYPE_host=1 -DACC_MEM_SHARED=1 -foffload=disable -O0 compilation failed to produce executable
FAIL: libgomp.oacc-fortran/deep-copy-2.f90 -DACC_DEVICE_TYPE_host=1 -DACC_MEM_SHARED=1 -foffload=disable -O1 (internal compiler error)
FAIL: libgomp.oacc-fortran/deep-copy-2.f90 -DACC_DEVICE_TYPE_host=1 -DACC_MEM_SHARED=1 -foffload=disable -O1 (test for excess errors)
UNRESOLVED: libgomp.oacc-fortran/deep-copy-2.f90 -DACC_DEVICE_TYPE_host=1 -DACC_MEM_SHARED=1 -foffload=disable -O1 compilation failed to produce executable
FAIL: libgomp.oacc-fortran/deep-copy-2.f90 -DACC_DEVICE_TYPE_host=1 -DACC_MEM_SHARED=1 -foffload=disable -O2 (internal compiler error)
FAIL: libgomp.oacc-fortran/deep-copy-2.f90 -DACC_DEVICE_TYPE_host=1 -DACC_MEM_SHARED=1 -foffload=disable -O2 (test for excess errors)
UNRESOLVED: libgomp.oacc-fortran/deep-copy-2.f90 -DACC_DEVICE_TYPE_host=1 -DACC_MEM_SHARED=1 -foffload=disable -O2 compilation failed to produce executable
FAIL: libgomp.oacc-fortran/deep-copy-2.f90 -DACC_DEVICE_TYPE_host=1 -DACC_MEM_SHARED=1 -foffload=disable -O3 -fomit-frame-pointer -funroll-loops -fpeel-loops -ftracer -finline-functions (internal compiler error)
FAIL: libgomp.oacc-fortran/deep-copy-2.f90 -DACC_DEVICE_TYPE_host=1 -DACC_MEM_SHARED=1 -foffload=disable -O3 -fomit-frame-pointer -funroll-loops -fpeel-loops -ftracer -finline-functions (test for excess errors)
UNRESOLVED: libgomp.oacc-fortran/deep-copy-2.f90 -DACC_DEVICE_TYPE_host=1 -DACC_MEM_SHARED=1 -foffload=disable -O3 -fomit-frame-pointer -funroll-loops -fpeel-loops -ftracer -finline-functions compilation failed to produce executable
FAIL: libgomp.oacc-fortran/deep-copy-2.f90 -DACC_DEVICE_TYPE_host=1 -DACC_MEM_SHARED=1 -foffload=disable -O3 -g (internal compiler error)
FAIL: libgomp.oacc-fortran/deep-copy-2.f90 -DACC_DEVICE_TYPE_host=1 -DACC_MEM_SHARED=1 -foffload=disable -O3 -g (test for excess errors)
UNRESOLVED: libgomp.oacc-fortran/deep-copy-2.f90 -DACC_DEVICE_TYPE_host=1 -DACC_MEM_SHARED=1 -foffload=disable -O3 -g compilation failed to produce executable
FAIL: libgomp.oacc-fortran/deep-copy-2.f90 -DACC_DEVICE_TYPE_host=1 -DACC_MEM_SHARED=1 -foffload=disable -Os (internal compiler error)
FAIL: libgomp.oacc-fortran/deep-copy-2.f90 -DACC_DEVICE_TYPE_host=1 -DACC_MEM_SHARED=1 -foffload=disable -Os (test for excess errors)
UNRESOLVED: libgomp.oacc-fortran/deep-copy-2.f90 -DACC_DEVICE_TYPE_host=1 -DACC_MEM_SHARED=1 -foffload=disable -Os compilation failed to produce executable
FAIL: libgomp.oacc-fortran/deep-copy-3.f90 -DACC_DEVICE_TYPE_host=1 -DACC_MEM_SHARED=1 -foffload=disable -O0 (internal compiler error)
FAIL: libgomp.oacc-fortran/deep-copy-3.f90 -DACC_DEVICE_TYPE_host=1 -DACC_MEM_SHARED=1 -foffload=disable -O0 (test for excess errors)
UNRESOLVED: libgomp.oacc-fortran/deep-copy-3.f90 -DACC_DEVICE_TYPE_host=1 -DACC_MEM_SHARED=1 -foffload=disable -O0 compilation failed to produce executable
FAIL: libgomp.oacc-fortran/deep-copy-3.f90 -DACC_DEVICE_TYPE_host=1 -DACC_MEM_SHARED=1 -foffload=disable -O1 (internal compiler error)
FAIL: libgomp.oacc-fortran/deep-copy-3.f90 -DACC_DEVICE_TYPE_host=1 -DACC_MEM_SHARED=1 -foffload=disable -O1 (test for excess errors)
UNRESOLVED: libgomp.oacc-fortran/deep-copy-3.f90 -DACC_DEVICE_TYPE_host=1 -DACC_MEM_SHARED=1 -foffload=disable -O1 compilation failed to produce executable
FAIL: libgomp.oacc-fortran/deep-copy-3.f90 -DACC_DEVICE_TYPE_host=1 -DACC_MEM_SHARED=1 -foffload=disable -O2 (internal compiler error)
FAIL: libgomp.oacc-fortran/deep-copy-3.f90 -DACC_DEVICE_TYPE_host=1 -DACC_MEM_SHARED=1 -foffload=disable -O2 (test for excess errors)
UNRESOLVED: libgomp.oacc-fortran/deep-copy-3.f90 -DACC_DEVICE_TYPE_host=1 -DACC_MEM_SHARED=1 -foffload=disable -O2 compilation failed to produce executable
FAIL: libgomp.oacc-fortran/deep-copy-3.f90 -DACC_DEVICE_TYPE_host=1 -DACC_MEM_SHARED=1 -foffload=disable -O3 -fomit-frame-pointer -funroll-loops -fpeel-loops -ftracer -finline-functions (internal compiler error)
FAIL: libgomp.oacc-fortran/deep-copy-3.f90 -DACC_DEVICE_TYPE_host=1 -DACC_MEM_SHARED=1 -foffload=disable -O3 -fomit-frame-pointer -funroll-loops -fpeel-loops -ftracer -finline-functions (test for excess errors)
UNRESOLVED: libgomp.oacc-fortran/deep-copy-3.f90 -DACC_DEVICE_TYPE_host=1 -DACC_MEM_SHARED=1 -foffload=disable -O3 -fomit-frame-pointer -funroll-loops -fpeel-loops -ftracer -finline-functions compilation failed to produce executable
FAIL: libgomp.oacc-fortran/deep-copy-3.f90 -DACC_DEVICE_TYPE_host=1 -DACC_MEM_SHARED=1 -foffload=disable -O3 -g (internal compiler error)
FAIL: libgomp.oacc-fortran/deep-copy-3.f90 -DACC_DEVICE_TYPE_host=1 -DACC_MEM_SHARED=1 -foffload=disable -O3 -g (test for excess errors)
UNRESOLVED: libgomp.oacc-fortran/deep-copy-3.f90 -DACC_DEVICE_TYPE_host=1 -DACC_MEM_SHARED=1 -foffload=disable -O3 -g compilation failed to produce executable
FAIL: libgomp.oacc-fortran/deep-copy-3.f90 -DACC_DEVICE_TYPE_host=1 -DACC_MEM_SHARED=1 -foffload=disable -Os (internal compiler error)
FAIL: libgomp.oacc-fortran/deep-copy-3.f90 -DACC_DEVICE_TYPE_host=1 -DACC_MEM_SHARED=1 -foffload=disable -Os (test for excess errors)
UNRESOLVED: libgomp.oacc-fortran/deep-copy-3.f90 -DACC_DEVICE_TYPE_host=1 -DACC_MEM_SHARED=1 -foffload=disable -Os compilation failed to produce executable
FAIL: libgomp.oacc-fortran/deep-copy-4.f90 -DACC_DEVICE_TYPE_host=1 -DACC_MEM_SHARED=1 -foffload=disable -O0 (internal compiler error)
FAIL: libgomp.oacc-fortran/deep-copy-4.f90 -DACC_DEVICE_TYPE_host=1 -DACC_MEM_SHARED=1 -foffload=disable -O0 (test for excess errors)
UNRESOLVED: libgomp.oacc-fortran/deep-copy-4.f90 -DACC_DEVICE_TYPE_host=1 -DACC_MEM_SHARED=1 -foffload=disable -O0 compilation failed to produce executable
FAIL: libgomp.oacc-fortran/deep-copy-4.f90 -DACC_DEVICE_TYPE_host=1 -DACC_MEM_SHARED=1 -foffload=disable -O1 (internal compiler error)
FAIL: libgomp.oacc-fortran/deep-copy-4.f90 -DACC_DEVICE_TYPE_host=1 -DACC_MEM_SHARED=1 -foffload=disable -O1 (test for excess errors)
UNRESOLVED: libgomp.oacc-fortran/deep-copy-4.f90 -DACC_DEVICE_TYPE_host=1 -DACC_MEM_SHARED=1 -foffload=disable -O1 compilation failed to produce executable
FAIL: libgomp.oacc-fortran/deep-copy-4.f90 -DACC_DEVICE_TYPE_host=1 -DACC_MEM_SHARED=1 -foffload=disable -O2 (internal compiler error)
FAIL: libgomp.oacc-fortran/deep-copy-4.f90 -DACC_DEVICE_TYPE_host=1 -DACC_MEM_SHARED=1 -foffload=disable -O2 (test for excess errors)
UNRESOLVED: libgomp.oacc-fortran/deep-copy-4.f90 -DACC_DEVICE_TYPE_host=1 -DACC_MEM_SHARED=1 -foffload=disable -O2 compilation failed to produce executable
FAIL: libgomp.oacc-fortran/deep-copy-4.f90 -DACC_DEVICE_TYPE_host=1 -DACC_MEM_SHARED=1 -foffload=disable -O3 -fomit-frame-pointer -funroll-loops -fpeel-loops -ftracer -finline-functions (internal compiler error)
FAIL: libgomp.oacc-fortran/deep-copy-4.f90 -DACC_DEVICE_TYPE_host=1 -DACC_MEM_SHARED=1 -foffload=disable -O3 -fomit-frame-pointer -funroll-loops -fpeel-loops -ftracer -finline-functions (test for excess errors)
UNRESOLVED: libgomp.oacc-fortran/deep-copy-4.f90 -DACC_DEVICE_TYPE_host=1 -DACC_MEM_SHARED=1 -foffload=disable -O3 -fomit-frame-pointer -funroll-loops -fpeel-loops -ftracer -finline-functions compilation failed to produce executable
FAIL: libgomp.oacc-fortran/deep-copy-4.f90 -DACC_DEVICE_TYPE_host=1 -DACC_MEM_SHARED=1 -foffload=disable -O3 -g (internal compiler error)
FAIL: libgomp.oacc-fortran/deep-copy-4.f90 -DACC_DEVICE_TYPE_host=1 -DACC_MEM_SHARED=1 -foffload=disable -O3 -g (test for excess errors)
UNRESOLVED: libgomp.oacc-fortran/deep-copy-4.f90 -DACC_DEVICE_TYPE_host=1 -DACC_MEM_SHARED=1 -foffload=disable -O3 -g compilation failed to produce executable
FAIL: libgomp.oacc-fortran/deep-copy-4.f90 -DACC_DEVICE_TYPE_host=1 -DACC_MEM_SHARED=1 -foffload=disable -Os (internal compiler error)
FAIL: libgomp.oacc-fortran/deep-copy-4.f90 -DACC_DEVICE_TYPE_host=1 -DACC_MEM_SHARED=1 -foffload=disable -Os (test for excess errors)
UNRESOLVED: libgomp.oacc-fortran/deep-copy-4.f90 -DACC_DEVICE_TYPE_host=1 -DACC_MEM_SHARED=1 -foffload=disable -Os compilation failed to produce executable
FAIL: libgomp.oacc-fortran/deep-copy-5.f90 -DACC_DEVICE_TYPE_host=1 -DACC_MEM_SHARED=1 -foffload=disable -O0 (internal compiler error)
FAIL: libgomp.oacc-fortran/deep-copy-5.f90 -DACC_DEVICE_TYPE_host=1 -DACC_MEM_SHARED=1 -foffload=disable -O0 (test for excess errors)
UNRESOLVED: libgomp.oacc-fortran/deep-copy-5.f90 -DACC_DEVICE_TYPE_host=1 -DACC_MEM_SHARED=1 -foffload=disable -O0 compilation failed to produce executable
FAIL: libgomp.oacc-fortran/deep-copy-5.f90 -DACC_DEVICE_TYPE_host=1 -DACC_MEM_SHARED=1 -foffload=disable -O1 (internal compiler error)
FAIL: libgomp.oacc-fortran/deep-copy-5.f90 -DACC_DEVICE_TYPE_host=1 -DACC_MEM_SHARED=1 -foffload=disable -O1 (test for excess errors)
UNRESOLVED: libgomp.oacc-fortran/deep-copy-5.f90 -DACC_DEVICE_TYPE_host=1 -DACC_MEM_SHARED=1 -foffload=disable -O1 compilation failed to produce executable
FAIL: libgomp.oacc-fortran/deep-copy-5.f90 -DACC_DEVICE_TYPE_host=1 -DACC_MEM_SHARED=1 -foffload=disable -O2 (internal compiler error)
FAIL: libgomp.oacc-fortran/deep-copy-5.f90 -DACC_DEVICE_TYPE_host=1 -DACC_MEM_SHARED=1 -foffload=disable -O2 (test for excess errors)
UNRESOLVED: libgomp.oacc-fortran/deep-copy-5.f90 -DACC_DEVICE_TYPE_host=1 -DACC_MEM_SHARED=1 -foffload=disable -O2 compilation failed to produce executable
FAIL: libgomp.oacc-fortran/deep-copy-5.f90 -DACC_DEVICE_TYPE_host=1 -DACC_MEM_SHARED=1 -foffload=disable -O3 -fomit-frame-pointer -funroll-loops -fpeel-loops -ftracer -finline-functions (internal compiler error)
FAIL: libgomp.oacc-fortran/deep-copy-5.f90 -DACC_DEVICE_TYPE_host=1 -DACC_MEM_SHARED=1 -foffload=disable -O3 -fomit-frame-pointer -funroll-loops -fpeel-loops -ftracer -finline-functions (test for excess errors)
UNRESOLVED: libgomp.oacc-fortran/deep-copy-5.f90 -DACC_DEVICE_TYPE_host=1 -DACC_MEM_SHARED=1 -foffload=disable -O3 -fomit-frame-pointer -funroll-loops -fpeel-loops -ftracer -finline-functions compilation failed to produce executable
FAIL: libgomp.oacc-fortran/deep-copy-5.f90 -DACC_DEVICE_TYPE_host=1 -DACC_MEM_SHARED=1 -foffload=disable -O3 -g (internal compiler error)
FAIL: libgomp.oacc-fortran/deep-copy-5.f90 -DACC_DEVICE_TYPE_host=1 -DACC_MEM_SHARED=1 -foffload=disable -O3 -g (test for excess errors)
UNRESOLVED: libgomp.oacc-fortran/deep-copy-5.f90 -DACC_DEVICE_TYPE_host=1 -DACC_MEM_SHARED=1 -foffload=disable -O3 -g compilation failed to produce executable
FAIL: libgomp.oacc-fortran/deep-copy-5.f90 -DACC_DEVICE_TYPE_host=1 -DACC_MEM_SHARED=1 -foffload=disable -Os (internal compiler error)
FAIL: libgomp.oacc-fortran/deep-copy-5.f90 -DACC_DEVICE_TYPE_host=1 -DACC_MEM_SHARED=1 -foffload=disable -Os (test for excess errors)
UNRESOLVED: libgomp.oacc-fortran/deep-copy-5.f90 -DACC_DEVICE_TYPE_host=1 -DACC_MEM_SHARED=1 -foffload=disable -Os compilation failed to produce executable
FAIL: libgomp.oacc-fortran/deep-copy-6.f90 -DACC_DEVICE_TYPE_host=1 -DACC_MEM_SHARED=1 -foffload=disable -O0 (internal compiler error)
FAIL: libgomp.oacc-fortran/deep-copy-6.f90 -DACC_DEVICE_TYPE_host=1 -DACC_MEM_SHARED=1 -foffload=disable -O0 (test for excess errors)
UNRESOLVED: libgomp.oacc-fortran/deep-copy-6.f90 -DACC_DEVICE_TYPE_host=1 -DACC_MEM_SHARED=1 -foffload=disable -O0 compilation failed to produce executable
FAIL: libgomp.oacc-fortran/deep-copy-6.f90 -DACC_DEVICE_TYPE_host=1 -DACC_MEM_SHARED=1 -foffload=disable -O1 (internal compiler error)
FAIL: libgomp.oacc-fortran/deep-copy-6.f90 -DACC_DEVICE_TYPE_host=1 -DACC_MEM_SHARED=1 -foffload=disable -O1 (test for excess errors)
UNRESOLVED: libgomp.oacc-fortran/deep-copy-6.f90 -DACC_DEVICE_TYPE_host=1 -DACC_MEM_SHARED=1 -foffload=disable -O1 compilation failed to produce executable
FAIL: libgomp.oacc-fortran/deep-copy-6.f90 -DACC_DEVICE_TYPE_host=1 -DACC_MEM_SHARED=1 -foffload=disable -O2 (internal compiler error)
FAIL: libgomp.oacc-fortran/deep-copy-6.f90 -DACC_DEVICE_TYPE_host=1 -DACC_MEM_SHARED=1 -foffload=disable -O2 (test for excess errors)
UNRESOLVED: libgomp.oacc-fortran/deep-copy-6.f90 -DACC_DEVICE_TYPE_host=1 -DACC_MEM_SHARED=1 -foffload=disable -O2 compilation failed to produce executable
FAIL: libgomp.oacc-fortran/deep-copy-6.f90 -DACC_DEVICE_TYPE_host=1 -DACC_MEM_SHARED=1 -foffload=disable -O3 -fomit-frame-pointer -funroll-loops -fpeel-loops -ftracer -finline-functions (internal compiler error)
FAIL: libgomp.oacc-fortran/deep-copy-6.f90 -DACC_DEVICE_TYPE_host=1 -DACC_MEM_SHARED=1 -foffload=disable -O3 -fomit-frame-pointer -funroll-loops -fpeel-loops -ftracer -finline-functions (test for excess errors)
UNRESOLVED: libgomp.oacc-fortran/deep-copy-6.f90 -DACC_DEVICE_TYPE_host=1 -DACC_MEM_SHARED=1 -foffload=disable -O3 -fomit-frame-pointer -funroll-loops -fpeel-loops -ftracer -finline-functions compilation failed to produce executable
FAIL: libgomp.oacc-fortran/deep-copy-6.f90 -DACC_DEVICE_TYPE_host=1 -DACC_MEM_SHARED=1 -foffload=disable -O3 -g (internal compiler error)
FAIL: libgomp.oacc-fortran/deep-copy-6.f90 -DACC_DEVICE_TYPE_host=1 -DACC_MEM_SHARED=1 -foffload=disable -O3 -g (test for excess errors)
UNRESOLVED: libgomp.oacc-fortran/deep-copy-6.f90 -DACC_DEVICE_TYPE_host=1 -DACC_MEM_SHARED=1 -foffload=disable -O3 -g compilation failed to produce executable
FAIL: libgomp.oacc-fortran/deep-copy-6.f90 -DACC_DEVICE_TYPE_host=1 -DACC_MEM_SHARED=1 -foffload=disable -Os (internal compiler error)
FAIL: libgomp.oacc-fortran/deep-copy-6.f90 -DACC_DEVICE_TYPE_host=1 -DACC_MEM_SHARED=1 -foffload=disable -Os (test for excess errors)
UNRESOLVED: libgomp.oacc-fortran/deep-copy-6.f90 -DACC_DEVICE_TYPE_host=1 -DACC_MEM_SHARED=1 -foffload=disable -Os compilation failed to produce executable
FAIL: libgomp.oacc-fortran/deep-copy-7.f90 -DACC_DEVICE_TYPE_host=1 -DACC_MEM_SHARED=1 -foffload=disable -O0 (internal compiler error)
FAIL: libgomp.oacc-fortran/deep-copy-7.f90 -DACC_DEVICE_TYPE_host=1 -DACC_MEM_SHARED=1 -foffload=disable -O0 (test for excess errors)
UNRESOLVED: libgomp.oacc-fortran/deep-copy-7.f90 -DACC_DEVICE_TYPE_host=1 -DACC_MEM_SHARED=1 -foffload=disable -O0 compilation failed to produce executable
FAIL: libgomp.oacc-fortran/deep-copy-7.f90 -DACC_DEVICE_TYPE_host=1 -DACC_MEM_SHARED=1 -foffload=disable -O1 (internal compiler error)
FAIL: libgomp.oacc-fortran/deep-copy-7.f90 -DACC_DEVICE_TYPE_host=1 -DACC_MEM_SHARED=1 -foffload=disable -O1 (test for excess errors)
UNRESOLVED: libgomp.oacc-fortran/deep-copy-7.f90 -DACC_DEVICE_TYPE_host=1 -DACC_MEM_SHARED=1 -foffload=disable -O1 compilation failed to produce executable
FAIL: libgomp.oacc-fortran/deep-copy-7.f90 -DACC_DEVICE_TYPE_host=1 -DACC_MEM_SHARED=1 -foffload=disable -O2 (internal compiler error)
FAIL: libgomp.oacc-fortran/deep-copy-7.f90 -DACC_DEVICE_TYPE_host=1 -DACC_MEM_SHARED=1 -foffload=disable -O2 (test for excess errors)
UNRESOLVED: libgomp.oacc-fortran/deep-copy-7.f90 -DACC_DEVICE_TYPE_host=1 -DACC_MEM_SHARED=1 -foffload=disable -O2 compilation failed to produce executable
FAIL: libgomp.oacc-fortran/deep-copy-7.f90 -DACC_DEVICE_TYPE_host=1 -DACC_MEM_SHARED=1 -foffload=disable -O3 -fomit-frame-pointer -funroll-loops -fpeel-loops -ftracer -finline-functions (internal compiler error)
FAIL: libgomp.oacc-fortran/deep-copy-7.f90 -DACC_DEVICE_TYPE_host=1 -DACC_MEM_SHARED=1 -foffload=disable -O3 -fomit-frame-pointer -funroll-loops -fpeel-loops -ftracer -finline-functions (test for excess errors)
UNRESOLVED: libgomp.oacc-fortran/deep-copy-7.f90 -DACC_DEVICE_TYPE_host=1 -DACC_MEM_SHARED=1 -foffload=disable -O3 -fomit-frame-pointer -funroll-loops -fpeel-loops -ftracer -finline-functions compilation failed to produce executable
FAIL: libgomp.oacc-fortran/deep-copy-7.f90 -DACC_DEVICE_TYPE_host=1 -DACC_MEM_SHARED=1 -foffload=disable -O3 -g (internal compiler error)
FAIL: libgomp.oacc-fortran/deep-copy-7.f90 -DACC_DEVICE_TYPE_host=1 -DACC_MEM_SHARED=1 -foffload=disable -O3 -g (test for excess errors)
UNRESOLVED: libgomp.oacc-fortran/deep-copy-7.f90 -DACC_DEVICE_TYPE_host=1 -DACC_MEM_SHARED=1 -foffload=disable -O3 -g compilation failed to produce executable
FAIL: libgomp.oacc-fortran/deep-copy-7.f90 -DACC_DEVICE_TYPE_host=1 -DACC_MEM_SHARED=1 -foffload=disable -Os (internal compiler error)
FAIL: libgomp.oacc-fortran/deep-copy-7.f90 -DACC_DEVICE_TYPE_host=1 -DACC_MEM_SHARED=1 -foffload=disable -Os (test for excess errors)
UNRESOLVED: libgomp.oacc-fortran/deep-copy-7.f90 -DACC_DEVICE_TYPE_host=1 -DACC_MEM_SHARED=1 -foffload=disable -Os compilation failed to produce executable
=== libgomp Summary for unix/-m32 ===
# of expected passes 7418
# of unexpected failures 87
# of expected failures 4
# of unresolved testcases 42
# of unsupported tests 491
=== libgomp Summary ===
# of expected passes 14837
# of unexpected failures 173
# of expected failures 8
# of unresolved testcases 84
# of unsupported tests 982
=== libitm tests ===
Running target unix/-m32
=== libitm Summary for unix/-m32 ===
# of expected passes 42
# of expected failures 3
# of unsupported tests 1
Running target unix
=== libitm Summary for unix ===
# of expected passes 42
# of expected failures 3
# of unsupported tests 1
=== libitm Summary ===
# of expected passes 84
# of expected failures 6
# of unsupported tests 2
=== libphobos tests ===
Running target unix
FAIL: libphobos.phobos_shared/std/datetime/systime.d execution test
FAIL: libphobos.phobos_shared/std/datetime/timezone.d execution test
FAIL: libphobos.phobos_shared/std/digest/murmurhash.d execution test
FAIL: libphobos.phobos_shared/std/format.d execution test
FAIL: libphobos.phobos_shared/std/internal/math/errorfunction.d execution test
FAIL: libphobos.phobos_shared/std/internal/math/gammafunction.d execution test
FAIL: libphobos.phobos_shared/std/math.d execution test
FAIL: libphobos.phobos_shared/std/numeric.d execution test
FAIL: libphobos.phobos_shared/std/parallelism.d execution test
WARNING: libphobos.phobos_shared/std/range/package.d (test for excess errors) program timed out.
FAIL: libphobos.phobos_shared/std/range/package.d (test for excess errors)
UNRESOLVED: libphobos.phobos_shared/std/range/package.d compilation failed to produce executable
FAIL: libphobos.phobos_shared/std/regex/internal/kickstart.d execution test
FAIL: libphobos.phobos_shared/std/regex/internal/tests.d execution test
FAIL: libphobos.phobos_shared/std/regex/package.d execution test
FAIL: libphobos.shared/finalize.d -shared-libphobos -ldl execution test
FAIL: libphobos.shared/linkD.c lib.so -ldl -pthread execution test
FAIL: libphobos.shared/load.d -shared-libphobos -ldl execution test
FAIL: libphobos.shared/load_13414.d -shared-libphobos -ldl execution test
FAIL: libphobos.thread/fiber_guard_page.d execution test
=== libphobos Summary for unix ===
# of expected passes 405
# of unexpected failures 18
# of unresolved testcases 1
Running target unix/-m32
FAIL: libphobos.phobos_shared/std/datetime/systime.d execution test
FAIL: libphobos.phobos_shared/std/datetime/timezone.d execution test
FAIL: libphobos.phobos_shared/std/digest/murmurhash.d execution test
FAIL: libphobos.phobos_shared/std/experimental/allocator/building_blocks/region.d execution test
FAIL: libphobos.phobos_shared/std/format.d execution test
FAIL: libphobos.phobos_shared/std/internal/math/errorfunction.d execution test
FAIL: libphobos.phobos_shared/std/internal/math/gammafunction.d execution test
FAIL: libphobos.phobos_shared/std/math.d execution test
WARNING: libphobos.phobos_shared/std/net/curl.d execution test program timed out.
FAIL: libphobos.phobos_shared/std/net/curl.d execution test
FAIL: libphobos.phobos_shared/std/net/isemail.d execution test
FAIL: libphobos.phobos_shared/std/numeric.d execution test
FAIL: libphobos.phobos_shared/std/parallelism.d execution test
FAIL: libphobos.phobos_shared/std/regex/internal/kickstart.d execution test
FAIL: libphobos.phobos_shared/std/regex/internal/tests.d execution test
FAIL: libphobos.phobos_shared/std/regex/package.d execution test
FAIL: libphobos.phobos_shared/std/socket.d execution test
FAIL: libphobos.phobos_shared/std/stdio.d execution test
FAIL: libphobos.phobos_shared/std/variant.d execution test
FAIL: libphobos.shared/finalize.d -shared-libphobos -ldl execution test
FAIL: libphobos.shared/linkD.c lib.so -ldl -pthread execution test
FAIL: libphobos.shared/load.d -shared-libphobos -ldl execution test
FAIL: libphobos.shared/load_13414.d -shared-libphobos -ldl execution test
FAIL: libphobos.thread/fiber_guard_page.d execution test
=== libphobos Summary for unix/-m32 ===
# of expected passes 401
# of unexpected failures 23
=== libphobos Summary ===
# of expected passes 806
# of unexpected failures 41
# of unresolved testcases 1
=== libstdc++ tests ===
Running target unix
=== libstdc++ Summary for unix ===
# of expected passes 12564
# of expected failures 92
# of unsupported tests 729
Running target unix/-m32
=== libstdc++ Summary for unix/-m32 ===
# of expected passes 12564
# of expected failures 92
# of unsupported tests 729
=== libstdc++ Summary ===
# of expected passes 25128
# of expected failures 184
# of unsupported tests 1458
Compiler version: 10.0.0 20191220 (experimental) [trunk revision 279635] (GCC)
Platform: sparcv9-sun-solaris2.11
configure flags: --prefix=/vol/gcc --target=sparcv9-sun-solaris2.11 --enable-objc-gc --with-target-bdw-gc-include=/vol/gcc/include --with-target-bdw-gc-lib=/vol/gcc/lib/sparcv9,sparcv8plus=/vol/gcc/lib --with-as=/vol/gcc/bin/sparcv9/gas-2.33.1 --with-gnu-as --with-gmp-include=/vol/gcc/include --with-gmp-lib=/vol/gcc/lib/sparcv9 --with-mpfr-include=/vol/gcc/include --with-mpfr-lib=/vol/gcc/lib/sparcv9 --with-mpc-include=/vol/gcc/include --with-mpc-lib=/vol/gcc/lib/sparcv9 --enable-languages=all,ada,obj-c++,go --with-isl-include=/vol/gcc/include --with-isl-lib=/vol/gcc/lib/sparcv9 --with-zstd-include=/vol/gcc/include --with-zstd-lib=/vol/gcc/lib/sparcv9 --build=sparcv9-sun-solaris2.11 --host=sparcv9-sun-solaris2.11
BOOT_CFLAGS=-g -O2
More information about the Gcc-testresults
mailing list