Results for 8.3.1 20191208 [gcc-8-branch revision 279094] (GCC) testsuite on i686-apple-darwin9
Iain Sandoe
iains.gcc@gmail.com
Tue Dec 10 08:04:00 GMT 2019
LAST_UPDATED: Sun Dec 8 19:56:55 UTC 2019 (revision 279094)
=== acats tests ===
FAIL: cxa5015
FAIL: cxa5a01
FAIL: cxa5a02
FAIL: cxg2001
FAIL: cxg2004
FAIL: cxg2014
FAIL: cxg2021
=== acats Summary ===
# of expected passes 2313
# of unexpected failures 7
Native configuration is i686-apple-darwin9
=== g++ tests ===
Running target unix/-m32
FAIL: g++.dg/debug/namespace2.C -gstabs+3 -O3 (test for excess errors)
WARNING: program timed out.
FAIL: g++.dg/debug/dwarf2/pr91887.C -std=gnu++14 (test for excess errors)
WARNING: program timed out.
FAIL: c-c++-common/attr-aligned-1.c -std=c++14 (test for excess errors)
FAIL: g++.dg/cpp0x/bad_array_new1.C -std=c++11 (test for excess errors)
XPASS: g++.dg/ext/sync-4.C -std=gnu++11 execution test
XPASS: g++.dg/ext/sync-4.C -std=gnu++14 execution test
XPASS: g++.dg/ext/sync-4.C -std=gnu++98 execution test
FAIL: g++.dg/ipa/pr67056.C scan-ipa-dump cp "Speculative outer type:struct CompositeClass"
FAIL: g++.dg/other/nested-extern-1.C -std=c++98 (test for excess errors)
FAIL: g++.dg/pr80481.C -std=gnu++11 scan-assembler-not vmovaps
FAIL: g++.dg/pr80481.C -std=gnu++14 scan-assembler-not vmovaps
FAIL: g++.dg/pr80481.C -std=gnu++98 scan-assembler-not vmovaps
FAIL: g++.dg/pr83239.C -std=gnu++98 (test for excess errors)
FAIL: g++.dg/template/memfriend2.C -std=c++14 (test for excess errors)
FAIL: g++.dg/tree-ssa/pr15791-3.C -std=gnu++98 (test for excess errors)
WARNING: program timed out.
WARNING: program timed out.
WARNING: program timed out.
WARNING: program timed out.
WARNING: program timed out.
WARNING: program timed out.
WARNING: program timed out.
WARNING: program timed out.
FAIL: g++.dg/lto/pr45983 cp_lto_pr45983_0.o assemble, -O2 -flto -flto-partition=none
FAIL: g++.dg/lto/pr65276 cp_lto_pr65276_0.o-cp_lto_pr65276_1.o link, -flto -O0 -std=c++11
WARNING: program timed out.
FAIL: g++.dg/tls/thread_local-order2.C -std=c++11 execution test
FAIL: g++.dg/tls/thread_local-order2.C -std=c++14 execution test
FAIL: g++.old-deja/g++.brendan/template13.C -std=c++11 (test for excess errors)
FAIL: g++.old-deja/g++.other/crash20.C -std=c++14 (test for excess errors)
FAIL: g++.old-deja/g++.pt/ttp58.C -std=c++14 (test for excess errors)
WARNING: program timed out.
WARNING: program timed out.
WARNING: program timed out.
=== g++ Summary for unix/-m32 ===
# of expected passes 115121
# of unexpected failures 19
# of unexpected successes 3
# of expected failures 516
# of unsupported tests 4967
Running target unix/-m64
FAIL: g++.dg/debug/crash1.C -gstabs1 -O2 (test for excess errors)
WARNING: program timed out.
FAIL: g++.dg/cpp0x/constexpr-55942.C -std=c++14 (test for excess errors)
XPASS: g++.dg/ext/sync-4.C -std=gnu++11 execution test
XPASS: g++.dg/ext/sync-4.C -std=gnu++14 execution test
XPASS: g++.dg/ext/sync-4.C -std=gnu++98 execution test
FAIL: g++.dg/ext/typeof8.C -std=gnu++98 (test for excess errors)
FAIL: g++.dg/ipa/pr67056.C scan-ipa-dump cp "Speculative outer type:struct CompositeClass"
FAIL: g++.dg/pr83239.C -std=gnu++98 (test for excess errors)
WARNING: program timed out.
WARNING: program timed out.
WARNING: program timed out.
WARNING: program timed out.
WARNING: program timed out.
FAIL: g++.dg/lto/20110311-1 cp_lto_20110311-1_0.o assemble, -O2 -flto
FAIL: g++.dg/lto/pr65276 cp_lto_pr65276_0.o-cp_lto_pr65276_1.o link, -flto -O0 -std=c++11
WARNING: program timed out.
FAIL: g++.dg/tls/thread_local-order2.C -std=c++11 execution test
FAIL: g++.dg/tls/thread_local-order2.C -std=c++14 execution test
FAIL: g++.dg/torture/pr37343.C -O2 (test for excess errors)
FAIL: g++.dg/torture/pr40081.C -O2 -flto -flto-partition=none (test for excess errors)
FAIL: g++.dg/torture/pr77674.C -O3 -g (test for excess errors)
FAIL: g++.dg/torture/pr81987.C -O3 -g (test for excess errors)
WARNING: program timed out.
WARNING: program timed out.
WARNING: program timed out.
WARNING: program timed out.
FAIL: g++.old-deja/g++.eh/rethrow6.C -std=c++14 (test for excess errors)
FAIL: g++.old-deja/g++.jason/new2.C -std=gnu++98 (test for excess errors)
FAIL: g++.old-deja/g++.jason/synth6.C -std=c++14 (test for excess errors)
FAIL: g++.old-deja/g++.mike/asm1.C -std=gnu++98 (test for excess errors)
WARNING: program timed out.
WARNING: program timed out.
WARNING: program timed out.
WARNING: program timed out.
=== g++ Summary for unix/-m64 ===
# of expected passes 116616
# of unexpected failures 17
# of unexpected successes 3
# of expected failures 519
# of unsupported tests 5164
=== g++ Summary ===
# of expected passes 231737
# of unexpected failures 36
# of unexpected successes 6
# of expected failures 1035
# of unsupported tests 10131
/scratch/10-5-leo/gcc-8-wip/gcc/testsuite/g++/../../xg++ version 8.3.1 20191208 [gcc-8-branch revision 279094] (GCC)
=== gcc tests ===
Running target unix/-m32
FAIL: gcc.c-torture/compile/20050520-1.c -O2 (test for excess errors)
FAIL: gcc.c-torture/compile/990829-1.c -O2 -flto (test for excess errors)
FAIL: gcc.c-torture/compile/pr46534.c -O0 (test for excess errors)
WARNING: program timed out.
WARNING: program timed out.
WARNING: program timed out.
FAIL: gcc.c-torture/execute/builtins/mempcpy.c compilation, -Og -g
UNRESOLVED: gcc.c-torture/execute/builtins/mempcpy.c execution, -Og -g
WARNING: program timed out.
FAIL: gcc.c-torture/execute/20020805-1.c -O2 -flto -flto-partition=none (test for excess errors)
FAIL: gcc.c-torture/execute/961213-1.c -O3 -g (test for excess errors)
WARNING: program timed out.
WARNING: program timed out.
WARNING: program timed out.
FAIL: gcc.dg/ifcvt-fabs-1.c (test for excess errors)
FAIL: gcc.dg/pr57438-2.c scan-assembler nop\\\\nLFE.*
FAIL: gcc.dg/stack-layout-dynamic-1.c (test for excess errors)
UNRESOLVED: gcc.dg/stack-layout-dynamic-1.c scan-assembler-not cfi_def_cfa_register
WARNING: program timed out.
FAIL: gcc.dg/graphite/scop-19.c scan-tree-dump-times graphite "number of SCoPs: 0" 1
FAIL: gcc.dg/pch/struct-1.c -O1 -I. -Dwithout_PCH (test for excess errors)
WARNING: program timed out.
FAIL: c-c++-common/torture/vector-compare-2.c -O3 -fomit-frame-pointer -funroll-loops -fpeel-loops -ftracer -finline-functions (test for excess errors)
FAIL: gcc.dg/torture/builtin-self.c -O0 scan-assembler-not \\tcall
FAIL: gcc.dg/torture/fp-int-convert-float64.c -O2 -flto (test for excess errors)
FAIL: gcc.dg/torture/pr36373-4.c -O2 -flto -flto-partition=none (test for excess errors)
FAIL: gcc.dg/torture/pr45982.c -O2 -flto (test for excess errors)
WARNING: program timed out.
WARNING: program timed out.
WARNING: program timed out.
WARNING: program timed out.
FAIL: gcc.dg/vect/vect-nb-iter-ub-3.c (test for excess errors)
WARNING: program timed out.
FAIL: gcc.target/i386/darwin-fpmath.c scan-assembler addsd
FAIL: gcc.target/i386/naked-1.c scan-assembler-not (?n)^\\\\s*ret\$
FAIL: gcc.target/i386/pad-3.c scan-assembler-not nop
FAIL: gcc.target/i386/pr36502.c scan-assembler-not esp
FAIL: gcc.target/i386/pr66334.c scan-assembler movl[ \\\\t].+, %ebx
FAIL: gcc.target/i386/pr71245-1.c scan-assembler-not (fistp|fild)
FAIL: gcc.target/i386/pr71245-2.c scan-assembler-not movlps
FAIL: gcc.target/i386/pr78035.c scan-assembler-times cmp 2
FAIL: gcc.target/i386/pr81736-5.c scan-assembler-not %[re]bp
FAIL: gcc.target/i386/pr84278.c scan-assembler-not \\\\(%.sp\\\\)
=== gcc Summary for unix/-m32 ===
# of expected passes 118221
# of unexpected failures 27
# of expected failures 404
# of unresolved testcases 2
# of unsupported tests 4498
Running target unix/-m64
FAIL: gcc.c-torture/compile/20020807-1.c -O2 -flto (test for excess errors)
FAIL: gcc.c-torture/compile/920917-1.c -O2 -flto -flto-partition=none (test for excess errors)
FAIL: gcc.c-torture/compile/pr33855.c -O3 -g (test for excess errors)
WARNING: program timed out.
WARNING: program timed out.
WARNING: program timed out.
FAIL: gcc.c-torture/execute/pr36691.c -O3 -g (test for excess errors)
FAIL: gcc.c-torture/execute/va-arg-24.c -O3 -fomit-frame-pointer -funroll-loops -fpeel-loops -ftracer -finline-functions (test for excess errors)
WARNING: program timed out.
WARNING: program timed out.
FAIL: gcc.dg/atomic/c11-atomic-exec-5.c -O0 execution test
FAIL: gcc.dg/atomic/c11-atomic-exec-5.c -O1 execution test
FAIL: gcc.dg/atomic/c11-atomic-exec-5.c -O2 execution test
FAIL: gcc.dg/atomic/c11-atomic-exec-5.c -O2 -flto execution test
FAIL: gcc.dg/atomic/c11-atomic-exec-5.c -O2 -flto -flto-partition=none execution test
FAIL: gcc.dg/atomic/c11-atomic-exec-5.c -O3 -fomit-frame-pointer -funroll-loops -fpeel-loops -ftracer -finline-functions execution test
FAIL: gcc.dg/atomic/c11-atomic-exec-5.c -O3 -g execution test
FAIL: gcc.dg/atomic/c11-atomic-exec-5.c -Os execution test
FAIL: gcc.dg/attr-weakref-1.c execution test
FAIL: gcc.dg/pr57438-2.c scan-assembler nop\\\\nLFE.*
WARNING: program timed out.
FAIL: gcc.dg/graphite/scop-19.c scan-tree-dump-times graphite "number of SCoPs: 0" 1
WARNING: program timed out.
WARNING: program timed out.
FAIL: gcc.dg/rtl/x86_64/final.c (internal compiler error)
FAIL: gcc.dg/rtl/x86_64/final.c (test for excess errors)
UNRESOLVED: gcc.dg/rtl/x86_64/final.c scan-assembler .cfi_endproc
UNRESOLVED: gcc.dg/rtl/x86_64/final.c scan-assembler .cfi_startproc
UNRESOLVED: gcc.dg/rtl/x86_64/final.c scan-assembler ret
UNRESOLVED: gcc.dg/rtl/x86_64/final.c scan-assembler test_1:
FAIL: gcc.dg/torture/alias-2.c -O3 -g (test for excess errors)
FAIL: gcc.dg/torture/pr53589.c -O2 (test for excess errors)
FAIL: gcc.dg/torture/pr54098.c -O2 -flto (test for excess errors)
FAIL: gcc.dg/torture/pr69168.c -O3 -g (test for excess errors)
FAIL: gcc.dg/torture/pr79244.c -O0 (test for excess errors)
FAIL: gcc.dg/torture/pr81181.c -O2 (test for excess errors)
FAIL: gcc.dg/torture/reassoc-1.c -O2 -flto -flto-partition=none (test for excess errors)
WARNING: program timed out.
WARNING: program timed out.
WARNING: program timed out.
WARNING: program timed out.
WARNING: program timed out.
WARNING: program timed out.
WARNING: program timed out.
FAIL: gcc.dg/vect/vect-112.c -flto -ffat-lto-objects (test for excess errors)
WARNING: program timed out.
FAIL: gcc.target/i386/avx512f-vcvttsd2usi-1.c (test for excess errors)
FAIL: gcc.target/i386/pr78035.c scan-assembler-times cmp 2
FAIL: gcc.target/i386/stack-prot-guard.c (test for excess errors)
WARNING: program timed out.
WARNING: program timed out.
=== gcc Summary for unix/-m64 ===
# of expected passes 119762
# of unexpected failures 29
# of expected failures 397
# of unresolved testcases 4
# of unsupported tests 4454
=== gcc Summary ===
# of expected passes 237983
# of unexpected failures 56
# of expected failures 801
# of unresolved testcases 6
# of unsupported tests 8952
/scratch/10-5-leo/gcc-8-wip/gcc/xgcc version 8.3.1 20191208 [gcc-8-branch revision 279094] (GCC)
=== gfortran tests ===
Running target unix/-m32
FAIL: gfortran.dg/array_return_value_1.f90 -O3 -fomit-frame-pointer -funroll-loops -fpeel-loops -ftracer -finline-functions (test for excess errors)
XPASS: gfortran.dg/typebound_call_22.f03 -O scan-tree-dump-times optimized "base \\\\(\\\\);" 1
FAIL: gfortran.dg/typebound_generic_14.f03 -O (test for excess errors)
WARNING: program timed out.
WARNING: program timed out.
WARNING: program timed out.
WARNING: program timed out.
=== gfortran Summary for unix/-m32 ===
# of expected passes 47987
# of unexpected failures 2
# of unexpected successes 1
# of expected failures 99
# of unsupported tests 196
Running target unix/-m64
FAIL: gfortran.dg/namelist_utf8.f90 -O0 (test for excess errors)
FAIL: gfortran.dg/pr71523_2.f90 -O2 (test for excess errors)
XPASS: gfortran.dg/typebound_call_22.f03 -O scan-tree-dump-times optimized "base \\\\(\\\\);" 1
FAIL: gfortran.dg/widechar_6.f90 -O3 -fomit-frame-pointer -funroll-loops -fpeel-loops -ftracer -finline-functions (test for excess errors)
WARNING: program timed out.
WARNING: program timed out.
WARNING: program timed out.
WARNING: program timed out.
FAIL: gfortran.dg/lto/pr40725 f_lto_pr40725_1.o assemble, -O2 -flto
WARNING: program timed out.
WARNING: program timed out.
=== gfortran Summary for unix/-m64 ===
# of expected passes 48202
# of unexpected failures 4
# of unexpected successes 1
# of expected failures 99
# of unsupported tests 93
=== gfortran Summary ===
# of expected passes 96189
# of unexpected failures 6
# of unexpected successes 2
# of expected failures 198
# of unsupported tests 289
/scratch/10-5-leo/gcc-8-wip/gcc/testsuite/gfortran/../../gfortran version 8.3.1 20191208 [gcc-8-branch revision 279094] (GCC)
=== gnat tests ===
Running target unix/-m32
WARNING: program timed out.
=== gnat Summary for unix/-m32 ===
# of expected passes 2718
# of expected failures 24
# of unsupported tests 8
Running target unix/-m64
WARNING: program timed out.
=== gnat Summary for unix/-m64 ===
# of expected passes 2718
# of expected failures 24
# of unsupported tests 8
=== gnat Summary ===
# of expected passes 5436
# of expected failures 48
# of unsupported tests 16
/scratch/10-5-leo/gcc-8-wip/gcc/gnatmake version 8.3.1 20191208 [gcc-8-branch revision 279094]
=== obj-c++ tests ===
Running target unix/-m32
=== obj-c++ Summary for unix/-m32 ===
# of expected passes 3131
# of expected failures 2
# of unsupported tests 62
Running target unix/-m64
FAIL: obj-c++.dg/bitfield-2.mm -fnext-runtime execution test
FAIL: obj-c++.dg/property/synthesize-10.mm -fnext-runtime execution test
=== obj-c++ Summary for unix/-m64 ===
# of expected passes 3075
# of unexpected failures 2
# of expected failures 19
# of unsupported tests 67
=== obj-c++ Summary ===
# of expected passes 6206
# of unexpected failures 2
# of expected failures 21
# of unsupported tests 129
/scratch/10-5-leo/gcc-8-wip/gcc/testsuite/obj-c++/../../xg++ version 8.3.1 20191208 [gcc-8-branch revision 279094] (GCC)
=== objc tests ===
Running target unix/-m32
FAIL: objc.dg/ivar-scope-4.m -fnext-runtime execution test
=== objc Summary for unix/-m32 ===
# of expected passes 5677
# of unexpected failures 1
# of expected failures 6
# of unsupported tests 78
Running target unix/-m64
FAIL: objc.dg/ivar-scope-4.m -fnext-runtime execution test
FAIL: objc.dg-struct-layout-encoding-1/t015_main.m (test for excess errors)
WARNING: program timed out.
=== objc Summary for unix/-m64 ===
# of expected passes 5624
# of unexpected failures 2
# of expected failures 12
# of unsupported tests 85
=== objc Summary ===
# of expected passes 11301
# of unexpected failures 3
# of expected failures 18
# of unsupported tests 163
/scratch/10-5-leo/gcc-8-wip/gcc/xgcc version 8.3.1 20191208 [gcc-8-branch revision 279094] (GCC)
=== libatomic tests ===
Running target unix/-m32
=== libatomic Summary for unix/-m32 ===
# of expected passes 44
# of unsupported tests 5
Running target unix/-m64
=== libatomic Summary for unix/-m64 ===
# of expected passes 54
=== libatomic Summary ===
# of expected passes 98
# of unsupported tests 5
=== libgomp tests ===
Running target unix/-m32
=== libgomp Summary for unix/-m32 ===
# of expected passes 5453
# of expected failures 2
# of unsupported tests 365
Running target unix/-m64
=== libgomp Summary for unix/-m64 ===
# of expected passes 5453
# of expected failures 2
# of unsupported tests 365
=== libgomp Summary ===
# of expected passes 10906
# of expected failures 4
# of unsupported tests 730
=== libitm tests ===
Running target unix/-m32
=== libitm Summary for unix/-m32 ===
# of expected passes 40
# of expected failures 3
# of unsupported tests 2
Running target unix/-m64
=== libitm Summary for unix/-m64 ===
# of expected passes 40
# of expected failures 3
# of unsupported tests 2
=== libitm Summary ===
# of expected passes 80
# of expected failures 6
# of unsupported tests 4
=== libstdc++ tests ===
Running target unix/-m32
FAIL: 27_io/basic_filebuf/open/char/2.cc execution test
FAIL: 30_threads/condition_variable/54185.cc execution test
FAIL: ext/mt_allocator/deallocate_global_thread-1.cc execution test
FAIL: ext/mt_allocator/deallocate_global_thread-3.cc execution test
FAIL: ext/stdio_filebuf/char/10063-2.cc execution test
FAIL: ext/stdio_filebuf/char/81751.cc execution test
WARNING: program timed out.
WARNING: program timed out.
=== libstdc++ Summary for unix/-m32 ===
# of expected passes 11382
# of unexpected failures 6
# of expected failures 71
# of unsupported tests 675
Running target unix/-m64
FAIL: 20_util/weak_ptr/observers/owner_before.cc (test for excess errors)
FAIL: 27_io/basic_filebuf/open/char/2.cc execution test
FAIL: 27_io/filesystem/operations/last_write_time.cc execution test
FAIL: 30_threads/condition_variable/54185.cc execution test
FAIL: experimental/filesystem/operations/last_write_time.cc execution test
FAIL: ext/mt_allocator/deallocate_global_thread-1.cc execution test
FAIL: ext/mt_allocator/deallocate_global_thread-3.cc execution test
FAIL: ext/stdio_filebuf/char/10063-2.cc execution test
FAIL: ext/stdio_filebuf/char/81751.cc execution test
WARNING: program timed out.
WARNING: program timed out.
WARNING: program timed out.
=== libstdc++ Summary for unix/-m64 ===
# of expected passes 11376
# of unexpected failures 9
# of expected failures 71
# of unsupported tests 676
=== libstdc++ Summary ===
# of expected passes 22758
# of unexpected failures 15
# of expected failures 142
# of unsupported tests 1351
Compiler version: 8.3.1 20191208 [gcc-8-branch revision 279094] (GCC)
Platform: i686-apple-darwin9
configure flags: --prefix=/opt/iains/i686-apple-darwin9/gcc-8-wip --target=i686-apple-darwin9 --host=i686-apple-darwin9 --build=i686-apple-darwin9 --disable-nls --enable-version-specific-runtime-libs --enable-languages=all --with-ld=/usr/bin/ld --with-as=/usr/bin/as
More information about the Gcc-testresults
mailing list