Results for 10.0.0 20191206 (experimental) [trunk revision 279036] (GCC) testsuite on i386-pc-solaris2.11
Rainer Orth
ro@CeBiTec.Uni-Bielefeld.DE
Fri Dec 6 14:31:00 GMT 2019
LAST_UPDATED: Fri Dec 6 09:45:23 UTC 2019 (revision 279036)
=== acats tests ===
=== acats Summary ===
# of expected passes 2320
# of unexpected failures 0
Native configuration is i386-pc-solaris2.11
=== g++ tests ===
Running target unix
FAIL: c-c++-common/asan/swapcontext-test-1.c -O0 execution test
FAIL: c-c++-common/asan/swapcontext-test-1.c -O1 execution test
FAIL: c-c++-common/asan/swapcontext-test-1.c -O2 execution test
FAIL: c-c++-common/asan/swapcontext-test-1.c -O2 -flto execution test
FAIL: c-c++-common/asan/swapcontext-test-1.c -O2 -flto -flto-partition=none execution test
FAIL: c-c++-common/asan/swapcontext-test-1.c -O3 -fomit-frame-pointer -funroll-loops -fpeel-loops -ftracer -finline-functions execution test
FAIL: c-c++-common/asan/swapcontext-test-1.c -O3 -g execution test
FAIL: c-c++-common/asan/swapcontext-test-1.c -Os execution test
FAIL: g++.dg/lto/pr89335 cp_lto_pr89335_0.o assemble, -O2 -flto -Wsuggest-final-methods
=== g++ Summary for unix ===
# of expected passes 179969
# of unexpected failures 9
# of expected failures 719
# of unsupported tests 7654
Running target unix/-m64
FAIL: g++.dg/pr80481.C -std=gnu++14 scan-assembler-not vmovaps
FAIL: g++.dg/pr80481.C -std=gnu++17 scan-assembler-not vmovaps
FAIL: g++.dg/pr80481.C -std=gnu++2a scan-assembler-not vmovaps
FAIL: g++.dg/pr80481.C -std=gnu++98 scan-assembler-not vmovaps
FAIL: g++.dg/tree-ssa/pr90883.C scan-tree-dump dse2 "Deleted redundant store: .*.a = {}"
FAIL: g++.dg/lto/pr89335 cp_lto_pr89335_0.o assemble, -O2 -flto -Wsuggest-final-methods
=== g++ Summary for unix/-m64 ===
# of expected passes 180347
# of unexpected failures 6
# of expected failures 723
# of unsupported tests 7603
=== g++ Summary ===
# of expected passes 360316
# of unexpected failures 15
# of expected failures 1442
# of unsupported tests 15257
/var/gcc/regression/trunk/11.3-gcc-gas/build/gcc/xg++ version 10.0.0 20191206 (experimental) [trunk revision 279036] (GCC)
=== gcc tests ===
Running target unix
FAIL: c-c++-common/asan/swapcontext-test-1.c -O0 execution test
FAIL: c-c++-common/asan/swapcontext-test-1.c -O1 execution test
FAIL: c-c++-common/asan/swapcontext-test-1.c -O2 execution test
FAIL: c-c++-common/asan/swapcontext-test-1.c -O2 -flto execution test
FAIL: c-c++-common/asan/swapcontext-test-1.c -O2 -flto -flto-partition=none execution test
FAIL: c-c++-common/asan/swapcontext-test-1.c -O3 -fomit-frame-pointer -funroll-loops -fpeel-loops -ftracer -finline-functions execution test
FAIL: c-c++-common/asan/swapcontext-test-1.c -O3 -g execution test
FAIL: c-c++-common/asan/swapcontext-test-1.c -Os execution test
FAIL: gcc.dg/Wstringop-overflow-17.c (test for warnings, line 8)
FAIL: gcc.dg/visibility-22.c execution test
XPASS: gcc.dg/graphite/scop-21.c scan-tree-dump-times graphite "number of SCoPs: 1" 1
FAIL: gcc.dg/ipa/iinline-attr.c scan-ipa-dump inline "hooray[^\\\\n]*inline copy in test"
FAIL: gcc.dg/ipa/ipa-icf-38.c scan-ltrans-tree-dump-not optimized "Function bar"
FAIL: gcc.dg/torture/pr60092.c -O0 execution test
FAIL: gcc.dg/vect/vect-epilogues.c -flto -ffat-lto-objects scan-tree-dump vect "LOOP EPILOGUE VECTORIZED"
FAIL: gcc.dg/vect/vect-epilogues.c scan-tree-dump vect "LOOP EPILOGUE VECTORIZED"
FAIL: gcc.target/i386/memcpy-strategy-1.c scan-assembler-times movdqa 4
FAIL: gcc.target/i386/memcpy-strategy-2.c scan-assembler-times movdqa 4
FAIL: gcc.target/i386/memcpy-vector_loop-1.c scan-assembler-times movdqa 4
FAIL: gcc.target/i386/pr57193.c scan-assembler-times movdqa 2
=== gcc Summary for unix ===
# of expected passes 141173
# of unexpected failures 19
# of unexpected successes 1
# of expected failures 573
# of unsupported tests 2955
Running target unix/-m64
FAIL: gcc.dg/Wstringop-overflow-17.c (test for warnings, line 8)
FAIL: gcc.dg/strcmpopt_8.c (test for excess errors)
FAIL: gcc.dg/strcmpopt_8.c scan-tree-dump-not forwprop1 "strncmp"
FAIL: gcc.dg/visibility-22.c execution test
XPASS: gcc.dg/graphite/scop-21.c scan-tree-dump-times graphite "number of SCoPs: 1" 1
FAIL: gcc.dg/ipa/iinline-attr.c scan-ipa-dump inline "hooray[^\\\\n]*inline copy in test"
FAIL: gcc.dg/ipa/ipa-icf-38.c scan-ltrans-tree-dump-not optimized "Function bar"
FAIL: gcc.dg/torture/pr60092.c -O0 execution test
XPASS: gcc.dg/tree-ssa/builtin-snprintf-6.c scan-tree-dump-times optimized "Function test_assign_aggregate" 1
FAIL: gcc.target/i386/pr57193.c scan-assembler-times movdqa 2
=== gcc Summary for unix/-m64 ===
# of expected passes 141616
# of unexpected failures 8
# of unexpected successes 2
# of expected failures 563
# of unsupported tests 2433
=== gcc Summary ===
# of expected passes 282789
# of unexpected failures 27
# of unexpected successes 3
# of expected failures 1136
# of unsupported tests 5388
/var/gcc/regression/trunk/11.3-gcc-gas/build/gcc/xgcc version 10.0.0 20191206 (experimental) [trunk revision 279036] (GCC)
=== gdc tests ===
Running target unix
FAIL: gdc.dg/lto/ltotests d_lto_ltotests_0.o-d_lto_ltotests_1.o link, -O0 -flto (internal compiler error)
FAIL: gdc.dg/lto/ltotests d_lto_ltotests_0.o-d_lto_ltotests_1.o link, -O0 -flto -flto-partition=1to1 (internal compiler error)
FAIL: gdc.dg/lto/ltotests d_lto_ltotests_0.o-d_lto_ltotests_1.o link, -O0 -flto -flto-partition=none (internal compiler error)
FAIL: gdc.dg/lto/ltotests d_lto_ltotests_0.o-d_lto_ltotests_1.o link, -O2 -flto (internal compiler error)
FAIL: gdc.dg/lto/ltotests d_lto_ltotests_0.o-d_lto_ltotests_1.o link, -O2 -flto -flto-partition=1to1 (internal compiler error)
FAIL: gdc.dg/lto/ltotests d_lto_ltotests_0.o-d_lto_ltotests_1.o link, -O2 -flto -flto-partition=none (internal compiler error)
=== gdc Summary for unix ===
# of expected passes 29842
# of unexpected failures 6
Running target unix/-m64
FAIL: gdc.dg/lto/ltotests d_lto_ltotests_0.o-d_lto_ltotests_1.o link, -O0 -flto (internal compiler error)
FAIL: gdc.dg/lto/ltotests d_lto_ltotests_0.o-d_lto_ltotests_1.o link, -O0 -flto -flto-partition=1to1 (internal compiler error)
FAIL: gdc.dg/lto/ltotests d_lto_ltotests_0.o-d_lto_ltotests_1.o link, -O0 -flto -flto-partition=none (internal compiler error)
FAIL: gdc.dg/lto/ltotests d_lto_ltotests_0.o-d_lto_ltotests_1.o link, -O2 -flto (internal compiler error)
FAIL: gdc.dg/lto/ltotests d_lto_ltotests_0.o-d_lto_ltotests_1.o link, -O2 -flto -flto-partition=1to1 (internal compiler error)
FAIL: gdc.dg/lto/ltotests d_lto_ltotests_0.o-d_lto_ltotests_1.o link, -O2 -flto -flto-partition=none (internal compiler error)
=== gdc Summary for unix/-m64 ===
# of expected passes 29842
# of unexpected failures 6
=== gdc Summary ===
# of expected passes 59684
# of unexpected failures 12
/var/gcc/regression/trunk/11.3-gcc-gas/build/gcc/gdc version 10.0.0 20191206 (experimental) [trunk revision 279036] (GCC)
=== gfortran tests ===
Running target unix
FAIL: gfortran.dg/ISO_Fortran_binding_15.f90 -O0 execution test
FAIL: gfortran.dg/ISO_Fortran_binding_15.f90 -O1 execution test
FAIL: gfortran.dg/ISO_Fortran_binding_15.f90 -O2 execution test
FAIL: gfortran.dg/ISO_Fortran_binding_15.f90 -O3 -fomit-frame-pointer -funroll-loops -fpeel-loops -ftracer -finline-functions execution test
FAIL: gfortran.dg/ISO_Fortran_binding_15.f90 -O3 -g execution test
FAIL: gfortran.dg/ISO_Fortran_binding_15.f90 -Os execution test
=== gfortran Summary for unix ===
# of expected passes 52545
# of unexpected failures 6
# of expected failures 191
# of unsupported tests 206
Running target unix/-m64
=== gfortran Summary for unix/-m64 ===
# of expected passes 52782
# of expected failures 189
# of unsupported tests 97
=== gfortran Summary ===
# of expected passes 105327
# of unexpected failures 6
# of expected failures 380
# of unsupported tests 303
/var/gcc/regression/trunk/11.3-gcc-gas/build/gcc/gfortran version 10.0.0 20191206 (experimental) [trunk revision 279036] (GCC)
=== gnat tests ===
Running target unix
=== gnat Summary for unix ===
# of expected passes 3274
# of expected failures 23
# of unsupported tests 9
Running target unix/-m64
=== gnat Summary for unix/-m64 ===
# of expected passes 3274
# of expected failures 23
# of unsupported tests 9
=== gnat Summary ===
# of expected passes 6548
# of expected failures 46
# of unsupported tests 18
/var/gcc/regression/trunk/11.3-gcc-gas/build/gcc/gnatmake version 10.0.0 20191206 (experimental) [trunk revision 279036]
=== go tests ===
Running target unix
FAIL: ./index0-out.go execution, -O0 -g -fno-var-tracking-assignments
FAIL: go.test/test/fixedbugs/issue4085b.go execution, -O2 -g
=== go Summary for unix ===
# of expected passes 7471
# of unexpected failures 2
# of expected failures 1
# of untested testcases 10
# of unsupported tests 2
Running target unix/-m64
FAIL: ./index0-out.go execution, -O0 -g -fno-var-tracking-assignments
FAIL: go.test/test/fixedbugs/issue5162.go execution
=== go Summary for unix/-m64 ===
# of expected passes 7350
# of unexpected failures 2
# of expected failures 1
# of untested testcases 10
# of unsupported tests 1
=== go Summary ===
# of expected passes 14821
# of unexpected failures 4
# of expected failures 2
# of untested testcases 20
# of unsupported tests 3
=== obj-c++ tests ===
Running target unix
=== obj-c++ Summary for unix ===
# of expected passes 1450
# of expected failures 2
# of unsupported tests 77
Running target unix/-m64
=== obj-c++ Summary for unix/-m64 ===
# of expected passes 1442
# of expected failures 10
# of unsupported tests 77
=== obj-c++ Summary ===
# of expected passes 2892
# of expected failures 12
# of unsupported tests 154
/var/gcc/regression/trunk/11.3-gcc-gas/build/gcc/xg++ version 10.0.0 20191206 (experimental) [trunk revision 279036] (GCC)
=== objc tests ===
Running target unix
=== objc Summary for unix ===
# of expected passes 2777
# of expected failures 6
# of unsupported tests 68
Running target unix/-m64
=== objc Summary for unix/-m64 ===
# of expected passes 2777
# of expected failures 6
# of unsupported tests 68
=== objc Summary ===
# of expected passes 5554
# of expected failures 12
# of unsupported tests 136
/var/gcc/regression/trunk/11.3-gcc-gas/build/gcc/xgcc version 10.0.0 20191206 (experimental) [trunk revision 279036] (GCC)
=== gotools tests ===
FAIL: TestAbort
FAIL: TestSelectStackAdjust
FAIL: go test runtime
FAIL: go test misc/cgo/test
FAIL: TestEarlySignalHandler
FAIL: TestOsSignal
FAIL: TestPIE
FAIL: TestSigaltstack
FAIL: go test misc/cgo/testcarchive
=== gotools Summary ===
# of expected passes 343
# of unexpected failures 9
# of untested testcases 199
/var/gcc/regression/trunk/11.3-gcc-gas/build/./gcc/gccgo version 10.0.0 20191206 (experimental) [trunk revision 279036] (GCC)
=== libatomic tests ===
Running target unix
=== libatomic Summary for unix ===
# of expected passes 44
# of unsupported tests 5
Running target unix/-m64
=== libatomic Summary for unix/-m64 ===
# of expected passes 54
=== libatomic Summary ===
# of expected passes 98
# of unsupported tests 5
=== libffi tests ===
Running target unix
=== libffi Summary for unix ===
# of expected passes 2799
Running target unix/-m64
=== libffi Summary for unix/-m64 ===
# of expected passes 2214
=== libffi Summary ===
# of expected passes 5013
=== libgo tests ===
Running target unix
FAIL: go/build
FAIL: runtime
=== libgo Summary for unix ===
# of expected passes 172
# of unexpected failures 2
Running target unix/-m64
FAIL: compress/zlib
FAIL: crypto/tls
FAIL: go/build
FAIL: net/http
FAIL: os
FAIL: runtime/pprof
FAIL: runtime/trace
FAIL: sync
=== libgo Summary for unix/-m64 ===
# of expected passes 166
# of unexpected failures 8
=== libgo Summary ===
# of expected passes 338
# of unexpected failures 10
/var/gcc/regression/trunk/11.3-gcc-gas/build/./gcc/gccgo version 10.0.0 20191206 (experimental) [trunk revision 279036] (GCC)
=== libgomp tests ===
Running target unix
WARNING: libgomp.c++/task-reduction-10.C execution test program timed out.
FAIL: libgomp.c++/task-reduction-10.C execution test
WARNING: libgomp.c++/task-reduction-11.C execution test program timed out.
FAIL: libgomp.c++/task-reduction-11.C execution test
WARNING: libgomp.c++/task-reduction-13.C execution test program timed out.
FAIL: libgomp.c++/task-reduction-13.C execution test
=== libgomp Summary for unix ===
# of expected passes 7167
# of unexpected failures 3
# of expected failures 4
# of unsupported tests 387
Running target unix/-m64
WARNING: libgomp.c++/task-reduction-10.C execution test program timed out.
FAIL: libgomp.c++/task-reduction-10.C execution test
WARNING: libgomp.c++/task-reduction-11.C execution test program timed out.
FAIL: libgomp.c++/task-reduction-11.C execution test
WARNING: libgomp.c++/task-reduction-13.C execution test program timed out.
FAIL: libgomp.c++/task-reduction-13.C execution test
WARNING: libgomp.c++/task-reduction-8.C execution test program timed out.
FAIL: libgomp.c++/task-reduction-8.C execution test
=== libgomp Summary for unix/-m64 ===
# of expected passes 7166
# of unexpected failures 4
# of expected failures 4
# of unsupported tests 387
=== libgomp Summary ===
# of expected passes 14333
# of unexpected failures 7
# of expected failures 8
# of unsupported tests 774
=== libitm tests ===
Running target unix
=== libitm Summary for unix ===
# of expected passes 42
# of expected failures 3
# of unsupported tests 1
Running target unix/-m64
=== libitm Summary for unix/-m64 ===
# of expected passes 42
# of expected failures 3
# of unsupported tests 1
=== libitm Summary ===
# of expected passes 84
# of expected failures 6
# of unsupported tests 2
=== libphobos tests ===
Running target unix
FAIL: libphobos.druntime_shared/core/time.d execution test
FAIL: libphobos.phobos_shared/std/datetime/systime.d execution test
FAIL: libphobos.phobos_shared/std/datetime/timezone.d execution test
FAIL: libphobos.phobos_shared/std/experimental/logger/filelogger.d execution test
FAIL: libphobos.phobos_shared/std/format.d execution test
FAIL: libphobos.phobos_shared/std/math.d execution test
FAIL: libphobos.phobos_shared/std/parallelism.d execution test
FAIL: libphobos.shared/finalize.d -shared-libphobos -ldl execution test
FAIL: libphobos.shared/linkD.c lib.so -ldl -pthread execution test
FAIL: libphobos.shared/load.d -shared-libphobos -ldl execution test
FAIL: libphobos.shared/load_13414.d -shared-libphobos -ldl execution test
FAIL: libphobos.shared/load_linkdep.d -shared-libphobos -ldl execution test
=== libphobos Summary for unix ===
# of expected passes 412
# of unexpected failures 12
Running target unix/-m64
FAIL: libphobos.druntime_shared/core/time.d execution test
FAIL: libphobos.phobos_shared/std/datetime/systime.d execution test
FAIL: libphobos.phobos_shared/std/datetime/timezone.d execution test
FAIL: libphobos.phobos_shared/std/experimental/logger/filelogger.d execution test
FAIL: libphobos.phobos_shared/std/format.d execution test
FAIL: libphobos.phobos_shared/std/math.d execution test
FAIL: libphobos.phobos_shared/std/parallelism.d execution test
FAIL: libphobos.shared/finalize.d -shared-libphobos -ldl execution test
FAIL: libphobos.shared/linkD.c lib.so -ldl -pthread execution test
FAIL: libphobos.shared/load.d -shared-libphobos -ldl execution test
FAIL: libphobos.shared/load_13414.d -shared-libphobos -ldl execution test
FAIL: libphobos.shared/load_linkdep.d -shared-libphobos -ldl execution test
=== libphobos Summary for unix/-m64 ===
# of expected passes 412
# of unexpected failures 12
=== libphobos Summary ===
# of expected passes 824
# of unexpected failures 24
=== libstdc++ tests ===
Running target unix
FAIL: experimental/net/internet/resolver/ops/lookup.cc execution test
=== libstdc++ Summary for unix ===
# of expected passes 12565
# of unexpected failures 1
# of expected failures 93
# of unsupported tests 709
Running target unix/-m64
FAIL: experimental/net/internet/resolver/ops/lookup.cc execution test
=== libstdc++ Summary for unix/-m64 ===
# of expected passes 12558
# of unexpected failures 1
# of expected failures 92
# of unsupported tests 713
=== libstdc++ Summary ===
# of expected passes 25123
# of unexpected failures 2
# of expected failures 185
# of unsupported tests 1422
Compiler version: 10.0.0 20191206 (experimental) [trunk revision 279036] (GCC)
Platform: i386-pc-solaris2.11
configure flags: --prefix=/vol/gcc --target=i386-pc-solaris2.11 --enable-objc-gc --with-target-bdw-gc-include=/vol/gcc/include --with-target-bdw-gc-lib=/vol/gcc/lib,amd64=/vol/gcc/lib/amd64 --with-as=/vol/gcc/bin/gas-2.33.1 --with-gnu-as --with-gmp-include=/vol/gcc/include --with-gmp-lib=/vol/gcc/lib --with-mpfr-include=/vol/gcc/include --with-mpfr-lib=/vol/gcc/lib --with-mpc-include=/vol/gcc/include --with-mpc-lib=/vol/gcc/lib --enable-languages=all,ada,obj-c++,go --with-isl-include=/vol/gcc/include --with-isl-lib=/vol/gcc/lib --with-zstd-include=/vol/gcc/include --with-zstd-lib=/vol/gcc/lib --build=i386-pc-solaris2.11 --host=i386-pc-solaris2.11
BOOT_CFLAGS=-g -O2
More information about the Gcc-testresults
mailing list