Results for 10.0.0 20190830 (experimental) [trunk revision 275062] (GCC) testsuite on i386-pc-solaris2.11
Rainer Orth
ro@CeBiTec.Uni-Bielefeld.DE
Fri Aug 30 15:55:00 GMT 2019
LAST_UPDATED: Fri Aug 30 08:48:34 UTC 2019 (revision 275062)
=== acats tests ===
=== acats Summary ===
# of expected passes 2320
# of unexpected failures 0
Native configuration is i386-pc-solaris2.11
=== g++ tests ===
Running target unix
FAIL: c-c++-common/asan/swapcontext-test-1.c -O0 execution test
FAIL: c-c++-common/asan/swapcontext-test-1.c -O1 execution test
FAIL: c-c++-common/asan/swapcontext-test-1.c -O2 execution test
FAIL: c-c++-common/asan/swapcontext-test-1.c -O2 -flto execution test
FAIL: c-c++-common/asan/swapcontext-test-1.c -O2 -flto -flto-partition=none execution test
FAIL: c-c++-common/asan/swapcontext-test-1.c -O3 -fomit-frame-pointer -funroll-loops -fpeel-loops -ftracer -finline-functions execution test
FAIL: c-c++-common/asan/swapcontext-test-1.c -O3 -g execution test
FAIL: c-c++-common/asan/swapcontext-test-1.c -Os execution test
FAIL: g++.dg/cpp0x/gen-attrs-67.C -std=c++14 (test for excess errors)
FAIL: g++.dg/cpp0x/gen-attrs-67.C -std=c++17 (test for excess errors)
FAIL: g++.dg/lto/pr89335 cp_lto_pr89335_0.o assemble, -O2 -flto -Wsuggest-final-methods
=== g++ Summary for unix ===
# of expected passes 133846
# of unexpected failures 11
# of expected failures 581
# of unsupported tests 6389
Running target unix/-m64
FAIL: g++.dg/cpp0x/gen-attrs-67.C -std=c++14 (test for excess errors)
FAIL: g++.dg/cpp0x/gen-attrs-67.C -std=c++17 (test for excess errors)
FAIL: g++.dg/pr80481.C -std=gnu++14 scan-assembler-not vmovaps
FAIL: g++.dg/pr80481.C -std=gnu++17 scan-assembler-not vmovaps
FAIL: g++.dg/pr80481.C -std=gnu++98 scan-assembler-not vmovaps
FAIL: g++.dg/tree-ssa/pr90883.C scan-tree-dump dse2 "Deleted redundant store: .*.a = {}"
FAIL: g++.dg/lto/pr89335 cp_lto_pr89335_0.o assemble, -O2 -flto -Wsuggest-final-methods
=== g++ Summary for unix/-m64 ===
# of expected passes 133608
# of unexpected failures 7
# of expected failures 584
# of unsupported tests 6325
=== g++ Summary ===
# of expected passes 267454
# of unexpected failures 18
# of expected failures 1165
# of unsupported tests 12714
/var/gcc/regression/trunk/11.3-gcc-gas/build/gcc/xg++ version 10.0.0 20190830 (experimental) [trunk revision 275062] (GCC)
=== gcc tests ===
Running target unix
FAIL: c-c++-common/asan/swapcontext-test-1.c -O0 execution test
FAIL: c-c++-common/asan/swapcontext-test-1.c -O1 execution test
FAIL: c-c++-common/asan/swapcontext-test-1.c -O2 execution test
FAIL: c-c++-common/asan/swapcontext-test-1.c -O2 -flto execution test
FAIL: c-c++-common/asan/swapcontext-test-1.c -O2 -flto -flto-partition=none execution test
FAIL: c-c++-common/asan/swapcontext-test-1.c -O3 -fomit-frame-pointer -funroll-loops -fpeel-loops -ftracer -finline-functions execution test
FAIL: c-c++-common/asan/swapcontext-test-1.c -O3 -g execution test
FAIL: c-c++-common/asan/swapcontext-test-1.c -Os execution test
FAIL: gcc.dg/visibility-22.c execution test
XPASS: gcc.dg/graphite/scop-21.c scan-tree-dump-times graphite "number of SCoPs: 1" 1
FAIL: gcc.dg/ipa/ipa-icf-38.c scan-ltrans-tree-dump-not optimized "Function bar"
FAIL: gcc.dg/plugin/location-overflow-test-pr83173.c -fplugin=./location_overflow_plugin.so scan-file-not # (?!1 [^\\r\\n]+location-overflow-test-pr83173-1.h" 1)[0-9]+ [^\\r\\n]+location-overflow-test-pr83173-1.h"
FAIL: gcc.dg/torture/pr60092.c -O0 execution test
FAIL: gcc.target/i386/pr57193.c scan-assembler-times movdqa 2
=== gcc Summary for unix ===
# of expected passes 137982
# of unexpected failures 13
# of unexpected successes 1
# of expected failures 548
# of unsupported tests 2921
Running target unix/-m64
FAIL: gcc.dg/visibility-22.c execution test
XPASS: gcc.dg/graphite/scop-21.c scan-tree-dump-times graphite "number of SCoPs: 1" 1
FAIL: gcc.dg/ipa/ipa-icf-38.c scan-ltrans-tree-dump-not optimized "Function bar"
FAIL: gcc.dg/plugin/location-overflow-test-pr83173.c -fplugin=./location_overflow_plugin.so scan-file-not # (?!1 [^\\r\\n]+location-overflow-test-pr83173-1.h" 1)[0-9]+ [^\\r\\n]+location-overflow-test-pr83173-1.h"
FAIL: gcc.dg/torture/pr60092.c -O0 execution test
XPASS: gcc.dg/tree-ssa/builtin-snprintf-6.c scan-tree-dump-times optimized "Function test_assign_aggregate" 1
FAIL: gcc.target/i386/pr57193.c scan-assembler-times movdqa 2
=== gcc Summary for unix/-m64 ===
# of expected passes 138378
# of unexpected failures 5
# of unexpected successes 2
# of expected failures 541
# of unsupported tests 2419
=== gcc Summary ===
# of expected passes 276360
# of unexpected failures 18
# of unexpected successes 3
# of expected failures 1089
# of unsupported tests 5340
/var/gcc/regression/trunk/11.3-gcc-gas/build/gcc/xgcc version 10.0.0 20190830 (experimental) [trunk revision 275062] (GCC)
=== gdc tests ===
Running target unix
FAIL: gdc.dg/lto/ltotests d_lto_ltotests_0.o-d_lto_ltotests_1.o link, -O0 -flto (internal compiler error)
FAIL: gdc.dg/lto/ltotests d_lto_ltotests_0.o-d_lto_ltotests_1.o link, -O0 -flto -flto-partition=1to1 (internal compiler error)
FAIL: gdc.dg/lto/ltotests d_lto_ltotests_0.o-d_lto_ltotests_1.o link, -O0 -flto -flto-partition=none (internal compiler error)
FAIL: gdc.dg/lto/ltotests d_lto_ltotests_0.o-d_lto_ltotests_1.o link, -O2 -flto (internal compiler error)
FAIL: gdc.dg/lto/ltotests d_lto_ltotests_0.o-d_lto_ltotests_1.o link, -O2 -flto -flto-partition=1to1 (internal compiler error)
FAIL: gdc.dg/lto/ltotests d_lto_ltotests_0.o-d_lto_ltotests_1.o link, -O2 -flto -flto-partition=none (internal compiler error)
FAIL: gdc.test/runnable/mars1.d -O2 (internal compiler error)
UNRESOLVED: gdc.test/runnable/mars1.d -O2 compilation failed to produce executable
FAIL: gdc.test/runnable/mars1.d -O2 -finline-functions (internal compiler error)
UNRESOLVED: gdc.test/runnable/mars1.d -O2 -finline-functions compilation failed to produce executable
FAIL: gdc.test/runnable/mars1.d -O2 -finline-functions -shared-libphobos (internal compiler error)
UNRESOLVED: gdc.test/runnable/mars1.d -O2 -finline-functions -shared-libphobos compilation failed to produce executable
FAIL: gdc.test/runnable/mars1.d -O2 -shared-libphobos (internal compiler error)
UNRESOLVED: gdc.test/runnable/mars1.d -O2 -shared-libphobos compilation failed to produce executable
=== gdc Summary for unix ===
# of expected passes 29838
# of unexpected failures 10
# of unresolved testcases 4
Running target unix/-m64
FAIL: gdc.dg/lto/ltotests d_lto_ltotests_0.o-d_lto_ltotests_1.o link, -O0 -flto (internal compiler error)
FAIL: gdc.dg/lto/ltotests d_lto_ltotests_0.o-d_lto_ltotests_1.o link, -O0 -flto -flto-partition=1to1 (internal compiler error)
FAIL: gdc.dg/lto/ltotests d_lto_ltotests_0.o-d_lto_ltotests_1.o link, -O0 -flto -flto-partition=none (internal compiler error)
FAIL: gdc.dg/lto/ltotests d_lto_ltotests_0.o-d_lto_ltotests_1.o link, -O2 -flto (internal compiler error)
FAIL: gdc.dg/lto/ltotests d_lto_ltotests_0.o-d_lto_ltotests_1.o link, -O2 -flto -flto-partition=1to1 (internal compiler error)
FAIL: gdc.dg/lto/ltotests d_lto_ltotests_0.o-d_lto_ltotests_1.o link, -O2 -flto -flto-partition=none (internal compiler error)
=== gdc Summary for unix/-m64 ===
# of expected passes 29842
# of unexpected failures 6
=== gdc Summary ===
# of expected passes 59680
# of unexpected failures 16
# of unresolved testcases 4
/var/gcc/regression/trunk/11.3-gcc-gas/build/gcc/gdc version 10.0.0 20190830 (experimental) [trunk revision 275062] (GCC)
=== gfortran tests ===
Running target unix
=== gfortran Summary for unix ===
# of expected passes 50278
# of expected failures 188
# of unsupported tests 206
Running target unix/-m64
=== gfortran Summary for unix/-m64 ===
# of expected passes 50507
# of expected failures 188
# of unsupported tests 97
=== gfortran Summary ===
# of expected passes 100785
# of expected failures 376
# of unsupported tests 303
/var/gcc/regression/trunk/11.3-gcc-gas/build/gcc/gfortran version 10.0.0 20190830 (experimental) [trunk revision 275062] (GCC)
=== gnat tests ===
Running target unix
=== gnat Summary for unix ===
# of expected passes 3218
# of expected failures 23
# of unsupported tests 9
Running target unix/-m64
=== gnat Summary for unix/-m64 ===
# of expected passes 3218
# of expected failures 23
# of unsupported tests 9
=== gnat Summary ===
# of expected passes 6436
# of expected failures 46
# of unsupported tests 18
/var/gcc/regression/trunk/11.3-gcc-gas/build/gcc/gnatmake version 10.0.0 20190830 (experimental) [trunk revision 275062]
=== go tests ===
Running target unix
FAIL: ./index0-out.go execution, -O0 -g -fno-var-tracking-assignments
FAIL: go.test/test/chan/select5.go execution
FAIL: go.test/test/fixedbugs/issue4085b.go execution, -O2 -g
=== go Summary for unix ===
# of expected passes 7468
# of unexpected failures 3
# of expected failures 1
# of untested testcases 10
# of unsupported tests 2
Running target unix/-m64
FAIL: ./index0-out.go execution, -O0 -g -fno-var-tracking-assignments
FAIL: go.test/test/chan/powser2.go execution, -O2 -g
FAIL: go.test/test/chan/select5.go execution
=== go Summary for unix/-m64 ===
# of expected passes 7349
# of unexpected failures 3
# of expected failures 1
# of untested testcases 10
# of unsupported tests 1
=== go Summary ===
# of expected passes 14817
# of unexpected failures 6
# of expected failures 2
# of untested testcases 20
# of unsupported tests 3
=== obj-c++ tests ===
Running target unix
=== obj-c++ Summary for unix ===
# of expected passes 1450
# of expected failures 2
# of unsupported tests 77
Running target unix/-m64
=== obj-c++ Summary for unix/-m64 ===
# of expected passes 1442
# of expected failures 10
# of unsupported tests 77
=== obj-c++ Summary ===
# of expected passes 2892
# of expected failures 12
# of unsupported tests 154
/var/gcc/regression/trunk/11.3-gcc-gas/build/gcc/xg++ version 10.0.0 20190830 (experimental) [trunk revision 275062] (GCC)
=== objc tests ===
Running target unix
=== objc Summary for unix ===
# of expected passes 2776
# of expected failures 6
# of unsupported tests 68
Running target unix/-m64
=== objc Summary for unix/-m64 ===
# of expected passes 2776
# of expected failures 6
# of unsupported tests 68
=== objc Summary ===
# of expected passes 5552
# of expected failures 12
# of unsupported tests 136
/var/gcc/regression/trunk/11.3-gcc-gas/build/gcc/xgcc version 10.0.0 20190830 (experimental) [trunk revision 275062] (GCC)
=== gotools tests ===
FAIL: go test cmd/go
FAIL: go test runtime
FAIL: go test misc/cgo/test
FAIL: go test misc/cgo/testcarchive
FAIL: go test cmd/vet
=== gotools Summary ===
# of unexpected failures 5
/var/gcc/regression/trunk/11.3-gcc-gas/build/./gcc/gccgo version 10.0.0 20190830 (experimental) [trunk revision 275062] (GCC)
=== libatomic tests ===
Running target unix
=== libatomic Summary for unix ===
# of expected passes 44
# of unsupported tests 5
Running target unix/-m64
=== libatomic Summary for unix/-m64 ===
# of expected passes 54
=== libatomic Summary ===
# of expected passes 98
# of unsupported tests 5
=== libffi tests ===
Running target unix
=== libffi Summary for unix ===
# of expected passes 2799
Running target unix/-m64
=== libffi Summary for unix/-m64 ===
# of expected passes 2214
=== libffi Summary ===
# of expected passes 5013
=== libgo tests ===
Running target unix
FAIL: bufio
FAIL: cmd/go/internal/generate
FAIL: cmd/go/internal/get
FAIL: cmd/go/internal/load
FAIL: cmd/go/internal/lockedfile
FAIL: cmd/go/internal/modconv
FAIL: cmd/go/internal/modfetch
FAIL: cmd/go/internal/modfile
FAIL: cmd/go/internal/modload
FAIL: cmd/go/internal/work
FAIL: crypto/tls
FAIL: crypto/x509
FAIL: fmt
FAIL: go/ast
FAIL: go/build
FAIL: go/constant
FAIL: go/doc
FAIL: go/format
FAIL: go/printer
FAIL: html/template
FAIL: net
FAIL: net/http
FAIL: net/http/pprof
FAIL: net/rpc
FAIL: net/rpc/jsonrpc
FAIL: runtime
FAIL: text/template
FAIL: text/template/parse
=== libgo Summary for unix ===
# of expected passes 157
# of unexpected failures 28
Running target unix/-m64
FAIL: archive/tar
FAIL: archive/zip
FAIL: bufio
FAIL: bytes
FAIL: cmd/go/internal/cache
FAIL: cmd/go/internal/dirhash
FAIL: cmd/go/internal/generate
FAIL: cmd/go/internal/get
FAIL: cmd/go/internal/load
FAIL: cmd/go/internal/lockedfile
FAIL: cmd/go/internal/modconv
FAIL: cmd/go/internal/modfetch
FAIL: cmd/go/internal/modfile
FAIL: cmd/go/internal/modload
FAIL: cmd/go/internal/par
FAIL: cmd/go/internal/search
FAIL: cmd/go/internal/work
FAIL: cmd/internal/buildid
FAIL: cmd/internal/test2json
FAIL: compress/bzip2
FAIL: compress/flate
FAIL: compress/gzip
FAIL: compress/zlib
FAIL: crypto/aes
FAIL: crypto/cipher
FAIL: crypto/ecdsa
FAIL: crypto/elliptic
FAIL: crypto/rand
FAIL: crypto/rsa
FAIL: crypto/subtle
FAIL: crypto/tls
FAIL: crypto/x509
FAIL: database/sql
FAIL: debug/elf
FAIL: debug/macho
FAIL: encoding/ascii85
FAIL: encoding/base32
FAIL: encoding/base64
FAIL: encoding/gob
FAIL: encoding/json
FAIL: encoding/xml
FAIL: fmt
FAIL: go/ast
FAIL: go/build
FAIL: go/constant
FAIL: go/doc
FAIL: go/format
FAIL: go/printer
FAIL: go/token
FAIL: go/types
FAIL: hash
FAIL: html/template
FAIL: image
FAIL: image/draw
FAIL: image/jpeg
FAIL: image/png
FAIL: index/suffixarray
FAIL: internal/cpu
FAIL: internal/trace
FAIL: internal/x/crypto/chacha20poly1305
FAIL: internal/x/crypto/internal/chacha20
FAIL: internal/x/crypto/poly1305
FAIL: internal/x/net/dns/dnsmessage
FAIL: io
FAIL: math/big
FAIL: math/rand
FAIL: mime/multipart
FAIL: mime/quotedprintable
FAIL: net
FAIL: net/http
FAIL: net/http/httputil
FAIL: net/http/pprof
FAIL: net/mail
FAIL: net/rpc
FAIL: net/rpc/jsonrpc
FAIL: net/smtp
FAIL: os
FAIL: os/exec
FAIL: os/signal
FAIL: path/filepath
FAIL: reflect
FAIL: regexp
FAIL: runtime/pprof
FAIL: runtime/trace
FAIL: sort
FAIL: strconv
FAIL: sync
FAIL: sync/atomic
FAIL: testing/quick
FAIL: text/scanner
FAIL: text/tabwriter
FAIL: text/template
FAIL: text/template/parse
FAIL: time
FAIL: unicode/utf8
=== libgo Summary for unix/-m64 ===
# of expected passes 90
# of unexpected failures 95
=== libgo Summary ===
# of expected passes 247
# of unexpected failures 123
/var/gcc/regression/trunk/11.3-gcc-gas/build/./gcc/gccgo version 10.0.0 20190830 (experimental) [trunk revision 275062] (GCC)
=== libgomp tests ===
Running target unix
WARNING: libgomp.c++/task-reduction-11.C execution test program timed out.
FAIL: libgomp.c++/task-reduction-11.C execution test
=== libgomp Summary for unix ===
# of expected passes 6728
# of unexpected failures 1
# of expected failures 4
# of unsupported tests 365
Running target unix/-m64
WARNING: libgomp.c++/task-reduction-11.C execution test program timed out.
FAIL: libgomp.c++/task-reduction-11.C execution test
WARNING: libgomp.c++/task-reduction-13.C execution test program timed out.
FAIL: libgomp.c++/task-reduction-13.C execution test
=== libgomp Summary for unix/-m64 ===
# of expected passes 6727
# of unexpected failures 2
# of expected failures 4
# of unsupported tests 365
=== libgomp Summary ===
# of expected passes 13455
# of unexpected failures 3
# of expected failures 8
# of unsupported tests 730
=== libitm tests ===
Running target unix
=== libitm Summary for unix ===
# of expected passes 42
# of expected failures 3
# of unsupported tests 1
Running target unix/-m64
=== libitm Summary for unix/-m64 ===
# of expected passes 42
# of expected failures 3
# of unsupported tests 1
=== libitm Summary ===
# of expected passes 84
# of expected failures 6
# of unsupported tests 2
=== libphobos tests ===
Running target unix
FAIL: libphobos.druntime_shared/core/time.d execution test
FAIL: libphobos.phobos_shared/std/datetime/systime.d execution test
FAIL: libphobos.phobos_shared/std/datetime/timezone.d execution test
FAIL: libphobos.phobos_shared/std/experimental/logger/filelogger.d execution test
FAIL: libphobos.phobos_shared/std/format.d execution test
FAIL: libphobos.phobos_shared/std/math.d execution test
FAIL: libphobos.phobos_shared/std/parallelism.d execution test
FAIL: libphobos.shared/finalize.d -shared-libphobos -ldl execution test
FAIL: libphobos.shared/linkD.c lib.so -ldl -pthread execution test
FAIL: libphobos.shared/load.d -shared-libphobos -ldl execution test
FAIL: libphobos.shared/load_13414.d -shared-libphobos -ldl execution test
FAIL: libphobos.shared/load_linkdep.d -shared-libphobos -ldl execution test
=== libphobos Summary for unix ===
# of expected passes 412
# of unexpected failures 12
Running target unix/-m64
FAIL: libphobos.druntime_shared/core/time.d execution test
FAIL: libphobos.phobos_shared/std/datetime/systime.d execution test
FAIL: libphobos.phobos_shared/std/datetime/timezone.d execution test
FAIL: libphobos.phobos_shared/std/experimental/logger/filelogger.d execution test
FAIL: libphobos.phobos_shared/std/format.d execution test
FAIL: libphobos.phobos_shared/std/math.d execution test
FAIL: libphobos.phobos_shared/std/parallelism.d execution test
FAIL: libphobos.shared/finalize.d -shared-libphobos -ldl execution test
FAIL: libphobos.shared/linkD.c lib.so -ldl -pthread execution test
FAIL: libphobos.shared/load.d -shared-libphobos -ldl execution test
FAIL: libphobos.shared/load_13414.d -shared-libphobos -ldl execution test
FAIL: libphobos.shared/load_linkdep.d -shared-libphobos -ldl execution test
=== libphobos Summary for unix/-m64 ===
# of expected passes 412
# of unexpected failures 12
=== libphobos Summary ===
# of expected passes 824
# of unexpected failures 24
=== libstdc++ tests ===
Running target unix
FAIL: experimental/net/internet/resolver/ops/lookup.cc execution test
=== libstdc++ Summary for unix ===
# of expected passes 12249
# of unexpected failures 1
# of expected failures 80
# of unsupported tests 704
Running target unix/-m64
FAIL: experimental/net/internet/resolver/ops/lookup.cc execution test
=== libstdc++ Summary for unix/-m64 ===
# of expected passes 12242
# of unexpected failures 1
# of expected failures 79
# of unsupported tests 708
=== libstdc++ Summary ===
# of expected passes 24491
# of unexpected failures 2
# of expected failures 159
# of unsupported tests 1412
Compiler version: 10.0.0 20190830 (experimental) [trunk revision 275062] (GCC)
Platform: i386-pc-solaris2.11
configure flags: --prefix=/vol/gcc --target=i386-pc-solaris2.11 --enable-objc-gc --with-target-bdw-gc-include=/vol/gcc/include --with-target-bdw-gc-lib=/vol/gcc/lib,amd64=/vol/gcc/lib/amd64 --with-as=/vol/gcc/bin/gas-2.32 --with-gnu-as --with-gmp-include=/vol/gcc/include --with-gmp-lib=/vol/gcc/lib --with-mpfr-include=/vol/gcc/include --with-mpfr-lib=/vol/gcc/lib --with-mpc-include=/vol/gcc/include --with-mpc-lib=/vol/gcc/lib --enable-languages=all,ada,obj-c++,go --with-isl-include=/vol/gcc/include --with-isl-lib=/vol/gcc/lib --with-zstd-include=/vol/gcc/include --with-zstd-lib=/vol/gcc/lib --build=i386-pc-solaris2.11 --host=i386-pc-solaris2.11
BOOT_CFLAGS=-g -O2
More information about the Gcc-testresults
mailing list