Results for 10.0.0 20190823 (experimental) [trunk revision 274845] (GCC) testsuite on sparc-sun-solaris2.11
Rainer Orth
ro@CeBiTec.Uni-Bielefeld.DE
Fri Aug 23 22:37:00 GMT 2019
LAST_UPDATED: Fri Aug 23 08:48:13 UTC 2019 (revision 274845)
=== acats tests ===
=== acats Summary ===
# of expected passes 2320
# of unexpected failures 0
Native configuration is sparc-sun-solaris2.11
=== g++ tests ===
Running target unix
FAIL: g++.dg/cpp0x/gen-attrs-67.C -std=c++14 (test for excess errors)
FAIL: g++.dg/cpp0x/gen-attrs-67.C -std=c++17 (test for excess errors)
WARNING: g++.dg/opt/pr85393.C -std=gnu++17 (test for excess errors) program timed out.
FAIL: g++.dg/opt/pr85393.C -std=gnu++17 (test for excess errors)
UNRESOLVED: g++.dg/opt/pr85393.C -std=gnu++17 compilation failed to produce executable
FAIL: g++.dg/lto/pr89335 cp_lto_pr89335_0.o assemble, -O2 -flto -Wsuggest-final-methods
=== g++ Summary for unix ===
# of expected passes 131403
# of unexpected failures 4
# of expected failures 521
# of unresolved testcases 1
# of unsupported tests 6824
Running target unix/-m64
FAIL: g++.dg/cpp0x/gen-attrs-67.C -std=c++14 (test for excess errors)
FAIL: g++.dg/cpp0x/gen-attrs-67.C -std=c++17 (test for excess errors)
FAIL: g++.dg/lto/pr89335 cp_lto_pr89335_0.o assemble, -O2 -flto -Wsuggest-final-methods
=== g++ Summary for unix/-m64 ===
# of expected passes 131538
# of unexpected failures 3
# of expected failures 524
# of unsupported tests 6541
=== g++ Summary ===
# of expected passes 262941
# of unexpected failures 7
# of expected failures 1045
# of unresolved testcases 1
# of unsupported tests 13365
/var/gcc/regression/trunk/11.3-gcc/build/gcc/xg++ version 10.0.0 20190823 (experimental) [trunk revision 274845] (GCC)
=== gcc tests ===
Running target unix
FAIL: gcc.dg/visibility-22.c execution test
XPASS: gcc.dg/graphite/scop-21.c scan-tree-dump-times graphite "number of SCoPs: 1" 1
FAIL: gcc.dg/ipa/ipa-icf-38.c scan-ltrans-tree-dump-not optimized "Function bar"
FAIL: gcc.dg/simulate-thread/atomic-other-int.c -O2 -g thread simulation test
FAIL: gcc.dg/simulate-thread/atomic-other-int.c -O3 -g thread simulation test
FAIL: gcc.dg/simulate-thread/speculative-store-4.c -O0 -g thread simulation test
FAIL: gcc.dg/simulate-thread/speculative-store-4.c -O2 -g thread simulation test
FAIL: gcc.dg/simulate-thread/speculative-store-4.c -O3 -g thread simulation test
FAIL: gcc.dg/simulate-thread/speculative-store.c -O0 -g thread simulation test
FAIL: gcc.dg/torture/pr60092.c -O0 execution test
FAIL: gcc.dg/torture/pr91323.c -O1 execution test
FAIL: gcc.dg/torture/pr91323.c -O2 execution test
FAIL: gcc.dg/torture/pr91323.c -O2 -flto execution test
FAIL: gcc.dg/torture/pr91323.c -O2 -flto -flto-partition=none execution test
FAIL: gcc.dg/torture/pr91323.c -O3 -g execution test
FAIL: gcc.dg/torture/pr91323.c -Os execution test
XPASS: gcc.dg/vect/bb-slp-div-1.c -flto -ffat-lto-objects scan-tree-dump slp2 "basic block vectorized"
XPASS: gcc.dg/vect/bb-slp-div-1.c scan-tree-dump slp2 "basic block vectorized"
=== gcc Summary for unix ===
# of expected passes 116119
# of unexpected failures 15
# of unexpected successes 3
# of expected failures 605
# of unsupported tests 3495
Running target unix/-m64
FAIL: gcc.dg/visibility-22.c execution test
XPASS: gcc.dg/graphite/scop-21.c scan-tree-dump-times graphite "number of SCoPs: 1" 1
FAIL: gcc.dg/ipa/ipa-icf-38.c scan-ltrans-tree-dump-not optimized "Function bar"
WARNING: gcc.dg/plugin/poly-int-02_plugin.c compilation program timed out.
FAIL: gcc.dg/plugin/poly-int-02_plugin.c compilation
FAIL: gcc.dg/torture/pr60092.c -O0 execution test
FAIL: gcc.dg/torture/pr91323.c -O1 execution test
FAIL: gcc.dg/torture/pr91323.c -O2 execution test
FAIL: gcc.dg/torture/pr91323.c -O2 -flto execution test
FAIL: gcc.dg/torture/pr91323.c -O2 -flto -flto-partition=none execution test
FAIL: gcc.dg/torture/pr91323.c -O3 -g execution test
FAIL: gcc.dg/torture/pr91323.c -Os execution test
XPASS: gcc.dg/vect/bb-slp-div-1.c -flto -ffat-lto-objects scan-tree-dump slp2 "basic block vectorized"
XPASS: gcc.dg/vect/bb-slp-div-1.c scan-tree-dump slp2 "basic block vectorized"
WARNING: gcc.target/sparc/ultrasp12.c (test for excess errors) program timed out.
FAIL: gcc.target/sparc/ultrasp12.c (test for excess errors)
=== gcc Summary for unix/-m64 ===
# of expected passes 115648
# of unexpected failures 11
# of unexpected successes 3
# of expected failures 598
# of unsupported tests 2905
=== gcc Summary ===
# of expected passes 231767
# of unexpected failures 26
# of unexpected successes 6
# of expected failures 1203
# of unsupported tests 6400
/var/gcc/regression/trunk/11.3-gcc/build/gcc/xgcc version 10.0.0 20190823 (experimental) [trunk revision 274845] (GCC)
=== gdc tests ===
Running target unix
FAIL: gdc.test/runnable/mars1.d -O2 (internal compiler error)
FAIL: gdc.test/runnable/mars1.d -O2 -finline-functions (internal compiler error)
=== gdc Summary for unix ===
# of expected passes 22867
# of unexpected failures 2
# of unsupported tests 40
Running target unix/-m64
=== gdc Summary for unix/-m64 ===
# of expected passes 22867
# of unsupported tests 40
=== gdc Summary ===
# of expected passes 45734
# of unexpected failures 2
# of unsupported tests 80
/var/gcc/regression/trunk/11.3-gcc/build/gcc/gdc version 10.0.0 20190823 (experimental) [trunk revision 274845] (GCC)
=== gfortran tests ===
Running target unix
FAIL: gfortran.dg/elemental_subroutine_3.f90 -O1 (test for excess errors)
FAIL: gfortran.dg/elemental_subroutine_3.f90 -O2 (test for excess errors)
FAIL: gfortran.dg/elemental_subroutine_3.f90 -O3 -fomit-frame-pointer -funroll-loops -fpeel-loops -ftracer -finline-functions (test for excess errors)
FAIL: gfortran.dg/elemental_subroutine_3.f90 -O3 -g (test for excess errors)
FAIL: gfortran.dg/elemental_subroutine_3.f90 -Os (test for excess errors)
=== gfortran Summary for unix ===
# of expected passes 50138
# of unexpected failures 5
# of expected failures 188
# of unsupported tests 276
Running target unix/-m64
FAIL: gfortran.dg/elemental_subroutine_3.f90 -O1 (test for excess errors)
FAIL: gfortran.dg/elemental_subroutine_3.f90 -O2 (test for excess errors)
FAIL: gfortran.dg/elemental_subroutine_3.f90 -O3 -fomit-frame-pointer -funroll-loops -fpeel-loops -ftracer -finline-functions (test for excess errors)
FAIL: gfortran.dg/elemental_subroutine_3.f90 -O3 -g (test for excess errors)
FAIL: gfortran.dg/elemental_subroutine_3.f90 -Os (test for excess errors)
=== gfortran Summary for unix/-m64 ===
# of expected passes 50397
# of unexpected failures 5
# of expected failures 188
# of unsupported tests 149
=== gfortran Summary ===
# of expected passes 100535
# of unexpected failures 10
# of expected failures 376
# of unsupported tests 425
/var/gcc/regression/trunk/11.3-gcc/build/gcc/gfortran version 10.0.0 20190823 (experimental) [trunk revision 274845] (GCC)
=== gnat tests ===
Running target unix
WARNING: gnat.dg/socket2.adb (test for excess errors) program timed out.
FAIL: gnat.dg/socket2.adb (test for excess errors)
=== gnat Summary for unix ===
# of expected passes 3172
# of unexpected failures 1
# of expected failures 23
# of unsupported tests 32
Running target unix/-m64
=== gnat Summary for unix/-m64 ===
# of expected passes 3173
# of expected failures 23
# of unsupported tests 32
=== gnat Summary ===
# of expected passes 6345
# of unexpected failures 1
# of expected failures 46
# of unsupported tests 64
/var/gcc/regression/trunk/11.3-gcc/build/gcc/gnatmake version 10.0.0 20190823 (experimental) [trunk revision 274845]
=== go tests ===
Running target unix
FAIL: ./index0-out.go execution, -O0 -g -fno-var-tracking-assignments
FAIL: go.test/test/fixedbugs/issue4085b.go execution, -O2 -g
=== go Summary for unix ===
# of expected passes 7468
# of unexpected failures 2
# of expected failures 1
# of untested testcases 11
# of unsupported tests 3
Running target unix/-m64
FAIL: ./index0-out.go execution, -O0 -g -fno-var-tracking-assignments
FAIL: go.test/test/fixedbugs/issue4348.go -O (test for excess errors)
=== go Summary for unix/-m64 ===
# of expected passes 7348
# of unexpected failures 2
# of expected failures 1
# of untested testcases 11
# of unsupported tests 3
=== go Summary ===
# of expected passes 14816
# of unexpected failures 4
# of expected failures 2
# of untested testcases 22
# of unsupported tests 6
=== obj-c++ tests ===
Running target unix
=== obj-c++ Summary for unix ===
# of expected passes 1450
# of expected failures 2
# of unsupported tests 77
Running target unix/-m64
=== obj-c++ Summary for unix/-m64 ===
# of expected passes 1442
# of expected failures 10
# of unsupported tests 77
=== obj-c++ Summary ===
# of expected passes 2892
# of expected failures 12
# of unsupported tests 154
/var/gcc/regression/trunk/11.3-gcc/build/gcc/xg++ version 10.0.0 20190823 (experimental) [trunk revision 274845] (GCC)
=== objc tests ===
Running target unix
=== objc Summary for unix ===
# of expected passes 2782
# of unsupported tests 68
Running target unix/-m64
=== objc Summary for unix/-m64 ===
# of expected passes 2782
# of unsupported tests 68
=== objc Summary ===
# of expected passes 5564
# of unsupported tests 136
/var/gcc/regression/trunk/11.3-gcc/build/gcc/xgcc version 10.0.0 20190823 (experimental) [trunk revision 274845] (GCC)
=== gotools tests ===
FAIL: go test cmd/go
FAIL: go test runtime
FAIL: go test misc/cgo/test
FAIL: go test misc/cgo/testcarchive
FAIL: TestTags
FAIL: TestVet
FAIL: go test cmd/vet
=== gotools Summary ===
# of expected passes 32
# of unexpected failures 7
# of untested testcases 15
/var/gcc/regression/trunk/11.3-gcc/build/./gcc/gccgo version 10.0.0 20190823 (experimental) [trunk revision 274845] (GCC)
=== libatomic tests ===
Running target unix
=== libatomic Summary for unix ===
# of expected passes 44
# of unsupported tests 5
Running target unix/-m64
=== libatomic Summary for unix/-m64 ===
# of expected passes 54
=== libatomic Summary ===
# of expected passes 98
# of unsupported tests 5
=== libffi tests ===
Running target unix
=== libffi Summary for unix ===
# of expected passes 2214
Running target unix/-m64
=== libffi Summary for unix/-m64 ===
# of expected passes 2214
=== libffi Summary ===
# of expected passes 4428
=== libgo tests ===
Running target unix
FAIL: cmd/go/internal/par
FAIL: go/build
FAIL: internal/x/crypto/cryptobyte
FAIL: net/http/cgi
FAIL: os/signal
FAIL: runtime
FAIL: runtime/pprof
FAIL: runtime/trace
FAIL: sync/atomic
=== libgo Summary for unix ===
# of expected passes 176
# of unexpected failures 9
Running target unix/-m64
FAIL: go/build
FAIL: os/signal
FAIL: runtime
FAIL: runtime/pprof
FAIL: sync/atomic
=== libgo Summary for unix/-m64 ===
# of expected passes 180
# of unexpected failures 5
=== libgo Summary ===
# of expected passes 356
# of unexpected failures 14
/var/gcc/regression/trunk/11.3-gcc/build/./gcc/gccgo version 10.0.0 20190823 (experimental) [trunk revision 274845] (GCC)
=== libgomp tests ===
Running target unix
WARNING: libgomp.c++/../libgomp.c-c++-common/for-11.c (test for excess errors) program timed out.
FAIL: libgomp.c++/../libgomp.c-c++-common/for-11.c (test for excess errors)
UNRESOLVED: libgomp.c++/../libgomp.c-c++-common/for-11.c compilation failed to produce executable
WARNING: libgomp.c++/../libgomp.c-c++-common/for-15.c (test for excess errors) program timed out.
FAIL: libgomp.c++/../libgomp.c-c++-common/for-15.c (test for excess errors)
UNRESOLVED: libgomp.c++/../libgomp.c-c++-common/for-15.c compilation failed to produce executable
WARNING: libgomp.c++/../libgomp.c-c++-common/for-5.c (test for excess errors) program timed out.
FAIL: libgomp.c++/../libgomp.c-c++-common/for-5.c (test for excess errors)
UNRESOLVED: libgomp.c++/../libgomp.c-c++-common/for-5.c compilation failed to produce executable
WARNING: libgomp.c++/task-reduction-10.C execution test program timed out.
FAIL: libgomp.c++/task-reduction-10.C execution test
WARNING: libgomp.c++/task-reduction-13.C execution test program timed out.
FAIL: libgomp.c++/task-reduction-13.C execution test
WARNING: libgomp.c/../libgomp.c-c++-common/for-15.c (test for excess errors) program timed out.
FAIL: libgomp.c/../libgomp.c-c++-common/for-15.c (test for excess errors)
UNRESOLVED: libgomp.c/../libgomp.c-c++-common/for-15.c compilation failed to produce executable
WARNING: libgomp.c/../libgomp.c-c++-common/for-6.c (test for excess errors) program timed out.
FAIL: libgomp.c/../libgomp.c-c++-common/for-6.c (test for excess errors)
UNRESOLVED: libgomp.c/../libgomp.c-c++-common/for-6.c compilation failed to produce executable
WARNING: libgomp.c/../libgomp.c-c++-common/for-9.c (test for excess errors) program timed out.
FAIL: libgomp.c/../libgomp.c-c++-common/for-9.c (test for excess errors)
UNRESOLVED: libgomp.c/../libgomp.c-c++-common/for-9.c compilation failed to produce executable
=== libgomp Summary for unix ===
# of expected passes 6575
# of unexpected failures 8
# of expected failures 4
# of unresolved testcases 6
# of unsupported tests 424
Running target unix/-m64
WARNING: libgomp.c++/task-reduction-10.C execution test program timed out.
FAIL: libgomp.c++/task-reduction-10.C execution test
WARNING: libgomp.c++/task-reduction-11.C execution test program timed out.
FAIL: libgomp.c++/task-reduction-11.C execution test
WARNING: libgomp.c++/task-reduction-13.C execution test program timed out.
FAIL: libgomp.c++/task-reduction-13.C execution test
WARNING: libgomp.c++/task-reduction-8.C execution test program timed out.
FAIL: libgomp.c++/task-reduction-8.C execution test
=== libgomp Summary for unix/-m64 ===
# of expected passes 6585
# of unexpected failures 4
# of expected failures 4
# of unsupported tests 424
=== libgomp Summary ===
# of expected passes 13160
# of unexpected failures 12
# of expected failures 8
# of unresolved testcases 6
# of unsupported tests 848
=== libitm tests ===
Running target unix
=== libitm Summary for unix ===
# of expected passes 42
# of expected failures 3
# of unsupported tests 1
Running target unix/-m64
=== libitm Summary for unix/-m64 ===
# of expected passes 42
# of expected failures 3
# of unsupported tests 1
=== libitm Summary ===
# of expected passes 84
# of expected failures 6
# of unsupported tests 2
=== libstdc++ tests ===
Running target unix
WARNING: 17_intro/headers/c++2017/all_no_exceptions.cc (test for excess errors) program timed out.
FAIL: 17_intro/headers/c++2017/all_no_exceptions.cc (test for excess errors)
WARNING: 17_intro/headers/c++2020/all_attributes.cc (test for excess errors) program timed out.
FAIL: 17_intro/headers/c++2020/all_attributes.cc (test for excess errors)
FAIL: experimental/net/internet/resolver/ops/lookup.cc execution test
=== libstdc++ Summary for unix ===
# of expected passes 12213
# of unexpected failures 3
# of expected failures 79
# of unsupported tests 723
Running target unix/-m64
FAIL: experimental/net/internet/resolver/ops/lookup.cc execution test
=== libstdc++ Summary for unix/-m64 ===
# of expected passes 12215
# of unexpected failures 1
# of expected failures 79
# of unsupported tests 723
=== libstdc++ Summary ===
# of expected passes 24428
# of unexpected failures 4
# of expected failures 158
# of unsupported tests 1446
Compiler version: 10.0.0 20190823 (experimental) [trunk revision 274845] (GCC)
Platform: sparc-sun-solaris2.11
configure flags: --prefix=/vol/gcc --target=sparc-sun-solaris2.11 --enable-objc-gc --with-target-bdw-gc-include=/vol/gcc/include --with-target-bdw-gc-lib=/vol/gcc/lib,sparcv9=/vol/gcc/lib/sparcv9 --with-as=/usr/ccs/bin/as --without-gnu-as --with-gmp-include=/vol/gcc/include --with-gmp-lib=/vol/gcc/lib --with-mpfr-include=/vol/gcc/include --with-mpfr-lib=/vol/gcc/lib --with-mpc-include=/vol/gcc/include --with-mpc-lib=/vol/gcc/lib --enable-languages=all,ada,obj-c++,go --with-isl-include=/vol/gcc/include --with-isl-lib=/vol/gcc/lib --with-zstd-include=/vol/gcc/include --with-zstd-lib=/vol/gcc/lib --build=sparc-sun-solaris2.11 --host=sparc-sun-solaris2.11
BOOT_CFLAGS=-g -O2
More information about the Gcc-testresults
mailing list