Results for 9.2.0 (GCC) testsuite on mips64-unknown-linux-gnu
Aaro Koskinen
aaro.koskinen@iki.fi
Thu Aug 22 16:47:00 GMT 2019
-- Build environment ----------------------------------------------------------
Distro: los.git rootfs=0de6e native=0de6e gcctest=3aa1eae
Kernel: Linux 5.3.0-rc4-octeon-los_0de6e
Memory: 962132 kB
CPU: system type : cavium,ubnt_e300 (CN7030p1.2-1000-AAP)
machine : Unknown
processor : 0
cpu model : Cavium Octeon III V0.2 FPU V0.0
BogoMIPS : 2000.00
wait instruction : yes
microsecond timers : yes
tlb_entries : 256
extra interrupt vector : yes
hardware watchpoint : yes, count: 2, address/irw mask: [0x0ffc, 0x0ffb]
isa : mips1 mips2 mips3 mips4 mips5 mips32r1 mips32r2 mips64r1 mips64r2
ASEs implemented : vz
shadow register sets : 1
kscratch registers : 4
package : 0
core : 0
VCED exceptions : not available
VCEI exceptions : not available
processor : 1
cpu model : Cavium Octeon III V0.2 FPU V0.0
BogoMIPS : 2000.00
wait instruction : yes
microsecond timers : yes
tlb_entries : 256
extra interrupt vector : yes
hardware watchpoint : yes, count: 2, address/irw mask: [0x0ffc, 0x0ffb]
isa : mips1 mips2 mips3 mips4 mips5 mips32r1 mips32r2 mips64r1 mips64r2
ASEs implemented : vz
shadow register sets : 1
kscratch registers : 4
package : 0
core : 1
VCED exceptions : not available
VCEI exceptions : not available
processor : 2
cpu model : Cavium Octeon III V0.2 FPU V0.0
BogoMIPS : 2000.00
wait instruction : yes
microsecond timers : yes
tlb_entries : 256
extra interrupt vector : yes
hardware watchpoint : yes, count: 2, address/irw mask: [0x0ffc, 0x0ffb]
isa : mips1 mips2 mips3 mips4 mips5 mips32r1 mips32r2 mips64r1 mips64r2
ASEs implemented : vz
shadow register sets : 1
kscratch registers : 4
package : 0
core : 2
VCED exceptions : not available
VCEI exceptions : not available
processor : 3
cpu model : Cavium Octeon III V0.2 FPU V0.0
BogoMIPS : 2000.00
wait instruction : yes
microsecond timers : yes
tlb_entries : 256
extra interrupt vector : yes
hardware watchpoint : yes, count: 2, address/irw mask: [0x0ffc, 0x0ffb]
isa : mips1 mips2 mips3 mips4 mips5 mips32r1 mips32r2 mips64r1 mips64r2
ASEs implemented : vz
shadow register sets : 1
kscratch registers : 4
package : 0
core : 3
VCED exceptions : not available
VCEI exceptions : not available
-- Time consumed --------------------------------------------------------------
Build: real 7h 17m 57s
user 18h 25m 13s
sys 1h 3m 53s
Test: real 11h 36m 45s
user 29h 34m 35s
sys 2h 43m 59s
-------------------------------------------------------------------------------
LAST_UPDATED: Obtained from SVN: tags/gcc_9_2_0_release revision 274275
Native configuration is mips64-unknown-linux-gnu
=== g++ tests ===
Running target unix
FAIL: c-c++-common/spec-barrier-1.c -std=gnu++98 (test for excess errors)
FAIL: c-c++-common/spec-barrier-1.c -std=gnu++14 (test for excess errors)
FAIL: c-c++-common/spec-barrier-1.c -std=gnu++17 (test for excess errors)
FAIL: g++.dg/tree-prof/partition3.C compilation, -fprofile-generate -D_PROFILE_GENERATE
UNRESOLVED: g++.dg/tree-prof/partition3.C execution, -fprofile-generate -D_PROFILE_GENERATE
UNRESOLVED: g++.dg/tree-prof/partition3.C compilation, -fprofile-use -D_PROFILE_USE
UNRESOLVED: g++.dg/tree-prof/partition3.C execution, -fprofile-use -D_PROFILE_USE
=== g++ Summary ===
# of expected passes 124511
# of unexpected failures 4
# of expected failures 505
# of unresolved testcases 3
# of unsupported tests 6033
/home/aakoskin/gcctest/build/gcc/xg++ version 9.2.0 (GCC)
=== gcc tests ===
Running target unix
FAIL: gcc.c-torture/execute/pr64242.c -Os execution test
FAIL: gcc.c-torture/execute/pr64242.c -O2 -flto -fuse-linker-plugin -fno-fat-lto-objects execution test
FAIL: c-c++-common/spec-barrier-1.c -Wc++-compat (test for excess errors)
FAIL: gcc.dg/uninit-19.c (test for warnings, line 24)
FAIL: gcc.dg/uninit-19.c (test for excess errors)
XPASS: gcc.dg/guality/example.c -O0 execution test
WARNING: gcc.dg/guality/example.c -O1 -DPREVENT_OPTIMIZATION execution test program timed out.
XPASS: gcc.dg/guality/example.c -Og -DPREVENT_OPTIMIZATION execution test
XPASS: gcc.dg/guality/guality.c -O0 execution test
XPASS: gcc.dg/guality/guality.c -O1 -DPREVENT_OPTIMIZATION execution test
XPASS: gcc.dg/guality/guality.c -O2 -DPREVENT_OPTIMIZATION execution test
XPASS: gcc.dg/guality/guality.c -O3 -g -DPREVENT_OPTIMIZATION execution test
XPASS: gcc.dg/guality/guality.c -Os -DPREVENT_OPTIMIZATION execution test
XPASS: gcc.dg/guality/guality.c -Og -DPREVENT_OPTIMIZATION execution test
XPASS: gcc.dg/guality/guality.c -O2 -flto -fno-use-linker-plugin -flto-partition=none -DPREVENT_OPTIMIZATION execution test
XPASS: gcc.dg/guality/guality.c -O2 -flto -fuse-linker-plugin -fno-fat-lto-objects -DPREVENT_OPTIMIZATION execution test
XPASS: gcc.dg/guality/inline-params.c -O2 -DPREVENT_OPTIMIZATION execution test
XPASS: gcc.dg/guality/inline-params.c -O3 -g -DPREVENT_OPTIMIZATION execution test
XPASS: gcc.dg/guality/inline-params.c -Os -DPREVENT_OPTIMIZATION execution test
XPASS: gcc.dg/guality/inline-params.c -O2 -flto -fno-use-linker-plugin -flto-partition=none -DPREVENT_OPTIMIZATION execution test
XPASS: gcc.dg/guality/inline-params.c -O2 -flto -fuse-linker-plugin -fno-fat-lto-objects -DPREVENT_OPTIMIZATION execution test
FAIL: gcc.dg/guality/loop-1.c -O3 -fomit-frame-pointer -funroll-loops -fpeel-loops -ftracer -finline-functions -DPREVENT_OPTIMIZATION line 20 i == 1
FAIL: gcc.dg/guality/pr36728-1.c -O1 -DPREVENT_OPTIMIZATION line 16 arg1 == 1
FAIL: gcc.dg/guality/pr36728-1.c -O1 -DPREVENT_OPTIMIZATION line 16 arg3 == 3
FAIL: gcc.dg/guality/pr36728-1.c -O1 -DPREVENT_OPTIMIZATION line 16 arg7 == 30
FAIL: gcc.dg/guality/pr36728-1.c -O1 -DPREVENT_OPTIMIZATION line 18 arg1 == 1
FAIL: gcc.dg/guality/pr36728-1.c -O1 -DPREVENT_OPTIMIZATION line 18 arg2 == 2
FAIL: gcc.dg/guality/pr36728-1.c -O1 -DPREVENT_OPTIMIZATION line 18 arg3 == 3
FAIL: gcc.dg/guality/pr36728-1.c -O1 -DPREVENT_OPTIMIZATION line 18 arg7 == 30
FAIL: gcc.dg/guality/pr36728-1.c -O2 -DPREVENT_OPTIMIZATION line 16 arg3 == 3
FAIL: gcc.dg/guality/pr36728-1.c -O2 -DPREVENT_OPTIMIZATION line 16 arg7 == 30
FAIL: gcc.dg/guality/pr36728-1.c -O2 -DPREVENT_OPTIMIZATION line 18 arg1 == 1
FAIL: gcc.dg/guality/pr36728-1.c -O2 -DPREVENT_OPTIMIZATION line 18 arg2 == 2
FAIL: gcc.dg/guality/pr36728-1.c -O2 -DPREVENT_OPTIMIZATION line 18 arg3 == 3
FAIL: gcc.dg/guality/pr36728-1.c -O2 -DPREVENT_OPTIMIZATION line 18 arg7 == 30
FAIL: gcc.dg/guality/pr36728-1.c -O3 -g -DPREVENT_OPTIMIZATION line 16 arg1 == 1
FAIL: gcc.dg/guality/pr36728-1.c -O3 -g -DPREVENT_OPTIMIZATION line 16 arg2 == 2
FAIL: gcc.dg/guality/pr36728-1.c -O3 -g -DPREVENT_OPTIMIZATION line 16 arg3 == 3
FAIL: gcc.dg/guality/pr36728-1.c -O3 -g -DPREVENT_OPTIMIZATION line 16 arg4 == 4
FAIL: gcc.dg/guality/pr36728-1.c -O3 -g -DPREVENT_OPTIMIZATION line 16 arg5 == 5
FAIL: gcc.dg/guality/pr36728-1.c -O3 -g -DPREVENT_OPTIMIZATION line 16 arg6 == 6
FAIL: gcc.dg/guality/pr36728-1.c -O3 -g -DPREVENT_OPTIMIZATION line 16 arg7 == 30
FAIL: gcc.dg/guality/pr36728-1.c -O3 -g -DPREVENT_OPTIMIZATION line 18 arg1 == 1
FAIL: gcc.dg/guality/pr36728-1.c -O3 -g -DPREVENT_OPTIMIZATION line 18 arg2 == 2
FAIL: gcc.dg/guality/pr36728-1.c -O3 -g -DPREVENT_OPTIMIZATION line 18 arg3 == 3
FAIL: gcc.dg/guality/pr36728-1.c -O3 -g -DPREVENT_OPTIMIZATION line 18 arg4 == 4
FAIL: gcc.dg/guality/pr36728-1.c -O3 -g -DPREVENT_OPTIMIZATION line 18 arg5 == 5
FAIL: gcc.dg/guality/pr36728-1.c -O3 -g -DPREVENT_OPTIMIZATION line 18 arg6 == 6
FAIL: gcc.dg/guality/pr36728-1.c -O3 -g -DPREVENT_OPTIMIZATION line 18 arg7 == 30
FAIL: gcc.dg/guality/pr36728-1.c -Os -DPREVENT_OPTIMIZATION line 16 arg1 == 1
FAIL: gcc.dg/guality/pr36728-1.c -Os -DPREVENT_OPTIMIZATION line 16 arg3 == 3
FAIL: gcc.dg/guality/pr36728-1.c -Os -DPREVENT_OPTIMIZATION line 16 arg7 == 30
FAIL: gcc.dg/guality/pr36728-1.c -Os -DPREVENT_OPTIMIZATION line 18 arg1 == 1
FAIL: gcc.dg/guality/pr36728-1.c -Os -DPREVENT_OPTIMIZATION line 18 arg2 == 2
FAIL: gcc.dg/guality/pr36728-1.c -Os -DPREVENT_OPTIMIZATION line 18 arg3 == 3
FAIL: gcc.dg/guality/pr36728-1.c -Os -DPREVENT_OPTIMIZATION line 18 arg7 == 30
FAIL: gcc.dg/guality/pr36728-1.c -O2 -flto -fno-use-linker-plugin -flto-partition=none -DPREVENT_OPTIMIZATION line 16 arg3 == 3
FAIL: gcc.dg/guality/pr36728-1.c -O2 -flto -fno-use-linker-plugin -flto-partition=none -DPREVENT_OPTIMIZATION line 16 arg7 == 30
FAIL: gcc.dg/guality/pr36728-1.c -O2 -flto -fno-use-linker-plugin -flto-partition=none -DPREVENT_OPTIMIZATION line 18 arg1 == 1
FAIL: gcc.dg/guality/pr36728-1.c -O2 -flto -fno-use-linker-plugin -flto-partition=none -DPREVENT_OPTIMIZATION line 18 arg2 == 2
FAIL: gcc.dg/guality/pr36728-1.c -O2 -flto -fno-use-linker-plugin -flto-partition=none -DPREVENT_OPTIMIZATION line 18 arg3 == 3
FAIL: gcc.dg/guality/pr36728-1.c -O2 -flto -fno-use-linker-plugin -flto-partition=none -DPREVENT_OPTIMIZATION line 18 arg7 == 30
FAIL: gcc.dg/guality/pr36728-1.c -O2 -flto -fuse-linker-plugin -fno-fat-lto-objects -DPREVENT_OPTIMIZATION line 16 arg1 == 1
FAIL: gcc.dg/guality/pr36728-1.c -O2 -flto -fuse-linker-plugin -fno-fat-lto-objects -DPREVENT_OPTIMIZATION line 16 arg2 == 2
FAIL: gcc.dg/guality/pr36728-1.c -O2 -flto -fuse-linker-plugin -fno-fat-lto-objects -DPREVENT_OPTIMIZATION line 16 arg3 == 3
FAIL: gcc.dg/guality/pr36728-1.c -O2 -flto -fuse-linker-plugin -fno-fat-lto-objects -DPREVENT_OPTIMIZATION line 16 arg4 == 4
FAIL: gcc.dg/guality/pr36728-1.c -O2 -flto -fuse-linker-plugin -fno-fat-lto-objects -DPREVENT_OPTIMIZATION line 16 arg5 == 5
FAIL: gcc.dg/guality/pr36728-1.c -O2 -flto -fuse-linker-plugin -fno-fat-lto-objects -DPREVENT_OPTIMIZATION line 16 arg6 == 6
FAIL: gcc.dg/guality/pr36728-1.c -O2 -flto -fuse-linker-plugin -fno-fat-lto-objects -DPREVENT_OPTIMIZATION line 16 arg7 == 30
FAIL: gcc.dg/guality/pr36728-1.c -O2 -flto -fuse-linker-plugin -fno-fat-lto-objects -DPREVENT_OPTIMIZATION line 18 arg1 == 1
FAIL: gcc.dg/guality/pr36728-1.c -O2 -flto -fuse-linker-plugin -fno-fat-lto-objects -DPREVENT_OPTIMIZATION line 18 arg2 == 2
FAIL: gcc.dg/guality/pr36728-1.c -O2 -flto -fuse-linker-plugin -fno-fat-lto-objects -DPREVENT_OPTIMIZATION line 18 arg3 == 3
FAIL: gcc.dg/guality/pr36728-1.c -O2 -flto -fuse-linker-plugin -fno-fat-lto-objects -DPREVENT_OPTIMIZATION line 18 arg4 == 4
FAIL: gcc.dg/guality/pr36728-1.c -O2 -flto -fuse-linker-plugin -fno-fat-lto-objects -DPREVENT_OPTIMIZATION line 18 arg5 == 5
FAIL: gcc.dg/guality/pr36728-1.c -O2 -flto -fuse-linker-plugin -fno-fat-lto-objects -DPREVENT_OPTIMIZATION line 18 arg6 == 6
FAIL: gcc.dg/guality/pr36728-1.c -O2 -flto -fuse-linker-plugin -fno-fat-lto-objects -DPREVENT_OPTIMIZATION line 18 arg7 == 30
FAIL: gcc.dg/guality/pr36728-2.c -O1 -DPREVENT_OPTIMIZATION line 16 arg2 == 2
FAIL: gcc.dg/guality/pr36728-2.c -O1 -DPREVENT_OPTIMIZATION line 18 arg1 == 1
FAIL: gcc.dg/guality/pr36728-2.c -O1 -DPREVENT_OPTIMIZATION line 18 arg2 == 2
FAIL: gcc.dg/guality/pr36728-2.c -O2 -DPREVENT_OPTIMIZATION line 16 arg1 == 1
FAIL: gcc.dg/guality/pr36728-2.c -O2 -DPREVENT_OPTIMIZATION line 16 arg2 == 2
FAIL: gcc.dg/guality/pr36728-2.c -O2 -DPREVENT_OPTIMIZATION line 18 arg1 == 1
FAIL: gcc.dg/guality/pr36728-2.c -O2 -DPREVENT_OPTIMIZATION line 18 arg2 == 2
FAIL: gcc.dg/guality/pr36728-2.c -O3 -g -DPREVENT_OPTIMIZATION line 16 arg1 == 1
FAIL: gcc.dg/guality/pr36728-2.c -O3 -g -DPREVENT_OPTIMIZATION line 16 arg2 == 2
FAIL: gcc.dg/guality/pr36728-2.c -O3 -g -DPREVENT_OPTIMIZATION line 16 arg3 == 3
FAIL: gcc.dg/guality/pr36728-2.c -O3 -g -DPREVENT_OPTIMIZATION line 16 arg4 == 4
FAIL: gcc.dg/guality/pr36728-2.c -O3 -g -DPREVENT_OPTIMIZATION line 16 arg5 == 5
FAIL: gcc.dg/guality/pr36728-2.c -O3 -g -DPREVENT_OPTIMIZATION line 16 arg6 == 6
FAIL: gcc.dg/guality/pr36728-2.c -O3 -g -DPREVENT_OPTIMIZATION line 16 arg7 == 30
FAIL: gcc.dg/guality/pr36728-2.c -O3 -g -DPREVENT_OPTIMIZATION line 18 arg1 == 1
FAIL: gcc.dg/guality/pr36728-2.c -O3 -g -DPREVENT_OPTIMIZATION line 18 arg2 == 2
FAIL: gcc.dg/guality/pr36728-2.c -O3 -g -DPREVENT_OPTIMIZATION line 18 arg3 == 3
FAIL: gcc.dg/guality/pr36728-2.c -O3 -g -DPREVENT_OPTIMIZATION line 18 arg4 == 4
FAIL: gcc.dg/guality/pr36728-2.c -O3 -g -DPREVENT_OPTIMIZATION line 18 arg5 == 5
FAIL: gcc.dg/guality/pr36728-2.c -O3 -g -DPREVENT_OPTIMIZATION line 18 arg6 == 6
FAIL: gcc.dg/guality/pr36728-2.c -O3 -g -DPREVENT_OPTIMIZATION line 18 arg7 == 30
FAIL: gcc.dg/guality/pr36728-2.c -Os -DPREVENT_OPTIMIZATION line 16 arg1 == 1
FAIL: gcc.dg/guality/pr36728-2.c -Os -DPREVENT_OPTIMIZATION line 16 arg2 == 2
FAIL: gcc.dg/guality/pr36728-2.c -Os -DPREVENT_OPTIMIZATION line 18 arg1 == 1
FAIL: gcc.dg/guality/pr36728-2.c -Os -DPREVENT_OPTIMIZATION line 18 arg2 == 2
FAIL: gcc.dg/guality/pr36728-2.c -O2 -flto -fno-use-linker-plugin -flto-partition=none -DPREVENT_OPTIMIZATION line 16 arg1 == 1
FAIL: gcc.dg/guality/pr36728-2.c -O2 -flto -fno-use-linker-plugin -flto-partition=none -DPREVENT_OPTIMIZATION line 16 arg2 == 2
FAIL: gcc.dg/guality/pr36728-2.c -O2 -flto -fno-use-linker-plugin -flto-partition=none -DPREVENT_OPTIMIZATION line 18 arg1 == 1
FAIL: gcc.dg/guality/pr36728-2.c -O2 -flto -fno-use-linker-plugin -flto-partition=none -DPREVENT_OPTIMIZATION line 18 arg2 == 2
FAIL: gcc.dg/guality/pr36728-2.c -O2 -flto -fuse-linker-plugin -fno-fat-lto-objects -DPREVENT_OPTIMIZATION line 16 arg1 == 1
FAIL: gcc.dg/guality/pr36728-2.c -O2 -flto -fuse-linker-plugin -fno-fat-lto-objects -DPREVENT_OPTIMIZATION line 16 arg2 == 2
FAIL: gcc.dg/guality/pr36728-2.c -O2 -flto -fuse-linker-plugin -fno-fat-lto-objects -DPREVENT_OPTIMIZATION line 16 arg3 == 3
FAIL: gcc.dg/guality/pr36728-2.c -O2 -flto -fuse-linker-plugin -fno-fat-lto-objects -DPREVENT_OPTIMIZATION line 16 arg4 == 4
FAIL: gcc.dg/guality/pr36728-2.c -O2 -flto -fuse-linker-plugin -fno-fat-lto-objects -DPREVENT_OPTIMIZATION line 16 arg5 == 5
FAIL: gcc.dg/guality/pr36728-2.c -O2 -flto -fuse-linker-plugin -fno-fat-lto-objects -DPREVENT_OPTIMIZATION line 16 arg6 == 6
FAIL: gcc.dg/guality/pr36728-2.c -O2 -flto -fuse-linker-plugin -fno-fat-lto-objects -DPREVENT_OPTIMIZATION line 16 arg7 == 30
FAIL: gcc.dg/guality/pr36728-2.c -O2 -flto -fuse-linker-plugin -fno-fat-lto-objects -DPREVENT_OPTIMIZATION line 18 arg1 == 1
FAIL: gcc.dg/guality/pr36728-2.c -O2 -flto -fuse-linker-plugin -fno-fat-lto-objects -DPREVENT_OPTIMIZATION line 18 arg2 == 2
FAIL: gcc.dg/guality/pr36728-2.c -O2 -flto -fuse-linker-plugin -fno-fat-lto-objects -DPREVENT_OPTIMIZATION line 18 arg3 == 3
FAIL: gcc.dg/guality/pr36728-2.c -O2 -flto -fuse-linker-plugin -fno-fat-lto-objects -DPREVENT_OPTIMIZATION line 18 arg4 == 4
FAIL: gcc.dg/guality/pr36728-2.c -O2 -flto -fuse-linker-plugin -fno-fat-lto-objects -DPREVENT_OPTIMIZATION line 18 arg5 == 5
FAIL: gcc.dg/guality/pr36728-2.c -O2 -flto -fuse-linker-plugin -fno-fat-lto-objects -DPREVENT_OPTIMIZATION line 18 arg6 == 6
FAIL: gcc.dg/guality/pr36728-2.c -O2 -flto -fuse-linker-plugin -fno-fat-lto-objects -DPREVENT_OPTIMIZATION line 18 arg7 == 30
FAIL: gcc.dg/guality/pr36728-3.c -O1 -DPREVENT_OPTIMIZATION line 14 arg1 == 1
FAIL: gcc.dg/guality/pr36728-3.c -O1 -DPREVENT_OPTIMIZATION line 14 arg7 == 30
FAIL: gcc.dg/guality/pr36728-3.c -O1 -DPREVENT_OPTIMIZATION line 16 arg1 == 1
FAIL: gcc.dg/guality/pr36728-3.c -O1 -DPREVENT_OPTIMIZATION line 16 arg7 == 30
FAIL: gcc.dg/guality/pr36728-3.c -O2 -DPREVENT_OPTIMIZATION line 14 arg1 == 1
FAIL: gcc.dg/guality/pr36728-3.c -O2 -DPREVENT_OPTIMIZATION line 14 arg7 == 30
FAIL: gcc.dg/guality/pr36728-3.c -O2 -DPREVENT_OPTIMIZATION line 16 arg1 == 1
FAIL: gcc.dg/guality/pr36728-3.c -O2 -DPREVENT_OPTIMIZATION line 16 arg7 == 30
FAIL: gcc.dg/guality/pr36728-3.c -O3 -g -DPREVENT_OPTIMIZATION line 14 arg1 == 1
FAIL: gcc.dg/guality/pr36728-3.c -O3 -g -DPREVENT_OPTIMIZATION line 14 arg2 == 2
FAIL: gcc.dg/guality/pr36728-3.c -O3 -g -DPREVENT_OPTIMIZATION line 14 arg3 == 3
FAIL: gcc.dg/guality/pr36728-3.c -O3 -g -DPREVENT_OPTIMIZATION line 14 arg4 == 4
FAIL: gcc.dg/guality/pr36728-3.c -O3 -g -DPREVENT_OPTIMIZATION line 14 arg5 == 5
FAIL: gcc.dg/guality/pr36728-3.c -O3 -g -DPREVENT_OPTIMIZATION line 14 arg6 == 6
FAIL: gcc.dg/guality/pr36728-3.c -O3 -g -DPREVENT_OPTIMIZATION line 14 arg7 == 30
FAIL: gcc.dg/guality/pr36728-3.c -O3 -g -DPREVENT_OPTIMIZATION line 16 arg1 == 1
FAIL: gcc.dg/guality/pr36728-3.c -O3 -g -DPREVENT_OPTIMIZATION line 16 arg2 == 2
FAIL: gcc.dg/guality/pr36728-3.c -O3 -g -DPREVENT_OPTIMIZATION line 16 arg3 == 3
FAIL: gcc.dg/guality/pr36728-3.c -O3 -g -DPREVENT_OPTIMIZATION line 16 arg4 == 4
FAIL: gcc.dg/guality/pr36728-3.c -O3 -g -DPREVENT_OPTIMIZATION line 16 arg5 == 5
FAIL: gcc.dg/guality/pr36728-3.c -O3 -g -DPREVENT_OPTIMIZATION line 16 arg6 == 6
FAIL: gcc.dg/guality/pr36728-3.c -O3 -g -DPREVENT_OPTIMIZATION line 16 arg7 == 30
FAIL: gcc.dg/guality/pr36728-3.c -Os -DPREVENT_OPTIMIZATION line 14 arg1 == 1
FAIL: gcc.dg/guality/pr36728-3.c -Os -DPREVENT_OPTIMIZATION line 14 arg7 == 30
FAIL: gcc.dg/guality/pr36728-3.c -Os -DPREVENT_OPTIMIZATION line 16 arg1 == 1
FAIL: gcc.dg/guality/pr36728-3.c -Os -DPREVENT_OPTIMIZATION line 16 arg7 == 30
FAIL: gcc.dg/guality/pr36728-3.c -O2 -flto -fno-use-linker-plugin -flto-partition=none -DPREVENT_OPTIMIZATION line 14 arg1 == 1
FAIL: gcc.dg/guality/pr36728-3.c -O2 -flto -fno-use-linker-plugin -flto-partition=none -DPREVENT_OPTIMIZATION line 14 arg7 == 30
FAIL: gcc.dg/guality/pr36728-3.c -O2 -flto -fno-use-linker-plugin -flto-partition=none -DPREVENT_OPTIMIZATION line 16 arg1 == 1
FAIL: gcc.dg/guality/pr36728-3.c -O2 -flto -fno-use-linker-plugin -flto-partition=none -DPREVENT_OPTIMIZATION line 16 arg7 == 30
FAIL: gcc.dg/guality/pr36728-3.c -O2 -flto -fuse-linker-plugin -fno-fat-lto-objects -DPREVENT_OPTIMIZATION line 14 arg1 == 1
FAIL: gcc.dg/guality/pr36728-3.c -O2 -flto -fuse-linker-plugin -fno-fat-lto-objects -DPREVENT_OPTIMIZATION line 14 arg2 == 2
FAIL: gcc.dg/guality/pr36728-3.c -O2 -flto -fuse-linker-plugin -fno-fat-lto-objects -DPREVENT_OPTIMIZATION line 14 arg3 == 3
FAIL: gcc.dg/guality/pr36728-3.c -O2 -flto -fuse-linker-plugin -fno-fat-lto-objects -DPREVENT_OPTIMIZATION line 14 arg4 == 4
FAIL: gcc.dg/guality/pr36728-3.c -O2 -flto -fuse-linker-plugin -fno-fat-lto-objects -DPREVENT_OPTIMIZATION line 14 arg5 == 5
FAIL: gcc.dg/guality/pr36728-3.c -O2 -flto -fuse-linker-plugin -fno-fat-lto-objects -DPREVENT_OPTIMIZATION line 14 arg6 == 6
FAIL: gcc.dg/guality/pr36728-3.c -O2 -flto -fuse-linker-plugin -fno-fat-lto-objects -DPREVENT_OPTIMIZATION line 14 arg7 == 30
FAIL: gcc.dg/guality/pr36728-3.c -O2 -flto -fuse-linker-plugin -fno-fat-lto-objects -DPREVENT_OPTIMIZATION line 16 arg1 == 1
FAIL: gcc.dg/guality/pr36728-3.c -O2 -flto -fuse-linker-plugin -fno-fat-lto-objects -DPREVENT_OPTIMIZATION line 16 arg2 == 2
FAIL: gcc.dg/guality/pr36728-3.c -O2 -flto -fuse-linker-plugin -fno-fat-lto-objects -DPREVENT_OPTIMIZATION line 16 arg3 == 3
FAIL: gcc.dg/guality/pr36728-3.c -O2 -flto -fuse-linker-plugin -fno-fat-lto-objects -DPREVENT_OPTIMIZATION line 16 arg4 == 4
FAIL: gcc.dg/guality/pr36728-3.c -O2 -flto -fuse-linker-plugin -fno-fat-lto-objects -DPREVENT_OPTIMIZATION line 16 arg5 == 5
FAIL: gcc.dg/guality/pr36728-3.c -O2 -flto -fuse-linker-plugin -fno-fat-lto-objects -DPREVENT_OPTIMIZATION line 16 arg6 == 6
FAIL: gcc.dg/guality/pr36728-3.c -O2 -flto -fuse-linker-plugin -fno-fat-lto-objects -DPREVENT_OPTIMIZATION line 16 arg7 == 30
XPASS: gcc.dg/guality/pr41353-1.c -O0 line 28 j == 28 + 37
FAIL: gcc.dg/guality/pr43051-1.c -Os -DPREVENT_OPTIMIZATION line 34 c == &a[0]
FAIL: gcc.dg/guality/pr43051-1.c -Os -DPREVENT_OPTIMIZATION line 39 c == &a[0]
FAIL: gcc.dg/guality/pr54200.c -O2 -DPREVENT_OPTIMIZATION line 20 z == 3
FAIL: gcc.dg/guality/pr54200.c -O3 -g -DPREVENT_OPTIMIZATION line 20 z == 3
FAIL: gcc.dg/guality/pr54200.c -Os -DPREVENT_OPTIMIZATION line 20 z == 3
FAIL: gcc.dg/guality/pr54200.c -O2 -flto -fno-use-linker-plugin -flto-partition=none -DPREVENT_OPTIMIZATION line 20 z == 3
FAIL: gcc.dg/guality/pr54519-1.c -O1 -DPREVENT_OPTIMIZATION line 20 z == 6
FAIL: gcc.dg/guality/pr54519-1.c -O1 -DPREVENT_OPTIMIZATION line 23 z == 8
FAIL: gcc.dg/guality/pr54519-1.c -O2 -DPREVENT_OPTIMIZATION line 20 y == 25
FAIL: gcc.dg/guality/pr54519-1.c -O2 -DPREVENT_OPTIMIZATION line 20 z == 6
FAIL: gcc.dg/guality/pr54519-1.c -O2 -DPREVENT_OPTIMIZATION line 23 y == 117
FAIL: gcc.dg/guality/pr54519-1.c -O2 -DPREVENT_OPTIMIZATION line 23 z == 8
FAIL: gcc.dg/guality/pr54519-1.c -Os -DPREVENT_OPTIMIZATION line 20 y == 25
FAIL: gcc.dg/guality/pr54519-1.c -Os -DPREVENT_OPTIMIZATION line 20 z == 6
FAIL: gcc.dg/guality/pr54519-1.c -Os -DPREVENT_OPTIMIZATION line 23 y == 117
FAIL: gcc.dg/guality/pr54519-1.c -Os -DPREVENT_OPTIMIZATION line 23 z == 8
FAIL: gcc.dg/guality/pr54519-1.c -O2 -flto -fno-use-linker-plugin -flto-partition=none -DPREVENT_OPTIMIZATION line 20 y == 25
FAIL: gcc.dg/guality/pr54519-1.c -O2 -flto -fno-use-linker-plugin -flto-partition=none -DPREVENT_OPTIMIZATION line 20 z == 6
FAIL: gcc.dg/guality/pr54519-1.c -O2 -flto -fno-use-linker-plugin -flto-partition=none -DPREVENT_OPTIMIZATION line 23 y == 117
FAIL: gcc.dg/guality/pr54519-1.c -O2 -flto -fno-use-linker-plugin -flto-partition=none -DPREVENT_OPTIMIZATION line 23 z == 8
FAIL: gcc.dg/guality/pr54519-1.c -O2 -flto -fuse-linker-plugin -fno-fat-lto-objects -DPREVENT_OPTIMIZATION line 20 y == 25
FAIL: gcc.dg/guality/pr54519-1.c -O2 -flto -fuse-linker-plugin -fno-fat-lto-objects -DPREVENT_OPTIMIZATION line 20 z == 6
FAIL: gcc.dg/guality/pr54519-1.c -O2 -flto -fuse-linker-plugin -fno-fat-lto-objects -DPREVENT_OPTIMIZATION line 23 y == 117
FAIL: gcc.dg/guality/pr54519-1.c -O2 -flto -fuse-linker-plugin -fno-fat-lto-objects -DPREVENT_OPTIMIZATION line 23 z == 8
FAIL: gcc.dg/guality/pr54519-2.c -O1 -DPREVENT_OPTIMIZATION line 17 y == 25
FAIL: gcc.dg/guality/pr54519-2.c -O2 -flto -fno-use-linker-plugin -flto-partition=none -DPREVENT_OPTIMIZATION line 17 y == 25
FAIL: gcc.dg/guality/pr54519-2.c -O2 -flto -fuse-linker-plugin -fno-fat-lto-objects -DPREVENT_OPTIMIZATION line 17 y == 25
FAIL: gcc.dg/guality/pr54519-3.c -O1 -DPREVENT_OPTIMIZATION line 20 z == 6
FAIL: gcc.dg/guality/pr54519-3.c -O1 -DPREVENT_OPTIMIZATION line 23 z == 8
FAIL: gcc.dg/guality/pr54519-3.c -O2 -flto -fno-use-linker-plugin -flto-partition=none -DPREVENT_OPTIMIZATION line 20 y == 25
FAIL: gcc.dg/guality/pr54519-3.c -O2 -flto -fno-use-linker-plugin -flto-partition=none -DPREVENT_OPTIMIZATION line 20 z == 6
FAIL: gcc.dg/guality/pr54519-3.c -O2 -flto -fno-use-linker-plugin -flto-partition=none -DPREVENT_OPTIMIZATION line 23 y == 117
FAIL: gcc.dg/guality/pr54519-3.c -O2 -flto -fno-use-linker-plugin -flto-partition=none -DPREVENT_OPTIMIZATION line 23 z == 8
FAIL: gcc.dg/guality/pr54519-3.c -O2 -flto -fuse-linker-plugin -fno-fat-lto-objects -DPREVENT_OPTIMIZATION line 20 y == 25
FAIL: gcc.dg/guality/pr54519-3.c -O2 -flto -fuse-linker-plugin -fno-fat-lto-objects -DPREVENT_OPTIMIZATION line 20 z == 6
FAIL: gcc.dg/guality/pr54519-3.c -O2 -flto -fuse-linker-plugin -fno-fat-lto-objects -DPREVENT_OPTIMIZATION line 23 y == 117
FAIL: gcc.dg/guality/pr54519-3.c -O2 -flto -fuse-linker-plugin -fno-fat-lto-objects -DPREVENT_OPTIMIZATION line 23 z == 8
FAIL: gcc.dg/guality/pr54519-4.c -O1 -DPREVENT_OPTIMIZATION line 17 y == 25
FAIL: gcc.dg/guality/pr54519-4.c -O2 -flto -fno-use-linker-plugin -flto-partition=none -DPREVENT_OPTIMIZATION line 17 y == 25
FAIL: gcc.dg/guality/pr54519-4.c -O2 -flto -fuse-linker-plugin -fno-fat-lto-objects -DPREVENT_OPTIMIZATION line 17 y == 25
FAIL: gcc.dg/guality/pr54519-5.c -O1 -DPREVENT_OPTIMIZATION line 17 y == 25
FAIL: gcc.dg/guality/pr54519-5.c -O2 -DPREVENT_OPTIMIZATION line 17 y == 25
FAIL: gcc.dg/guality/pr54519-5.c -Os -DPREVENT_OPTIMIZATION line 17 y == 25
FAIL: gcc.dg/guality/pr54519-5.c -O2 -flto -fno-use-linker-plugin -flto-partition=none -DPREVENT_OPTIMIZATION line 17 y == 25
FAIL: gcc.dg/guality/pr54519-5.c -O2 -flto -fuse-linker-plugin -fno-fat-lto-objects -DPREVENT_OPTIMIZATION line 17 y == 25
FAIL: gcc.dg/guality/pr54551.c -O1 -DPREVENT_OPTIMIZATION line 18 a == 4
FAIL: gcc.dg/guality/pr54551.c -O1 -DPREVENT_OPTIMIZATION line 18 z == 3
FAIL: gcc.dg/guality/pr54551.c -O2 -flto -fno-use-linker-plugin -flto-partition=none -DPREVENT_OPTIMIZATION line 18 a == 4
FAIL: gcc.dg/guality/pr54551.c -O2 -flto -fno-use-linker-plugin -flto-partition=none -DPREVENT_OPTIMIZATION line 18 z == 3
FAIL: gcc.dg/guality/pr54693-2.c -O1 -DPREVENT_OPTIMIZATION line 21 y == 20 - 2 * i
FAIL: gcc.dg/guality/pr54693-2.c -O2 -DPREVENT_OPTIMIZATION line 21 y == 20 - 2 * i
FAIL: gcc.dg/guality/pr54693-2.c -O2 -DPREVENT_OPTIMIZATION line 21 z == 30 - 3 * i
FAIL: gcc.dg/guality/pr54693-2.c -O3 -fomit-frame-pointer -funroll-loops -fpeel-loops -ftracer -finline-functions -DPREVENT_OPTIMIZATION line 21 y == 20 - 2 * i
FAIL: gcc.dg/guality/pr54693-2.c -O3 -g -DPREVENT_OPTIMIZATION line 21 y == 20 - 2 * i
FAIL: gcc.dg/guality/pr54693-2.c -O3 -g -DPREVENT_OPTIMIZATION line 21 z == 30 - 3 * i
FAIL: gcc.dg/guality/pr54693-2.c -Os -DPREVENT_OPTIMIZATION line 21 x == 10 - i
FAIL: gcc.dg/guality/pr54693-2.c -Os -DPREVENT_OPTIMIZATION line 21 y == 20 - 2 * i
FAIL: gcc.dg/guality/pr54693-2.c -Os -DPREVENT_OPTIMIZATION line 21 z == 30 - 3 * i
FAIL: gcc.dg/guality/pr54693-2.c -O2 -flto -fno-use-linker-plugin -flto-partition=none -DPREVENT_OPTIMIZATION line 21 y == 20 - 2 * i
FAIL: gcc.dg/guality/pr54693-2.c -O2 -flto -fuse-linker-plugin -fno-fat-lto-objects -DPREVENT_OPTIMIZATION line 21 y == 20 - 2 * i
FAIL: gcc.dg/guality/pr54693-2.c -O2 -flto -fuse-linker-plugin -fno-fat-lto-objects -DPREVENT_OPTIMIZATION line 21 z == 30 - 3 * i
FAIL: gcc.dg/guality/pr54796.c -O1 -DPREVENT_OPTIMIZATION line 17 a == 5
FAIL: gcc.dg/guality/pr54796.c -O1 -DPREVENT_OPTIMIZATION line 17 b == 6
FAIL: gcc.dg/guality/pr54796.c -O1 -DPREVENT_OPTIMIZATION line 17 c == 5
FAIL: gcc.dg/guality/pr54796.c -O2 -DPREVENT_OPTIMIZATION line 17 a == 5
FAIL: gcc.dg/guality/pr54796.c -O2 -DPREVENT_OPTIMIZATION line 17 b == 6
FAIL: gcc.dg/guality/pr54796.c -O2 -DPREVENT_OPTIMIZATION line 17 c == 5
FAIL: gcc.dg/guality/pr54796.c -O3 -g -DPREVENT_OPTIMIZATION line 17 a == 5
FAIL: gcc.dg/guality/pr54796.c -O3 -g -DPREVENT_OPTIMIZATION line 17 b == 6
FAIL: gcc.dg/guality/pr54796.c -O3 -g -DPREVENT_OPTIMIZATION line 17 c == 5
FAIL: gcc.dg/guality/pr54796.c -Os -DPREVENT_OPTIMIZATION line 17 a == 5
FAIL: gcc.dg/guality/pr54796.c -Os -DPREVENT_OPTIMIZATION line 17 b == 6
FAIL: gcc.dg/guality/pr54796.c -Os -DPREVENT_OPTIMIZATION line 17 c == 5
FAIL: gcc.dg/guality/pr54796.c -O2 -flto -fno-use-linker-plugin -flto-partition=none -DPREVENT_OPTIMIZATION line 17 a == 5
FAIL: gcc.dg/guality/pr54796.c -O2 -flto -fno-use-linker-plugin -flto-partition=none -DPREVENT_OPTIMIZATION line 17 b == 6
FAIL: gcc.dg/guality/pr54796.c -O2 -flto -fno-use-linker-plugin -flto-partition=none -DPREVENT_OPTIMIZATION line 17 c == 5
FAIL: gcc.dg/guality/pr54796.c -O2 -flto -fuse-linker-plugin -fno-fat-lto-objects -DPREVENT_OPTIMIZATION line 17 a == 5
FAIL: gcc.dg/guality/pr54796.c -O2 -flto -fuse-linker-plugin -fno-fat-lto-objects -DPREVENT_OPTIMIZATION line 17 b == 6
XPASS: gcc.dg/guality/pr54970.c -O0 line 15 a[0] == 1
XPASS: gcc.dg/guality/pr54970.c -O0 line 20 a[0] == 1
XPASS: gcc.dg/guality/pr54970.c -O0 line 25 a[0] == 1
XPASS: gcc.dg/guality/pr54970.c -O0 line 31 a[0] == 4
XPASS: gcc.dg/guality/pr54970.c -O0 line 36 a[0] == 4
XPASS: gcc.dg/guality/pr54970.c -O0 line 45 a[0] == 4
XPASS: gcc.dg/guality/pr54970.c -O0 line 45 p[-2] == 4
XPASS: gcc.dg/guality/pr54970.c -O0 line 45 q[-1] == 4
FAIL: gcc.dg/guality/pr54970.c -Og -DPREVENT_OPTIMIZATION line 15 a[1] == 2
FAIL: gcc.dg/guality/pr54970.c -Og -DPREVENT_OPTIMIZATION line 15 a[2] == 3
FAIL: gcc.dg/guality/pr54970.c -Og -DPREVENT_OPTIMIZATION line 15 *p == 3
FAIL: gcc.dg/guality/pr54970.c -Og -DPREVENT_OPTIMIZATION line 15 *q == 2
FAIL: gcc.dg/guality/pr54970.c -Og -DPREVENT_OPTIMIZATION line 20 a[1] == 2
FAIL: gcc.dg/guality/pr54970.c -Og -DPREVENT_OPTIMIZATION line 20 a[2] == 13
FAIL: gcc.dg/guality/pr54970.c -Og -DPREVENT_OPTIMIZATION line 20 *p == 13
FAIL: gcc.dg/guality/pr54970.c -Og -DPREVENT_OPTIMIZATION line 20 *q == 2
FAIL: gcc.dg/guality/pr54970.c -Og -DPREVENT_OPTIMIZATION line 25 a[1] == 12
FAIL: gcc.dg/guality/pr54970.c -Og -DPREVENT_OPTIMIZATION line 25 a[2] == 13
FAIL: gcc.dg/guality/pr54970.c -Og -DPREVENT_OPTIMIZATION line 25 *p == 13
FAIL: gcc.dg/guality/pr54970.c -Og -DPREVENT_OPTIMIZATION line 25 *q == 12
FAIL: gcc.dg/guality/pr54970.c -Og -DPREVENT_OPTIMIZATION line 31 a[1] == 5
FAIL: gcc.dg/guality/pr54970.c -Og -DPREVENT_OPTIMIZATION line 31 a[2] == 6
FAIL: gcc.dg/guality/pr54970.c -Og -DPREVENT_OPTIMIZATION line 31 *p == 6
FAIL: gcc.dg/guality/pr54970.c -Og -DPREVENT_OPTIMIZATION line 31 *q == 5
FAIL: gcc.dg/guality/pr54970.c -Og -DPREVENT_OPTIMIZATION line 36 a[1] == 5
FAIL: gcc.dg/guality/pr54970.c -Og -DPREVENT_OPTIMIZATION line 36 a[2] == 26
FAIL: gcc.dg/guality/pr54970.c -Og -DPREVENT_OPTIMIZATION line 36 *p == 26
FAIL: gcc.dg/guality/pr54970.c -Og -DPREVENT_OPTIMIZATION line 36 *q == 5
FAIL: gcc.dg/guality/pr54970.c -Og -DPREVENT_OPTIMIZATION line 45 a[1] == 25
FAIL: gcc.dg/guality/pr54970.c -Og -DPREVENT_OPTIMIZATION line 45 a[2] == 26
FAIL: gcc.dg/guality/pr54970.c -Og -DPREVENT_OPTIMIZATION line 45 *p == 26
FAIL: gcc.dg/guality/pr54970.c -Og -DPREVENT_OPTIMIZATION line 45 p[-1] == 25
FAIL: gcc.dg/guality/pr54970.c -Og -DPREVENT_OPTIMIZATION line 45 q[1] == 26
FAIL: gcc.dg/guality/pr54970.c -Og -DPREVENT_OPTIMIZATION line 45 *q == 25
FAIL: gcc.dg/guality/pr56154-1.c -Og -DPREVENT_OPTIMIZATION line pr56154-1.c:20 x.a == 6
FAIL: gcc.dg/guality/pr59776.c -Og -DPREVENT_OPTIMIZATION line pr59776.c:17 s1.f == 5.0
FAIL: gcc.dg/guality/pr59776.c -Og -DPREVENT_OPTIMIZATION line pr59776.c:17 s1.g == 6.0
FAIL: gcc.dg/guality/pr59776.c -Og -DPREVENT_OPTIMIZATION line pr59776.c:17 s2.f == 0.0
FAIL: gcc.dg/guality/pr59776.c -Og -DPREVENT_OPTIMIZATION line pr59776.c:17 s2.g == 6.0
FAIL: gcc.dg/guality/pr59776.c -Og -DPREVENT_OPTIMIZATION line pr59776.c:20 s1.f == 5.0
FAIL: gcc.dg/guality/pr59776.c -Og -DPREVENT_OPTIMIZATION line pr59776.c:20 s1.g == 6.0
FAIL: gcc.dg/guality/pr59776.c -Og -DPREVENT_OPTIMIZATION line pr59776.c:20 s2.f == 5.0
FAIL: gcc.dg/guality/pr59776.c -Og -DPREVENT_OPTIMIZATION line pr59776.c:20 s2.g == 6.0
FAIL: gcc.dg/guality/pr68860-1.c -O1 -DPREVENT_OPTIMIZATION line 14 arg1 == 1
FAIL: gcc.dg/guality/pr68860-1.c -O1 -DPREVENT_OPTIMIZATION line 14 arg7 == 30
FAIL: gcc.dg/guality/pr68860-1.c -O1 -DPREVENT_OPTIMIZATION line 16 arg1 == 1
FAIL: gcc.dg/guality/pr68860-1.c -O1 -DPREVENT_OPTIMIZATION line 16 arg7 == 30
FAIL: gcc.dg/guality/pr68860-1.c -O2 -DPREVENT_OPTIMIZATION line 14 arg1 == 1
FAIL: gcc.dg/guality/pr68860-1.c -O2 -DPREVENT_OPTIMIZATION line 14 arg2 == 2
FAIL: gcc.dg/guality/pr68860-1.c -O2 -DPREVENT_OPTIMIZATION line 14 arg3 == 3
FAIL: gcc.dg/guality/pr68860-1.c -O2 -DPREVENT_OPTIMIZATION line 14 arg4 == 4
FAIL: gcc.dg/guality/pr68860-1.c -O2 -DPREVENT_OPTIMIZATION line 14 arg5 == 5
FAIL: gcc.dg/guality/pr68860-1.c -O2 -DPREVENT_OPTIMIZATION line 14 arg6 == 6
FAIL: gcc.dg/guality/pr68860-1.c -O2 -DPREVENT_OPTIMIZATION line 14 arg7 == 30
FAIL: gcc.dg/guality/pr68860-1.c -O2 -DPREVENT_OPTIMIZATION line 16 arg1 == 1
FAIL: gcc.dg/guality/pr68860-1.c -O2 -DPREVENT_OPTIMIZATION line 16 arg2 == 2
FAIL: gcc.dg/guality/pr68860-1.c -O2 -DPREVENT_OPTIMIZATION line 16 arg3 == 3
FAIL: gcc.dg/guality/pr68860-1.c -O2 -DPREVENT_OPTIMIZATION line 16 arg4 == 4
FAIL: gcc.dg/guality/pr68860-1.c -O2 -DPREVENT_OPTIMIZATION line 16 arg5 == 5
FAIL: gcc.dg/guality/pr68860-1.c -O2 -DPREVENT_OPTIMIZATION line 16 arg6 == 6
FAIL: gcc.dg/guality/pr68860-1.c -O2 -DPREVENT_OPTIMIZATION line 16 arg7 == 30
FAIL: gcc.dg/guality/pr68860-1.c -O3 -g -DPREVENT_OPTIMIZATION line 14 arg1 == 1
FAIL: gcc.dg/guality/pr68860-1.c -O3 -g -DPREVENT_OPTIMIZATION line 14 arg2 == 2
FAIL: gcc.dg/guality/pr68860-1.c -O3 -g -DPREVENT_OPTIMIZATION line 14 arg3 == 3
FAIL: gcc.dg/guality/pr68860-1.c -O3 -g -DPREVENT_OPTIMIZATION line 14 arg4 == 4
FAIL: gcc.dg/guality/pr68860-1.c -O3 -g -DPREVENT_OPTIMIZATION line 14 arg5 == 5
FAIL: gcc.dg/guality/pr68860-1.c -O3 -g -DPREVENT_OPTIMIZATION line 14 arg6 == 6
FAIL: gcc.dg/guality/pr68860-1.c -O3 -g -DPREVENT_OPTIMIZATION line 14 arg7 == 30
FAIL: gcc.dg/guality/pr68860-1.c -O3 -g -DPREVENT_OPTIMIZATION line 16 arg1 == 1
FAIL: gcc.dg/guality/pr68860-1.c -O3 -g -DPREVENT_OPTIMIZATION line 16 arg2 == 2
FAIL: gcc.dg/guality/pr68860-1.c -O3 -g -DPREVENT_OPTIMIZATION line 16 arg3 == 3
FAIL: gcc.dg/guality/pr68860-1.c -O3 -g -DPREVENT_OPTIMIZATION line 16 arg4 == 4
FAIL: gcc.dg/guality/pr68860-1.c -O3 -g -DPREVENT_OPTIMIZATION line 16 arg5 == 5
FAIL: gcc.dg/guality/pr68860-1.c -O3 -g -DPREVENT_OPTIMIZATION line 16 arg6 == 6
FAIL: gcc.dg/guality/pr68860-1.c -O3 -g -DPREVENT_OPTIMIZATION line 16 arg7 == 30
FAIL: gcc.dg/guality/pr68860-1.c -Os -DPREVENT_OPTIMIZATION line 14 arg1 == 1
FAIL: gcc.dg/guality/pr68860-1.c -Os -DPREVENT_OPTIMIZATION line 14 arg2 == 2
FAIL: gcc.dg/guality/pr68860-1.c -Os -DPREVENT_OPTIMIZATION line 14 arg3 == 3
FAIL: gcc.dg/guality/pr68860-1.c -Os -DPREVENT_OPTIMIZATION line 14 arg4 == 4
FAIL: gcc.dg/guality/pr68860-1.c -Os -DPREVENT_OPTIMIZATION line 14 arg5 == 5
FAIL: gcc.dg/guality/pr68860-1.c -Os -DPREVENT_OPTIMIZATION line 14 arg6 == 6
FAIL: gcc.dg/guality/pr68860-1.c -Os -DPREVENT_OPTIMIZATION line 14 arg7 == 30
FAIL: gcc.dg/guality/pr68860-1.c -Os -DPREVENT_OPTIMIZATION line 16 arg1 == 1
FAIL: gcc.dg/guality/pr68860-1.c -Os -DPREVENT_OPTIMIZATION line 16 arg2 == 2
FAIL: gcc.dg/guality/pr68860-1.c -Os -DPREVENT_OPTIMIZATION line 16 arg3 == 3
FAIL: gcc.dg/guality/pr68860-1.c -Os -DPREVENT_OPTIMIZATION line 16 arg4 == 4
FAIL: gcc.dg/guality/pr68860-1.c -Os -DPREVENT_OPTIMIZATION line 16 arg5 == 5
FAIL: gcc.dg/guality/pr68860-1.c -Os -DPREVENT_OPTIMIZATION line 16 arg6 == 6
FAIL: gcc.dg/guality/pr68860-1.c -Os -DPREVENT_OPTIMIZATION line 16 arg7 == 30
FAIL: gcc.dg/guality/pr68860-1.c -O2 -flto -fno-use-linker-plugin -flto-partition=none -DPREVENT_OPTIMIZATION line 14 arg1 == 1
FAIL: gcc.dg/guality/pr68860-1.c -O2 -flto -fno-use-linker-plugin -flto-partition=none -DPREVENT_OPTIMIZATION line 14 arg2 == 2
FAIL: gcc.dg/guality/pr68860-1.c -O2 -flto -fno-use-linker-plugin -flto-partition=none -DPREVENT_OPTIMIZATION line 14 arg3 == 3
FAIL: gcc.dg/guality/pr68860-1.c -O2 -flto -fno-use-linker-plugin -flto-partition=none -DPREVENT_OPTIMIZATION line 14 arg4 == 4
FAIL: gcc.dg/guality/pr68860-1.c -O2 -flto -fno-use-linker-plugin -flto-partition=none -DPREVENT_OPTIMIZATION line 14 arg5 == 5
FAIL: gcc.dg/guality/pr68860-1.c -O2 -flto -fno-use-linker-plugin -flto-partition=none -DPREVENT_OPTIMIZATION line 14 arg6 == 6
FAIL: gcc.dg/guality/pr68860-1.c -O2 -flto -fno-use-linker-plugin -flto-partition=none -DPREVENT_OPTIMIZATION line 14 arg7 == 30
FAIL: gcc.dg/guality/pr68860-1.c -O2 -flto -fno-use-linker-plugin -flto-partition=none -DPREVENT_OPTIMIZATION line 16 arg1 == 1
FAIL: gcc.dg/guality/pr68860-1.c -O2 -flto -fno-use-linker-plugin -flto-partition=none -DPREVENT_OPTIMIZATION line 16 arg2 == 2
FAIL: gcc.dg/guality/pr68860-1.c -O2 -flto -fno-use-linker-plugin -flto-partition=none -DPREVENT_OPTIMIZATION line 16 arg3 == 3
FAIL: gcc.dg/guality/pr68860-1.c -O2 -flto -fno-use-linker-plugin -flto-partition=none -DPREVENT_OPTIMIZATION line 16 arg4 == 4
FAIL: gcc.dg/guality/pr68860-1.c -O2 -flto -fno-use-linker-plugin -flto-partition=none -DPREVENT_OPTIMIZATION line 16 arg5 == 5
FAIL: gcc.dg/guality/pr68860-1.c -O2 -flto -fno-use-linker-plugin -flto-partition=none -DPREVENT_OPTIMIZATION line 16 arg6 == 6
FAIL: gcc.dg/guality/pr68860-1.c -O2 -flto -fno-use-linker-plugin -flto-partition=none -DPREVENT_OPTIMIZATION line 16 arg7 == 30
FAIL: gcc.dg/guality/pr68860-1.c -O2 -flto -fuse-linker-plugin -fno-fat-lto-objects -DPREVENT_OPTIMIZATION line 14 arg1 == 1
FAIL: gcc.dg/guality/pr68860-1.c -O2 -flto -fuse-linker-plugin -fno-fat-lto-objects -DPREVENT_OPTIMIZATION line 14 arg2 == 2
FAIL: gcc.dg/guality/pr68860-1.c -O2 -flto -fuse-linker-plugin -fno-fat-lto-objects -DPREVENT_OPTIMIZATION line 14 arg3 == 3
FAIL: gcc.dg/guality/pr68860-1.c -O2 -flto -fuse-linker-plugin -fno-fat-lto-objects -DPREVENT_OPTIMIZATION line 14 arg4 == 4
FAIL: gcc.dg/guality/pr68860-1.c -O2 -flto -fuse-linker-plugin -fno-fat-lto-objects -DPREVENT_OPTIMIZATION line 14 arg5 == 5
FAIL: gcc.dg/guality/pr68860-1.c -O2 -flto -fuse-linker-plugin -fno-fat-lto-objects -DPREVENT_OPTIMIZATION line 14 arg6 == 6
FAIL: gcc.dg/guality/pr68860-1.c -O2 -flto -fuse-linker-plugin -fno-fat-lto-objects -DPREVENT_OPTIMIZATION line 14 arg7 == 30
FAIL: gcc.dg/guality/pr68860-1.c -O2 -flto -fuse-linker-plugin -fno-fat-lto-objects -DPREVENT_OPTIMIZATION line 16 arg1 == 1
FAIL: gcc.dg/guality/pr68860-1.c -O2 -flto -fuse-linker-plugin -fno-fat-lto-objects -DPREVENT_OPTIMIZATION line 16 arg2 == 2
FAIL: gcc.dg/guality/pr68860-1.c -O2 -flto -fuse-linker-plugin -fno-fat-lto-objects -DPREVENT_OPTIMIZATION line 16 arg3 == 3
FAIL: gcc.dg/guality/pr68860-1.c -O2 -flto -fuse-linker-plugin -fno-fat-lto-objects -DPREVENT_OPTIMIZATION line 16 arg4 == 4
FAIL: gcc.dg/guality/pr68860-1.c -O2 -flto -fuse-linker-plugin -fno-fat-lto-objects -DPREVENT_OPTIMIZATION line 16 arg5 == 5
FAIL: gcc.dg/guality/pr68860-1.c -O2 -flto -fuse-linker-plugin -fno-fat-lto-objects -DPREVENT_OPTIMIZATION line 16 arg6 == 6
FAIL: gcc.dg/guality/pr68860-1.c -O2 -flto -fuse-linker-plugin -fno-fat-lto-objects -DPREVENT_OPTIMIZATION line 16 arg7 == 30
FAIL: gcc.dg/guality/pr68860-2.c -O1 -DPREVENT_OPTIMIZATION line 14 arg1 == 1
FAIL: gcc.dg/guality/pr68860-2.c -O1 -DPREVENT_OPTIMIZATION line 14 arg7 == 30
FAIL: gcc.dg/guality/pr68860-2.c -O1 -DPREVENT_OPTIMIZATION line 16 arg1 == 1
FAIL: gcc.dg/guality/pr68860-2.c -O1 -DPREVENT_OPTIMIZATION line 16 arg7 == 30
FAIL: gcc.dg/guality/pr68860-2.c -O2 -DPREVENT_OPTIMIZATION line 14 arg1 == 1
FAIL: gcc.dg/guality/pr68860-2.c -O2 -DPREVENT_OPTIMIZATION line 14 arg7 == 30
FAIL: gcc.dg/guality/pr68860-2.c -O2 -DPREVENT_OPTIMIZATION line 16 arg1 == 1
FAIL: gcc.dg/guality/pr68860-2.c -O2 -DPREVENT_OPTIMIZATION line 16 arg7 == 30
FAIL: gcc.dg/guality/pr68860-2.c -O3 -g -DPREVENT_OPTIMIZATION line 14 arg1 == 1
FAIL: gcc.dg/guality/pr68860-2.c -O3 -g -DPREVENT_OPTIMIZATION line 14 arg2 == 2
FAIL: gcc.dg/guality/pr68860-2.c -O3 -g -DPREVENT_OPTIMIZATION line 14 arg3 == 3
FAIL: gcc.dg/guality/pr68860-2.c -O3 -g -DPREVENT_OPTIMIZATION line 14 arg4 == 4
FAIL: gcc.dg/guality/pr68860-2.c -O3 -g -DPREVENT_OPTIMIZATION line 14 arg5 == 5
FAIL: gcc.dg/guality/pr68860-2.c -O3 -g -DPREVENT_OPTIMIZATION line 14 arg6 == 6
FAIL: gcc.dg/guality/pr68860-2.c -O3 -g -DPREVENT_OPTIMIZATION line 14 arg7 == 30
FAIL: gcc.dg/guality/pr68860-2.c -O3 -g -DPREVENT_OPTIMIZATION line 16 arg1 == 1
FAIL: gcc.dg/guality/pr68860-2.c -O3 -g -DPREVENT_OPTIMIZATION line 16 arg2 == 2
FAIL: gcc.dg/guality/pr68860-2.c -O3 -g -DPREVENT_OPTIMIZATION line 16 arg3 == 3
FAIL: gcc.dg/guality/pr68860-2.c -O3 -g -DPREVENT_OPTIMIZATION line 16 arg4 == 4
FAIL: gcc.dg/guality/pr68860-2.c -O3 -g -DPREVENT_OPTIMIZATION line 16 arg5 == 5
FAIL: gcc.dg/guality/pr68860-2.c -O3 -g -DPREVENT_OPTIMIZATION line 16 arg6 == 6
FAIL: gcc.dg/guality/pr68860-2.c -O3 -g -DPREVENT_OPTIMIZATION line 16 arg7 == 30
FAIL: gcc.dg/guality/pr68860-2.c -Os -DPREVENT_OPTIMIZATION line 14 arg1 == 1
FAIL: gcc.dg/guality/pr68860-2.c -Os -DPREVENT_OPTIMIZATION line 14 arg7 == 30
FAIL: gcc.dg/guality/pr68860-2.c -Os -DPREVENT_OPTIMIZATION line 16 arg1 == 1
FAIL: gcc.dg/guality/pr68860-2.c -Os -DPREVENT_OPTIMIZATION line 16 arg7 == 30
FAIL: gcc.dg/guality/pr68860-2.c -O2 -flto -fno-use-linker-plugin -flto-partition=none -DPREVENT_OPTIMIZATION line 14 arg1 == 1
FAIL: gcc.dg/guality/pr68860-2.c -O2 -flto -fno-use-linker-plugin -flto-partition=none -DPREVENT_OPTIMIZATION line 14 arg7 == 30
FAIL: gcc.dg/guality/pr68860-2.c -O2 -flto -fno-use-linker-plugin -flto-partition=none -DPREVENT_OPTIMIZATION line 16 arg1 == 1
FAIL: gcc.dg/guality/pr68860-2.c -O2 -flto -fno-use-linker-plugin -flto-partition=none -DPREVENT_OPTIMIZATION line 16 arg7 == 30
FAIL: gcc.dg/guality/pr68860-2.c -O2 -flto -fuse-linker-plugin -fno-fat-lto-objects -DPREVENT_OPTIMIZATION line 14 arg1 == 1
FAIL: gcc.dg/guality/pr68860-2.c -O2 -flto -fuse-linker-plugin -fno-fat-lto-objects -DPREVENT_OPTIMIZATION line 14 arg2 == 2
FAIL: gcc.dg/guality/pr68860-2.c -O2 -flto -fuse-linker-plugin -fno-fat-lto-objects -DPREVENT_OPTIMIZATION line 14 arg3 == 3
FAIL: gcc.dg/guality/pr68860-2.c -O2 -flto -fuse-linker-plugin -fno-fat-lto-objects -DPREVENT_OPTIMIZATION line 14 arg4 == 4
FAIL: gcc.dg/guality/pr68860-2.c -O2 -flto -fuse-linker-plugin -fno-fat-lto-objects -DPREVENT_OPTIMIZATION line 14 arg5 == 5
FAIL: gcc.dg/guality/pr68860-2.c -O2 -flto -fuse-linker-plugin -fno-fat-lto-objects -DPREVENT_OPTIMIZATION line 14 arg6 == 6
FAIL: gcc.dg/guality/pr68860-2.c -O2 -flto -fuse-linker-plugin -fno-fat-lto-objects -DPREVENT_OPTIMIZATION line 14 arg7 == 30
FAIL: gcc.dg/guality/pr68860-2.c -O2 -flto -fuse-linker-plugin -fno-fat-lto-objects -DPREVENT_OPTIMIZATION line 16 arg1 == 1
FAIL: gcc.dg/guality/pr68860-2.c -O2 -flto -fuse-linker-plugin -fno-fat-lto-objects -DPREVENT_OPTIMIZATION line 16 arg2 == 2
FAIL: gcc.dg/guality/pr68860-2.c -O2 -flto -fuse-linker-plugin -fno-fat-lto-objects -DPREVENT_OPTIMIZATION line 16 arg3 == 3
FAIL: gcc.dg/guality/pr68860-2.c -O2 -flto -fuse-linker-plugin -fno-fat-lto-objects -DPREVENT_OPTIMIZATION line 16 arg4 == 4
FAIL: gcc.dg/guality/pr68860-2.c -O2 -flto -fuse-linker-plugin -fno-fat-lto-objects -DPREVENT_OPTIMIZATION line 16 arg5 == 5
FAIL: gcc.dg/guality/pr68860-2.c -O2 -flto -fuse-linker-plugin -fno-fat-lto-objects -DPREVENT_OPTIMIZATION line 16 arg6 == 6
FAIL: gcc.dg/guality/pr68860-2.c -O2 -flto -fuse-linker-plugin -fno-fat-lto-objects -DPREVENT_OPTIMIZATION line 16 arg7 == 30
FAIL: gcc.dg/guality/pr90074.c -O2 -flto -fuse-linker-plugin -fno-fat-lto-objects -DPREVENT_OPTIMIZATION line 28 i + 1 == 8
FAIL: gcc.dg/guality/pr90074.c -O2 -flto -fuse-linker-plugin -fno-fat-lto-objects -DPREVENT_OPTIMIZATION line 28 c + 1 == 2
FAIL: gcc.dg/guality/sra-1.c -O2 -DPREVENT_OPTIMIZATION line 43 a.i == 4
FAIL: gcc.dg/guality/sra-1.c -O3 -g -DPREVENT_OPTIMIZATION line 43 a.i == 4
FAIL: gcc.dg/guality/sra-1.c -Os -DPREVENT_OPTIMIZATION line 43 a.i == 4
FAIL: gcc.dg/guality/sra-1.c -Og -DPREVENT_OPTIMIZATION line 21 a.i == 4
FAIL: gcc.dg/guality/sra-1.c -Og -DPREVENT_OPTIMIZATION line 21 a.j == 14
FAIL: gcc.dg/guality/sra-1.c -Og -DPREVENT_OPTIMIZATION line 32 a[0] == 4
FAIL: gcc.dg/guality/sra-1.c -Og -DPREVENT_OPTIMIZATION line 32 a[1] == 14
FAIL: gcc.dg/guality/sra-1.c -Og -DPREVENT_OPTIMIZATION line 43 a.i == 4
FAIL: gcc.dg/guality/sra-1.c -Og -DPREVENT_OPTIMIZATION line 43 a.j == 14
FAIL: gcc.dg/guality/sra-1.c -O2 -flto -fno-use-linker-plugin -flto-partition=none -DPREVENT_OPTIMIZATION line 43 a.j == 14
FAIL: gcc.dg/guality/sra-1.c -O2 -flto -fuse-linker-plugin -fno-fat-lto-objects -DPREVENT_OPTIMIZATION line 43 a.i == 4
FAIL: gcc.dg/torture/float32-basic.c -O0 execution test
FAIL: gcc.dg/torture/float32-basic.c -O1 execution test
FAIL: gcc.dg/torture/float32-basic.c -O2 execution test
FAIL: gcc.dg/torture/float32-basic.c -O3 -g execution test
FAIL: gcc.dg/torture/float32-basic.c -Os execution test
FAIL: gcc.dg/torture/float32-basic.c -O2 -flto -fno-use-linker-plugin -flto-partition=none execution test
FAIL: gcc.dg/torture/float32-basic.c -O2 -flto -fuse-linker-plugin -fno-fat-lto-objects execution test
FAIL: gcc.dg/tree-ssa/pr84512.c scan-tree-dump optimized "return 285;"
FAIL: gcc.dg/tree-ssa/ssa-dom-cse-2.c scan-tree-dump optimized "return 28;"
FAIL: gcc.target/mips/branch-cost-2.c -Os scan-assembler \\t(movz|movn)\\t
FAIL: gcc.target/mips/branch-cost-2.c -Os scan-assembler-not \\t(bne|beq)\\t
XPASS: gcc.target/mips/dspr2-MULT.c -O2 scan-assembler \\\\\$ac1
XPASS: gcc.target/mips/dspr2-MULT.c -O3 -g scan-assembler \\\\\$ac1
XPASS: gcc.target/mips/dspr2-MULT.c -O2 -flto -fno-use-linker-plugin -flto-partition=none scan-assembler \\\\\$ac1
XPASS: gcc.target/mips/dspr2-MULT.c -O2 -flto -fuse-linker-plugin -fno-fat-lto-objects scan-assembler \\\\\$ac1
XPASS: gcc.target/mips/dspr2-MULTU.c -O2 scan-assembler \\\\\$ac1
XPASS: gcc.target/mips/dspr2-MULTU.c -O3 -g scan-assembler \\\\\$ac1
XPASS: gcc.target/mips/dspr2-MULTU.c -O2 -flto -fno-use-linker-plugin -flto-partition=none scan-assembler \\\\\$ac1
XPASS: gcc.target/mips/dspr2-MULTU.c -O2 -flto -fuse-linker-plugin -fno-fat-lto-objects scan-assembler \\\\\$ac1
FAIL: gcc.target/mips/fpr-moves-6.c -O1 scan-assembler \\tdmtc1\\t\\\\\$10,\\\\\$f0\\n
FAIL: gcc.target/mips/fpr-moves-6.c -O2 scan-assembler \\tdmtc1\\t\\\\\$10,\\\\\$f0\\n
FAIL: gcc.target/mips/fpr-moves-6.c -O3 -g scan-assembler \\tdmtc1\\t\\\\\$10,\\\\\$f0\\n
FAIL: gcc.target/mips/fpr-moves-6.c -Os scan-assembler \\tdmtc1\\t\\\\\$10,\\\\\$f0\\n
FAIL: gcc.target/mips/fpr-moves-6.c -O2 -flto -fno-use-linker-plugin -flto-partition=none scan-assembler \\tdmtc1\\t\\\\\$10,\\\\\$f0\\n
FAIL: gcc.target/mips/fpr-moves-6.c -O2 -flto -fuse-linker-plugin -fno-fat-lto-objects scan-assembler \\tdmtc1\\t\\\\\$10,\\\\\$f0\\n
FAIL: gcc.target/mips/insn-pseudo-1.c -O3 -g scan-assembler \\tbeqz\\t\\\\\$[0-9]+,(.L[0-9]+)\\n.*\\n\\\\1:\\n\\t\\\\.insn\\n(?:.L[0-9]+ = \\\\.\\n)?\\t\\\\.end\\tunreachable\\n
FAIL: gcc.target/mips/insn-pseudo-2.c -O3 -g scan-assembler \\tbeqz\\t\\\\\$[0-9]+,(.L[0-9]+)\\n.*\\n\\\\1:\\n\\t\\\\.insn\\n(?:.L[0-9]+ = \\\\.\\n)?\\t\\\\.end\\tunreachable\\n
FAIL: gcc.target/mips/insn-pseudo-3.c -O3 -g scan-assembler \\tbeqz\\t\\\\\$[0-9]+,(.L[0-9]+)\\n.*\\n\\\\1:\\n\\t\\\\.insn\\n(?:.L[0-9]+ = \\\\.\\n)?\\t\\\\.end\\tunreachable\\n
FAIL: gcc.target/mips/insn-pseudo-4.c -O0 scan-assembler \\tlw\\t(\\\\\$[0-9]+),(.L[0-9]+)\\n.*\\tbeqz\\t\\\\1,(.L[0-9]+)\\n.*\\n\\\\3:\\n\\t\\\\.insn\\n(?:.L[0-9]+ = \\\\.\\n)?\\t\\\\.type\\t__pool_unreachable_[0-9]+, @object\\n__pool_unreachable_[0-9]+:\\n\\t\\\\.align\\t2\\n\\\\2:\\n\\t\\\\.word\\t305419896\\n
FAIL: gcc.target/mips/insn-pseudo-4.c -O3 -g scan-assembler \\tlw\\t(\\\\\$[0-9]+),(.L[0-9]+)\\n.*\\tbeqz\\t\\\\1,(.L[0-9]+)\\n.*\\n\\\\3:\\n\\t\\\\.insn\\n(?:.L[0-9]+ = \\\\.\\n)?\\t\\\\.type\\t__pool_unreachable_[0-9]+, @object\\n__pool_unreachable_[0-9]+:\\n\\t\\\\.align\\t2\\n\\\\2:\\n\\t\\\\.word\\t305419896\\n
FAIL: gcc.target/mips/loongson-dctz.c -O0 scan-assembler dctz\\t
FAIL: gcc.target/mips/loongson-dctz.c -O1 scan-assembler dctz\\t
FAIL: gcc.target/mips/loongson-dctz.c -O2 scan-assembler dctz\\t
FAIL: gcc.target/mips/loongson-dctz.c -O3 -g scan-assembler dctz\\t
FAIL: gcc.target/mips/loongson-dctz.c -Os scan-assembler dctz\\t
FAIL: gcc.target/mips/loongson-dctz.c -O2 -flto -fno-use-linker-plugin -flto-partition=none scan-assembler dctz\\t
FAIL: gcc.target/mips/loongson-dctz.c -O2 -flto -fuse-linker-plugin -fno-fat-lto-objects scan-assembler dctz\\t
FAIL: gcc.target/mips/loongson-muldiv-1.c -O0 (test for excess errors)
UNRESOLVED: gcc.target/mips/loongson-muldiv-1.c -O0 scan-assembler-times \\tmultu.g\\t 2
UNRESOLVED: gcc.target/mips/loongson-muldiv-1.c -O0 scan-assembler-times \\tdivu.g\\t 1
UNRESOLVED: gcc.target/mips/loongson-muldiv-1.c -O0 scan-assembler-times \\tmodu.g\\t 1
UNRESOLVED: gcc.target/mips/loongson-muldiv-1.c -O0 scan-assembler-times \\tdiv.g\\t 1
UNRESOLVED: gcc.target/mips/loongson-muldiv-1.c -O0 scan-assembler-times \\tmod.g\\t 1
FAIL: gcc.target/mips/loongson-muldiv-1.c -O1 (test for excess errors)
UNRESOLVED: gcc.target/mips/loongson-muldiv-1.c -O1 scan-assembler-times \\tmultu.g\\t 2
UNRESOLVED: gcc.target/mips/loongson-muldiv-1.c -O1 scan-assembler-times \\tdivu.g\\t 1
UNRESOLVED: gcc.target/mips/loongson-muldiv-1.c -O1 scan-assembler-times \\tmodu.g\\t 1
UNRESOLVED: gcc.target/mips/loongson-muldiv-1.c -O1 scan-assembler-times \\tdiv.g\\t 1
UNRESOLVED: gcc.target/mips/loongson-muldiv-1.c -O1 scan-assembler-times \\tmod.g\\t 1
FAIL: gcc.target/mips/loongson-muldiv-1.c -O2 (test for excess errors)
UNRESOLVED: gcc.target/mips/loongson-muldiv-1.c -O2 scan-assembler-times \\tmultu.g\\t 2
UNRESOLVED: gcc.target/mips/loongson-muldiv-1.c -O2 scan-assembler-times \\tdivu.g\\t 1
UNRESOLVED: gcc.target/mips/loongson-muldiv-1.c -O2 scan-assembler-times \\tmodu.g\\t 1
UNRESOLVED: gcc.target/mips/loongson-muldiv-1.c -O2 scan-assembler-times \\tdiv.g\\t 1
UNRESOLVED: gcc.target/mips/loongson-muldiv-1.c -O2 scan-assembler-times \\tmod.g\\t 1
FAIL: gcc.target/mips/loongson-muldiv-1.c -O3 -g (test for excess errors)
UNRESOLVED: gcc.target/mips/loongson-muldiv-1.c -O3 -g scan-assembler-times \\tmultu.g\\t 2
UNRESOLVED: gcc.target/mips/loongson-muldiv-1.c -O3 -g scan-assembler-times \\tdivu.g\\t 1
UNRESOLVED: gcc.target/mips/loongson-muldiv-1.c -O3 -g scan-assembler-times \\tmodu.g\\t 1
UNRESOLVED: gcc.target/mips/loongson-muldiv-1.c -O3 -g scan-assembler-times \\tdiv.g\\t 1
UNRESOLVED: gcc.target/mips/loongson-muldiv-1.c -O3 -g scan-assembler-times \\tmod.g\\t 1
FAIL: gcc.target/mips/loongson-muldiv-1.c -Os (test for excess errors)
UNRESOLVED: gcc.target/mips/loongson-muldiv-1.c -Os scan-assembler-times \\tmultu.g\\t 2
UNRESOLVED: gcc.target/mips/loongson-muldiv-1.c -Os scan-assembler-times \\tdivu.g\\t 1
UNRESOLVED: gcc.target/mips/loongson-muldiv-1.c -Os scan-assembler-times \\tmodu.g\\t 1
UNRESOLVED: gcc.target/mips/loongson-muldiv-1.c -Os scan-assembler-times \\tdiv.g\\t 1
UNRESOLVED: gcc.target/mips/loongson-muldiv-1.c -Os scan-assembler-times \\tmod.g\\t 1
FAIL: gcc.target/mips/loongson-muldiv-1.c -O2 -flto -fno-use-linker-plugin -flto-partition=none (test for excess errors)
UNRESOLVED: gcc.target/mips/loongson-muldiv-1.c -O2 -flto -fno-use-linker-plugin -flto-partition=none scan-assembler-times \\tmultu.g\\t 2
UNRESOLVED: gcc.target/mips/loongson-muldiv-1.c -O2 -flto -fno-use-linker-plugin -flto-partition=none scan-assembler-times \\tdivu.g\\t 1
UNRESOLVED: gcc.target/mips/loongson-muldiv-1.c -O2 -flto -fno-use-linker-plugin -flto-partition=none scan-assembler-times \\tmodu.g\\t 1
UNRESOLVED: gcc.target/mips/loongson-muldiv-1.c -O2 -flto -fno-use-linker-plugin -flto-partition=none scan-assembler-times \\tdiv.g\\t 1
UNRESOLVED: gcc.target/mips/loongson-muldiv-1.c -O2 -flto -fno-use-linker-plugin -flto-partition=none scan-assembler-times \\tmod.g\\t 1
FAIL: gcc.target/mips/loongson-muldiv-1.c -O2 -flto -fuse-linker-plugin -fno-fat-lto-objects (test for excess errors)
UNRESOLVED: gcc.target/mips/loongson-muldiv-1.c -O2 -flto -fuse-linker-plugin -fno-fat-lto-objects scan-assembler-times \\tmultu.g\\t 2
UNRESOLVED: gcc.target/mips/loongson-muldiv-1.c -O2 -flto -fuse-linker-plugin -fno-fat-lto-objects scan-assembler-times \\tdivu.g\\t 1
UNRESOLVED: gcc.target/mips/loongson-muldiv-1.c -O2 -flto -fuse-linker-plugin -fno-fat-lto-objects scan-assembler-times \\tmodu.g\\t 1
UNRESOLVED: gcc.target/mips/loongson-muldiv-1.c -O2 -flto -fuse-linker-plugin -fno-fat-lto-objects scan-assembler-times \\tdiv.g\\t 1
UNRESOLVED: gcc.target/mips/loongson-muldiv-1.c -O2 -flto -fuse-linker-plugin -fno-fat-lto-objects scan-assembler-times \\tmod.g\\t 1
FAIL: gcc.target/mips/loongson-muldiv-2.c -O0 (test for excess errors)
UNRESOLVED: gcc.target/mips/loongson-muldiv-2.c -O0 scan-assembler-times \\tdmultu.g\\t 2
UNRESOLVED: gcc.target/mips/loongson-muldiv-2.c -O0 scan-assembler-times \\tddivu.g\\t 1
UNRESOLVED: gcc.target/mips/loongson-muldiv-2.c -O0 scan-assembler-times \\tdmodu.g\\t 1
UNRESOLVED: gcc.target/mips/loongson-muldiv-2.c -O0 scan-assembler-times \\tddiv.g\\t 1
UNRESOLVED: gcc.target/mips/loongson-muldiv-2.c -O0 scan-assembler-times \\tdmod.g\\t 1
FAIL: gcc.target/mips/loongson-muldiv-2.c -O1 (test for excess errors)
UNRESOLVED: gcc.target/mips/loongson-muldiv-2.c -O1 scan-assembler-times \\tdmultu.g\\t 2
UNRESOLVED: gcc.target/mips/loongson-muldiv-2.c -O1 scan-assembler-times \\tddivu.g\\t 1
UNRESOLVED: gcc.target/mips/loongson-muldiv-2.c -O1 scan-assembler-times \\tdmodu.g\\t 1
UNRESOLVED: gcc.target/mips/loongson-muldiv-2.c -O1 scan-assembler-times \\tddiv.g\\t 1
UNRESOLVED: gcc.target/mips/loongson-muldiv-2.c -O1 scan-assembler-times \\tdmod.g\\t 1
FAIL: gcc.target/mips/loongson-muldiv-2.c -O2 (test for excess errors)
UNRESOLVED: gcc.target/mips/loongson-muldiv-2.c -O2 scan-assembler-times \\tdmultu.g\\t 2
UNRESOLVED: gcc.target/mips/loongson-muldiv-2.c -O2 scan-assembler-times \\tddivu.g\\t 1
UNRESOLVED: gcc.target/mips/loongson-muldiv-2.c -O2 scan-assembler-times \\tdmodu.g\\t 1
UNRESOLVED: gcc.target/mips/loongson-muldiv-2.c -O2 scan-assembler-times \\tddiv.g\\t 1
UNRESOLVED: gcc.target/mips/loongson-muldiv-2.c -O2 scan-assembler-times \\tdmod.g\\t 1
FAIL: gcc.target/mips/loongson-muldiv-2.c -O3 -g (test for excess errors)
UNRESOLVED: gcc.target/mips/loongson-muldiv-2.c -O3 -g scan-assembler-times \\tdmultu.g\\t 2
UNRESOLVED: gcc.target/mips/loongson-muldiv-2.c -O3 -g scan-assembler-times \\tddivu.g\\t 1
UNRESOLVED: gcc.target/mips/loongson-muldiv-2.c -O3 -g scan-assembler-times \\tdmodu.g\\t 1
UNRESOLVED: gcc.target/mips/loongson-muldiv-2.c -O3 -g scan-assembler-times \\tddiv.g\\t 1
UNRESOLVED: gcc.target/mips/loongson-muldiv-2.c -O3 -g scan-assembler-times \\tdmod.g\\t 1
FAIL: gcc.target/mips/loongson-muldiv-2.c -Os (test for excess errors)
UNRESOLVED: gcc.target/mips/loongson-muldiv-2.c -Os scan-assembler-times \\tdmultu.g\\t 2
UNRESOLVED: gcc.target/mips/loongson-muldiv-2.c -Os scan-assembler-times \\tddivu.g\\t 1
UNRESOLVED: gcc.target/mips/loongson-muldiv-2.c -Os scan-assembler-times \\tdmodu.g\\t 1
UNRESOLVED: gcc.target/mips/loongson-muldiv-2.c -Os scan-assembler-times \\tddiv.g\\t 1
UNRESOLVED: gcc.target/mips/loongson-muldiv-2.c -Os scan-assembler-times \\tdmod.g\\t 1
FAIL: gcc.target/mips/loongson-muldiv-2.c -O2 -flto -fno-use-linker-plugin -flto-partition=none (test for excess errors)
UNRESOLVED: gcc.target/mips/loongson-muldiv-2.c -O2 -flto -fno-use-linker-plugin -flto-partition=none scan-assembler-times \\tdmultu.g\\t 2
UNRESOLVED: gcc.target/mips/loongson-muldiv-2.c -O2 -flto -fno-use-linker-plugin -flto-partition=none scan-assembler-times \\tddivu.g\\t 1
UNRESOLVED: gcc.target/mips/loongson-muldiv-2.c -O2 -flto -fno-use-linker-plugin -flto-partition=none scan-assembler-times \\tdmodu.g\\t 1
UNRESOLVED: gcc.target/mips/loongson-muldiv-2.c -O2 -flto -fno-use-linker-plugin -flto-partition=none scan-assembler-times \\tddiv.g\\t 1
UNRESOLVED: gcc.target/mips/loongson-muldiv-2.c -O2 -flto -fno-use-linker-plugin -flto-partition=none scan-assembler-times \\tdmod.g\\t 1
FAIL: gcc.target/mips/loongson-muldiv-2.c -O2 -flto -fuse-linker-plugin -fno-fat-lto-objects (test for excess errors)
UNRESOLVED: gcc.target/mips/loongson-muldiv-2.c -O2 -flto -fuse-linker-plugin -fno-fat-lto-objects scan-assembler-times \\tdmultu.g\\t 2
UNRESOLVED: gcc.target/mips/loongson-muldiv-2.c -O2 -flto -fuse-linker-plugin -fno-fat-lto-objects scan-assembler-times \\tddivu.g\\t 1
UNRESOLVED: gcc.target/mips/loongson-muldiv-2.c -O2 -flto -fuse-linker-plugin -fno-fat-lto-objects scan-assembler-times \\tdmodu.g\\t 1
UNRESOLVED: gcc.target/mips/loongson-muldiv-2.c -O2 -flto -fuse-linker-plugin -fno-fat-lto-objects scan-assembler-times \\tddiv.g\\t 1
UNRESOLVED: gcc.target/mips/loongson-muldiv-2.c -O2 -flto -fuse-linker-plugin -fno-fat-lto-objects scan-assembler-times \\tdmod.g\\t 1
FAIL: gcc.target/mips/loongson3a-muldiv-1.c -O0 (test for excess errors)
UNRESOLVED: gcc.target/mips/loongson3a-muldiv-1.c -O0 scan-assembler-times \\tgsmultu\\t 2
UNRESOLVED: gcc.target/mips/loongson3a-muldiv-1.c -O0 scan-assembler-times \\tgsdivu\\t 1
UNRESOLVED: gcc.target/mips/loongson3a-muldiv-1.c -O0 scan-assembler-times \\tgsmodu\\t 1
UNRESOLVED: gcc.target/mips/loongson3a-muldiv-1.c -O0 scan-assembler-times \\tgsdiv\\t 1
UNRESOLVED: gcc.target/mips/loongson3a-muldiv-1.c -O0 scan-assembler-times \\tgsmod\\t 1
FAIL: gcc.target/mips/loongson3a-muldiv-1.c -O1 (test for excess errors)
UNRESOLVED: gcc.target/mips/loongson3a-muldiv-1.c -O1 scan-assembler-times \\tgsmultu\\t 2
UNRESOLVED: gcc.target/mips/loongson3a-muldiv-1.c -O1 scan-assembler-times \\tgsdivu\\t 1
UNRESOLVED: gcc.target/mips/loongson3a-muldiv-1.c -O1 scan-assembler-times \\tgsmodu\\t 1
UNRESOLVED: gcc.target/mips/loongson3a-muldiv-1.c -O1 scan-assembler-times \\tgsdiv\\t 1
UNRESOLVED: gcc.target/mips/loongson3a-muldiv-1.c -O1 scan-assembler-times \\tgsmod\\t 1
FAIL: gcc.target/mips/loongson3a-muldiv-1.c -O2 (test for excess errors)
UNRESOLVED: gcc.target/mips/loongson3a-muldiv-1.c -O2 scan-assembler-times \\tgsmultu\\t 2
UNRESOLVED: gcc.target/mips/loongson3a-muldiv-1.c -O2 scan-assembler-times \\tgsdivu\\t 1
UNRESOLVED: gcc.target/mips/loongson3a-muldiv-1.c -O2 scan-assembler-times \\tgsmodu\\t 1
UNRESOLVED: gcc.target/mips/loongson3a-muldiv-1.c -O2 scan-assembler-times \\tgsdiv\\t 1
UNRESOLVED: gcc.target/mips/loongson3a-muldiv-1.c -O2 scan-assembler-times \\tgsmod\\t 1
FAIL: gcc.target/mips/loongson3a-muldiv-1.c -O3 -g (test for excess errors)
UNRESOLVED: gcc.target/mips/loongson3a-muldiv-1.c -O3 -g scan-assembler-times \\tgsmultu\\t 2
UNRESOLVED: gcc.target/mips/loongson3a-muldiv-1.c -O3 -g scan-assembler-times \\tgsdivu\\t 1
UNRESOLVED: gcc.target/mips/loongson3a-muldiv-1.c -O3 -g scan-assembler-times \\tgsmodu\\t 1
UNRESOLVED: gcc.target/mips/loongson3a-muldiv-1.c -O3 -g scan-assembler-times \\tgsdiv\\t 1
UNRESOLVED: gcc.target/mips/loongson3a-muldiv-1.c -O3 -g scan-assembler-times \\tgsmod\\t 1
FAIL: gcc.target/mips/loongson3a-muldiv-1.c -Os (test for excess errors)
UNRESOLVED: gcc.target/mips/loongson3a-muldiv-1.c -Os scan-assembler-times \\tgsmultu\\t 2
UNRESOLVED: gcc.target/mips/loongson3a-muldiv-1.c -Os scan-assembler-times \\tgsdivu\\t 1
UNRESOLVED: gcc.target/mips/loongson3a-muldiv-1.c -Os scan-assembler-times \\tgsmodu\\t 1
UNRESOLVED: gcc.target/mips/loongson3a-muldiv-1.c -Os scan-assembler-times \\tgsdiv\\t 1
UNRESOLVED: gcc.target/mips/loongson3a-muldiv-1.c -Os scan-assembler-times \\tgsmod\\t 1
FAIL: gcc.target/mips/loongson3a-muldiv-1.c -O2 -flto -fno-use-linker-plugin -flto-partition=none (test for excess errors)
UNRESOLVED: gcc.target/mips/loongson3a-muldiv-1.c -O2 -flto -fno-use-linker-plugin -flto-partition=none scan-assembler-times \\tgsmultu\\t 2
UNRESOLVED: gcc.target/mips/loongson3a-muldiv-1.c -O2 -flto -fno-use-linker-plugin -flto-partition=none scan-assembler-times \\tgsdivu\\t 1
UNRESOLVED: gcc.target/mips/loongson3a-muldiv-1.c -O2 -flto -fno-use-linker-plugin -flto-partition=none scan-assembler-times \\tgsmodu\\t 1
UNRESOLVED: gcc.target/mips/loongson3a-muldiv-1.c -O2 -flto -fno-use-linker-plugin -flto-partition=none scan-assembler-times \\tgsdiv\\t 1
UNRESOLVED: gcc.target/mips/loongson3a-muldiv-1.c -O2 -flto -fno-use-linker-plugin -flto-partition=none scan-assembler-times \\tgsmod\\t 1
FAIL: gcc.target/mips/loongson3a-muldiv-1.c -O2 -flto -fuse-linker-plugin -fno-fat-lto-objects (test for excess errors)
UNRESOLVED: gcc.target/mips/loongson3a-muldiv-1.c -O2 -flto -fuse-linker-plugin -fno-fat-lto-objects scan-assembler-times \\tgsmultu\\t 2
UNRESOLVED: gcc.target/mips/loongson3a-muldiv-1.c -O2 -flto -fuse-linker-plugin -fno-fat-lto-objects scan-assembler-times \\tgsdivu\\t 1
UNRESOLVED: gcc.target/mips/loongson3a-muldiv-1.c -O2 -flto -fuse-linker-plugin -fno-fat-lto-objects scan-assembler-times \\tgsmodu\\t 1
UNRESOLVED: gcc.target/mips/loongson3a-muldiv-1.c -O2 -flto -fuse-linker-plugin -fno-fat-lto-objects scan-assembler-times \\tgsdiv\\t 1
UNRESOLVED: gcc.target/mips/loongson3a-muldiv-1.c -O2 -flto -fuse-linker-plugin -fno-fat-lto-objects scan-assembler-times \\tgsmod\\t 1
FAIL: gcc.target/mips/loongson3a-muldiv-2.c -O0 (test for excess errors)
UNRESOLVED: gcc.target/mips/loongson3a-muldiv-2.c -O0 scan-assembler-times \\tgsdmultu\\t 2
UNRESOLVED: gcc.target/mips/loongson3a-muldiv-2.c -O0 scan-assembler-times \\tgsddivu\\t 1
UNRESOLVED: gcc.target/mips/loongson3a-muldiv-2.c -O0 scan-assembler-times \\tgsdmodu\\t 1
UNRESOLVED: gcc.target/mips/loongson3a-muldiv-2.c -O0 scan-assembler-times \\tgsddiv\\t 1
UNRESOLVED: gcc.target/mips/loongson3a-muldiv-2.c -O0 scan-assembler-times \\tgsdmod\\t 1
FAIL: gcc.target/mips/loongson3a-muldiv-2.c -O1 (test for excess errors)
UNRESOLVED: gcc.target/mips/loongson3a-muldiv-2.c -O1 scan-assembler-times \\tgsdmultu\\t 2
UNRESOLVED: gcc.target/mips/loongson3a-muldiv-2.c -O1 scan-assembler-times \\tgsddivu\\t 1
UNRESOLVED: gcc.target/mips/loongson3a-muldiv-2.c -O1 scan-assembler-times \\tgsdmodu\\t 1
UNRESOLVED: gcc.target/mips/loongson3a-muldiv-2.c -O1 scan-assembler-times \\tgsddiv\\t 1
UNRESOLVED: gcc.target/mips/loongson3a-muldiv-2.c -O1 scan-assembler-times \\tgsdmod\\t 1
FAIL: gcc.target/mips/loongson3a-muldiv-2.c -O2 (test for excess errors)
UNRESOLVED: gcc.target/mips/loongson3a-muldiv-2.c -O2 scan-assembler-times \\tgsdmultu\\t 2
UNRESOLVED: gcc.target/mips/loongson3a-muldiv-2.c -O2 scan-assembler-times \\tgsddivu\\t 1
UNRESOLVED: gcc.target/mips/loongson3a-muldiv-2.c -O2 scan-assembler-times \\tgsdmodu\\t 1
UNRESOLVED: gcc.target/mips/loongson3a-muldiv-2.c -O2 scan-assembler-times \\tgsddiv\\t 1
UNRESOLVED: gcc.target/mips/loongson3a-muldiv-2.c -O2 scan-assembler-times \\tgsdmod\\t 1
FAIL: gcc.target/mips/loongson3a-muldiv-2.c -O3 -g (test for excess errors)
UNRESOLVED: gcc.target/mips/loongson3a-muldiv-2.c -O3 -g scan-assembler-times \\tgsdmultu\\t 2
UNRESOLVED: gcc.target/mips/loongson3a-muldiv-2.c -O3 -g scan-assembler-times \\tgsddivu\\t 1
UNRESOLVED: gcc.target/mips/loongson3a-muldiv-2.c -O3 -g scan-assembler-times \\tgsdmodu\\t 1
UNRESOLVED: gcc.target/mips/loongson3a-muldiv-2.c -O3 -g scan-assembler-times \\tgsddiv\\t 1
UNRESOLVED: gcc.target/mips/loongson3a-muldiv-2.c -O3 -g scan-assembler-times \\tgsdmod\\t 1
FAIL: gcc.target/mips/loongson3a-muldiv-2.c -Os (test for excess errors)
UNRESOLVED: gcc.target/mips/loongson3a-muldiv-2.c -Os scan-assembler-times \\tgsdmultu\\t 2
UNRESOLVED: gcc.target/mips/loongson3a-muldiv-2.c -Os scan-assembler-times \\tgsddivu\\t 1
UNRESOLVED: gcc.target/mips/loongson3a-muldiv-2.c -Os scan-assembler-times \\tgsdmodu\\t 1
UNRESOLVED: gcc.target/mips/loongson3a-muldiv-2.c -Os scan-assembler-times \\tgsddiv\\t 1
UNRESOLVED: gcc.target/mips/loongson3a-muldiv-2.c -Os scan-assembler-times \\tgsdmod\\t 1
FAIL: gcc.target/mips/loongson3a-muldiv-2.c -O2 -flto -fno-use-linker-plugin -flto-partition=none (test for excess errors)
UNRESOLVED: gcc.target/mips/loongson3a-muldiv-2.c -O2 -flto -fno-use-linker-plugin -flto-partition=none scan-assembler-times \\tgsdmultu\\t 2
UNRESOLVED: gcc.target/mips/loongson3a-muldiv-2.c -O2 -flto -fno-use-linker-plugin -flto-partition=none scan-assembler-times \\tgsddivu\\t 1
UNRESOLVED: gcc.target/mips/loongson3a-muldiv-2.c -O2 -flto -fno-use-linker-plugin -flto-partition=none scan-assembler-times \\tgsdmodu\\t 1
UNRESOLVED: gcc.target/mips/loongson3a-muldiv-2.c -O2 -flto -fno-use-linker-plugin -flto-partition=none scan-assembler-times \\tgsddiv\\t 1
UNRESOLVED: gcc.target/mips/loongson3a-muldiv-2.c -O2 -flto -fno-use-linker-plugin -flto-partition=none scan-assembler-times \\tgsdmod\\t 1
FAIL: gcc.target/mips/loongson3a-muldiv-2.c -O2 -flto -fuse-linker-plugin -fno-fat-lto-objects (test for excess errors)
UNRESOLVED: gcc.target/mips/loongson3a-muldiv-2.c -O2 -flto -fuse-linker-plugin -fno-fat-lto-objects scan-assembler-times \\tgsdmultu\\t 2
UNRESOLVED: gcc.target/mips/loongson3a-muldiv-2.c -O2 -flto -fuse-linker-plugin -fno-fat-lto-objects scan-assembler-times \\tgsddivu\\t 1
UNRESOLVED: gcc.target/mips/loongson3a-muldiv-2.c -O2 -flto -fuse-linker-plugin -fno-fat-lto-objects scan-assembler-times \\tgsdmodu\\t 1
UNRESOLVED: gcc.target/mips/loongson3a-muldiv-2.c -O2 -flto -fuse-linker-plugin -fno-fat-lto-objects scan-assembler-times \\tgsddiv\\t 1
UNRESOLVED: gcc.target/mips/loongson3a-muldiv-2.c -O2 -flto -fuse-linker-plugin -fno-fat-lto-objects scan-assembler-times \\tgsdmod\\t 1
FAIL: gcc.target/mips/lxc1-sxc1-2.c -O1 scan-assembler \\tldxc1\\t
FAIL: gcc.target/mips/lxc1-sxc1-2.c -O2 scan-assembler \\tldxc1\\t
FAIL: gcc.target/mips/lxc1-sxc1-2.c -O3 -fomit-frame-pointer -funroll-loops -fpeel-loops -ftracer -finline-functions scan-assembler \\tldxc1\\t
FAIL: gcc.target/mips/lxc1-sxc1-2.c -O3 -g scan-assembler \\tldxc1\\t
FAIL: gcc.target/mips/lxc1-sxc1-2.c -Os scan-assembler \\tldxc1\\t
FAIL: gcc.target/mips/lxc1-sxc1-2.c -O2 -flto -fno-use-linker-plugin -flto-partition=none scan-assembler \\tldxc1\\t
FAIL: gcc.target/mips/lxc1-sxc1-2.c -O2 -flto -fuse-linker-plugin -fno-fat-lto-objects scan-assembler \\tldxc1\\t
FAIL: gcc.target/mips/pr54240.c -O2 scan-tree-dump phiopt1 "Hoisting adjacent loads"
FAIL: gcc.target/mips/pr54240.c -O3 -g scan-tree-dump phiopt1 "Hoisting adjacent loads"
FAIL: gcc.target/mips/pr54240.c -Os scan-tree-dump phiopt1 "Hoisting adjacent loads"
FAIL: gcc.target/mips/pr54240.c -O2 -flto -fno-use-linker-plugin -flto-partition=none scan-tree-dump phiopt1 "Hoisting adjacent loads"
FAIL: gcc.target/mips/pr54240.c -O2 -flto -fuse-linker-plugin -fno-fat-lto-objects scan-tree-dump phiopt1 "Hoisting adjacent loads"
FAIL: gcc.target/mips/save-restore-3.c -O0 scan-assembler \\tsave\\t\\\\\$4-\\\\\$6,
=== gcc Summary ===
# of expected passes 129487
# of unexpected failures 461
# of unexpected successes 32
# of expected failures 515
# of unresolved testcases 140
# of unsupported tests 2727
/home/aakoskin/gcctest/build/gcc/xgcc version 9.2.0 (GCC)
=== libatomic tests ===
Running target unix
=== libatomic Summary ===
# of expected passes 54
=== libgomp tests ===
Running target unix
FAIL: libgomp.c/omp-loop03.c execution test
FAIL: libgomp.c++/loop-3.C execution test
=== libgomp Summary ===
# of expected passes 2300
# of unexpected failures 2
# of expected failures 2
# of unsupported tests 217
=== libstdc++ tests ===
Running target unix
FAIL: libstdc++-abi/abi_check
FAIL: libstdc++-prettyprinters/80276.cc whatis p4
FAIL: libstdc++-prettyprinters/80276.cc whatis p4
=== libstdc++ Summary ===
# of expected passes 12813
# of unexpected failures 3
# of expected failures 78
# of unsupported tests 680
Compiler version: 9.2.0 (GCC)
Platform: mips64-unknown-linux-gnu
configure flags: --with-arch=octeon+ --with-abi=n32 --enable-targets=all --with-float=soft --disable-nls --enable-checking=release --enable-languages=c,c++ --with-system-zlib --with-sysroot=/
More information about the Gcc-testresults
mailing list