testing results
Jorge D'Elia
jdelia@intec.unl.edu.ar
Thu Aug 1 10:11:00 GMT 2019
cat: testing: No such file or directory
cat: results: No such file or directory
cat <<'EOF' |
=== acats tests ===
=== acats Summary ===
# of expected passes 2320
# of unexpected failures 0
Native configuration is x86_64-pc-linux-gnu
=== gcc tests ===
Running target unix
XPASS: gcc.dg/graphite/scop-21.c scan-tree-dump-times graphite "number of SCoPs: 1" 1
FAIL: gcc.dg/graphite/interchange-3.c scan-tree-dump graphite "tiled"
FAIL: gcc.dg/graphite/interchange-7.c scan-tree-dump graphite "tiled"
FAIL: gcc.dg/graphite/interchange-9.c scan-tree-dump graphite "tiled"
FAIL: gcc.dg/graphite/uns-interchange-9.c scan-tree-dump graphite "tiled"
XPASS: gcc.dg/guality/example.c -O0 execution test
XPASS: gcc.dg/guality/example.c -O1 -DPREVENT_OPTIMIZATION execution test
XPASS: gcc.dg/guality/example.c -O2 -DPREVENT_OPTIMIZATION execution test
XPASS: gcc.dg/guality/example.c -Og -DPREVENT_OPTIMIZATION execution test
XPASS: gcc.dg/guality/example.c -O2 -flto -fno-use-linker-plugin -flto-partition=none -DPREVENT_OPTIMIZATION execution test
XPASS: gcc.dg/guality/guality.c -O0 execution test
XPASS: gcc.dg/guality/guality.c -O1 -DPREVENT_OPTIMIZATION execution test
XPASS: gcc.dg/guality/guality.c -O2 -DPREVENT_OPTIMIZATION execution test
XPASS: gcc.dg/guality/guality.c -O3 -g -DPREVENT_OPTIMIZATION execution test
XPASS: gcc.dg/guality/guality.c -Os -DPREVENT_OPTIMIZATION execution test
XPASS: gcc.dg/guality/guality.c -Og -DPREVENT_OPTIMIZATION execution test
XPASS: gcc.dg/guality/guality.c -O2 -flto -fno-use-linker-plugin -flto-partition=none -DPREVENT_OPTIMIZATION execution test
XPASS: gcc.dg/guality/guality.c -O2 -flto -fuse-linker-plugin -fno-fat-lto-objects -DPREVENT_OPTIMIZATION execution test
XPASS: gcc.dg/guality/inline-params.c -O2 -DPREVENT_OPTIMIZATION execution test
XPASS: gcc.dg/guality/inline-params.c -O3 -g -DPREVENT_OPTIMIZATION execution test
XPASS: gcc.dg/guality/inline-params.c -Os -DPREVENT_OPTIMIZATION execution test
XPASS: gcc.dg/guality/inline-params.c -O2 -flto -fno-use-linker-plugin -flto-partition=none -DPREVENT_OPTIMIZATION execution test
XPASS: gcc.dg/guality/inline-params.c -O2 -flto -fuse-linker-plugin -fno-fat-lto-objects -DPREVENT_OPTIMIZATION execution test
FAIL: gcc.dg/guality/loop-1.c -O3 -fomit-frame-pointer -funroll-loops -fpeel-loops -ftracer -finline-functions -DPREVENT_OPTIMIZATION line 20 i == 1
XPASS: gcc.dg/guality/pr41353-1.c -O0 line 28 j == 28 + 37
XPASS: gcc.dg/guality/pr41353-1.c -Og -DPREVENT_OPTIMIZATION line 28 j == 28 + 37
FAIL: gcc.dg/guality/pr41616-1.c -O2 -DPREVENT_OPTIMIZATION execution test
FAIL: gcc.dg/guality/pr41616-1.c -O3 -g -DPREVENT_OPTIMIZATION execution test
FAIL: gcc.dg/guality/pr41616-1.c -O2 -flto -fno-use-linker-plugin -flto-partition=none -DPREVENT_OPTIMIZATION execution test
FAIL: gcc.dg/guality/pr54519-1.c -O2 -flto -fno-use-linker-plugin -flto-partition=none -DPREVENT_OPTIMIZATION line 20 y == 25
FAIL: gcc.dg/guality/pr54519-1.c -O2 -flto -fno-use-linker-plugin -flto-partition=none -DPREVENT_OPTIMIZATION line 20 z == 6
FAIL: gcc.dg/guality/pr54519-1.c -O2 -flto -fno-use-linker-plugin -flto-partition=none -DPREVENT_OPTIMIZATION line 23 y == 117
FAIL: gcc.dg/guality/pr54519-1.c -O2 -flto -fno-use-linker-plugin -flto-partition=none -DPREVENT_OPTIMIZATION line 23 z == 8
FAIL: gcc.dg/guality/pr54519-2.c -O2 -flto -fno-use-linker-plugin -flto-partition=none -DPREVENT_OPTIMIZATION line 17 y == 25
FAIL: gcc.dg/guality/pr54519-2.c -O2 -flto -fuse-linker-plugin -fno-fat-lto-objects -DPREVENT_OPTIMIZATION line 17 y == 25
FAIL: gcc.dg/guality/pr54519-3.c -O2 -flto -fno-use-linker-plugin -flto-partition=none -DPREVENT_OPTIMIZATION line 23 y == 117
FAIL: gcc.dg/guality/pr54519-3.c -O2 -flto -fno-use-linker-plugin -flto-partition=none -DPREVENT_OPTIMIZATION line 23 z == 8
FAIL: gcc.dg/guality/pr54519-3.c -O2 -flto -fuse-linker-plugin -fno-fat-lto-objects -DPREVENT_OPTIMIZATION line 23 y == 117
FAIL: gcc.dg/guality/pr54519-3.c -O2 -flto -fuse-linker-plugin -fno-fat-lto-objects -DPREVENT_OPTIMIZATION line 23 z == 8
FAIL: gcc.dg/guality/pr54519-4.c -O2 -flto -fno-use-linker-plugin -flto-partition=none -DPREVENT_OPTIMIZATION line 17 y == 25
FAIL: gcc.dg/guality/pr54519-4.c -O2 -flto -fuse-linker-plugin -fno-fat-lto-objects -DPREVENT_OPTIMIZATION line 17 y == 25
FAIL: gcc.dg/guality/pr54519-5.c -O2 -flto -fno-use-linker-plugin -flto-partition=none -DPREVENT_OPTIMIZATION line 17 y == 25
FAIL: gcc.dg/guality/pr54519-5.c -O2 -flto -fuse-linker-plugin -fno-fat-lto-objects -DPREVENT_OPTIMIZATION line 17 y == 25
XPASS: gcc.dg/guality/pr54970.c -O0 line 15 a[0] == 1
XPASS: gcc.dg/guality/pr54970.c -O0 line 20 a[0] == 1
XPASS: gcc.dg/guality/pr54970.c -O0 line 25 a[0] == 1
XPASS: gcc.dg/guality/pr54970.c -O0 line 31 a[0] == 4
XPASS: gcc.dg/guality/pr54970.c -O0 line 36 a[0] == 4
XPASS: gcc.dg/guality/pr54970.c -O0 line 45 a[0] == 4
XPASS: gcc.dg/guality/pr54970.c -O0 line 45 p[-2] == 4
XPASS: gcc.dg/guality/pr54970.c -O0 line 45 q[-1] == 4
XPASS: gcc.dg/guality/pr54970.c -Og -DPREVENT_OPTIMIZATION line 15 a[0] == 1
XPASS: gcc.dg/guality/pr54970.c -Og -DPREVENT_OPTIMIZATION line 20 a[0] == 1
XPASS: gcc.dg/guality/pr54970.c -Og -DPREVENT_OPTIMIZATION line 25 a[0] == 1
XPASS: gcc.dg/guality/pr54970.c -Og -DPREVENT_OPTIMIZATION line 31 a[0] == 4
XPASS: gcc.dg/guality/pr54970.c -Og -DPREVENT_OPTIMIZATION line 36 a[0] == 4
XPASS: gcc.dg/guality/pr54970.c -Og -DPREVENT_OPTIMIZATION line 45 a[0] == 4
XPASS: gcc.dg/guality/pr54970.c -Og -DPREVENT_OPTIMIZATION line 45 p[-2] == 4
XPASS: gcc.dg/guality/pr54970.c -Og -DPREVENT_OPTIMIZATION line 45 q[-1] == 4
FAIL: gcc.dg/guality/pr56154-1.c -Og -DPREVENT_OPTIMIZATION line pr56154-1.c:20 x.a == 6
FAIL: gcc.dg/guality/pr59776.c -Og -DPREVENT_OPTIMIZATION line pr59776.c:17 s1.f == 5.0
FAIL: gcc.dg/guality/pr59776.c -Og -DPREVENT_OPTIMIZATION line pr59776.c:17 s1.g == 6.0
FAIL: gcc.dg/guality/pr59776.c -Og -DPREVENT_OPTIMIZATION line pr59776.c:17 s2.f == 0.0
FAIL: gcc.dg/guality/pr59776.c -Og -DPREVENT_OPTIMIZATION line pr59776.c:17 s2.g == 6.0
FAIL: gcc.dg/guality/pr59776.c -Og -DPREVENT_OPTIMIZATION line pr59776.c:20 s1.f == 5.0
FAIL: gcc.dg/guality/pr59776.c -Og -DPREVENT_OPTIMIZATION line pr59776.c:20 s1.g == 6.0
FAIL: gcc.dg/guality/pr59776.c -Og -DPREVENT_OPTIMIZATION line pr59776.c:20 s2.f == 5.0
FAIL: gcc.dg/guality/pr59776.c -Og -DPREVENT_OPTIMIZATION line pr59776.c:20 s2.g == 6.0
FAIL: gcc.dg/guality/pr68860-1.c -O2 -flto -fno-use-linker-plugin -flto-partition=none -DPREVENT_OPTIMIZATION line 14 arg1 == 1
FAIL: gcc.dg/guality/pr68860-1.c -O2 -flto -fno-use-linker-plugin -flto-partition=none -DPREVENT_OPTIMIZATION line 14 arg2 == 2
FAIL: gcc.dg/guality/pr68860-1.c -O2 -flto -fno-use-linker-plugin -flto-partition=none -DPREVENT_OPTIMIZATION line 14 arg3 == 3
FAIL: gcc.dg/guality/pr68860-1.c -O2 -flto -fno-use-linker-plugin -flto-partition=none -DPREVENT_OPTIMIZATION line 14 arg4 == 4
FAIL: gcc.dg/guality/pr68860-1.c -O2 -flto -fno-use-linker-plugin -flto-partition=none -DPREVENT_OPTIMIZATION line 14 arg5 == 5
FAIL: gcc.dg/guality/pr68860-1.c -O2 -flto -fno-use-linker-plugin -flto-partition=none -DPREVENT_OPTIMIZATION line 14 arg6 == 6
FAIL: gcc.dg/guality/pr68860-1.c -O2 -flto -fno-use-linker-plugin -flto-partition=none -DPREVENT_OPTIMIZATION line 16 arg1 == 1
FAIL: gcc.dg/guality/pr68860-1.c -O2 -flto -fno-use-linker-plugin -flto-partition=none -DPREVENT_OPTIMIZATION line 16 arg2 == 2
FAIL: gcc.dg/guality/pr68860-1.c -O2 -flto -fno-use-linker-plugin -flto-partition=none -DPREVENT_OPTIMIZATION line 16 arg3 == 3
FAIL: gcc.dg/guality/pr68860-1.c -O2 -flto -fno-use-linker-plugin -flto-partition=none -DPREVENT_OPTIMIZATION line 16 arg4 == 4
FAIL: gcc.dg/guality/pr68860-1.c -O2 -flto -fno-use-linker-plugin -flto-partition=none -DPREVENT_OPTIMIZATION line 16 arg5 == 5
FAIL: gcc.dg/guality/pr68860-1.c -O2 -flto -fno-use-linker-plugin -flto-partition=none -DPREVENT_OPTIMIZATION line 16 arg6 == 6
FAIL: gcc.dg/guality/pr68860-1.c -O2 -flto -fuse-linker-plugin -fno-fat-lto-objects -DPREVENT_OPTIMIZATION line 14 arg1 == 1
FAIL: gcc.dg/guality/pr68860-1.c -O2 -flto -fuse-linker-plugin -fno-fat-lto-objects -DPREVENT_OPTIMIZATION line 14 arg2 == 2
FAIL: gcc.dg/guality/pr68860-1.c -O2 -flto -fuse-linker-plugin -fno-fat-lto-objects -DPREVENT_OPTIMIZATION line 14 arg3 == 3
FAIL: gcc.dg/guality/pr68860-1.c -O2 -flto -fuse-linker-plugin -fno-fat-lto-objects -DPREVENT_OPTIMIZATION line 14 arg4 == 4
FAIL: gcc.dg/guality/pr68860-1.c -O2 -flto -fuse-linker-plugin -fno-fat-lto-objects -DPREVENT_OPTIMIZATION line 14 arg5 == 5
FAIL: gcc.dg/guality/pr68860-1.c -O2 -flto -fuse-linker-plugin -fno-fat-lto-objects -DPREVENT_OPTIMIZATION line 14 arg6 == 6
FAIL: gcc.dg/guality/pr68860-1.c -O2 -flto -fuse-linker-plugin -fno-fat-lto-objects -DPREVENT_OPTIMIZATION line 16 arg1 == 1
FAIL: gcc.dg/guality/pr68860-1.c -O2 -flto -fuse-linker-plugin -fno-fat-lto-objects -DPREVENT_OPTIMIZATION line 16 arg2 == 2
FAIL: gcc.dg/guality/pr68860-1.c -O2 -flto -fuse-linker-plugin -fno-fat-lto-objects -DPREVENT_OPTIMIZATION line 16 arg3 == 3
FAIL: gcc.dg/guality/pr68860-1.c -O2 -flto -fuse-linker-plugin -fno-fat-lto-objects -DPREVENT_OPTIMIZATION line 16 arg4 == 4
FAIL: gcc.dg/guality/pr68860-1.c -O2 -flto -fuse-linker-plugin -fno-fat-lto-objects -DPREVENT_OPTIMIZATION line 16 arg5 == 5
FAIL: gcc.dg/guality/pr68860-1.c -O2 -flto -fuse-linker-plugin -fno-fat-lto-objects -DPREVENT_OPTIMIZATION line 16 arg6 == 6
FAIL: gcc.dg/guality/sra-1.c -Og -DPREVENT_OPTIMIZATION line 21 a.i == 4
FAIL: gcc.dg/guality/sra-1.c -Og -DPREVENT_OPTIMIZATION line 21 a.j == 14
FAIL: gcc.dg/guality/sra-1.c -Og -DPREVENT_OPTIMIZATION line 32 a[0] == 4
FAIL: gcc.dg/guality/sra-1.c -Og -DPREVENT_OPTIMIZATION line 32 a[1] == 14
FAIL: gcc.dg/guality/sra-1.c -Og -DPREVENT_OPTIMIZATION line 43 a.i == 4
FAIL: gcc.dg/guality/sra-1.c -Og -DPREVENT_OPTIMIZATION line 43 a.j == 14
FAIL: gcc.dg/guality/vla-1.c -O1 -DPREVENT_OPTIMIZATION line 17 sizeof (a) == 6
FAIL: gcc.dg/guality/vla-1.c -O2 -DPREVENT_OPTIMIZATION line 17 sizeof (a) == 6
FAIL: gcc.dg/guality/vla-1.c -O3 -g -DPREVENT_OPTIMIZATION line 17 sizeof (a) == 6
FAIL: gcc.dg/guality/vla-1.c -Os -DPREVENT_OPTIMIZATION line 17 sizeof (a) == 6
FAIL: gcc.dg/guality/vla-1.c -O2 -flto -fno-use-linker-plugin -flto-partition=none -DPREVENT_OPTIMIZATION line 17 sizeof (a) == 6
FAIL: gcc.dg/guality/vla-1.c -O2 -flto -fuse-linker-plugin -fno-fat-lto-objects -DPREVENT_OPTIMIZATION line 17 sizeof (a) == 6
FAIL: gcc.target/i386/pr57193.c scan-assembler-times movdqa 2
=== gcc Summary ===
# of expected passes 146774
# of unexpected failures 68
# of unexpected successes 37
# of expected failures 598
# of unsupported tests 2341
/home/bigpack/gcc-paq/sources/gcc-10.0-20190731/BUILD/gcc/xgcc version 10.0.0 20190731 (experimental) (GCC)
=== gfortran tests ===
Running target unix
=== gfortran Summary ===
# of expected passes 50390
# of expected failures 188
# of unsupported tests 87
/home/bigpack/gcc-paq/sources/gcc-10.0-20190731/BUILD/gcc/gfortran version 10.0.0 20190731 (experimental) (GCC)
=== g++ tests ===
Running target unix
FAIL: g++.dg/guality/pr55665.C -O2 line 23 p == 40
FAIL: g++.dg/guality/pr55665.C -O3 -g line 23 p == 40
FAIL: g++.dg/guality/pr55665.C -O2 -flto -fno-use-linker-plugin -flto-partition=none line 23 p == 40
=== g++ Summary ===
# of expected passes 137250
# of unexpected failures 3
# of expected failures 531
# of unsupported tests 6059
/home/bigpack/gcc-paq/sources/gcc-10.0-20190731/BUILD/gcc/xg++ version 10.0.0 20190731 (experimental) (GCC)
=== gnat tests ===
Running target unix
=== gnat Summary ===
# of expected passes 3140
# of expected failures 23
# of unsupported tests 3
/home/bigpack/gcc-paq/sources/gcc-10.0-20190731/BUILD/gcc/gnatmake version 10.0.0 20190731 (experimental)
=== libatomic tests ===
Running target unix
=== libatomic Summary ===
# of expected passes 54
=== libgomp tests ===
Running target unix
=== libgomp Summary ===
# of expected passes 6751
# of expected failures 4
# of unsupported tests 349
=== libitm tests ===
Running target unix
=== libitm Summary ===
# of expected passes 42
# of expected failures 3
# of unsupported tests 1
=== libstdc++ tests ===
Running target unix
FAIL: libstdc++-abi/abi_check
FAIL: experimental/filesystem/iterators/directory_iterator.cc execution test
FAIL: libstdc++-prettyprinters/80276.cc whatis p4
FAIL: libstdc++-prettyprinters/80276.cc whatis p4
=== libstdc++ Summary ===
# of expected passes 13818
# of unexpected failures 4
# of expected failures 79
# of unsupported tests 327
=== libvtv tests ===
Running target unix
=== libvtv Summary ===
# of expected passes 176
Compiler version: 10.0.0 20190731 (experimental)
Platform: x86_64-pc-linux-gnu
configure flags: --prefix=/usr/beta/gcc-trunk --enable-languages=ada,c,c++,fortran --enable-lto --with-isl --enable-bootstrap --enable-vtable-verify --enable-checking --enable-host-shared --enable-multilib
EOF
Mail -s "Results for 10.0.0 20190731 (experimental) testsuite on x86_64-pc-linux-gnu" gcc-testresults@gcc.gnu.org &&
mv /home/bigpack/gcc-paq/sources/gcc-10.0-20190731/BUILD/./gcc/testsuite/ada/acats/acats.sum /home/bigpack/gcc-paq/sources/gcc-10.0-20190731/BUILD/./gcc/testsuite/ada/acats/acats.sum.sent &&
mv /home/bigpack/gcc-paq/sources/gcc-10.0-20190731/BUILD/./gcc/testsuite/gcc/gcc.sum /home/bigpack/gcc-paq/sources/gcc-10.0-20190731/BUILD/./gcc/testsuite/gcc/gcc.sum.sent &&
mv /home/bigpack/gcc-paq/sources/gcc-10.0-20190731/BUILD/./gcc/testsuite/gfortran/gfortran.sum /home/bigpack/gcc-paq/sources/gcc-10.0-20190731/BUILD/./gcc/testsuite/gfortran/gfortran.sum.sent &&
mv /home/bigpack/gcc-paq/sources/gcc-10.0-20190731/BUILD/./gcc/testsuite/g++/g++.sum /home/bigpack/gcc-paq/sources/gcc-10.0-20190731/BUILD/./gcc/testsuite/g++/g++.sum.sent &&
mv /home/bigpack/gcc-paq/sources/gcc-10.0-20190731/BUILD/./gcc/testsuite/gnat/gnat.sum /home/bigpack/gcc-paq/sources/gcc-10.0-20190731/BUILD/./gcc/testsuite/gnat/gnat.sum.sent &&
mv /home/bigpack/gcc-paq/sources/gcc-10.0-20190731/BUILD/./x86_64-pc-linux-gnu/libatomic/testsuite/libatomic.sum /home/bigpack/gcc-paq/sources/gcc-10.0-20190731/BUILD/./x86_64-pc-linux-gnu/libatomic/testsuite/libatomic.sum.sent &&
mv /home/bigpack/gcc-paq/sources/gcc-10.0-20190731/BUILD/./x86_64-pc-linux-gnu/libgomp/testsuite/libgomp.sum /home/bigpack/gcc-paq/sources/gcc-10.0-20190731/BUILD/./x86_64-pc-linux-gnu/libgomp/testsuite/libgomp.sum.sent &&
mv /home/bigpack/gcc-paq/sources/gcc-10.0-20190731/BUILD/./x86_64-pc-linux-gnu/libitm/testsuite/libitm.sum /home/bigpack/gcc-paq/sources/gcc-10.0-20190731/BUILD/./x86_64-pc-linux-gnu/libitm/testsuite/libitm.sum.sent &&
mv /home/bigpack/gcc-paq/sources/gcc-10.0-20190731/BUILD/./x86_64-pc-linux-gnu/libstdc++-v3/testsuite/libstdc++.sum /home/bigpack/gcc-paq/sources/gcc-10.0-20190731/BUILD/./x86_64-pc-linux-gnu/libstdc++-v3/testsuite/libstdc++.sum.sent &&
mv /home/bigpack/gcc-paq/sources/gcc-10.0-20190731/BUILD/./x86_64-pc-linux-gnu/libvtv/testsuite/libvtv.sum /home/bigpack/gcc-paq/sources/gcc-10.0-20190731/BUILD/./x86_64-pc-linux-gnu/libvtv/testsuite/libvtv.sum.sent &&
mv /home/bigpack/gcc-paq/sources/gcc-10.0-20190731/BUILD/./gcc/testsuite/ada/acats/acats.log /home/bigpack/gcc-paq/sources/gcc-10.0-20190731/BUILD/./gcc/testsuite/ada/acats/acats.log.sent &&
mv /home/bigpack/gcc-paq/sources/gcc-10.0-20190731/BUILD/./gcc/testsuite/gcc/gcc.log /home/bigpack/gcc-paq/sources/gcc-10.0-20190731/BUILD/./gcc/testsuite/gcc/gcc.log.sent &&
mv /home/bigpack/gcc-paq/sources/gcc-10.0-20190731/BUILD/./gcc/testsuite/gfortran/gfortran.log /home/bigpack/gcc-paq/sources/gcc-10.0-20190731/BUILD/./gcc/testsuite/gfortran/gfortran.log.sent &&
mv /home/bigpack/gcc-paq/sources/gcc-10.0-20190731/BUILD/./gcc/testsuite/g++/g++.log /home/bigpack/gcc-paq/sources/gcc-10.0-20190731/BUILD/./gcc/testsuite/g++/g++.log.sent &&
mv /home/bigpack/gcc-paq/sources/gcc-10.0-20190731/BUILD/./gcc/testsuite/gnat/gnat.log /home/bigpack/gcc-paq/sources/gcc-10.0-20190731/BUILD/./gcc/testsuite/gnat/gnat.log.sent &&
mv /home/bigpack/gcc-paq/sources/gcc-10.0-20190731/BUILD/./x86_64-pc-linux-gnu/libatomic/testsuite/libatomic.log /home/bigpack/gcc-paq/sources/gcc-10.0-20190731/BUILD/./x86_64-pc-linux-gnu/libatomic/testsuite/libatomic.log.sent &&
mv /home/bigpack/gcc-paq/sources/gcc-10.0-20190731/BUILD/./x86_64-pc-linux-gnu/libgomp/testsuite/libgomp.log /home/bigpack/gcc-paq/sources/gcc-10.0-20190731/BUILD/./x86_64-pc-linux-gnu/libgomp/testsuite/libgomp.log.sent &&
mv /home/bigpack/gcc-paq/sources/gcc-10.0-20190731/BUILD/./x86_64-pc-linux-gnu/libitm/testsuite/libitm.log /home/bigpack/gcc-paq/sources/gcc-10.0-20190731/BUILD/./x86_64-pc-linux-gnu/libitm/testsuite/libitm.log.sent &&
mv /home/bigpack/gcc-paq/sources/gcc-10.0-20190731/BUILD/./x86_64-pc-linux-gnu/libstdc++-v3/testsuite/libstdc++.log /home/bigpack/gcc-paq/sources/gcc-10.0-20190731/BUILD/./x86_64-pc-linux-gnu/libstdc++-v3/testsuite/libstdc++.log.sent &&
mv /home/bigpack/gcc-paq/sources/gcc-10.0-20190731/BUILD/./x86_64-pc-linux-gnu/libvtv/testsuite/libvtv.log /home/bigpack/gcc-paq/sources/gcc-10.0-20190731/BUILD/./x86_64-pc-linux-gnu/libvtv/testsuite/libvtv.log.sent &&
true
More information about the Gcc-testresults
mailing list