Results for 10.0.0 20190427 (experimental) [trunk revision 270624] (GCC) testsuite on x86_64-unknown-freebsd13.0
Andreas Tobler
andreast.dev@gmail.com
Sat Apr 27 19:32:00 GMT 2019
LAST_UPDATED: Sat Apr 27 15:42:41 UTC 2019 (revision 270624)
Native configuration is x86_64-unknown-freebsd13.0
=== g++ tests ===
Running target unix
FAIL: g++.dg/asan/asan_test.C -O2 AddressSanitizer_ThreadedTest ThreadedTestSpawn() output pattern test
UNRESOLVED: g++.dg/cpp1z/class-deduction66.C -std=c++17 compilation failed to produce executable
FAIL: g++.dg/pr80481.C -std=gnu++98 scan-assembler-not vmovaps
FAIL: g++.dg/pr80481.C -std=gnu++14 scan-assembler-not vmovaps
FAIL: g++.dg/pr80481.C -std=gnu++17 scan-assembler-not vmovaps
FAIL: g++.dg/pch/system-1.C -g -I. -Dwith_PCH (test for excess errors)
FAIL: g++.dg/pch/system-1.C -g assembly comparison
FAIL: g++.dg/pch/system-1.C -O2 -g -I. -Dwith_PCH (internal compiler error)
FAIL: g++.dg/pch/system-1.C -O2 -g -I. -Dwith_PCH (test for excess errors)
FAIL: g++.dg/pch/system-1.C -O2 -g assembly comparison
FAIL: g++.dg/pch/system-1.C -O2 -I. -Dwith_PCH (test for excess errors)
FAIL: g++.dg/pch/system-1.C -O2 assembly comparison
FAIL: g++.dg/pch/system-2.C -g -I. -Dwith_PCH (test for excess errors)
FAIL: g++.dg/pch/system-2.C -g assembly comparison
FAIL: g++.dg/pch/system-2.C -O2 -g -I. -Dwith_PCH (internal compiler error)
FAIL: g++.dg/pch/system-2.C -O2 -g -I. -Dwith_PCH (test for excess errors)
FAIL: g++.dg/pch/system-2.C -O2 -g assembly comparison
FAIL: g++.dg/pch/system-2.C -O2 -I. -Dwith_PCH (test for excess errors)
FAIL: g++.dg/pch/system-2.C -O2 assembly comparison
FAIL: g++.dg/pch/uninst.C -g -I. -Dwith_PCH (test for excess errors)
FAIL: g++.dg/pch/uninst.C -g assembly comparison
FAIL: g++.dg/pch/uninst.C -O2 -g -I. -Dwith_PCH (test for excess errors)
FAIL: g++.dg/pch/uninst.C -O2 -g assembly comparison
FAIL: g++.dg/pch/uninst.C -O2 -I. -Dwith_PCH (test for excess errors)
FAIL: g++.dg/pch/uninst.C -O2 assembly comparison
FAIL: g++.old-deja/g++.other/init18.C -std=c++98 execution test
FAIL: g++.old-deja/g++.other/init18.C -std=c++14 execution test
FAIL: g++.old-deja/g++.other/init18.C -std=c++17 execution test
FAIL: g++.old-deja/g++.other/init19.C -std=c++98 execution test
FAIL: g++.old-deja/g++.other/init19.C -std=c++14 execution test
FAIL: g++.old-deja/g++.other/init19.C -std=c++17 execution test
=== g++ Summary ===
# of expected passes 132715
# of unexpected failures 30
# of expected failures 527
# of unresolved testcases 1
# of unsupported tests 6225
/export/devel/build/gcc/head/objdir/gcc/xg++ version 10.0.0 20190427 (experimental) [trunk revision 270624] (GCC)
=== gcc tests ===
Running target unix
FAIL: gcc.c-torture/execute/fprintf-2.c -O0 (test for excess errors)
FAIL: gcc.c-torture/execute/fprintf-2.c -O1 (test for excess errors)
FAIL: gcc.c-torture/execute/fprintf-2.c -O2 (test for excess errors)
FAIL: gcc.c-torture/execute/fprintf-2.c -O3 -g (test for excess errors)
FAIL: gcc.c-torture/execute/fprintf-2.c -Os (test for excess errors)
FAIL: gcc.c-torture/execute/fprintf-2.c -O2 -flto -fno-use-linker-plugin -flto-partition=none (test for excess errors)
FAIL: gcc.c-torture/execute/fprintf-2.c -O2 -flto -fuse-linker-plugin -fno-fat-lto-objects (test for excess errors)
FAIL: gcc.c-torture/execute/printf-2.c -O0 (test for excess errors)
FAIL: gcc.c-torture/execute/printf-2.c -O1 (test for excess errors)
FAIL: gcc.c-torture/execute/printf-2.c -O2 (test for excess errors)
FAIL: gcc.c-torture/execute/printf-2.c -O3 -g (test for excess errors)
FAIL: gcc.c-torture/execute/printf-2.c -Os (test for excess errors)
FAIL: gcc.c-torture/execute/printf-2.c -O2 -flto -fno-use-linker-plugin -flto-partition=none (test for excess errors)
FAIL: gcc.c-torture/execute/printf-2.c -O2 -flto -fuse-linker-plugin -fno-fat-lto-objects (test for excess errors)
FAIL: gcc.c-torture/execute/user-printf.c -O0 (test for excess errors)
FAIL: gcc.c-torture/execute/user-printf.c -O1 (test for excess errors)
FAIL: gcc.c-torture/execute/user-printf.c -O2 (test for excess errors)
FAIL: gcc.c-torture/execute/user-printf.c -O3 -fomit-frame-pointer -funroll-loops -fpeel-loops -ftracer -finline-functions (test for excess errors)
FAIL: gcc.c-torture/execute/user-printf.c -O3 -g (test for excess errors)
FAIL: gcc.c-torture/execute/user-printf.c -Os (test for excess errors)
FAIL: gcc.c-torture/execute/user-printf.c -O2 -flto -fno-use-linker-plugin -flto-partition=none (test for excess errors)
FAIL: gcc.c-torture/execute/user-printf.c -O2 -flto -fuse-linker-plugin -fno-fat-lto-objects (test for excess errors)
FAIL: gcc.dg/asan/pr80166.c -O0 execution test
FAIL: gcc.dg/asan/pr80166.c -O1 execution test
FAIL: gcc.dg/asan/pr80166.c -O2 execution test
FAIL: gcc.dg/asan/pr80166.c -O3 -g execution test
FAIL: gcc.dg/asan/pr80166.c -Os execution test
FAIL: gcc.dg/asan/pr80166.c -O2 -flto -fno-use-linker-plugin -flto-partition=none execution test
FAIL: gcc.dg/asan/pr80166.c -O2 -flto -fuse-linker-plugin -fno-fat-lto-objects execution test
FAIL: gcc.dg/builtins-59.c scan-tree-dump gimple "__builtin_cexpi"
FAIL: gcc.dg/builtins-59.c scan-tree-dump-not gimple "sincos"
FAIL: gcc.dg/builtins-61.c scan-tree-dump optimized "cexpi"
FAIL: gcc.dg/builtins-61.c scan-tree-dump optimized "sin"
FAIL: gcc.dg/builtins-61.c scan-tree-dump optimized "cos"
FAIL: gcc.dg/builtins-61.c scan-tree-dump optimized "return 0.0"
FAIL: gcc.dg/c99-stdint-2.c (test for excess errors)
FAIL: gcc.dg/c99-stdint-5.c (test for excess errors)
FAIL: gcc.dg/c99-stdint-6.c (test for excess errors)
FAIL: gcc.dg/c99-stdint-7.c (test for excess errors)
FAIL: gcc.dg/c99-tgmath-2.c (test for excess errors)
UNRESOLVED: gcc.dg/c99-tgmath-2.c scan-assembler sinf
FAIL: gcc.dg/c99-tgmath-3.c (test for excess errors)
UNRESOLVED: gcc.dg/c99-tgmath-3.c scan-assembler cexp
FAIL: gcc.dg/nextafter-2.c execution test
FAIL: gcc.dg/utf-array-short-wchar.c (test for errors, line 42)
FAIL: gcc.dg/utf-array-short-wchar.c (test for errors, line 44)
FAIL: gcc.dg/utf-array-short-wchar.c (test for errors, line 46)
FAIL: gcc.dg/utf-array-short-wchar.c (test for excess errors)
FAIL: gcc.dg/pch/largefile.c -O0 -g assembly comparison
FAIL: gcc.dg/pch/largefile.c -O0 assembly comparison
FAIL: gcc.dg/pch/largefile.c -O1 assembly comparison
FAIL: gcc.dg/pch/largefile.c -O2 assembly comparison
FAIL: gcc.dg/pch/largefile.c -O3 -g assembly comparison
FAIL: gcc.dg/pch/largefile.c -Os assembly comparison
FAIL: gcc.dg/torture/pr68264.c -O0 execution test
FAIL: gcc.dg/torture/pr68264.c -O1 execution test
FAIL: gcc.dg/torture/pr68264.c -O2 execution test
FAIL: gcc.dg/torture/pr68264.c -O3 -g execution test
FAIL: gcc.dg/torture/pr68264.c -Os execution test
FAIL: gcc.dg/torture/pr68264.c -O2 -flto -fno-use-linker-plugin -flto-partition=none execution test
FAIL: gcc.dg/torture/pr68264.c -O2 -flto -fuse-linker-plugin -fno-fat-lto-objects execution test
FAIL: gcc.target/i386/387-9.c scan-assembler-not fcos
FAIL: gcc.target/i386/pr57193.c scan-assembler-times movdqa 2
FAIL: gcc.target/i386/pr80969-3.c (test for excess errors)
FAIL: gcc.target/i386/spellcheck-options-5.c (test for errors, line )
FAIL: gcc.target/i386/spellcheck-options-5.c (test for excess errors)
FAIL: gcc.target/x86_64/abi/ms-sysv/ms-sysv.c -O2 "-DGEN_ARGS=-p0" (test for excess errors)
UNRESOLVED: gcc.target/x86_64/abi/ms-sysv/ms-sysv.c -O2 "-DGEN_ARGS=-p0" compilation failed to produce executable
FAIL: gcc.target/x86_64/abi/ms-sysv/ms-sysv.c -mcall-ms2sysv-xlogues -O2 "-DGEN_ARGS=-p0" (test for excess errors)
UNRESOLVED: gcc.target/x86_64/abi/ms-sysv/ms-sysv.c -mcall-ms2sysv-xlogues -O2 "-DGEN_ARGS=-p0" compilation failed to produce executable
FAIL: gcc.target/x86_64/abi/ms-sysv/ms-sysv.c -O0 -g3 "-DGEN_ARGS=-p0\\ --omit-rbp-clobbers" (test for excess errors)
UNRESOLVED: gcc.target/x86_64/abi/ms-sysv/ms-sysv.c -O0 -g3 "-DGEN_ARGS=-p0\\ --omit-rbp-clobbers" compilation failed to produce executable
FAIL: gcc.target/x86_64/abi/ms-sysv/ms-sysv.c -mcall-ms2sysv-xlogues -O0 -g3 "-DGEN_ARGS=-p0\\ --omit-rbp-clobbers" (test for excess errors)
UNRESOLVED: gcc.target/x86_64/abi/ms-sysv/ms-sysv.c -mcall-ms2sysv-xlogues -O0 -g3 "-DGEN_ARGS=-p0\\ --omit-rbp-clobbers" compilation failed to produce executable
FAIL: gcc.target/x86_64/abi/ms-sysv/ms-sysv.c -O2 "-DGEN_ARGS=-p1" (test for excess errors)
UNRESOLVED: gcc.target/x86_64/abi/ms-sysv/ms-sysv.c -O2 "-DGEN_ARGS=-p1" compilation failed to produce executable
FAIL: gcc.target/x86_64/abi/ms-sysv/ms-sysv.c -mcall-ms2sysv-xlogues -O2 "-DGEN_ARGS=-p1" (test for excess errors)
UNRESOLVED: gcc.target/x86_64/abi/ms-sysv/ms-sysv.c -mcall-ms2sysv-xlogues -O2 "-DGEN_ARGS=-p1" compilation failed to produce executable
FAIL: gcc.target/x86_64/abi/ms-sysv/ms-sysv.c -O0 -g3 "-DGEN_ARGS=-p1\\ --omit-rbp-clobbers" (test for excess errors)
UNRESOLVED: gcc.target/x86_64/abi/ms-sysv/ms-sysv.c -O0 -g3 "-DGEN_ARGS=-p1\\ --omit-rbp-clobbers" compilation failed to produce executable
FAIL: gcc.target/x86_64/abi/ms-sysv/ms-sysv.c -mcall-ms2sysv-xlogues -O0 -g3 "-DGEN_ARGS=-p1\\ --omit-rbp-clobbers" (test for excess errors)
UNRESOLVED: gcc.target/x86_64/abi/ms-sysv/ms-sysv.c -mcall-ms2sysv-xlogues -O0 -g3 "-DGEN_ARGS=-p1\\ --omit-rbp-clobbers" compilation failed to produce executable
FAIL: gcc.target/x86_64/abi/ms-sysv/ms-sysv.c -O2 "-DGEN_ARGS=-p5" (test for excess errors)
UNRESOLVED: gcc.target/x86_64/abi/ms-sysv/ms-sysv.c -O2 "-DGEN_ARGS=-p5" compilation failed to produce executable
FAIL: gcc.target/x86_64/abi/ms-sysv/ms-sysv.c -mcall-ms2sysv-xlogues -O2 "-DGEN_ARGS=-p5" (test for excess errors)
UNRESOLVED: gcc.target/x86_64/abi/ms-sysv/ms-sysv.c -mcall-ms2sysv-xlogues -O2 "-DGEN_ARGS=-p5" compilation failed to produce executable
FAIL: gcc.target/x86_64/abi/ms-sysv/ms-sysv.c -O0 -g3 "-DGEN_ARGS=-p5\\ --omit-rbp-clobbers" (test for excess errors)
UNRESOLVED: gcc.target/x86_64/abi/ms-sysv/ms-sysv.c -O0 -g3 "-DGEN_ARGS=-p5\\ --omit-rbp-clobbers" compilation failed to produce executable
FAIL: gcc.target/x86_64/abi/ms-sysv/ms-sysv.c -mcall-ms2sysv-xlogues -O0 -g3 "-DGEN_ARGS=-p5\\ --omit-rbp-clobbers" (test for excess errors)
UNRESOLVED: gcc.target/x86_64/abi/ms-sysv/ms-sysv.c -mcall-ms2sysv-xlogues -O0 -g3 "-DGEN_ARGS=-p5\\ --omit-rbp-clobbers" compilation failed to produce executable
=== gcc Summary ===
# of expected passes 136968
# of unexpected failures 76
# of expected failures 535
# of unresolved testcases 14
# of unsupported tests 2525
/export/devel/build/gcc/head/objdir/gcc/xgcc version 10.0.0 20190427 (experimental) [trunk revision 270624] (GCC)
=== gfortran tests ===
Running target unix
=== gfortran Summary ===
# of expected passes 50203
# of expected failures 188
# of unsupported tests 91
/export/devel/build/gcc/head/objdir/gcc/gfortran version 10.0.0 20190427 (experimental) [trunk revision 270624] (GCC)
=== objc tests ===
Running target unix
=== objc Summary ===
# of expected passes 2797
# of expected failures 6
# of unsupported tests 68
/export/devel/build/gcc/head/objdir/gcc/xgcc version 10.0.0 20190427 (experimental) [trunk revision 270624] (GCC)
=== libatomic tests ===
Running target unix
=== libatomic Summary ===
# of expected passes 54
=== libgomp tests ===
Running target unix
FAIL: libgomp.oacc-c/../libgomp.oacc-c-c++-common/loop-default-runtime.c -DACC_DEVICE_TYPE_host=1 -DACC_MEM_SHARED=1 -foffload=disable -O2 (test for excess errors)
UNRESOLVED: libgomp.oacc-c/../libgomp.oacc-c-c++-common/loop-default-runtime.c -DACC_DEVICE_TYPE_host=1 -DACC_MEM_SHARED=1 -foffload=disable -O2 compilation failed to produce executable
FAIL: libgomp.oacc-c/../libgomp.oacc-c-c++-common/loop-dim-default.c -DACC_DEVICE_TYPE_host=1 -DACC_MEM_SHARED=1 -foffload=disable -O2 (test for excess errors)
UNRESOLVED: libgomp.oacc-c/../libgomp.oacc-c-c++-common/loop-dim-default.c -DACC_DEVICE_TYPE_host=1 -DACC_MEM_SHARED=1 -foffload=disable -O2 compilation failed to produce executable
FAIL: libgomp.oacc-c++/../libgomp.oacc-c-c++-common/loop-default-runtime.c -DACC_DEVICE_TYPE_host=1 -DACC_MEM_SHARED=1 -foffload=disable -O2 (test for excess errors)
UNRESOLVED: libgomp.oacc-c++/../libgomp.oacc-c-c++-common/loop-default-runtime.c -DACC_DEVICE_TYPE_host=1 -DACC_MEM_SHARED=1 -foffload=disable -O2 compilation failed to produce executable
FAIL: libgomp.oacc-c++/../libgomp.oacc-c-c++-common/loop-dim-default.c -DACC_DEVICE_TYPE_host=1 -DACC_MEM_SHARED=1 -foffload=disable -O2 (test for excess errors)
UNRESOLVED: libgomp.oacc-c++/../libgomp.oacc-c-c++-common/loop-dim-default.c -DACC_DEVICE_TYPE_host=1 -DACC_MEM_SHARED=1 -foffload=disable -O2 compilation failed to produce executable
=== libgomp Summary ===
# of expected passes 6491
# of unexpected failures 4
# of expected failures 4
# of unresolved testcases 4
# of unsupported tests 349
=== libitm tests ===
Running target unix
=== libitm Summary ===
# of expected passes 42
# of expected failures 3
# of unsupported tests 1
=== libstdc++ tests ===
Running target unix
FAIL: 17_intro/headers/c++1998/all.cc (test for excess errors)
FAIL: 17_intro/headers/c++1998/all_c++200x_compatibility.cc (test for excess errors)
FAIL: 17_intro/headers/c++1998/charset.cc (test for excess errors)
FAIL: 17_intro/headers/c++1998/stdc++.cc (test for excess errors)
FAIL: 17_intro/headers/c++1998/stdc++_multiple_inclusion.cc (test for excess errors)
FAIL: 17_intro/headers/c++2011/charset.cc (test for excess errors)
FAIL: 17_intro/headers/c++2011/stdc++.cc (test for excess errors)
FAIL: 17_intro/headers/c++2011/stdc++_multiple_inclusion.cc (test for excess errors)
FAIL: 17_intro/headers/c++2014/charset.cc (test for excess errors)
FAIL: 17_intro/headers/c++2014/stdc++.cc (test for excess errors)
FAIL: 17_intro/headers/c++2014/stdc++_multiple_inclusion.cc (test for excess errors)
FAIL: 17_intro/headers/c++2017/charset.cc (test for excess errors)
FAIL: 17_intro/headers/c++2017/stdc++.cc (test for excess errors)
FAIL: 17_intro/headers/c++2017/stdc++_multiple_inclusion.cc (test for excess errors)
FAIL: 17_intro/headers/c++2020/charset.cc (test for excess errors)
FAIL: 17_intro/headers/c++2020/stdc++.cc (test for excess errors)
FAIL: 17_intro/headers/c++2020/stdc++_multiple_inclusion.cc (test for excess errors)
FAIL: 22_locale/codecvt/in/wchar_t/3.cc execution test
FAIL: 22_locale/codecvt/max_length/wchar_t/4.cc execution test
FAIL: 22_locale/codecvt/out/wchar_t/3.cc execution test
FAIL: 22_locale/ctype/is/char/wrapped_env.cc execution test
FAIL: 22_locale/ctype/is/char/wrapped_locale.cc execution test
FAIL: 22_locale/ctype/is/wchar_t/wrapped_env.cc execution test
FAIL: 22_locale/ctype/is/wchar_t/wrapped_locale.cc execution test
FAIL: 22_locale/locale/cons/12438.cc execution test
FAIL: 22_locale/locale/cons/12658_thread-1.cc execution test
FAIL: 22_locale/locale/cons/29217.cc execution test
FAIL: 22_locale/locale/cons/38368.cc execution test
FAIL: 22_locale/locale/cons/40184.cc execution test
FAIL: 22_locale/locale/global_locale_objects/14071.cc execution test
FAIL: 22_locale/messages/13631.cc execution test
FAIL: 22_locale/messages/members/char/1.cc execution test
FAIL: 22_locale/messages/members/char/2.cc execution test
FAIL: 22_locale/messages/members/char/wrapped_env.cc execution test
FAIL: 22_locale/messages/members/char/wrapped_locale.cc execution test
FAIL: 22_locale/messages_byname/named_equivalence.cc execution test
FAIL: 22_locale/money_get/get/char/16.cc execution test
FAIL: 22_locale/money_get/get/char/18.cc execution test
FAIL: 22_locale/money_get/get/char/2.cc execution test
FAIL: 22_locale/money_get/get/char/4.cc execution test
FAIL: 22_locale/money_get/get/char/wrapped_env.cc execution test
FAIL: 22_locale/money_get/get/char/wrapped_locale.cc execution test
FAIL: 22_locale/money_get/get/wchar_t/1.cc execution test
FAIL: 22_locale/money_get/get/wchar_t/16.cc execution test
FAIL: 22_locale/money_get/get/wchar_t/18.cc execution test
FAIL: 22_locale/money_get/get/wchar_t/2.cc execution test
FAIL: 22_locale/money_get/get/wchar_t/4.cc execution test
FAIL: 22_locale/money_get/get/wchar_t/wrapped_env.cc execution test
FAIL: 22_locale/money_get/get/wchar_t/wrapped_locale.cc execution test
FAIL: 22_locale/money_put/put/char/2.cc execution test
FAIL: 22_locale/money_put/put/char/9780-3.cc execution test
FAIL: 22_locale/money_put/put/char/wrapped_env.cc execution test
FAIL: 22_locale/money_put/put/char/wrapped_locale.cc execution test
FAIL: 22_locale/money_put/put/wchar_t/1.cc execution test
FAIL: 22_locale/money_put/put/wchar_t/2.cc execution test
FAIL: 22_locale/money_put/put/wchar_t/3.cc execution test
FAIL: 22_locale/money_put/put/wchar_t/wrapped_env.cc execution test
FAIL: 22_locale/money_put/put/wchar_t/wrapped_locale.cc execution test
FAIL: 22_locale/numpunct/members/char/3.cc execution test
FAIL: 22_locale/time_get/get_date/char/12750.cc execution test
FAIL: 22_locale/time_get/get_date/char/2.cc execution test
FAIL: 22_locale/time_get/get_date/char/wrapped_env.cc execution test
FAIL: 22_locale/time_get/get_date/char/wrapped_locale.cc execution test
FAIL: 22_locale/time_get/get_date/wchar_t/12750.cc execution test
FAIL: 22_locale/time_get/get_date/wchar_t/2.cc execution test
FAIL: 22_locale/time_get/get_date/wchar_t/4.cc execution test
FAIL: 22_locale/time_get/get_date/wchar_t/wrapped_env.cc execution test
FAIL: 22_locale/time_get/get_date/wchar_t/wrapped_locale.cc execution test
FAIL: 22_locale/time_get/get_time/char/2.cc execution test
FAIL: 22_locale/time_get/get_time/char/wrapped_env.cc execution test
FAIL: 22_locale/time_get/get_time/char/wrapped_locale.cc execution test
FAIL: 22_locale/time_get/get_time/wchar_t/2.cc execution test
FAIL: 22_locale/time_get/get_time/wchar_t/wrapped_env.cc execution test
FAIL: 22_locale/time_get/get_time/wchar_t/wrapped_locale.cc execution test
FAIL: 22_locale/time_get/get_weekday/char/38081-1.cc execution test
FAIL: 22_locale/time_get/get_weekday/char/38081-2.cc execution test
FAIL: 22_locale/time_put/put/char/2.cc execution test
FAIL: 22_locale/time_put/put/char/3.cc execution test
FAIL: 22_locale/time_put/put/char/4.cc execution test
FAIL: 22_locale/time_put/put/char/wrapped_env.cc execution test
FAIL: 22_locale/time_put/put/char/wrapped_locale.cc execution test
FAIL: 22_locale/time_put/put/wchar_t/2.cc execution test
FAIL: 22_locale/time_put/put/wchar_t/3.cc execution test
FAIL: 22_locale/time_put/put/wchar_t/4.cc execution test
FAIL: 22_locale/time_put/put/wchar_t/wrapped_env.cc execution test
FAIL: 22_locale/time_put/put/wchar_t/wrapped_locale.cc execution test
FAIL: 27_io/basic_filebuf/overflow/wchar_t/11305-1.cc execution test
FAIL: 27_io/basic_filebuf/overflow/wchar_t/11305-2.cc execution test
FAIL: 27_io/basic_filebuf/overflow/wchar_t/11305-3.cc execution test
FAIL: 27_io/basic_filebuf/overflow/wchar_t/11305-4.cc execution test
FAIL: 27_io/manipulators/extended/get_time/char/2.cc execution test
FAIL: 28_regex/algorithms/regex_match/extended/wstring_locale.cc execution test
FAIL: 28_regex/iterators/regex_token_iterator/wchar_t/wstring_02.cc execution test
FAIL: 30_threads/thread/native_handle/typesizes.cc (test for excess errors)
UNRESOLVED: 30_threads/thread/native_handle/typesizes.cc compilation failed to produce executable
FAIL: experimental/memory_resource/new_delete_resource.cc execution test
FAIL: experimental/net/headers.cc (test for excess errors)
FAIL: experimental/net/internet/address/v4/comparisons.cc (test for excess errors)
UNRESOLVED: experimental/net/internet/address/v4/comparisons.cc compilation failed to produce executable
FAIL: experimental/net/internet/address/v4/cons.cc (test for excess errors)
UNRESOLVED: experimental/net/internet/address/v4/cons.cc compilation failed to produce executable
FAIL: experimental/net/internet/address/v4/creation.cc (test for excess errors)
UNRESOLVED: experimental/net/internet/address/v4/creation.cc compilation failed to produce executable
FAIL: experimental/net/internet/address/v4/members.cc (test for excess errors)
UNRESOLVED: experimental/net/internet/address/v4/members.cc compilation failed to produce executable
FAIL: experimental/net/internet/resolver/base.cc (test for excess errors)
UNRESOLVED: experimental/net/internet/resolver/base.cc compilation failed to produce executable
FAIL: experimental/net/internet/resolver/ops/lookup.cc (test for excess errors)
UNRESOLVED: experimental/net/internet/resolver/ops/lookup.cc compilation failed to produce executable
FAIL: experimental/net/internet/resolver/ops/reverse.cc (test for excess errors)
UNRESOLVED: experimental/net/internet/resolver/ops/reverse.cc compilation failed to produce executable
FAIL: ext/special_functions/airy_ai/check_nan.cc (test for excess errors)
FAIL: ext/special_functions/airy_bi/check_nan.cc (test for excess errors)
FAIL: special_functions/07_cyl_bessel_i/check_nan.cc (test for excess errors)
FAIL: special_functions/08_cyl_bessel_j/check_nan.cc (test for excess errors)
FAIL: special_functions/09_cyl_bessel_k/check_nan.cc (test for excess errors)
FAIL: special_functions/10_cyl_neumann/check_nan.cc (test for excess errors)
FAIL: special_functions/19_sph_bessel/check_nan.cc (test for excess errors)
FAIL: special_functions/21_sph_neumann/check_nan.cc (test for excess errors)
FAIL: tr1/5_numerical_facilities/special_functions/08_cyl_bessel_i/check_nan.cc (test for excess errors)
FAIL: tr1/5_numerical_facilities/special_functions/09_cyl_bessel_j/check_nan.cc (test for excess errors)
FAIL: tr1/5_numerical_facilities/special_functions/10_cyl_bessel_k/check_nan.cc (test for excess errors)
FAIL: tr1/5_numerical_facilities/special_functions/11_cyl_neumann/check_nan.cc (test for excess errors)
FAIL: tr1/5_numerical_facilities/special_functions/21_sph_bessel/check_nan.cc (test for excess errors)
FAIL: tr1/5_numerical_facilities/special_functions/23_sph_neumann/check_nan.cc (test for excess errors)
FAIL: libstdc++-prettyprinters/80276.cc whatis p4
FAIL: libstdc++-prettyprinters/80276.cc whatis p4
=== libstdc++ Summary ===
# of expected passes 13268
# of unexpected failures 119
# of expected failures 79
# of unresolved testcases 8
# of unsupported tests 366
Compiler version: 10.0.0 20190427 (experimental) [trunk revision 270624] (GCC)
Platform: x86_64-unknown-freebsd13.0
configure flags: --prefix=/export/devel/build/gcc/head/testbin --with-gmp=/usr/local --disable-nls --with-ld=/usr/local/bin/ld --with-as=/usr/local/bin/as --enable-multilib
More information about the Gcc-testresults
mailing list