Results for 8.3.1 20190418 [gcc-8-branch revision 270429] (GCC) testsuite on sparc-sun-solaris2.11
Rainer Orth
ro@CeBiTec.Uni-Bielefeld.DE
Tue Apr 23 10:17:00 GMT 2019
LAST_UPDATED: Thu Apr 18 08:49:17 UTC 2019 (revision 270429)
=== acats tests ===
FAIL: a2a031a
=== acats Summary ===
# of expected passes 2319
# of unexpected failures 1
Native configuration is sparc-sun-solaris2.11
=== g++ tests ===
Running target unix
FAIL: tmpdir-g++.dg-struct-layout-1/t006 cp_compat_x_tst.o-cp_compat_y_tst.o link
FAIL: g++.dg/pr83239.C -std=gnu++98 (test for excess errors)
FAIL: g++.dg/gcov/pr16855-priority.C -std=gnu++11 gcov: 1 failures in line counts, 0 in branch percentages, 0 in return percentages, 0 in intermediate format
FAIL: g++.dg/gcov/pr16855-priority.C -std=gnu++11 line 22: is #####:should be 1
FAIL: g++.dg/gcov/pr16855-priority.C -std=gnu++14 gcov: 1 failures in line counts, 0 in branch percentages, 0 in return percentages, 0 in intermediate format
FAIL: g++.dg/gcov/pr16855-priority.C -std=gnu++14 line 22: is #####:should be 1
FAIL: g++.dg/gcov/pr16855-priority.C -std=gnu++98 gcov: 1 failures in line counts, 0 in branch percentages, 0 in return percentages, 0 in intermediate format
FAIL: g++.dg/gcov/pr16855-priority.C -std=gnu++98 line 22: is #####:should be 1
FAIL: g++.dg/gcov/pr16855.C -std=gnu++11 gcov: 1 failures in line counts, 0 in branch percentages, 0 in return percentages, 0 in intermediate format
FAIL: g++.dg/gcov/pr16855.C -std=gnu++11 line 21: is #####:should be 1
FAIL: g++.dg/gcov/pr16855.C -std=gnu++14 gcov: 1 failures in line counts, 0 in branch percentages, 0 in return percentages, 0 in intermediate format
FAIL: g++.dg/gcov/pr16855.C -std=gnu++14 line 21: is #####:should be 1
FAIL: g++.dg/gcov/pr16855.C -std=gnu++98 gcov: 1 failures in line counts, 0 in branch percentages, 0 in return percentages, 0 in intermediate format
FAIL: g++.dg/gcov/pr16855.C -std=gnu++98 line 21: is #####:should be 1
=== g++ Summary for unix ===
# of expected passes 113911
# of unexpected failures 14
# of expected failures 512
# of unsupported tests 5365
Running target unix/-m64
FAIL: g++.dg/pr83239.C -std=gnu++98 (test for excess errors)
FAIL: g++.dg/gcov/pr16855-priority.C -std=gnu++11 gcov: 1 failures in line counts, 0 in branch percentages, 0 in return percentages, 0 in intermediate format
FAIL: g++.dg/gcov/pr16855-priority.C -std=gnu++11 line 22: is #####:should be 1
FAIL: g++.dg/gcov/pr16855-priority.C -std=gnu++14 gcov: 1 failures in line counts, 0 in branch percentages, 0 in return percentages, 0 in intermediate format
FAIL: g++.dg/gcov/pr16855-priority.C -std=gnu++14 line 22: is #####:should be 1
FAIL: g++.dg/gcov/pr16855-priority.C -std=gnu++98 gcov: 1 failures in line counts, 0 in branch percentages, 0 in return percentages, 0 in intermediate format
FAIL: g++.dg/gcov/pr16855-priority.C -std=gnu++98 line 22: is #####:should be 1
FAIL: g++.dg/gcov/pr16855.C -std=gnu++11 gcov: 1 failures in line counts, 0 in branch percentages, 0 in return percentages, 0 in intermediate format
FAIL: g++.dg/gcov/pr16855.C -std=gnu++11 line 21: is #####:should be 1
FAIL: g++.dg/gcov/pr16855.C -std=gnu++14 gcov: 1 failures in line counts, 0 in branch percentages, 0 in return percentages, 0 in intermediate format
FAIL: g++.dg/gcov/pr16855.C -std=gnu++14 line 21: is #####:should be 1
FAIL: g++.dg/gcov/pr16855.C -std=gnu++98 gcov: 1 failures in line counts, 0 in branch percentages, 0 in return percentages, 0 in intermediate format
FAIL: g++.dg/gcov/pr16855.C -std=gnu++98 line 21: is #####:should be 1
=== g++ Summary for unix/-m64 ===
# of expected passes 115810
# of unexpected failures 13
# of expected failures 515
# of unsupported tests 5334
=== g++ Summary ===
# of expected passes 229721
# of unexpected failures 27
# of expected failures 1027
# of unsupported tests 10699
/var/gcc/regression/gcc-8-branch/11-gcc/build/gcc/xg++ version 8.3.1 20190418 [gcc-8-branch revision 270429] (GCC)
=== gcc tests ===
Running target unix
FAIL: gcc.c-torture/compile/20001226-1.c -O2 -flto (test for excess errors)
FAIL: gcc.dg/simulate-thread/atomic-other-int.c -O2 -g thread simulation test
FAIL: gcc.dg/simulate-thread/atomic-other-int.c -O3 -g thread simulation test
FAIL: gcc.dg/simulate-thread/speculative-store-4.c -O0 -g thread simulation test
FAIL: gcc.dg/simulate-thread/speculative-store-4.c -O2 -g thread simulation test
FAIL: gcc.dg/simulate-thread/speculative-store-4.c -O3 -g thread simulation test
FAIL: gcc.dg/simulate-thread/speculative-store.c -O0 -g thread simulation test
=== gcc Summary for unix ===
# of expected passes 103239
# of unexpected failures 7
# of expected failures 477
# of unsupported tests 2785
Running target unix/-m64
=== gcc Summary for unix/-m64 ===
# of expected passes 104384
# of expected failures 467
# of unsupported tests 2532
=== gcc Summary ===
# of expected passes 207623
# of unexpected failures 7
# of expected failures 944
# of unsupported tests 5317
/var/gcc/regression/gcc-8-branch/11-gcc/build/gcc/xgcc version 8.3.1 20190418 [gcc-8-branch revision 270429] (GCC)
=== gfortran tests ===
Running target unix
FAIL: gfortran.dg/elemental_subroutine_3.f90 -O1 (test for excess errors)
FAIL: gfortran.dg/elemental_subroutine_3.f90 -O2 (test for excess errors)
FAIL: gfortran.dg/elemental_subroutine_3.f90 -O3 -fomit-frame-pointer -funroll-loops -fpeel-loops -ftracer -finline-functions (test for excess errors)
FAIL: gfortran.dg/elemental_subroutine_3.f90 -O3 -g (test for excess errors)
FAIL: gfortran.dg/elemental_subroutine_3.f90 -Os (test for excess errors)
FAIL: gfortran.dg/unlimited_polymorphic_30.f03 -O0 execution test
FAIL: gfortran.dg/unlimited_polymorphic_30.f03 -O1 execution test
=== gfortran Summary for unix ===
# of expected passes 47693
# of unexpected failures 7
# of expected failures 92
# of unsupported tests 263
Running target unix/-m64
FAIL: gfortran.dg/elemental_subroutine_3.f90 -O1 (test for excess errors)
FAIL: gfortran.dg/elemental_subroutine_3.f90 -O2 (test for excess errors)
FAIL: gfortran.dg/elemental_subroutine_3.f90 -O3 -fomit-frame-pointer -funroll-loops -fpeel-loops -ftracer -finline-functions (test for excess errors)
FAIL: gfortran.dg/elemental_subroutine_3.f90 -O3 -g (test for excess errors)
FAIL: gfortran.dg/elemental_subroutine_3.f90 -Os (test for excess errors)
FAIL: gfortran.dg/unlimited_polymorphic_30.f03 -O0 execution test
FAIL: gfortran.dg/unlimited_polymorphic_30.f03 -O1 execution test
FAIL: gfortran.dg/unlimited_polymorphic_30.f03 -O2 execution test
FAIL: gfortran.dg/unlimited_polymorphic_30.f03 -O3 -fomit-frame-pointer -funroll-loops -fpeel-loops -ftracer -finline-functions execution test
FAIL: gfortran.dg/unlimited_polymorphic_30.f03 -O3 -g execution test
FAIL: gfortran.dg/unlimited_polymorphic_30.f03 -Os execution test
=== gfortran Summary for unix/-m64 ===
# of expected passes 47936
# of unexpected failures 11
# of expected failures 92
# of unsupported tests 142
=== gfortran Summary ===
# of expected passes 95629
# of unexpected failures 18
# of expected failures 184
# of unsupported tests 405
/var/gcc/regression/gcc-8-branch/11-gcc/build/gcc/gfortran version 8.3.1 20190418 [gcc-8-branch revision 270429] (GCC)
=== gnat tests ===
Running target unix
FAIL: gnat.dg/sso/t8.adb -O3 -finline-functions (test for excess errors)
UNRESOLVED: gnat.dg/sso/t8.adb -O3 -finline-functions compilation failed to produce executable
=== gnat Summary for unix ===
# of expected passes 2678
# of unexpected failures 1
# of expected failures 24
# of unresolved testcases 1
# of unsupported tests 23
Running target unix/-m64
FAIL: gnat.dg/array3.adb (test for excess errors)
UNRESOLVED: gnat.dg/array3.adb compilation failed to produce executable
FAIL: gnat.dg/array9.adb (test for excess errors)
FAIL: gnat.dg/atomic8.adb (test for excess errors)
UNRESOLVED: gnat.dg/atomic8.adb compilation failed to produce executable
FAIL: gnat.dg/bip_aggregate_bug.adb (test for excess errors)
UNRESOLVED: gnat.dg/bip_aggregate_bug.adb compilation failed to produce executable
=== gnat Summary for unix/-m64 ===
# of expected passes 2674
# of unexpected failures 4
# of expected failures 24
# of unresolved testcases 3
# of unsupported tests 23
=== gnat Summary ===
# of expected passes 5352
# of unexpected failures 5
# of expected failures 48
# of unresolved testcases 4
# of unsupported tests 46
/var/gcc/regression/gcc-8-branch/11-gcc/build/gcc/gnatmake version 8.3.1 20190418 [gcc-8-branch revision 270429]
=== go tests ===
Running target unix
FAIL: go.go-torture/execute/go-3.go compilation, -Os
FAIL: go.go-torture/execute/nested-1.go compilation, -O0
FAIL: ./index0-out.go execution, -O0 -g -fno-var-tracking-assignments
FAIL: go.test/test/fixedbugs/issue4562.go execution, -O2 -g
FAIL: go.test/test/nil.go execution, -O2 -g
=== go Summary for unix ===
# of expected passes 7387
# of unexpected failures 5
# of expected failures 1
# of untested testcases 13
# of unsupported tests 3
Running target unix/-m64
FAIL: ./index0-out.go execution, -O0 -g -fno-var-tracking-assignments
=== go Summary for unix/-m64 ===
# of expected passes 7273
# of unexpected failures 1
# of expected failures 1
# of untested testcases 11
# of unsupported tests 3
=== go Summary ===
# of expected passes 14660
# of unexpected failures 6
# of expected failures 2
# of untested testcases 24
# of unsupported tests 6
=== obj-c++ tests ===
Running target unix
FAIL: obj-c++.dg/try-catch-2.mm -fgnu-runtime (test for excess errors)
UNRESOLVED: obj-c++.dg/try-catch-2.mm -fgnu-runtime compilation failed to produce executable
=== obj-c++ Summary for unix ===
# of expected passes 1463
# of unexpected failures 1
# of expected failures 1
# of unresolved testcases 1
# of unsupported tests 77
Running target unix/-m64
=== obj-c++ Summary for unix/-m64 ===
# of expected passes 1456
# of expected failures 10
# of unsupported tests 77
=== obj-c++ Summary ===
# of expected passes 2919
# of unexpected failures 1
# of expected failures 11
# of unresolved testcases 1
# of unsupported tests 154
/var/gcc/regression/gcc-8-branch/11-gcc/build/gcc/xg++ version 8.3.1 20190418 [gcc-8-branch revision 270429] (GCC)
=== objc tests ===
Running target unix
FAIL: objc/execute/bf-1.m compilation, -O0 -fgnu-runtime
UNRESOLVED: objc/execute/bf-1.m execution, -O0 -fgnu-runtime
FAIL: objc/execute/bf-20.m compilation, -O1 -fgnu-runtime
UNRESOLVED: objc/execute/bf-20.m execution, -O1 -fgnu-runtime
=== objc Summary for unix ===
# of expected passes 2799
# of unexpected failures 2
# of unresolved testcases 2
# of unsupported tests 68
Running target unix/-m64
=== objc Summary for unix/-m64 ===
# of expected passes 2803
# of unsupported tests 68
=== objc Summary ===
# of expected passes 5602
# of unexpected failures 2
# of unresolved testcases 2
# of unsupported tests 136
/var/gcc/regression/gcc-8-branch/11-gcc/build/gcc/xgcc version 8.3.1 20190418 [gcc-8-branch revision 270429] (GCC)
=== gotools tests ===
FAIL: TestAlwaysLinkSysoFiles
FAIL: TestBuildComplex
FAIL: TestCacheOutput
FAIL: TestCaseCollisions
FAIL: TestCgoAsmError
FAIL: TestCgoShowsFullPathNames
FAIL: TestCpuprofileTwice
FAIL: TestFFLAGS
FAIL: TestGOROOTSearchFailureReporting
FAIL: TestGOTMPDIR
FAIL: TestGoGenerateEnv
FAIL: TestGoListDeps
FAIL: TestGoVetWithOnlyTestFiles
FAIL: TestIssue22588
FAIL: TestLdBindNow
FAIL: TestMentionGOPATHNotOnSecondEntry
FAIL: TestMultipleGOPATHEntriesReportedSeparately
FAIL: TestNonCanonicalImportPaths
FAIL: TestPackageMainTestCompilerFlags
FAIL: TestSymlinkWarning
FAIL: TestTestRebuild
FAIL: TestVetWithOnlyCgoFiles
FAIL: go test cmd/go
FAIL: TestBreakpoint
FAIL: TestCgoSignalDeadlock
FAIL: TestCrashDumpsAllThreads
FAIL: TestCrashHandler
FAIL: TestGccgoCrashTracebackNodebug
FAIL: TestPanicInlined
FAIL: TestSelectStackAdjust
FAIL: go test runtime
FAIL: go test misc/cgo/test
FAIL: TestCompileWithoutShared
FAIL: TestEarlySignalHandler
FAIL: TestInstall
FAIL: TestOsSignal
FAIL: TestPIE
FAIL: TestSIGPROF
FAIL: TestSigaltstack
FAIL: TestSignalForwarding
FAIL: TestSignalForwardingExternal
FAIL: go test misc/cgo/testcarchive
=== gotools Summary ===
# of expected passes 264
# of unexpected failures 42
# of untested testcases 189
/var/gcc/regression/gcc-8-branch/11-gcc/build/./gcc/gccgo version 8.3.1 20190418 [gcc-8-branch revision 270429] (GCC)
=== libatomic tests ===
Running target unix
=== libatomic Summary for unix ===
# of expected passes 44
# of unsupported tests 5
Running target unix/-m64
=== libatomic Summary for unix/-m64 ===
# of expected passes 54
=== libatomic Summary ===
# of expected passes 98
# of unsupported tests 5
=== libffi tests ===
Running target unix
=== libffi Summary for unix ===
# of expected passes 2214
Running target unix/-m64
=== libffi Summary for unix/-m64 ===
# of expected passes 2214
=== libffi Summary ===
# of expected passes 4428
=== libgo tests ===
Running target unix
FAIL: net
FAIL: runtime
FAIL: go/build
FAIL: net/http
FAIL: os/signal
=== libgo Summary for unix ===
# of expected passes 159
# of unexpected failures 5
Running target unix/-m64
FAIL: fmt
FAIL: go/build
FAIL: net/http
FAIL: runtime/pprof
=== libgo Summary for unix/-m64 ===
# of expected passes 160
# of unexpected failures 4
=== libgo Summary ===
# of expected passes 319
# of unexpected failures 9
/var/gcc/regression/gcc-8-branch/11-gcc/build/./gcc/gccgo version 8.3.1 20190418 [gcc-8-branch revision 270429] (GCC)
=== libgomp tests ===
Running target unix
=== libgomp Summary for unix ===
# of expected passes 5449
# of expected failures 2
# of unsupported tests 366
Running target unix/-m64
=== libgomp Summary for unix/-m64 ===
# of expected passes 5449
# of expected failures 2
# of unsupported tests 366
=== libgomp Summary ===
# of expected passes 10898
# of expected failures 4
# of unsupported tests 732
=== libitm tests ===
Running target unix
=== libitm Summary for unix ===
# of expected passes 42
# of expected failures 3
# of unsupported tests 1
Running target unix/-m64
=== libitm Summary for unix/-m64 ===
# of expected passes 42
# of expected failures 3
# of unsupported tests 1
=== libitm Summary ===
# of expected passes 84
# of expected failures 6
# of unsupported tests 2
=== libstdc++ tests ===
Running target unix
=== libstdc++ Summary for unix ===
# of expected passes 11425
# of expected failures 71
# of unsupported tests 640
Running target unix/-m64
=== libstdc++ Summary for unix/-m64 ===
# of expected passes 11425
# of expected failures 71
# of unsupported tests 640
=== libstdc++ Summary ===
# of expected passes 22850
# of expected failures 142
# of unsupported tests 1280
Compiler version: 8.3.1 20190418 [gcc-8-branch revision 270429] (GCC)
Platform: sparc-sun-solaris2.11
configure flags: --prefix=/vol/gcc --target=sparc-sun-solaris2.11 --enable-objc-gc --with-target-bdw-gc-include=/vol/gcc/include --with-target-bdw-gc-lib=/vol/gcc/lib,sparcv9=/vol/gcc/lib/sparcv9 --with-as=/usr/ccs/bin/as --without-gnu-as --with-gmp-include=/vol/gcc/include --with-gmp-lib=/vol/gcc/lib --with-mpfr-include=/vol/gcc/include --with-mpfr-lib=/vol/gcc/lib --with-mpc-include=/vol/gcc/include --with-mpc-lib=/vol/gcc/lib --enable-languages=all,ada,obj-c++,go --with-isl-include=/vol/gcc/include --with-isl-lib=/vol/gcc/lib --build=sparc-sun-solaris2.11 --host=sparc-sun-solaris2.11
BOOT_CFLAGS=-g -O2
More information about the Gcc-testresults
mailing list