Results for 9.0.1 20190413 (experimental) [trunk revision 270338] (GCC) testsuite on x86_64-pc-linux-gnu

MCC CS mcccs@gmx.com
Sat Apr 13 16:11:00 GMT 2019


LAST_UPDATED: Obtained from SVN: trunk revision 270338

Native configuration is x86_64-pc-linux-gnu

		=== gcc tests ===


Running target unix
FAIL: gcc.target/i386/pr57193.c scan-assembler-times movdqa 2

		=== gcc Summary ===

# of expected passes		139634
# of unexpected failures	1
# of expected failures		536
# of unsupported tests		2152
/home/usr/Desktop/building_gcc/gcc-build/gcc/xgcc  version 9.0.1 20190413 (experimental) (GCC)

		=== g++ tests ===


Running target unix

		=== g++ Summary ===

# of expected passes		134441
# of expected failures		535
# of unsupported tests		5861
/home/usr/Desktop/building_gcc/gcc-build/gcc/xg++  version 9.0.1 20190413 (experimental) (GCC)

		=== libatomic tests ===


Running target unix

		=== libatomic Summary ===

# of expected passes		54
		=== libgomp tests ===


Running target unix

		=== libgomp Summary ===

# of expected passes		2357
# of expected failures		4
# of unsupported tests		210
		=== libitm tests ===


Running target unix

		=== libitm Summary ===

# of expected passes		42
# of expected failures		3
# of unsupported tests		1
		=== libstdc++ tests ===


Running target unix
FAIL: libstdc++-prettyprinters/80276.cc whatis p4
FAIL: libstdc++-prettyprinters/80276.cc whatis p4

		=== libstdc++ Summary ===

# of expected passes		13030
# of unexpected failures	2
# of expected failures		77
# of unsupported tests		644

Compiler version: 9.0.1 20190413 (experimental) [trunk revision 270338] (GCC)
Platform: x86_64-pc-linux-gnu
configure flags: --enable-languages=c --prefix=/home/usr/Desktop/building_gcc/gcc-out --with-system-zlib --enable-checking=release --disable-multilib --disable-nls



More information about the Gcc-testresults mailing list