Results for 9.0.1 20190412 (experimental) [trunk revision 270308] (GCC) testsuite on i386-pc-solaris2.10
Rainer Orth
ro@CeBiTec.Uni-Bielefeld.DE
Fri Apr 12 19:05:00 GMT 2019
LAST_UPDATED: Fri Apr 12 08:51:35 UTC 2019 (revision 270308)
=== acats tests ===
=== acats Summary ===
# of expected passes 2320
# of unexpected failures 0
Native configuration is i386-pc-solaris2.10
=== g++ tests ===
Running target unix
FAIL: g++.dg/lto/pr89335 cp_lto_pr89335_0.o assemble, -O2 -flto -Wsuggest-final-methods
=== g++ Summary for unix ===
# of expected passes 123458
# of unexpected failures 1
# of expected failures 537
# of unsupported tests 5639
Running target unix/-m64
FAIL: g++.dg/pr80481.C -std=gnu++14 scan-assembler-not vmovaps
FAIL: g++.dg/pr80481.C -std=gnu++17 scan-assembler-not vmovaps
FAIL: g++.dg/pr80481.C -std=gnu++98 scan-assembler-not vmovaps
FAIL: g++.dg/lto/pr89335 cp_lto_pr89335_0.o assemble, -O2 -flto -Wsuggest-final-methods
=== g++ Summary for unix/-m64 ===
# of expected passes 124958
# of unexpected failures 4
# of expected failures 540
# of unsupported tests 5832
=== g++ Summary ===
# of expected passes 248416
# of unexpected failures 5
# of expected failures 1077
# of unsupported tests 11471
/var/gcc/regression/trunk/10-gcc-gas/build/gcc/xg++ version 9.0.1 20190412 (experimental) [trunk revision 270308] (GCC)
=== gcc tests ===
Running target unix
FAIL: gcc.dg/visibility-22.c execution test
FAIL: gcc.dg/ipa/ipa-icf-38.c scan-ltrans-tree-dump-not optimized "Function bar"
FAIL: gcc.target/i386/indirect-thunk-1.c scan-assembler jmp[ \\t]*__x86_indirect_thunk_(r|e)ax
FAIL: gcc.target/i386/indirect-thunk-2.c scan-assembler jmp[ \\t]*__x86_indirect_thunk_(r|e)ax
FAIL: gcc.target/i386/indirect-thunk-3.c scan-assembler call[ \\t]*__x86_indirect_thunk_(r|e)ax
FAIL: gcc.target/i386/indirect-thunk-4.c scan-assembler call[ \\t]*__x86_indirect_thunk_(r|e)ax
FAIL: gcc.target/i386/indirect-thunk-7.c scan-assembler jmp[ \\t]*__x86_indirect_thunk_(r|e)ax
FAIL: gcc.target/i386/indirect-thunk-attr-1.c scan-assembler jmp[ \\t]*__x86_indirect_thunk_(r|e)ax
FAIL: gcc.target/i386/indirect-thunk-attr-2.c scan-assembler jmp[ \\t]*__x86_indirect_thunk_(r|e)ax
FAIL: gcc.target/i386/indirect-thunk-attr-5.c scan-assembler call[ \\t]*__x86_indirect_thunk_(r|e)ax
FAIL: gcc.target/i386/indirect-thunk-attr-6.c scan-assembler call[ \\t]*__x86_indirect_thunk_(r|e)ax
FAIL: gcc.target/i386/indirect-thunk-attr-7.c scan-assembler jmp[ \\t]*__x86_indirect_thunk(_nt|)_(r|e)ax
FAIL: gcc.target/i386/indirect-thunk-extern-1.c scan-assembler jmp[ \\t]*__x86_indirect_thunk_(r|e)ax
FAIL: gcc.target/i386/indirect-thunk-extern-2.c scan-assembler jmp[ \\t]*__x86_indirect_thunk_(r|e)ax
FAIL: gcc.target/i386/indirect-thunk-extern-3.c scan-assembler call[ \\t]*__x86_indirect_thunk_(r|e)ax
FAIL: gcc.target/i386/indirect-thunk-extern-4.c scan-assembler call[ \\t]*__x86_indirect_thunk_(r|e)ax
FAIL: gcc.target/i386/indirect-thunk-extern-7.c scan-assembler jmp[ \\t]*__x86_indirect_thunk(_nt|)_(r|e)ax
FAIL: gcc.target/i386/indirect-thunk-register-1.c scan-assembler jmp[ \\t]*__x86_indirect_thunk_(r|e)ax
FAIL: gcc.target/i386/indirect-thunk-register-3.c scan-assembler jmp[ \\t]*__x86_indirect_thunk_(r|e)ax
FAIL: gcc.target/i386/pr57193.c scan-assembler-times movdqa 2
FAIL: gcc.target/i386/pr81563.c scan-assembler-times movl[\\\\t ]*-4\\\\(%ebp\\\\),[\\\\t ]*%edi 1
FAIL: gcc.target/i386/pr81563.c scan-assembler-times movl[\\\\t ]*-8\\\\(%ebp\\\\),[\\\\t ]*%esi 1
FAIL: gcc.target/i386/ret-thunk-1.c scan-assembler jmp[ \\t]*__x86_return_thunk
FAIL: gcc.target/i386/ret-thunk-10.c scan-assembler __x86_indirect_thunk_(r|e)ax:
FAIL: gcc.target/i386/ret-thunk-10.c scan-assembler call[ \\t]*__x86_indirect_thunk_(r|e)ax
FAIL: gcc.target/i386/ret-thunk-11.c scan-assembler __x86_indirect_thunk_(r|e)ax:
FAIL: gcc.target/i386/ret-thunk-11.c scan-assembler call[ \\t]*__x86_indirect_thunk_(r|e)ax
FAIL: gcc.target/i386/ret-thunk-11.c scan-assembler jmp[ \\t]*__x86_return_thunk
FAIL: gcc.target/i386/ret-thunk-12.c scan-assembler __x86_indirect_thunk_(r|e)ax:
FAIL: gcc.target/i386/ret-thunk-12.c scan-assembler call[ \\t]*__x86_indirect_thunk_(r|e)ax
FAIL: gcc.target/i386/ret-thunk-13.c scan-assembler jmp[ \\t]*__x86_return_thunk
FAIL: gcc.target/i386/ret-thunk-14.c scan-assembler call[ \\t]*__x86_indirect_thunk_(r|e)ax
FAIL: gcc.target/i386/ret-thunk-15.c scan-assembler call[ \\t]*__x86_indirect_thunk_(r|e)ax
FAIL: gcc.target/i386/ret-thunk-15.c scan-assembler jmp[ \\t]*__x86_return_thunk
FAIL: gcc.target/i386/ret-thunk-22.c scan-assembler jmp[ \\t]*__x86_return_thunk_ecx
FAIL: gcc.target/i386/ret-thunk-23.c scan-assembler jmp[ \\t]*__x86_return_thunk_ecx
FAIL: gcc.target/i386/ret-thunk-26.c (test for excess errors)
UNRESOLVED: gcc.target/i386/ret-thunk-26.c compilation failed to produce executable
FAIL: gcc.target/i386/ret-thunk-3.c scan-assembler jmp[ \\t]*__x86_return_thunk
FAIL: gcc.target/i386/ret-thunk-5.c scan-assembler jmp[ \\t]*__x86_return_thunk
FAIL: gcc.target/i386/ret-thunk-7.c scan-assembler jmp[ \\t]*__x86_return_thunk
FAIL: gcc.target/i386/ret-thunk-9.c scan-assembler __x86_return_thunk:
FAIL: gcc.target/i386/ret-thunk-9.c scan-assembler call[ \\t]*__x86_indirect_thunk_(r|e)ax
FAIL: gcc.target/i386/ret-thunk-9.c scan-assembler jmp[ \\t]*__x86_return_thunk
=== gcc Summary for unix ===
# of expected passes 129637
# of unexpected failures 43
# of expected failures 543
# of unresolved testcases 1
# of unsupported tests 2385
Running target unix/-m64
FAIL: gcc.dg/visibility-22.c execution test
FAIL: gcc.dg/ipa/ipa-icf-38.c scan-ltrans-tree-dump-not optimized "Function bar"
WARNING: gcc.dg/noncompile/20041207.c -O2 (test for errors, line 7) program timed out.
WARNING: gcc.dg/params/blocksort-part.c -O3 --param align-loop-iterations=0 (test for excess errors) program timed out.
FAIL: gcc.dg/params/blocksort-part.c -O3 --param align-loop-iterations=0 (test for excess errors)
WARNING: gcc.dg/params/blocksort-part.c -O3 --param align-threshold=1 (test for excess errors) program timed out.
FAIL: gcc.dg/params/blocksort-part.c -O3 --param align-threshold=1 (test for excess errors)
WARNING: gcc.dg/params/blocksort-part.c -O3 --param avg-loop-niter=1 (test for excess errors) program timed out.
FAIL: gcc.dg/params/blocksort-part.c -O3 --param avg-loop-niter=1 (test for excess errors)
WARNING: gcc.dg/params/blocksort-part.c -O3 --param builtin-expect-probability=0 (test for excess errors) program timed out.
FAIL: gcc.dg/params/blocksort-part.c -O3 --param builtin-expect-probability=0 (test for excess errors)
WARNING: gcc.dg/params/blocksort-part.c -O3 --param builtin-expect-probability=100 (test for excess errors) program timed out.
FAIL: gcc.dg/params/blocksort-part.c -O3 --param builtin-expect-probability=100 (test for excess errors)
WARNING: gcc.dg/params/blocksort-part.c -O3 --param builtin-string-cmp-inline-length=0 (test for excess errors) program timed out.
FAIL: gcc.dg/params/blocksort-part.c -O3 --param builtin-string-cmp-inline-length=0 (test for excess errors)
WARNING: gcc.dg/params/blocksort-part.c -O3 --param builtin-string-cmp-inline-length=100 (test for excess errors) program timed out.
FAIL: gcc.dg/params/blocksort-part.c -O3 --param builtin-string-cmp-inline-length=100 (test for excess errors)
WARNING: gcc.dg/params/blocksort-part.c -O3 --param comdat-sharing-probability=0 (test for excess errors) program timed out.
FAIL: gcc.dg/params/blocksort-part.c -O3 --param comdat-sharing-probability=0 (test for excess errors)
WARNING: gcc.dg/params/blocksort-part.c -O3 --param dse-max-alias-queries-per-store=0 (test for excess errors) program timed out.
FAIL: gcc.dg/params/blocksort-part.c -O3 --param dse-max-alias-queries-per-store=0 (test for excess errors)
WARNING: gcc.dg/params/blocksort-part.c -O3 --param dse-max-object-size=0 (test for excess errors) program timed out.
FAIL: gcc.dg/params/blocksort-part.c -O3 --param dse-max-object-size=0 (test for excess errors)
WARNING: gcc.dg/params/blocksort-part.c -O3 --param early-inlining-insns=0 (test for excess errors) program timed out.
FAIL: gcc.dg/params/blocksort-part.c -O3 --param early-inlining-insns=0 (test for excess errors)
WARNING: gcc.dg/params/blocksort-part.c -O3 --param gcse-after-reload-critical-fraction=0 (test for excess errors) program timed out.
FAIL: gcc.dg/params/blocksort-part.c -O3 --param gcse-after-reload-critical-fraction=0 (test for excess errors)
WARNING: gcc.dg/params/blocksort-part.c -O3 --param gcse-after-reload-partial-fraction=0 (test for excess errors) program timed out.
FAIL: gcc.dg/params/blocksort-part.c -O3 --param gcse-after-reload-partial-fraction=0 (test for excess errors)
WARNING: gcc.dg/params/blocksort-part.c -O3 --param gcse-cost-distance-ratio=0 (test for excess errors) program timed out.
FAIL: gcc.dg/params/blocksort-part.c -O3 --param gcse-cost-distance-ratio=0 (test for excess errors)
WARNING: gcc.dg/params/blocksort-part.c -O3 --param gcse-unrestricted-cost=0 (test for excess errors) program timed out.
FAIL: gcc.dg/params/blocksort-part.c -O3 --param gcse-unrestricted-cost=0 (test for excess errors)
WARNING: gcc.dg/params/blocksort-part.c -O3 --param ggc-min-expand=0 (test for excess errors) program timed out.
FAIL: gcc.dg/params/blocksort-part.c -O3 --param ggc-min-expand=0 (test for excess errors)
WARNING: gcc.dg/params/blocksort-part.c -O3 --param ggc-min-heapsize=0 (test for excess errors) program timed out.
FAIL: gcc.dg/params/blocksort-part.c -O3 --param ggc-min-heapsize=0 (test for excess errors)
WARNING: gcc.dg/params/blocksort-part.c -O3 --param graphite-allow-codegen-errors=0 (test for excess errors) program timed out.
FAIL: gcc.dg/params/blocksort-part.c -O3 --param graphite-allow-codegen-errors=0 (test for excess errors)
WARNING: gcc.dg/params/blocksort-part.c -O3 --param graphite-allow-codegen-errors=1 (test for excess errors) program timed out.
FAIL: gcc.dg/params/blocksort-part.c -O3 --param graphite-allow-codegen-errors=1 (test for excess errors)
WARNING: gcc.dg/params/blocksort-part.c -O3 --param hot-bb-count-fraction=0 (test for excess errors) program timed out.
FAIL: gcc.dg/params/blocksort-part.c -O3 --param hot-bb-count-fraction=0 (test for excess errors)
WARNING: gcc.dg/params/blocksort-part.c -O3 --param hot-bb-count-ws-permille=0 (test for excess errors) program timed out.
FAIL: gcc.dg/params/blocksort-part.c -O3 --param hot-bb-count-ws-permille=0 (test for excess errors)
WARNING: gcc.dg/params/blocksort-part.c -O3 --param hot-bb-count-ws-permille=1000 (test for excess errors) program timed out.
FAIL: gcc.dg/params/blocksort-part.c -O3 --param hot-bb-count-ws-permille=1000 (test for excess errors)
WARNING: gcc.dg/params/blocksort-part.c -O3 --param hot-bb-frequency-fraction=0 (test for excess errors) program timed out.
FAIL: gcc.dg/params/blocksort-part.c -O3 --param hot-bb-frequency-fraction=0 (test for excess errors)
WARNING: gcc.dg/params/blocksort-part.c -O3 --param inline-min-speedup=0 (test for excess errors) program timed out.
FAIL: gcc.dg/params/blocksort-part.c -O3 --param inline-min-speedup=0 (test for excess errors)
WARNING: gcc.dg/params/blocksort-part.c -O3 --param inline-unit-growth=0 (test for excess errors) program timed out.
FAIL: gcc.dg/params/blocksort-part.c -O3 --param inline-unit-growth=0 (test for excess errors)
WARNING: gcc.dg/params/blocksort-part.c -O3 --param ipcp-unit-growth=0 (test for excess errors) program timed out.
FAIL: gcc.dg/params/blocksort-part.c -O3 --param ipcp-unit-growth=0 (test for excess errors)
WARNING: gcc.dg/params/blocksort-part.c -O3 --param ira-loop-reserved-regs=0 (test for excess errors) program timed out.
FAIL: gcc.dg/params/blocksort-part.c -O3 --param ira-loop-reserved-regs=0 (test for excess errors)
WARNING: gcc.dg/params/blocksort-part.c -O3 --param ira-max-conflict-table-size=0 (test for excess errors) program timed out.
FAIL: gcc.dg/params/blocksort-part.c -O3 --param ira-max-conflict-table-size=0 (test for excess errors)
WARNING: gcc.dg/params/blocksort-part.c -O3 --param ira-max-loops-num=0 (test for excess errors) program timed out.
FAIL: gcc.dg/params/blocksort-part.c -O3 --param ira-max-loops-num=0 (test for excess errors)
WARNING: gcc.dg/params/blocksort-part.c -O3 --param iv-always-prune-cand-set-bound=0 (test for excess errors) program timed out.
FAIL: gcc.dg/params/blocksort-part.c -O3 --param iv-always-prune-cand-set-bound=0 (test for excess errors)
WARNING: gcc.dg/params/blocksort-part.c -O3 --param iv-consider-all-candidates-bound=0 (test for excess errors) program timed out.
FAIL: gcc.dg/params/blocksort-part.c -O3 --param iv-consider-all-candidates-bound=0 (test for excess errors)
WARNING: gcc.dg/params/blocksort-part.c -O3 --param iv-max-considered-uses=0 (test for excess errors) program timed out.
FAIL: gcc.dg/params/blocksort-part.c -O3 --param iv-max-considered-uses=0 (test for excess errors)
WARNING: gcc.dg/params/blocksort-part.c -O3 --param large-function-growth=0 (test for excess errors) program timed out.
FAIL: gcc.dg/params/blocksort-part.c -O3 --param large-function-growth=0 (test for excess errors)
WARNING: gcc.dg/params/blocksort-part.c -O3 --param large-function-insns=0 (test for excess errors) program timed out.
FAIL: gcc.dg/params/blocksort-part.c -O3 --param large-function-insns=0 (test for excess errors)
WARNING: gcc.dg/params/blocksort-part.c -O3 --param large-stack-frame-growth=0 (test for excess errors) program timed out.
FAIL: gcc.dg/params/blocksort-part.c -O3 --param large-stack-frame-growth=0 (test for excess errors)
WARNING: gcc.dg/params/blocksort-part.c -O3 --param large-stack-frame=0 (test for excess errors) program timed out.
FAIL: gcc.dg/params/blocksort-part.c -O3 --param large-stack-frame=0 (test for excess errors)
WARNING: gcc.dg/params/blocksort-part.c -O3 --param large-unit-insns=0 (test for excess errors) program timed out.
FAIL: gcc.dg/params/blocksort-part.c -O3 --param large-unit-insns=0 (test for excess errors)
WARNING: gcc.dg/params/blocksort-part.c -O3 --param loop-interchange-max-num-stmts=0 (test for excess errors) program timed out.
FAIL: gcc.dg/params/blocksort-part.c -O3 --param loop-interchange-max-num-stmts=0 (test for excess errors)
WARNING: gcc.dg/params/blocksort-part.c -O3 --param loop-interchange-stride-ratio=0 (test for excess errors) program timed out.
FAIL: gcc.dg/params/blocksort-part.c -O3 --param loop-interchange-stride-ratio=0 (test for excess errors)
WARNING: gcc.dg/params/blocksort-part.c -O3 --param lra-inheritance-ebb-probability-cutoff=0 (test for excess errors) program timed out.
FAIL: gcc.dg/params/blocksort-part.c -O3 --param lra-inheritance-ebb-probability-cutoff=0 (test for excess errors)
WARNING: gcc.dg/params/blocksort-part.c -O3 --param lra-max-considered-reload-pseudos=0 (test for excess errors) program timed out.
FAIL: gcc.dg/params/blocksort-part.c -O3 --param lra-max-considered-reload-pseudos=0 (test for excess errors)
WARNING: gcc.dg/params/blocksort-part.c -O3 --param max-average-unrolled-insns=0 (test for excess errors) program timed out.
FAIL: gcc.dg/params/blocksort-part.c -O3 --param max-average-unrolled-insns=0 (test for excess errors)
WARNING: gcc.dg/params/blocksort-part.c -O3 --param max-completely-peel-loop-nest-depth=0 (test for excess errors) program timed out.
FAIL: gcc.dg/params/blocksort-part.c -O3 --param max-completely-peel-loop-nest-depth=0 (test for excess errors)
WARNING: gcc.dg/params/blocksort-part.c -O3 --param max-completely-peel-times=0 (test for excess errors) program timed out.
FAIL: gcc.dg/params/blocksort-part.c -O3 --param max-completely-peel-times=0 (test for excess errors)
WARNING: gcc.dg/params/blocksort-part.c -O3 --param max-completely-peeled-insns=0 (test for excess errors) program timed out.
FAIL: gcc.dg/params/blocksort-part.c -O3 --param max-completely-peeled-insns=0 (test for excess errors)
WARNING: gcc.dg/params/blocksort-part.c -O3 --param max-crossjump-edges=0 (test for excess errors) program timed out.
FAIL: gcc.dg/params/blocksort-part.c -O3 --param max-crossjump-edges=0 (test for excess errors)
WARNING: gcc.dg/params/blocksort-part.c -O3 --param max-cselib-memory-locations=0 (test for excess errors) program timed out.
FAIL: gcc.dg/params/blocksort-part.c -O3 --param max-cselib-memory-locations=0 (test for excess errors)
WARNING: gcc.dg/params/blocksort-part.c -O3 --param max-delay-slot-insn-search=0 (test for excess errors) program timed out.
FAIL: gcc.dg/params/blocksort-part.c -O3 --param max-delay-slot-insn-search=0 (test for excess errors)
WARNING: gcc.dg/params/blocksort-part.c -O3 --param max-delay-slot-live-search=0 (test for excess errors) program timed out.
FAIL: gcc.dg/params/blocksort-part.c -O3 --param max-delay-slot-live-search=0 (test for excess errors)
WARNING: gcc.dg/params/blocksort-part.c -O3 --param max-dse-active-local-stores=0 (test for excess errors) program timed out.
FAIL: gcc.dg/params/blocksort-part.c -O3 --param max-dse-active-local-stores=0 (test for excess errors)
WARNING: gcc.dg/params/blocksort-part.c -O3 --param max-early-inliner-iterations=0 (test for excess errors) program timed out.
FAIL: gcc.dg/params/blocksort-part.c -O3 --param max-early-inliner-iterations=0 (test for excess errors)
WARNING: gcc.dg/params/blocksort-part.c -O3 --param max-fields-for-field-sensitive=0 (test for excess errors) program timed out.
FAIL: gcc.dg/params/blocksort-part.c -O3 --param max-fields-for-field-sensitive=0 (test for excess errors)
WARNING: gcc.dg/params/blocksort-part.c -O3 --param max-gcse-insertion-ratio=0 (test for excess errors) program timed out.
FAIL: gcc.dg/params/blocksort-part.c -O3 --param max-gcse-insertion-ratio=0 (test for excess errors)
WARNING: gcc.dg/params/blocksort-part.c -O3 --param max-gcse-memory=0 (test for excess errors) program timed out.
FAIL: gcc.dg/params/blocksort-part.c -O3 --param max-gcse-memory=0 (test for excess errors)
WARNING: gcc.dg/params/blocksort-part.c -O3 --param max-goto-duplication-insns=0 (test for excess errors) program timed out.
FAIL: gcc.dg/params/blocksort-part.c -O3 --param max-goto-duplication-insns=0 (test for excess errors)
WARNING: gcc.dg/params/blocksort-part.c -O3 --param max-grow-copy-bb-insns=0 (test for excess errors) program timed out.
FAIL: gcc.dg/params/blocksort-part.c -O3 --param max-grow-copy-bb-insns=0 (test for excess errors)
WARNING: gcc.dg/params/blocksort-part.c -O3 --param max-hoist-depth=0 (test for excess errors) program timed out.
FAIL: gcc.dg/params/blocksort-part.c -O3 --param max-hoist-depth=0 (test for excess errors)
WARNING: gcc.dg/params/blocksort-part.c -O3 --param max-inline-insns-auto=0 (test for excess errors) program timed out.
FAIL: gcc.dg/params/blocksort-part.c -O3 --param max-inline-insns-auto=0 (test for excess errors)
WARNING: gcc.dg/params/blocksort-part.c -O3 --param max-inline-insns-recursive-auto=0 (test for excess errors) program timed out.
FAIL: gcc.dg/params/blocksort-part.c -O3 --param max-inline-insns-recursive-auto=0 (test for excess errors)
WARNING: gcc.dg/params/blocksort-part.c -O3 --param max-inline-insns-recursive=0 (test for excess errors) program timed out.
FAIL: gcc.dg/params/blocksort-part.c -O3 --param max-inline-insns-recursive=0 (test for excess errors)
WARNING: gcc.dg/params/blocksort-part.c -O3 --param max-inline-insns-single=0 (test for excess errors) program timed out.
FAIL: gcc.dg/params/blocksort-part.c -O3 --param max-inline-insns-single=0 (test for excess errors)
WARNING: gcc.dg/params/blocksort-part.c -O3 --param max-inline-insns-size=0 (test for excess errors) program timed out.
FAIL: gcc.dg/params/blocksort-part.c -O3 --param max-inline-insns-size=0 (test for excess errors)
WARNING: gcc.dg/params/blocksort-part.c -O3 --param max-inline-insns-small=0 (test for excess errors) program timed out.
FAIL: gcc.dg/params/blocksort-part.c -O3 --param max-inline-insns-small=0 (test for excess errors)
WARNING: gcc.dg/params/blocksort-part.c -O3 --param max-inline-recursive-depth-auto=0 (test for excess errors) program timed out.
FAIL: gcc.dg/params/blocksort-part.c -O3 --param max-inline-recursive-depth-auto=0 (test for excess errors)
WARNING: gcc.dg/params/blocksort-part.c -O3 --param max-inline-recursive-depth=0 (test for excess errors) program timed out.
FAIL: gcc.dg/params/blocksort-part.c -O3 --param max-inline-recursive-depth=0 (test for excess errors)
WARNING: gcc.dg/params/blocksort-part.c -O3 --param max-isl-operations=0 (test for excess errors) program timed out.
FAIL: gcc.dg/params/blocksort-part.c -O3 --param max-isl-operations=0 (test for excess errors)
WARNING: gcc.dg/params/blocksort-part.c -O3 --param max-iterations-computation-cost=0 (test for excess errors) program timed out.
FAIL: gcc.dg/params/blocksort-part.c -O3 --param max-iterations-computation-cost=0 (test for excess errors)
WARNING: gcc.dg/params/blocksort-part.c -O3 --param max-iterations-to-track=0 (test for excess errors) program timed out.
FAIL: gcc.dg/params/blocksort-part.c -O3 --param max-iterations-to-track=0 (test for excess errors)
WARNING: gcc.dg/params/blocksort-part.c -O3 --param max-jump-thread-duplication-stmts=0 (test for excess errors) program timed out.
FAIL: gcc.dg/params/blocksort-part.c -O3 --param max-jump-thread-duplication-stmts=0 (test for excess errors)
WARNING: gcc.dg/params/blocksort-part.c -O3 --param max-last-value-rtl=0 (test for excess errors) program timed out.
FAIL: gcc.dg/params/blocksort-part.c -O3 --param max-last-value-rtl=0 (test for excess errors)
WARNING: gcc.dg/params/blocksort-part.c -O3 --param max-loop-header-insns=0 (test for excess errors) program timed out.
FAIL: gcc.dg/params/blocksort-part.c -O3 --param max-loop-header-insns=0 (test for excess errors)
WARNING: gcc.dg/params/blocksort-part.c -O3 --param max-modulo-backtrack-attempts=0 (test for excess errors) program timed out.
FAIL: gcc.dg/params/blocksort-part.c -O3 --param max-modulo-backtrack-attempts=0 (test for excess errors)
WARNING: gcc.dg/params/blocksort-part.c -O3 --param max-once-peeled-insns=0 (test for excess errors) program timed out.
FAIL: gcc.dg/params/blocksort-part.c -O3 --param max-once-peeled-insns=0 (test for excess errors)
WARNING: gcc.dg/params/blocksort-part.c -O3 --param max-peel-branches=0 (test for excess errors) program timed out.
FAIL: gcc.dg/params/blocksort-part.c -O3 --param max-peel-branches=0 (test for excess errors)
WARNING: gcc.dg/params/blocksort-part.c -O3 --param max-peel-times=0 (test for excess errors) program timed out.
FAIL: gcc.dg/params/blocksort-part.c -O3 --param max-peel-times=0 (test for excess errors)
WARNING: gcc.dg/params/blocksort-part.c -O3 --param max-peeled-insns=0 (test for excess errors) program timed out.
FAIL: gcc.dg/params/blocksort-part.c -O3 --param max-peeled-insns=0 (test for excess errors)
WARNING: gcc.dg/params/blocksort-part.c -O3 --param max-pending-list-length=0 (test for excess errors) program timed out.
FAIL: gcc.dg/params/blocksort-part.c -O3 --param max-pending-list-length=0 (test for excess errors)
WARNING: gcc.dg/params/blocksort-part.c -O3 --param max-pipeline-region-blocks=0 (test for excess errors) program timed out.
FAIL: gcc.dg/params/blocksort-part.c -O3 --param max-pipeline-region-blocks=0 (test for excess errors)
WARNING: gcc.dg/params/blocksort-part.c -O3 --param max-pipeline-region-insns=0 (test for excess errors) program timed out.
FAIL: gcc.dg/params/blocksort-part.c -O3 --param max-pipeline-region-insns=0 (test for excess errors)
WARNING: gcc.dg/params/blocksort-part.c -O3 --param max-pow-sqrt-depth=1 (test for excess errors) program timed out.
FAIL: gcc.dg/params/blocksort-part.c -O3 --param max-pow-sqrt-depth=1 (test for excess errors)
WARNING: gcc.dg/params/blocksort-part.c -O3 --param max-pow-sqrt-depth=32 (test for excess errors) program timed out.
FAIL: gcc.dg/params/blocksort-part.c -O3 --param max-pow-sqrt-depth=32 (test for excess errors)
WARNING: gcc.dg/params/blocksort-part.c -O3 --param max-predicted-iterations=0 (test for excess errors) program timed out.
FAIL: gcc.dg/params/blocksort-part.c -O3 --param max-predicted-iterations=0 (test for excess errors)
WARNING: gcc.dg/params/blocksort-part.c -O3 --param max-reload-search-insns=0 (test for excess errors) program timed out.
FAIL: gcc.dg/params/blocksort-part.c -O3 --param max-reload-search-insns=0 (test for excess errors)
WARNING: gcc.dg/params/blocksort-part.c -O3 --param max-sched-extend-regions-iters=0 (test for excess errors) program timed out.
FAIL: gcc.dg/params/blocksort-part.c -O3 --param max-sched-extend-regions-iters=0 (test for excess errors)
WARNING: gcc.dg/params/blocksort-part.c -O3 --param max-sched-insn-conflict-delay=1 (test for excess errors) program timed out.
FAIL: gcc.dg/params/blocksort-part.c -O3 --param max-sched-insn-conflict-delay=1 (test for excess errors)
WARNING: gcc.dg/params/blocksort-part.c -O3 --param max-sched-insn-conflict-delay=10 (test for excess errors) program timed out.
FAIL: gcc.dg/params/blocksort-part.c -O3 --param max-sched-insn-conflict-delay=10 (test for excess errors)
WARNING: gcc.dg/params/blocksort-part.c -O3 --param max-sched-ready-insns=1 (test for excess errors) program timed out.
FAIL: gcc.dg/params/blocksort-part.c -O3 --param max-sched-ready-insns=1 (test for excess errors)
WARNING: gcc.dg/params/blocksort-part.c -O3 --param max-unroll-times=0 (test for excess errors) program timed out.
FAIL: gcc.dg/params/blocksort-part.c -O3 --param max-unroll-times=0 (test for excess errors)
WARNING: gcc.dg/params/blocksort-part.c -O3 --param max-unswitch-insns=0 (test for excess errors) program timed out.
FAIL: gcc.dg/params/blocksort-part.c -O3 --param max-unswitch-insns=0 (test for excess errors)
WARNING: gcc.dg/params/blocksort-part.c -O3 --param max-unswitch-level=0 (test for excess errors) program timed out.
FAIL: gcc.dg/params/blocksort-part.c -O3 --param max-unswitch-level=0 (test for excess errors)
WARNING: gcc.dg/params/blocksort-part.c -O3 --param max-variable-expansions-in-unroller=0 (test for excess errors) program timed out.
FAIL: gcc.dg/params/blocksort-part.c -O3 --param max-variable-expansions-in-unroller=0 (test for excess errors)
WARNING: gcc.dg/params/blocksort-part.c -O3 --param min-crossjump-insns=1 (test for excess errors) program timed out.
FAIL: gcc.dg/params/blocksort-part.c -O3 --param min-crossjump-insns=1 (test for excess errors)
WARNING: gcc.dg/params/blocksort-part.c -O3 --param min-inline-recursive-probability=0 (test for excess errors) program timed out.
FAIL: gcc.dg/params/blocksort-part.c -O3 --param min-inline-recursive-probability=0 (test for excess errors)
WARNING: gcc.dg/params/blocksort-part.c -O3 --param min-size-for-stack-sharing=0 (test for excess errors) program timed out.
FAIL: gcc.dg/params/blocksort-part.c -O3 --param min-size-for-stack-sharing=0 (test for excess errors)
WARNING: gcc.dg/params/blocksort-part.c -O3 --param min-spec-prob=0 (test for excess errors) program timed out.
FAIL: gcc.dg/params/blocksort-part.c -O3 --param min-spec-prob=0 (test for excess errors)
WARNING: gcc.dg/params/blocksort-part.c -O3 --param min-vect-loop-bound=0 (test for excess errors) program timed out.
FAIL: gcc.dg/params/blocksort-part.c -O3 --param min-vect-loop-bound=0 (test for excess errors)
WARNING: gcc.dg/params/blocksort-part.c -O3 --param partial-inlining-entry-probability=0 (test for excess errors) program timed out.
FAIL: gcc.dg/params/blocksort-part.c -O3 --param partial-inlining-entry-probability=0 (test for excess errors)
WARNING: gcc.dg/params/blocksort-part.c -O3 --param partial-inlining-entry-probability=100 (test for excess errors) program timed out.
FAIL: gcc.dg/params/blocksort-part.c -O3 --param partial-inlining-entry-probability=100 (test for excess errors)
WARNING: gcc.dg/params/blocksort-part.c -O3 --param predictable-branch-outcome=0 (test for excess errors) program timed out.
FAIL: gcc.dg/params/blocksort-part.c -O3 --param predictable-branch-outcome=0 (test for excess errors)
WARNING: gcc.dg/params/blocksort-part.c -O3 --param predictable-branch-outcome=50 (test for excess errors) program timed out.
FAIL: gcc.dg/params/blocksort-part.c -O3 --param predictable-branch-outcome=50 (test for excess errors)
WARNING: gcc.dg/params/blocksort-part.c -O3 --param prefetch-dynamic-strides=0 (test for excess errors) program timed out.
FAIL: gcc.dg/params/blocksort-part.c -O3 --param prefetch-dynamic-strides=0 (test for excess errors)
WARNING: gcc.dg/params/blocksort-part.c -O3 --param prefetch-dynamic-strides=1 (test for excess errors) program timed out.
FAIL: gcc.dg/params/blocksort-part.c -O3 --param prefetch-dynamic-strides=1 (test for excess errors)
WARNING: gcc.dg/params/blocksort-part.c -O3 --param prefetch-latency=0 (test for excess errors) program timed out.
FAIL: gcc.dg/params/blocksort-part.c -O3 --param prefetch-latency=0 (test for excess errors)
WARNING: gcc.dg/params/blocksort-part.c -O3 --param prefetch-minimum-stride=0 (test for excess errors) program timed out.
FAIL: gcc.dg/params/blocksort-part.c -O3 --param prefetch-minimum-stride=0 (test for excess errors)
WARNING: gcc.dg/params/blocksort-part.c -O3 --param sched-autopref-queue-depth=0 (test for excess errors) program timed out.
FAIL: gcc.dg/params/blocksort-part.c -O3 --param sched-autopref-queue-depth=0 (test for excess errors)
WARNING: gcc.dg/params/blocksort-part.c -O3 --param sched-mem-true-dep-cost=0 (test for excess errors) program timed out.
FAIL: gcc.dg/params/blocksort-part.c -O3 --param sched-mem-true-dep-cost=0 (test for excess errors)
WARNING: gcc.dg/params/blocksort-part.c -O3 --param selsched-insns-to-rename=0 (test for excess errors) program timed out.
FAIL: gcc.dg/params/blocksort-part.c -O3 --param selsched-insns-to-rename=0 (test for excess errors)
WARNING: gcc.dg/params/blocksort-part.c -O3 --param selsched-max-lookahead=0 (test for excess errors) program timed out.
FAIL: gcc.dg/params/blocksort-part.c -O3 --param selsched-max-lookahead=0 (test for excess errors)
WARNING: gcc.dg/params/blocksort-part.c -O3 --param selsched-max-sched-times=1 (test for excess errors) program timed out.
FAIL: gcc.dg/params/blocksort-part.c -O3 --param selsched-max-sched-times=1 (test for excess errors)
WARNING: gcc.dg/params/blocksort-part.c -O3 --param sms-dfa-history=0 (test for excess errors) program timed out.
FAIL: gcc.dg/params/blocksort-part.c -O3 --param sms-dfa-history=0 (test for excess errors)
WARNING: gcc.dg/params/blocksort-part.c -O3 --param sms-loop-average-count-threshold=0 (test for excess errors) program timed out.
FAIL: gcc.dg/params/blocksort-part.c -O3 --param sms-loop-average-count-threshold=0 (test for excess errors)
WARNING: gcc.dg/params/blocksort-part.c -O3 --param sms-max-ii-factor=0 (test for excess errors) program timed out.
FAIL: gcc.dg/params/blocksort-part.c -O3 --param sms-max-ii-factor=0 (test for excess errors)
WARNING: gcc.dg/params/blocksort-part.c -O3 --param sms-min-sc=1 (test for excess errors) program timed out.
FAIL: gcc.dg/params/blocksort-part.c -O3 --param sms-min-sc=1 (test for excess errors)
WARNING: gcc.dg/params/blocksort-part.c -O3 --param stack-clash-protection-guard-size=12 (test for excess errors) program timed out.
FAIL: gcc.dg/params/blocksort-part.c -O3 --param stack-clash-protection-guard-size=12 (test for excess errors)
WARNING: gcc.dg/params/blocksort-part.c -O3 --param stack-clash-protection-guard-size=30 (test for excess errors) program timed out.
FAIL: gcc.dg/params/blocksort-part.c -O3 --param stack-clash-protection-guard-size=30 (test for excess errors)
WARNING: gcc.dg/params/blocksort-part.c -O3 --param stack-clash-protection-probe-interval=10 (test for excess errors) program timed out.
FAIL: gcc.dg/params/blocksort-part.c -O3 --param stack-clash-protection-probe-interval=10 (test for excess errors)
WARNING: gcc.dg/params/blocksort-part.c -O3 --param tracer-dynamic-coverage-feedback=0 (test for excess errors) program timed out.
FAIL: gcc.dg/params/blocksort-part.c -O3 --param tracer-dynamic-coverage-feedback=0 (test for excess errors)
WARNING: gcc.dg/params/blocksort-part.c -O3 --param tracer-dynamic-coverage-feedback=100 (test for excess errors) program timed out.
FAIL: gcc.dg/params/blocksort-part.c -O3 --param tracer-dynamic-coverage-feedback=100 (test for excess errors)
WARNING: gcc.dg/params/blocksort-part.c -O3 --param tracer-dynamic-coverage=0 (test for excess errors) program timed out.
FAIL: gcc.dg/params/blocksort-part.c -O3 --param tracer-dynamic-coverage=0 (test for excess errors)
WARNING: gcc.dg/params/blocksort-part.c -O3 --param tracer-dynamic-coverage=100 (test for excess errors) program timed out.
FAIL: gcc.dg/params/blocksort-part.c -O3 --param tracer-dynamic-coverage=100 (test for excess errors)
WARNING: gcc.dg/params/blocksort-part.c -O3 --param tracer-max-code-growth=0 (test for excess errors) program timed out.
FAIL: gcc.dg/params/blocksort-part.c -O3 --param tracer-max-code-growth=0 (test for excess errors)
WARNING: gcc.dg/params/blocksort-part.c -O3 --param tracer-min-branch-probability-feedback=0 (test for excess errors) program timed out.
FAIL: gcc.dg/params/blocksort-part.c -O3 --param tracer-min-branch-probability-feedback=0 (test for excess errors)
WARNING: gcc.dg/params/blocksort-part.c -O3 --param tracer-min-branch-probability-feedback=100 (test for excess errors) program timed out.
FAIL: gcc.dg/params/blocksort-part.c -O3 --param tracer-min-branch-probability-feedback=100 (test for excess errors)
WARNING: gcc.dg/params/blocksort-part.c -O3 --param tracer-min-branch-probability=0 (test for excess errors) program timed out.
FAIL: gcc.dg/params/blocksort-part.c -O3 --param tracer-min-branch-probability=0 (test for excess errors)
WARNING: gcc.dg/params/blocksort-part.c -O3 --param tracer-min-branch-probability=100 (test for excess errors) program timed out.
FAIL: gcc.dg/params/blocksort-part.c -O3 --param tracer-min-branch-probability=100 (test for excess errors)
WARNING: gcc.dg/params/blocksort-part.c -O3 --param tracer-min-branch-ratio=0 (test for excess errors) program timed out.
FAIL: gcc.dg/params/blocksort-part.c -O3 --param tracer-min-branch-ratio=0 (test for excess errors)
WARNING: gcc.dg/params/blocksort-part.c -O3 --param tracer-min-branch-ratio=100 (test for excess errors) program timed out.
FAIL: gcc.dg/params/blocksort-part.c -O3 --param tracer-min-branch-ratio=100 (test for excess errors)
WARNING: gcc.dg/params/blocksort-part.c -O3 --param uninlined-function-insns=0 (test for excess errors) program timed out.
FAIL: gcc.dg/params/blocksort-part.c -O3 --param uninlined-function-insns=0 (test for excess errors)
WARNING: gcc.dg/params/blocksort-part.c -O3 --param uninlined-function-insns=1000000 (test for excess errors) program timed out.
FAIL: gcc.dg/params/blocksort-part.c -O3 --param uninlined-function-insns=1000000 (test for excess errors)
WARNING: gcc.dg/params/blocksort-part.c -O3 --param uninlined-function-time=0 (test for excess errors) program timed out.
FAIL: gcc.dg/params/blocksort-part.c -O3 --param uninlined-function-time=0 (test for excess errors)
WARNING: gcc.dg/params/blocksort-part.c -O3 --param uninlined-function-time=1000000 (test for excess errors) program timed out.
FAIL: gcc.dg/params/blocksort-part.c -O3 --param uninlined-function-time=1000000 (test for excess errors)
WARNING: gcc.dg/params/blocksort-part.c -O3 --param uninlined-thunk-insns=0 (test for excess errors) program timed out.
FAIL: gcc.dg/params/blocksort-part.c -O3 --param uninlined-thunk-insns=0 (test for excess errors)
WARNING: gcc.dg/params/blocksort-part.c -O3 --param uninlined-thunk-insns=1000000 (test for excess errors) program timed out.
FAIL: gcc.dg/params/blocksort-part.c -O3 --param uninlined-thunk-insns=1000000 (test for excess errors)
WARNING: gcc.dg/params/blocksort-part.c -O3 --param uninlined-thunk-time=0 (test for excess errors) program timed out.
FAIL: gcc.dg/params/blocksort-part.c -O3 --param uninlined-thunk-time=0 (test for excess errors)
WARNING: gcc.dg/params/blocksort-part.c -O3 --param uninlined-thunk-time=1000000 (test for excess errors) program timed out.
FAIL: gcc.dg/params/blocksort-part.c -O3 --param uninlined-thunk-time=1000000 (test for excess errors)
WARNING: gcc.dg/params/blocksort-part.c -O3 --param unlikely-bb-count-fraction=1 (test for excess errors) program timed out.
FAIL: gcc.dg/params/blocksort-part.c -O3 --param unlikely-bb-count-fraction=1 (test for excess errors)
WARNING: gcc.dg/params/blocksort-part.c -O3 --param unlikely-bb-count-fraction=10000 (test for excess errors) program timed out.
FAIL: gcc.dg/params/blocksort-part.c -O3 --param unlikely-bb-count-fraction=10000 (test for excess errors)
WARNING: gcc.dg/params/blocksort-part.c -O3 --param use-canonical-types=0 (test for excess errors) program timed out.
FAIL: gcc.dg/params/blocksort-part.c -O3 --param use-canonical-types=0 (test for excess errors)
WARNING: gcc.dg/params/blocksort-part.c -O3 --param vect-max-peeling-for-alignment=64 (test for excess errors) program timed out.
FAIL: gcc.dg/params/blocksort-part.c -O3 --param vect-max-peeling-for-alignment=64 (test for excess errors)
WARNING: gcc.dg/params/blocksort-part.c -O3 --param vect-max-version-for-alias-checks=0 (test for excess errors) program timed out.
FAIL: gcc.dg/params/blocksort-part.c -O3 --param vect-max-version-for-alias-checks=0 (test for excess errors)
WARNING: c-c++-common/torture/builtin-arith-overflow-1.c -O2 -flto -flto-partition=none (test for excess errors) program timed out.
FAIL: c-c++-common/torture/builtin-arith-overflow-1.c -O2 -flto -flto-partition=none (test for excess errors)
UNRESOLVED: c-c++-common/torture/builtin-arith-overflow-1.c -O2 -flto -flto-partition=none compilation failed to produce executable
WARNING: c-c++-common/torture/builtin-arith-overflow-16.c -O2 (test for excess errors) program timed out.
FAIL: c-c++-common/torture/builtin-arith-overflow-16.c -O2 (test for excess errors)
UNRESOLVED: c-c++-common/torture/builtin-arith-overflow-16.c -O2 compilation failed to produce executable
WARNING: c-c++-common/torture/builtin-arith-overflow-16.c -O2 -flto -flto-partition=none (test for excess errors) program timed out.
FAIL: c-c++-common/torture/builtin-arith-overflow-16.c -O2 -flto -flto-partition=none (test for excess errors)
UNRESOLVED: c-c++-common/torture/builtin-arith-overflow-16.c -O2 -flto -flto-partition=none compilation failed to produce executable
FAIL: gcc.target/i386/indirect-thunk-1.c scan-assembler jmp[ \\t]*__x86_indirect_thunk_(r|e)ax
FAIL: gcc.target/i386/indirect-thunk-2.c scan-assembler jmp[ \\t]*__x86_indirect_thunk_(r|e)ax
FAIL: gcc.target/i386/indirect-thunk-3.c scan-assembler call[ \\t]*__x86_indirect_thunk_(r|e)ax
FAIL: gcc.target/i386/indirect-thunk-4.c scan-assembler call[ \\t]*__x86_indirect_thunk_(r|e)ax
FAIL: gcc.target/i386/indirect-thunk-7.c scan-assembler jmp[ \\t]*__x86_indirect_thunk_(r|e)ax
FAIL: gcc.target/i386/indirect-thunk-attr-1.c scan-assembler jmp[ \\t]*__x86_indirect_thunk_(r|e)ax
FAIL: gcc.target/i386/indirect-thunk-attr-2.c scan-assembler jmp[ \\t]*__x86_indirect_thunk_(r|e)ax
FAIL: gcc.target/i386/indirect-thunk-attr-5.c scan-assembler call[ \\t]*__x86_indirect_thunk_(r|e)ax
FAIL: gcc.target/i386/indirect-thunk-attr-6.c scan-assembler call[ \\t]*__x86_indirect_thunk_(r|e)ax
FAIL: gcc.target/i386/indirect-thunk-attr-7.c scan-assembler jmp[ \\t]*__x86_indirect_thunk(_nt|)_(r|e)ax
FAIL: gcc.target/i386/indirect-thunk-extern-1.c scan-assembler jmp[ \\t]*__x86_indirect_thunk_(r|e)ax
FAIL: gcc.target/i386/indirect-thunk-extern-2.c scan-assembler jmp[ \\t]*__x86_indirect_thunk_(r|e)ax
FAIL: gcc.target/i386/indirect-thunk-extern-3.c scan-assembler call[ \\t]*__x86_indirect_thunk_(r|e)ax
FAIL: gcc.target/i386/indirect-thunk-extern-4.c scan-assembler call[ \\t]*__x86_indirect_thunk_(r|e)ax
FAIL: gcc.target/i386/indirect-thunk-extern-7.c scan-assembler jmp[ \\t]*__x86_indirect_thunk(_nt|)_(r|e)ax
FAIL: gcc.target/i386/indirect-thunk-register-1.c scan-assembler jmp[ \\t]*__x86_indirect_thunk_(r|e)ax
FAIL: gcc.target/i386/indirect-thunk-register-3.c scan-assembler jmp[ \\t]*__x86_indirect_thunk_(r|e)ax
FAIL: gcc.target/i386/pr57193.c scan-assembler-times movdqa 2
FAIL: gcc.target/i386/ret-thunk-1.c scan-assembler jmp[ \\t]*__x86_return_thunk
FAIL: gcc.target/i386/ret-thunk-10.c scan-assembler __x86_indirect_thunk_(r|e)ax:
FAIL: gcc.target/i386/ret-thunk-10.c scan-assembler call[ \\t]*__x86_indirect_thunk_(r|e)ax
FAIL: gcc.target/i386/ret-thunk-11.c scan-assembler __x86_indirect_thunk_(r|e)ax:
FAIL: gcc.target/i386/ret-thunk-11.c scan-assembler call[ \\t]*__x86_indirect_thunk_(r|e)ax
FAIL: gcc.target/i386/ret-thunk-11.c scan-assembler jmp[ \\t]*__x86_return_thunk
FAIL: gcc.target/i386/ret-thunk-12.c scan-assembler __x86_indirect_thunk_(r|e)ax:
FAIL: gcc.target/i386/ret-thunk-12.c scan-assembler call[ \\t]*__x86_indirect_thunk_(r|e)ax
FAIL: gcc.target/i386/ret-thunk-13.c scan-assembler jmp[ \\t]*__x86_return_thunk
FAIL: gcc.target/i386/ret-thunk-14.c scan-assembler call[ \\t]*__x86_indirect_thunk_(r|e)ax
FAIL: gcc.target/i386/ret-thunk-15.c scan-assembler call[ \\t]*__x86_indirect_thunk_(r|e)ax
FAIL: gcc.target/i386/ret-thunk-15.c scan-assembler jmp[ \\t]*__x86_return_thunk
FAIL: gcc.target/i386/ret-thunk-26.c execution test
FAIL: gcc.target/i386/ret-thunk-3.c scan-assembler jmp[ \\t]*__x86_return_thunk
FAIL: gcc.target/i386/ret-thunk-5.c scan-assembler jmp[ \\t]*__x86_return_thunk
FAIL: gcc.target/i386/ret-thunk-7.c scan-assembler jmp[ \\t]*__x86_return_thunk
FAIL: gcc.target/i386/ret-thunk-9.c scan-assembler __x86_return_thunk:
FAIL: gcc.target/i386/ret-thunk-9.c scan-assembler call[ \\t]*__x86_indirect_thunk_(r|e)ax
FAIL: gcc.target/i386/ret-thunk-9.c scan-assembler jmp[ \\t]*__x86_return_thunk
=== gcc Summary for unix/-m64 ===
# of expected passes 131433
# of unexpected failures 182
# of expected failures 535
# of unresolved testcases 3
# of unsupported tests 2197
=== gcc Summary ===
# of expected passes 261070
# of unexpected failures 225
# of expected failures 1078
# of unresolved testcases 4
# of unsupported tests 4582
/var/gcc/regression/trunk/10-gcc-gas/build/gcc/xgcc version 9.0.1 20190412 (experimental) [trunk revision 270308] (GCC)
=== gdc tests ===
Running target unix
FAIL: gdc.test/compilable/line.d output-exists line.o
FAIL: gdc.test/compilable/line.d -O2 output-exists line.o
FAIL: gdc.test/compilable/line.d -O2 -frelease output-exists line.o
FAIL: gdc.test/compilable/line.d -O2 -frelease -g output-exists line.o
FAIL: gdc.test/compilable/line.d -O2 -g output-exists line.o
FAIL: gdc.test/compilable/line.d -frelease output-exists line.o
FAIL: gdc.test/compilable/line.d -frelease -g output-exists line.o
FAIL: gdc.test/compilable/line.d -g output-exists line.o
=== gdc Summary for unix ===
# of expected passes 22425
# of unexpected failures 8
# of unsupported tests 20
Running target unix/-m64
FAIL: gdc.test/compilable/line.d output-exists line.o
FAIL: gdc.test/compilable/line.d -O2 output-exists line.o
FAIL: gdc.test/compilable/line.d -O2 -frelease output-exists line.o
FAIL: gdc.test/compilable/line.d -O2 -frelease -g output-exists line.o
FAIL: gdc.test/compilable/line.d -O2 -g output-exists line.o
FAIL: gdc.test/compilable/line.d -frelease output-exists line.o
FAIL: gdc.test/compilable/line.d -frelease -g output-exists line.o
FAIL: gdc.test/compilable/line.d -g output-exists line.o
=== gdc Summary for unix/-m64 ===
# of expected passes 22425
# of unexpected failures 8
# of unsupported tests 20
=== gdc Summary ===
# of expected passes 44850
# of unexpected failures 16
# of unsupported tests 40
/var/gcc/regression/trunk/10-gcc-gas/build/gcc/gdc version 9.0.1 20190412 (experimental) [trunk revision 270308] (GCC)
=== gfortran tests ===
Running target unix
=== gfortran Summary for unix ===
# of expected passes 49564
# of expected failures 126
# of unsupported tests 205
Running target unix/-m64
=== gfortran Summary for unix/-m64 ===
# of expected passes 49793
# of expected failures 126
# of unsupported tests 96
=== gfortran Summary ===
# of expected passes 99357
# of expected failures 252
# of unsupported tests 301
/var/gcc/regression/trunk/10-gcc-gas/build/gcc/gfortran version 9.0.1 20190412 (experimental) [trunk revision 270308] (GCC)
=== gnat tests ===
Running target unix
=== gnat Summary for unix ===
# of expected passes 2965
# of expected failures 23
# of unsupported tests 10
Running target unix/-m64
=== gnat Summary for unix/-m64 ===
# of expected passes 2965
# of expected failures 23
# of unsupported tests 10
=== gnat Summary ===
# of expected passes 5930
# of expected failures 46
# of unsupported tests 20
/var/gcc/regression/trunk/10-gcc-gas/build/gcc/gnatmake version 9.0.1 20190412 (experimental) [trunk revision 270308]
=== go tests ===
Running target unix
FAIL: ./index0-out.go execution, -O0 -g -fno-var-tracking-assignments
FAIL: go.test/test/recover.go execution, -O2 -g
=== go Summary for unix ===
# of expected passes 7459
# of unexpected failures 2
# of expected failures 1
# of untested testcases 10
# of unsupported tests 2
Running target unix/-m64
FAIL: ./index0-out.go execution, -O0 -g -fno-var-tracking-assignments
FAIL: go.test/test/recover.go execution, -O2 -g
=== go Summary for unix/-m64 ===
# of expected passes 7340
# of unexpected failures 2
# of expected failures 1
# of untested testcases 10
# of unsupported tests 1
=== go Summary ===
# of expected passes 14799
# of unexpected failures 4
# of expected failures 2
# of untested testcases 20
# of unsupported tests 3
=== obj-c++ tests ===
Running target unix
=== obj-c++ Summary for unix ===
# of expected passes 1466
# of expected failures 2
# of unsupported tests 77
Running target unix/-m64
=== obj-c++ Summary for unix/-m64 ===
# of expected passes 1458
# of expected failures 10
# of unsupported tests 77
=== obj-c++ Summary ===
# of expected passes 2924
# of expected failures 12
# of unsupported tests 154
/var/gcc/regression/trunk/10-gcc-gas/build/gcc/xg++ version 9.0.1 20190412 (experimental) [trunk revision 270308] (GCC)
=== objc tests ===
Running target unix
=== objc Summary for unix ===
# of expected passes 2797
# of expected failures 6
# of unsupported tests 68
Running target unix/-m64
=== objc Summary for unix/-m64 ===
# of expected passes 2797
# of expected failures 6
# of unsupported tests 68
=== objc Summary ===
# of expected passes 5594
# of expected failures 12
# of unsupported tests 136
/var/gcc/regression/trunk/10-gcc-gas/build/gcc/xgcc version 9.0.1 20190412 (experimental) [trunk revision 270308] (GCC)
=== gotools tests ===
FAIL: TestScript
FAIL: TestTestRegexps
FAIL: go test cmd/go
FAIL: go test runtime
FAIL: go test misc/cgo/test
FAIL: TestCompileWithoutShared
FAIL: TestEarlySignalHandler
FAIL: TestInstall
FAIL: TestOsSignal
FAIL: TestPIE
FAIL: TestSIGPROF
FAIL: TestSigaltstack
FAIL: TestSignalForwarding
FAIL: TestSignalForwardingExternal
FAIL: go test misc/cgo/testcarchive
FAIL: TestVet
FAIL: go test cmd/vet
=== gotools Summary ===
# of expected passes 140
# of unexpected failures 17
# of untested testcases 129
=== libatomic tests ===
Running target unix
=== libatomic Summary for unix ===
# of expected passes 44
# of unsupported tests 5
Running target unix/-m64
=== libatomic Summary for unix/-m64 ===
# of expected passes 54
=== libatomic Summary ===
# of expected passes 98
# of unsupported tests 5
=== libffi tests ===
Running target unix
=== libffi Summary for unix ===
# of expected passes 2799
Running target unix/-m64
=== libffi Summary for unix/-m64 ===
# of expected passes 2214
=== libffi Summary ===
# of expected passes 5013
=== libgo tests ===
Running target unix
FAIL: go/build
FAIL: runtime
FAIL: runtime/debug
=== libgo Summary for unix ===
# of expected passes 182
# of unexpected failures 3
Running target unix/-m64
FAIL: go/build
FAIL: math
FAIL: runtime/debug
=== libgo Summary for unix/-m64 ===
# of expected passes 182
# of unexpected failures 3
=== libgo Summary ===
# of expected passes 364
# of unexpected failures 6
=== libgomp tests ===
Running target unix
=== libgomp Summary for unix ===
# of expected passes 6471
# of expected failures 4
# of unsupported tests 363
Running target unix/-m64
WARNING: program timed out.
FAIL: libgomp.c++/task-reduction-11.C execution test
WARNING: program timed out.
FAIL: libgomp.c++/task-reduction-8.C execution test
=== libgomp Summary for unix/-m64 ===
# of expected passes 6469
# of unexpected failures 2
# of expected failures 4
# of unsupported tests 363
=== libgomp Summary ===
# of expected passes 12940
# of unexpected failures 2
# of expected failures 8
# of unsupported tests 726
=== libitm tests ===
Running target unix
=== libitm Summary for unix ===
# of expected passes 42
# of expected failures 3
# of unsupported tests 1
Running target unix/-m64
=== libitm Summary for unix/-m64 ===
# of expected passes 42
# of expected failures 3
# of unsupported tests 1
=== libitm Summary ===
# of expected passes 84
# of expected failures 6
# of unsupported tests 2
=== libstdc++ tests ===
Running target unix
XPASS: experimental/memory_resource/resource_adaptor.cc execution test
FAIL: experimental/net/internet/resolver/ops/lookup.cc execution test
=== libstdc++ Summary for unix ===
# of expected passes 11998
# of unexpected failures 1
# of unexpected successes 1
# of expected failures 79
# of unsupported tests 706
Running target unix/-m64
FAIL: 27_io/filesystem/operations/last_write_time.cc execution test
FAIL: experimental/filesystem/operations/last_write_time.cc execution test
FAIL: experimental/net/internet/resolver/ops/lookup.cc execution test
=== libstdc++ Summary for unix/-m64 ===
# of expected passes 11990
# of unexpected failures 3
# of expected failures 78
# of unsupported tests 710
=== libstdc++ Summary ===
# of expected passes 23988
# of unexpected failures 4
# of unexpected successes 1
# of expected failures 157
# of unsupported tests 1416
Compiler version: 9.0.1 20190412 (experimental) [trunk revision 270308] (GCC)
Platform: i386-pc-solaris2.10
configure flags: --prefix=/vol/gcc --target=i386-pc-solaris2.10 --enable-obsolete --enable-objc-gc --with-target-bdw-gc-include=/vol/gcc/include --with-target-bdw-gc-lib=/vol/gcc/lib,amd64=/vol/gcc/lib/amd64 --with-as=/vol/gcc/bin/gas-2.32 --with-gnu-as --with-gmp-include=/vol/gcc/include --with-gmp-lib=/vol/gcc/lib --with-mpfr-include=/vol/gcc/include --with-mpfr-lib=/vol/gcc/lib --with-mpc-include=/vol/gcc/include --with-mpc-lib=/vol/gcc/lib --enable-languages=all,ada,obj-c++,go --with-isl-include=/vol/gcc/include --with-isl-lib=/vol/gcc/lib --build=i386-pc-solaris2.10 --host=i386-pc-solaris2.10
BOOT_CFLAGS=-g -O2
More information about the Gcc-testresults
mailing list