Results for 9.0.1 20190405 (experimental) [trunk revision 270162] (GCC) testsuite on sparc-sun-solaris2.11
Rainer Orth
ro@CeBiTec.Uni-Bielefeld.DE
Sat Apr 6 09:34:00 GMT 2019
LAST_UPDATED: Fri Apr 5 08:43:34 UTC 2019 (revision 270162)
=== acats tests ===
=== acats Summary ===
# of expected passes 2320
# of unexpected failures 0
Native configuration is sparc-sun-solaris2.11
=== g++ tests ===
Running target unix
FAIL: g++.dg/asan/default-options-1.C -O0 execution test
FAIL: g++.dg/asan/default-options-1.C -O1 execution test
FAIL: g++.dg/asan/default-options-1.C -O2 execution test
FAIL: g++.dg/asan/default-options-1.C -O2 -flto execution test
FAIL: g++.dg/asan/default-options-1.C -O2 -flto -flto-partition=none execution test
FAIL: g++.dg/asan/default-options-1.C -O3 -g execution test
FAIL: g++.dg/asan/default-options-1.C -Os execution test
FAIL: g++.dg/gcov/pr16855-priority.C -std=gnu++14 gcov: 1 failures in line counts, 0 in branch percentages, 0 in return percentages, 0 in intermediate format
FAIL: g++.dg/gcov/pr16855-priority.C -std=gnu++14 line 22: is #####:should be 1
FAIL: g++.dg/gcov/pr16855-priority.C -std=gnu++17 gcov: 1 failures in line counts, 0 in branch percentages, 0 in return percentages, 0 in intermediate format
FAIL: g++.dg/gcov/pr16855-priority.C -std=gnu++17 line 22: is #####:should be 1
FAIL: g++.dg/gcov/pr16855-priority.C -std=gnu++98 gcov: 1 failures in line counts, 0 in branch percentages, 0 in return percentages, 0 in intermediate format
FAIL: g++.dg/gcov/pr16855-priority.C -std=gnu++98 line 22: is #####:should be 1
FAIL: g++.dg/gcov/pr16855.C -std=gnu++14 gcov: 1 failures in line counts, 0 in branch percentages, 0 in return percentages, 0 in intermediate format
FAIL: g++.dg/gcov/pr16855.C -std=gnu++14 line 21: is #####:should be 1
FAIL: g++.dg/gcov/pr16855.C -std=gnu++17 gcov: 1 failures in line counts, 0 in branch percentages, 0 in return percentages, 0 in intermediate format
FAIL: g++.dg/gcov/pr16855.C -std=gnu++17 line 21: is #####:should be 1
FAIL: g++.dg/gcov/pr16855.C -std=gnu++98 gcov: 1 failures in line counts, 0 in branch percentages, 0 in return percentages, 0 in intermediate format
FAIL: g++.dg/gcov/pr16855.C -std=gnu++98 line 21: is #####:should be 1
FAIL: g++.dg/lto/pr89335 cp_lto_pr89335_0.o assemble, -O2 -flto -Wsuggest-final-methods
=== g++ Summary for unix ===
# of expected passes 128143
# of unexpected failures 20
# of expected failures 522
# of unsupported tests 6519
Running target unix/-m64
FAIL: g++.dg/gcov/pr16855-priority.C -std=gnu++14 gcov: 1 failures in line counts, 0 in branch percentages, 0 in return percentages, 0 in intermediate format
FAIL: g++.dg/gcov/pr16855-priority.C -std=gnu++14 line 22: is #####:should be 1
FAIL: g++.dg/gcov/pr16855-priority.C -std=gnu++17 gcov: 1 failures in line counts, 0 in branch percentages, 0 in return percentages, 0 in intermediate format
FAIL: g++.dg/gcov/pr16855-priority.C -std=gnu++17 line 22: is #####:should be 1
FAIL: g++.dg/gcov/pr16855-priority.C -std=gnu++98 gcov: 1 failures in line counts, 0 in branch percentages, 0 in return percentages, 0 in intermediate format
FAIL: g++.dg/gcov/pr16855-priority.C -std=gnu++98 line 22: is #####:should be 1
FAIL: g++.dg/gcov/pr16855.C -std=gnu++14 gcov: 1 failures in line counts, 0 in branch percentages, 0 in return percentages, 0 in intermediate format
FAIL: g++.dg/gcov/pr16855.C -std=gnu++14 line 21: is #####:should be 1
FAIL: g++.dg/gcov/pr16855.C -std=gnu++17 gcov: 1 failures in line counts, 0 in branch percentages, 0 in return percentages, 0 in intermediate format
FAIL: g++.dg/gcov/pr16855.C -std=gnu++17 line 21: is #####:should be 1
FAIL: g++.dg/gcov/pr16855.C -std=gnu++98 gcov: 1 failures in line counts, 0 in branch percentages, 0 in return percentages, 0 in intermediate format
FAIL: g++.dg/gcov/pr16855.C -std=gnu++98 line 21: is #####:should be 1
FAIL: g++.dg/lto/pr89335 cp_lto_pr89335_0.o assemble, -O2 -flto -Wsuggest-final-methods
=== g++ Summary for unix/-m64 ===
# of expected passes 128301
# of unexpected failures 13
# of expected failures 525
# of unsupported tests 6239
=== g++ Summary ===
# of expected passes 256444
# of unexpected failures 33
# of expected failures 1047
# of unsupported tests 12758
/var/gcc/regression/trunk/11.5-gcc/build/gcc/xg++ version 9.0.1 20190405 (experimental) [trunk revision 270162] (GCC)
=== gcc tests ===
Running target unix
FAIL: gcc.c-torture/execute/pr64242.c -O2 execution test
FAIL: gcc.c-torture/execute/pr64242.c -O2 -flto execution test
FAIL: gcc.c-torture/execute/pr64242.c -O2 -flto -flto-partition=none execution test
FAIL: gcc.c-torture/execute/pr64242.c -O3 -g execution test
FAIL: gcc.c-torture/execute/pr64242.c -Os execution test
FAIL: gcc.dg/pr84877.c execution test
FAIL: gcc.dg/ipa/ipa-icf-38.c scan-ltrans-tree-dump-not optimized "Function bar"
FAIL: gcc.dg/simulate-thread/atomic-other-int.c -O2 -g thread simulation test
FAIL: gcc.dg/simulate-thread/atomic-other-int.c -O3 -g thread simulation test
FAIL: gcc.dg/simulate-thread/speculative-store-4.c -O0 -g thread simulation test
FAIL: gcc.dg/simulate-thread/speculative-store-4.c -O2 -g thread simulation test
FAIL: gcc.dg/simulate-thread/speculative-store-4.c -O3 -g thread simulation test
FAIL: gcc.dg/simulate-thread/speculative-store.c -O0 -g thread simulation test
XPASS: gcc.dg/vect/bb-slp-div-1.c -flto -ffat-lto-objects scan-tree-dump slp2 "basic block vectorized"
XPASS: gcc.dg/vect/bb-slp-div-1.c scan-tree-dump slp2 "basic block vectorized"
=== gcc Summary for unix ===
# of expected passes 114075
# of unexpected failures 13
# of unexpected successes 2
# of expected failures 603
# of unsupported tests 3448
Running target unix/-m64
FAIL: gcc.c-torture/execute/pr64242.c -O2 execution test
FAIL: gcc.c-torture/execute/pr64242.c -O2 -flto execution test
FAIL: gcc.c-torture/execute/pr64242.c -O2 -flto -flto-partition=none execution test
FAIL: gcc.c-torture/execute/pr64242.c -O3 -g execution test
FAIL: gcc.c-torture/execute/pr64242.c -Os execution test
FAIL: gcc.dg/ipa/ipa-icf-38.c scan-ltrans-tree-dump-not optimized "Function bar"
XPASS: gcc.dg/vect/bb-slp-div-1.c -flto -ffat-lto-objects scan-tree-dump slp2 "basic block vectorized"
XPASS: gcc.dg/vect/bb-slp-div-1.c scan-tree-dump slp2 "basic block vectorized"
=== gcc Summary for unix/-m64 ===
# of expected passes 113608
# of unexpected failures 6
# of unexpected successes 2
# of expected failures 597
# of unsupported tests 2859
=== gcc Summary ===
# of expected passes 227683
# of unexpected failures 19
# of unexpected successes 4
# of expected failures 1200
# of unsupported tests 6307
/var/gcc/regression/trunk/11.5-gcc/build/gcc/xgcc version 9.0.1 20190405 (experimental) [trunk revision 270162] (GCC)
=== gdc tests ===
Running target unix
=== gdc Summary for unix ===
# of expected passes 22397
# of unsupported tests 40
Running target unix/-m64
=== gdc Summary for unix/-m64 ===
# of expected passes 22397
# of unsupported tests 40
=== gdc Summary ===
# of expected passes 44794
# of unsupported tests 80
/var/gcc/regression/trunk/11.5-gcc/build/gcc/gdc version 9.0.1 20190405 (experimental) [trunk revision 270162] (GCC)
=== gfortran tests ===
Running target unix
FAIL: gfortran.dg/elemental_subroutine_3.f90 -O1 (test for excess errors)
FAIL: gfortran.dg/elemental_subroutine_3.f90 -O2 (test for excess errors)
FAIL: gfortran.dg/elemental_subroutine_3.f90 -O3 -fomit-frame-pointer -funroll-loops -fpeel-loops -ftracer -finline-functions (test for excess errors)
FAIL: gfortran.dg/elemental_subroutine_3.f90 -O3 -g (test for excess errors)
FAIL: gfortran.dg/elemental_subroutine_3.f90 -Os (test for excess errors)
FAIL: gfortran.dg/unlimited_polymorphic_30.f03 -O0 execution test
=== gfortran Summary for unix ===
# of expected passes 49410
# of unexpected failures 6
# of expected failures 126
# of unsupported tests 275
Running target unix/-m64
FAIL: gfortran.dg/elemental_subroutine_3.f90 -O1 (test for excess errors)
FAIL: gfortran.dg/elemental_subroutine_3.f90 -O2 (test for excess errors)
FAIL: gfortran.dg/elemental_subroutine_3.f90 -O3 -fomit-frame-pointer -funroll-loops -fpeel-loops -ftracer -finline-functions (test for excess errors)
FAIL: gfortran.dg/elemental_subroutine_3.f90 -O3 -g (test for excess errors)
FAIL: gfortran.dg/elemental_subroutine_3.f90 -Os (test for excess errors)
FAIL: gfortran.dg/unlimited_polymorphic_30.f03 -O0 execution test
FAIL: gfortran.dg/unlimited_polymorphic_30.f03 -O1 execution test
FAIL: gfortran.dg/unlimited_polymorphic_30.f03 -O2 execution test
FAIL: gfortran.dg/unlimited_polymorphic_30.f03 -O3 -fomit-frame-pointer -funroll-loops -fpeel-loops -ftracer -finline-functions execution test
FAIL: gfortran.dg/unlimited_polymorphic_30.f03 -O3 -g execution test
FAIL: gfortran.dg/unlimited_polymorphic_30.f03 -Os execution test
=== gfortran Summary for unix/-m64 ===
# of expected passes 49664
# of unexpected failures 11
# of expected failures 126
# of unsupported tests 148
=== gfortran Summary ===
# of expected passes 99074
# of unexpected failures 17
# of expected failures 252
# of unsupported tests 423
/var/gcc/regression/trunk/11.5-gcc/build/gcc/gfortran version 9.0.1 20190405 (experimental) [trunk revision 270162] (GCC)
=== gnat tests ===
Running target unix
=== gnat Summary for unix ===
# of expected passes 2926
# of expected failures 23
# of unsupported tests 30
Running target unix/-m64
=== gnat Summary for unix/-m64 ===
# of expected passes 2926
# of expected failures 23
# of unsupported tests 30
=== gnat Summary ===
# of expected passes 5852
# of expected failures 46
# of unsupported tests 60
/var/gcc/regression/trunk/11.5-gcc/build/gcc/gnatmake version 9.0.1 20190405 (experimental) [trunk revision 270162]
=== go tests ===
Running target unix
FAIL: ./index0-out.go execution, -O0 -g -fno-var-tracking-assignments
=== go Summary for unix ===
# of expected passes 7457
# of unexpected failures 1
# of expected failures 1
# of untested testcases 11
# of unsupported tests 3
Running target unix/-m64
FAIL: ./index0-out.go execution, -O0 -g -fno-var-tracking-assignments
=== go Summary for unix/-m64 ===
# of expected passes 7337
# of unexpected failures 1
# of expected failures 1
# of untested testcases 11
# of unsupported tests 3
=== go Summary ===
# of expected passes 14794
# of unexpected failures 2
# of expected failures 2
# of untested testcases 22
# of unsupported tests 6
=== obj-c++ tests ===
Running target unix
=== obj-c++ Summary for unix ===
# of expected passes 1466
# of expected failures 2
# of unsupported tests 77
Running target unix/-m64
=== obj-c++ Summary for unix/-m64 ===
# of expected passes 1458
# of expected failures 10
# of unsupported tests 77
=== obj-c++ Summary ===
# of expected passes 2924
# of expected failures 12
# of unsupported tests 154
/var/gcc/regression/trunk/11.5-gcc/build/gcc/xg++ version 9.0.1 20190405 (experimental) [trunk revision 270162] (GCC)
=== objc tests ===
Running target unix
=== objc Summary for unix ===
# of expected passes 2803
# of unsupported tests 68
Running target unix/-m64
=== objc Summary for unix/-m64 ===
# of expected passes 2803
# of unsupported tests 68
=== objc Summary ===
# of expected passes 5606
# of unsupported tests 136
/var/gcc/regression/trunk/11.5-gcc/build/gcc/xgcc version 9.0.1 20190405 (experimental) [trunk revision 270162] (GCC)
=== gotools tests ===
FAIL: go test cmd/go
FAIL: TestCgoSignalDeadlock
FAIL: TestSelectStackAdjust
FAIL: go test runtime
FAIL: go test misc/cgo/test
FAIL: TestCompileWithoutShared
FAIL: TestEarlySignalHandler
FAIL: TestOsSignal
FAIL: TestSigaltstack
FAIL: TestSignalForwarding
FAIL: TestSignalForwardingExternal
FAIL: go test misc/cgo/testcarchive
FAIL: TestVet
FAIL: go test cmd/vet
=== gotools Summary ===
# of expected passes 64
# of unexpected failures 14
# of untested testcases 41
/var/gcc/regression/trunk/11.5-gcc/build/./gcc/gccgo version 9.0.1 20190405 (experimental) [trunk revision 270162] (GCC)
=== libatomic tests ===
Running target unix
=== libatomic Summary for unix ===
# of expected passes 44
# of unsupported tests 5
Running target unix/-m64
=== libatomic Summary for unix/-m64 ===
# of expected passes 54
=== libatomic Summary ===
# of expected passes 98
# of unsupported tests 5
=== libffi tests ===
Running target unix
=== libffi Summary for unix ===
# of expected passes 2214
Running target unix/-m64
=== libffi Summary for unix/-m64 ===
# of expected passes 2214
=== libffi Summary ===
# of expected passes 4428
=== libgo tests ===
Running target unix
FAIL: cmd/go/internal/par
FAIL: go/build
FAIL: internal/x/crypto/cryptobyte
FAIL: net
FAIL: net/http
FAIL: net/http/cgi
FAIL: os/signal
FAIL: runtime
FAIL: runtime/pprof
=== libgo Summary for unix ===
# of expected passes 176
# of unexpected failures 9
Running target unix/-m64
FAIL: go/build
FAIL: net
FAIL: net/http
FAIL: runtime
=== libgo Summary for unix/-m64 ===
# of expected passes 181
# of unexpected failures 4
=== libgo Summary ===
# of expected passes 357
# of unexpected failures 13
/var/gcc/regression/trunk/11.5-gcc/build/./gcc/gccgo version 9.0.1 20190405 (experimental) [trunk revision 270162] (GCC)
=== libgomp tests ===
Running target unix
=== libgomp Summary for unix ===
# of expected passes 6349
# of expected failures 4
# of unsupported tests 424
Running target unix/-m64
=== libgomp Summary for unix/-m64 ===
# of expected passes 6349
# of expected failures 4
# of unsupported tests 424
=== libgomp Summary ===
# of expected passes 12698
# of expected failures 8
# of unsupported tests 848
=== libitm tests ===
Running target unix
=== libitm Summary for unix ===
# of expected passes 42
# of expected failures 3
# of unsupported tests 1
Running target unix/-m64
=== libitm Summary for unix/-m64 ===
# of expected passes 42
# of expected failures 3
# of unsupported tests 1
=== libitm Summary ===
# of expected passes 84
# of expected failures 6
# of unsupported tests 2
=== libstdc++ tests ===
Running target unix
=== libstdc++ Summary for unix ===
# of expected passes 11968
# of expected failures 77
# of unsupported tests 715
Running target unix/-m64
=== libstdc++ Summary for unix/-m64 ===
# of expected passes 11968
# of expected failures 77
# of unsupported tests 715
=== libstdc++ Summary ===
# of expected passes 23936
# of expected failures 154
# of unsupported tests 1430
Compiler version: 9.0.1 20190405 (experimental) [trunk revision 270162] (GCC)
Platform: sparc-sun-solaris2.11
configure flags: --prefix=/vol/gcc --target=sparc-sun-solaris2.11 --enable-objc-gc --with-target-bdw-gc-include=/vol/gcc/include --with-target-bdw-gc-lib=/vol/gcc/lib,sparcv9=/vol/gcc/lib/sparcv9 --with-as=/usr/ccs/bin/as --without-gnu-as --with-gmp-include=/vol/gcc/include --with-gmp-lib=/vol/gcc/lib --with-mpfr-include=/vol/gcc/include --with-mpfr-lib=/vol/gcc/lib --with-mpc-include=/vol/gcc/include --with-mpc-lib=/vol/gcc/lib --enable-languages=all,ada,obj-c++,go --with-isl-include=/vol/gcc/include --with-isl-lib=/vol/gcc/lib --build=sparc-sun-solaris2.11 --host=sparc-sun-solaris2.11
BOOT_CFLAGS=-g -O2
More information about the Gcc-testresults
mailing list