Results for 9.0.1 20190405 (experimental) [trunk revision 270162] (GCC) testsuite on i386-pc-solaris2.11
Rainer Orth
ro@CeBiTec.Uni-Bielefeld.DE
Fri Apr 5 16:08:00 GMT 2019
LAST_UPDATED: Fri Apr 5 08:43:34 UTC 2019 (revision 270162)
=== acats tests ===
=== acats Summary ===
# of expected passes 2320
# of unexpected failures 0
Native configuration is i386-pc-solaris2.11
=== g++ tests ===
Running target unix
FAIL: c-c++-common/asan/swapcontext-test-1.c -O0 execution test
FAIL: c-c++-common/asan/swapcontext-test-1.c -O1 execution test
FAIL: c-c++-common/asan/swapcontext-test-1.c -O2 execution test
FAIL: c-c++-common/asan/swapcontext-test-1.c -O2 -flto execution test
FAIL: c-c++-common/asan/swapcontext-test-1.c -O2 -flto -flto-partition=none execution test
FAIL: c-c++-common/asan/swapcontext-test-1.c -O3 -fomit-frame-pointer -funroll-loops -fpeel-loops -ftracer -finline-functions execution test
FAIL: c-c++-common/asan/swapcontext-test-1.c -O3 -g execution test
FAIL: c-c++-common/asan/swapcontext-test-1.c -Os execution test
FAIL: g++.dg/asan/default-options-1.C -O0 execution test
FAIL: g++.dg/asan/default-options-1.C -O1 execution test
FAIL: g++.dg/asan/default-options-1.C -O2 execution test
FAIL: g++.dg/asan/default-options-1.C -O2 -flto execution test
FAIL: g++.dg/asan/default-options-1.C -O2 -flto -flto-partition=none execution test
FAIL: g++.dg/asan/default-options-1.C -O3 -g execution test
FAIL: g++.dg/asan/default-options-1.C -Os execution test
FAIL: g++.dg/gcov/pr16855-priority.C -std=gnu++14 gcov: 1 failures in line counts, 0 in branch percentages, 0 in return percentages, 0 in intermediate format
FAIL: g++.dg/gcov/pr16855-priority.C -std=gnu++14 line 22: is #####:should be 1
FAIL: g++.dg/gcov/pr16855-priority.C -std=gnu++17 gcov: 1 failures in line counts, 0 in branch percentages, 0 in return percentages, 0 in intermediate format
FAIL: g++.dg/gcov/pr16855-priority.C -std=gnu++17 line 22: is #####:should be 1
FAIL: g++.dg/gcov/pr16855-priority.C -std=gnu++98 gcov: 1 failures in line counts, 0 in branch percentages, 0 in return percentages, 0 in intermediate format
FAIL: g++.dg/gcov/pr16855-priority.C -std=gnu++98 line 22: is #####:should be 1
FAIL: g++.dg/gcov/pr16855.C -std=gnu++14 gcov: 1 failures in line counts, 0 in branch percentages, 0 in return percentages, 0 in intermediate format
FAIL: g++.dg/gcov/pr16855.C -std=gnu++14 line 21: is #####:should be 1
FAIL: g++.dg/gcov/pr16855.C -std=gnu++17 gcov: 1 failures in line counts, 0 in branch percentages, 0 in return percentages, 0 in intermediate format
FAIL: g++.dg/gcov/pr16855.C -std=gnu++17 line 21: is #####:should be 1
FAIL: g++.dg/gcov/pr16855.C -std=gnu++98 gcov: 1 failures in line counts, 0 in branch percentages, 0 in return percentages, 0 in intermediate format
FAIL: g++.dg/gcov/pr16855.C -std=gnu++98 line 21: is #####:should be 1
FAIL: g++.dg/lto/pr89335 cp_lto_pr89335_0.o assemble, -O2 -flto -Wsuggest-final-methods
=== g++ Summary for unix ===
# of expected passes 129819
# of unexpected failures 28
# of expected failures 534
# of unsupported tests 6031
Running target unix/-m64
FAIL: g++.dg/pr80481.C -std=gnu++14 scan-assembler-not vmovaps
FAIL: g++.dg/pr80481.C -std=gnu++17 scan-assembler-not vmovaps
FAIL: g++.dg/pr80481.C -std=gnu++98 scan-assembler-not vmovaps
FAIL: g++.dg/gcov/pr16855-priority.C -std=gnu++14 gcov: 1 failures in line counts, 0 in branch percentages, 0 in return percentages, 0 in intermediate format
FAIL: g++.dg/gcov/pr16855-priority.C -std=gnu++14 line 22: is #####:should be 1
FAIL: g++.dg/gcov/pr16855-priority.C -std=gnu++17 gcov: 1 failures in line counts, 0 in branch percentages, 0 in return percentages, 0 in intermediate format
FAIL: g++.dg/gcov/pr16855-priority.C -std=gnu++17 line 22: is #####:should be 1
FAIL: g++.dg/gcov/pr16855-priority.C -std=gnu++98 gcov: 1 failures in line counts, 0 in branch percentages, 0 in return percentages, 0 in intermediate format
FAIL: g++.dg/gcov/pr16855-priority.C -std=gnu++98 line 22: is #####:should be 1
FAIL: g++.dg/gcov/pr16855.C -std=gnu++14 gcov: 1 failures in line counts, 0 in branch percentages, 0 in return percentages, 0 in intermediate format
FAIL: g++.dg/gcov/pr16855.C -std=gnu++14 line 21: is #####:should be 1
FAIL: g++.dg/gcov/pr16855.C -std=gnu++17 gcov: 1 failures in line counts, 0 in branch percentages, 0 in return percentages, 0 in intermediate format
FAIL: g++.dg/gcov/pr16855.C -std=gnu++17 line 21: is #####:should be 1
FAIL: g++.dg/gcov/pr16855.C -std=gnu++98 gcov: 1 failures in line counts, 0 in branch percentages, 0 in return percentages, 0 in intermediate format
FAIL: g++.dg/gcov/pr16855.C -std=gnu++98 line 21: is #####:should be 1
FAIL: g++.dg/lto/pr89335 cp_lto_pr89335_0.o assemble, -O2 -flto -Wsuggest-final-methods
=== g++ Summary for unix/-m64 ===
# of expected passes 129610
# of unexpected failures 16
# of expected failures 537
# of unsupported tests 5967
=== g++ Summary ===
# of expected passes 259429
# of unexpected failures 44
# of expected failures 1071
# of unsupported tests 11998
/var/gcc/regression/trunk/11-gcc-gas/build/gcc/xg++ version 9.0.1 20190405 (experimental) [trunk revision 270162] (GCC)
=== gcc tests ===
Running target unix
FAIL: c-c++-common/asan/swapcontext-test-1.c -O0 execution test
FAIL: c-c++-common/asan/swapcontext-test-1.c -O1 execution test
FAIL: c-c++-common/asan/swapcontext-test-1.c -O2 execution test
FAIL: c-c++-common/asan/swapcontext-test-1.c -O2 -flto execution test
FAIL: c-c++-common/asan/swapcontext-test-1.c -O2 -flto -flto-partition=none execution test
FAIL: c-c++-common/asan/swapcontext-test-1.c -O3 -fomit-frame-pointer -funroll-loops -fpeel-loops -ftracer -finline-functions execution test
FAIL: c-c++-common/asan/swapcontext-test-1.c -O3 -g execution test
FAIL: c-c++-common/asan/swapcontext-test-1.c -Os execution test
FAIL: gcc.dg/ipa/ipa-icf-38.c scan-ltrans-tree-dump-not optimized "Function bar"
FAIL: gcc.target/i386/pr57193.c scan-assembler-times movdqa 2
FAIL: gcc.target/i386/pr81563.c scan-assembler-times movl[\\\\t ]*-4\\\\(%ebp\\\\),[\\\\t ]*%edi 1
FAIL: gcc.target/i386/pr81563.c scan-assembler-times movl[\\\\t ]*-8\\\\(%ebp\\\\),[\\\\t ]*%esi 1
=== gcc Summary for unix ===
# of expected passes 135149
# of unexpected failures 12
# of expected failures 541
# of unsupported tests 2833
Running target unix/-m64
FAIL: gcc.dg/ipa/ipa-icf-38.c scan-ltrans-tree-dump-not optimized "Function bar"
FAIL: gcc.target/i386/ifcvt-onecmpl-abs-1.c scan-assembler cltd
FAIL: gcc.target/i386/pr57193.c scan-assembler-times movdqa 2
=== gcc Summary for unix/-m64 ===
# of expected passes 135432
# of unexpected failures 3
# of expected failures 535
# of unsupported tests 2343
=== gcc Summary ===
# of expected passes 270581
# of unexpected failures 15
# of expected failures 1076
# of unsupported tests 5176
/var/gcc/regression/trunk/11-gcc-gas/build/gcc/xgcc version 9.0.1 20190405 (experimental) [trunk revision 270162] (GCC)
=== gdc tests ===
Running target unix
FAIL: gdc.test/runnable/testaa.d execution test
FAIL: gdc.test/runnable/testaa.d -fPIC execution test
FAIL: gdc.test/runnable/testaa.d -fPIC -shared-libphobos execution test
FAIL: gdc.test/runnable/testaa.d -shared-libphobos execution test
=== gdc Summary for unix ===
# of expected passes 29374
# of unexpected failures 4
Running target unix/-m64
FAIL: gdc.test/runnable/testaa.d execution test
FAIL: gdc.test/runnable/testaa.d -fPIC execution test
FAIL: gdc.test/runnable/testaa.d -fPIC -shared-libphobos execution test
FAIL: gdc.test/runnable/testaa.d -shared-libphobos execution test
FAIL: gdc.test/runnable/xtest55.d execution test
FAIL: gdc.test/runnable/xtest55.d -shared-libphobos execution test
=== gdc Summary for unix/-m64 ===
# of expected passes 29372
# of unexpected failures 6
=== gdc Summary ===
# of expected passes 58746
# of unexpected failures 10
/var/gcc/regression/trunk/11-gcc-gas/build/gcc/gdc version 9.0.1 20190405 (experimental) [trunk revision 270162] (GCC)
=== gfortran tests ===
Running target unix
=== gfortran Summary for unix ===
# of expected passes 49560
# of expected failures 126
# of unsupported tests 205
Running target unix/-m64
=== gfortran Summary for unix/-m64 ===
# of expected passes 49789
# of expected failures 126
# of unsupported tests 96
=== gfortran Summary ===
# of expected passes 99349
# of expected failures 252
# of unsupported tests 301
/var/gcc/regression/trunk/11-gcc-gas/build/gcc/gfortran version 9.0.1 20190405 (experimental) [trunk revision 270162] (GCC)
=== gnat tests ===
Running target unix
=== gnat Summary for unix ===
# of expected passes 2969
# of expected failures 23
# of unsupported tests 8
Running target unix/-m64
=== gnat Summary for unix/-m64 ===
# of expected passes 2969
# of expected failures 23
# of unsupported tests 8
=== gnat Summary ===
# of expected passes 5938
# of expected failures 46
# of unsupported tests 16
/var/gcc/regression/trunk/11-gcc-gas/build/gcc/gnatmake version 9.0.1 20190405 (experimental) [trunk revision 270162]
=== go tests ===
Running target unix
FAIL: ./index0-out.go execution, -O0 -g -fno-var-tracking-assignments
=== go Summary for unix ===
# of expected passes 7460
# of unexpected failures 1
# of expected failures 1
# of untested testcases 10
# of unsupported tests 2
Running target unix/-m64
FAIL: ./index0-out.go execution, -O0 -g -fno-var-tracking-assignments
=== go Summary for unix/-m64 ===
# of expected passes 7341
# of unexpected failures 1
# of expected failures 1
# of untested testcases 10
# of unsupported tests 1
=== go Summary ===
# of expected passes 14801
# of unexpected failures 2
# of expected failures 2
# of untested testcases 20
# of unsupported tests 3
=== obj-c++ tests ===
Running target unix
=== obj-c++ Summary for unix ===
# of expected passes 1466
# of expected failures 2
# of unsupported tests 77
Running target unix/-m64
=== obj-c++ Summary for unix/-m64 ===
# of expected passes 1458
# of expected failures 10
# of unsupported tests 77
=== obj-c++ Summary ===
# of expected passes 2924
# of expected failures 12
# of unsupported tests 154
/var/gcc/regression/trunk/11-gcc-gas/build/gcc/xg++ version 9.0.1 20190405 (experimental) [trunk revision 270162] (GCC)
=== objc tests ===
Running target unix
=== objc Summary for unix ===
# of expected passes 2797
# of expected failures 6
# of unsupported tests 68
Running target unix/-m64
=== objc Summary for unix/-m64 ===
# of expected passes 2797
# of expected failures 6
# of unsupported tests 68
=== objc Summary ===
# of expected passes 5594
# of expected failures 12
# of unsupported tests 136
/var/gcc/regression/trunk/11-gcc-gas/build/gcc/xgcc version 9.0.1 20190405 (experimental) [trunk revision 270162] (GCC)
=== gotools tests ===
FAIL: TestScript
FAIL: go test cmd/go
FAIL: TestAbort
FAIL: TestCgoSignalDeadlock
FAIL: TestCrashHandler
FAIL: TestSelectStackAdjust
FAIL: go test runtime
=== gotools Summary ===
# of expected passes 405
# of unexpected failures 7
# of untested testcases 193
/var/gcc/regression/trunk/11-gcc-gas/build/./gcc/gccgo version 9.0.1 20190405 (experimental) [trunk revision 270162] (GCC)
=== libatomic tests ===
Running target unix
=== libatomic Summary for unix ===
# of expected passes 44
# of unsupported tests 5
Running target unix/-m64
=== libatomic Summary for unix/-m64 ===
# of expected passes 54
=== libatomic Summary ===
# of expected passes 98
# of unsupported tests 5
=== libffi tests ===
Running target unix
=== libffi Summary for unix ===
# of expected passes 2799
Running target unix/-m64
=== libffi Summary for unix/-m64 ===
# of expected passes 2214
=== libffi Summary ===
# of expected passes 5013
=== libgo tests ===
Running target unix
FAIL: go/build
FAIL: runtime
=== libgo Summary for unix ===
# of expected passes 183
# of unexpected failures 2
Running target unix/-m64
FAIL: go/build
=== libgo Summary for unix/-m64 ===
# of expected passes 184
# of unexpected failures 1
=== libgo Summary ===
# of expected passes 367
# of unexpected failures 3
/var/gcc/regression/trunk/11-gcc-gas/build/./gcc/gccgo version 9.0.1 20190405 (experimental) [trunk revision 270162] (GCC)
=== libgomp tests ===
Running target unix
=== libgomp Summary for unix ===
# of expected passes 6495
# of expected failures 4
# of unsupported tests 351
Running target unix/-m64
=== libgomp Summary for unix/-m64 ===
# of expected passes 6495
# of expected failures 4
# of unsupported tests 351
=== libgomp Summary ===
# of expected passes 12990
# of expected failures 8
# of unsupported tests 702
=== libitm tests ===
Running target unix
=== libitm Summary for unix ===
# of expected passes 42
# of expected failures 3
# of unsupported tests 1
Running target unix/-m64
=== libitm Summary for unix/-m64 ===
# of expected passes 42
# of expected failures 3
# of unsupported tests 1
=== libitm Summary ===
# of expected passes 84
# of expected failures 6
# of unsupported tests 2
=== libphobos tests ===
Running target unix
FAIL: libphobos.druntime_shared/core/thread.d (test for excess errors)
FAIL: libphobos.druntime_shared/rt/minfo.d execution test
FAIL: libphobos.druntime_shared/rt/util/container/common.d execution test
FAIL: libphobos.phobos_shared/std/base64.d (test for excess errors)
FAIL: libphobos.phobos_shared/std/datetime/systime.d execution test
FAIL: libphobos.phobos_shared/std/datetime/timezone.d (test for excess errors)
FAIL: libphobos.phobos_shared/std/datetime/timezone.d execution test
FAIL: libphobos.phobos_shared/std/experimental/allocator/building_blocks/stats_collector.d (test for excess errors)
FAIL: libphobos.phobos_shared/std/experimental/logger/core.d (test for excess errors)
FAIL: libphobos.phobos_shared/std/experimental/logger/filelogger.d (test for excess errors)
FAIL: libphobos.phobos_shared/std/experimental/logger/filelogger.d execution test
FAIL: libphobos.phobos_shared/std/experimental/logger/multilogger.d (test for excess errors)
FAIL: libphobos.phobos_shared/std/file.d (test for excess errors)
FAIL: libphobos.phobos_shared/std/file.d execution test
FAIL: libphobos.phobos_shared/std/format.d execution test
FAIL: libphobos.phobos_shared/std/internal/cstring.d (test for excess errors)
FAIL: libphobos.phobos_shared/std/math.d execution test
FAIL: libphobos.phobos_shared/std/mmfile.d (test for excess errors)
FAIL: libphobos.phobos_shared/std/net/curl.d (test for excess errors)
FAIL: libphobos.phobos_shared/std/net/curl.d execution test
FAIL: libphobos.phobos_shared/std/parallelism.d (test for excess errors)
FAIL: libphobos.phobos_shared/std/parallelism.d execution test
FAIL: libphobos.phobos_shared/std/process.d (test for excess errors)
FAIL: libphobos.phobos_shared/std/process.d execution test
FAIL: libphobos.phobos_shared/std/range/package.d (test for excess errors)
FAIL: libphobos.phobos_shared/std/regex/internal/tests.d execution test
FAIL: libphobos.phobos_shared/std/socket.d (test for excess errors)
FAIL: libphobos.phobos_shared/std/stdio.d (test for excess errors)
FAIL: libphobos.phobos_shared/std/stdio.d execution test
FAIL: libphobos.phobos_shared/std/zip.d (test for excess errors)
FAIL: libphobos.phobos_shared/std/zip.d execution test
FAIL: libphobos.shared/finalize.d -shared-libphobos -ldl execution test
FAIL: libphobos.shared/host.c -ldl -pthread execution test
FAIL: libphobos.shared/linkD.c lib.so -ldl -pthread execution test
FAIL: libphobos.shared/linkDR.c -shared-libphobos -ldl -pthread execution test
FAIL: libphobos.shared/link_linkdep.d -I/vol/gcc/src/hg/trunk/local/libphobos/testsuite/libphobos.shared liblinkdep.so lib.so -shared-libphobos execution test
FAIL: libphobos.shared/load.d -shared-libphobos -ldl execution test
FAIL: libphobos.shared/loadDR.c -ldl -pthread -g execution test
FAIL: libphobos.shared/load_13414.d -shared-libphobos -ldl execution test
FAIL: libphobos.shared/load_linkdep.d -shared-libphobos -ldl execution test
FAIL: libphobos.shared/load_loaddep.d -shared-libphobos -ldl execution test
=== libphobos Summary for unix ===
# of expected passes 377
# of unexpected failures 41
Running target unix/-m64
FAIL: libphobos.druntime_shared/rt/minfo.d execution test
FAIL: libphobos.druntime_shared/rt/util/container/common.d execution test
FAIL: libphobos.phobos_shared/std/base64.d (test for excess errors)
FAIL: libphobos.phobos_shared/std/datetime/systime.d execution test
FAIL: libphobos.phobos_shared/std/datetime/timezone.d (test for excess errors)
FAIL: libphobos.phobos_shared/std/datetime/timezone.d execution test
FAIL: libphobos.phobos_shared/std/experimental/allocator/building_blocks/stats_collector.d (test for excess errors)
FAIL: libphobos.phobos_shared/std/experimental/logger/core.d (test for excess errors)
FAIL: libphobos.phobos_shared/std/experimental/logger/filelogger.d (test for excess errors)
FAIL: libphobos.phobos_shared/std/experimental/logger/filelogger.d execution test
FAIL: libphobos.phobos_shared/std/experimental/logger/multilogger.d (test for excess errors)
FAIL: libphobos.phobos_shared/std/file.d (test for excess errors)
FAIL: libphobos.phobos_shared/std/file.d execution test
FAIL: libphobos.phobos_shared/std/format.d execution test
FAIL: libphobos.phobos_shared/std/internal/cstring.d (test for excess errors)
FAIL: libphobos.phobos_shared/std/math.d execution test
FAIL: libphobos.phobos_shared/std/mmfile.d (test for excess errors)
FAIL: libphobos.phobos_shared/std/net/curl.d (test for excess errors)
FAIL: libphobos.phobos_shared/std/net/curl.d execution test
FAIL: libphobos.phobos_shared/std/parallelism.d (test for excess errors)
FAIL: libphobos.phobos_shared/std/parallelism.d execution test
FAIL: libphobos.phobos_shared/std/process.d (test for excess errors)
FAIL: libphobos.phobos_shared/std/process.d execution test
FAIL: libphobos.phobos_shared/std/range/package.d (test for excess errors)
FAIL: libphobos.phobos_shared/std/regex/internal/tests.d execution test
FAIL: libphobos.phobos_shared/std/socket.d (test for excess errors)
FAIL: libphobos.phobos_shared/std/stdio.d (test for excess errors)
FAIL: libphobos.phobos_shared/std/zip.d (test for excess errors)
FAIL: libphobos.phobos_shared/std/zip.d execution test
FAIL: libphobos.shared/finalize.d -shared-libphobos -ldl execution test
FAIL: libphobos.shared/host.c -ldl -pthread execution test
FAIL: libphobos.shared/link.d -I/vol/gcc/src/hg/trunk/local/libphobos/testsuite/libphobos.shared lib.so -shared-libphobos execution test
FAIL: libphobos.shared/linkD.c lib.so -ldl -pthread execution test
FAIL: libphobos.shared/linkDR.c -shared-libphobos -ldl -pthread execution test
FAIL: libphobos.shared/link_linkdep.d -I/vol/gcc/src/hg/trunk/local/libphobos/testsuite/libphobos.shared liblinkdep.so lib.so -shared-libphobos execution test
FAIL: libphobos.shared/load.d -shared-libphobos -ldl execution test
FAIL: libphobos.shared/loadDR.c -ldl -pthread -g execution test
FAIL: libphobos.shared/load_13414.d -shared-libphobos -ldl execution test
FAIL: libphobos.shared/load_linkdep.d -shared-libphobos -ldl execution test
FAIL: libphobos.shared/load_loaddep.d -shared-libphobos -ldl execution test
=== libphobos Summary for unix/-m64 ===
# of expected passes 378
# of unexpected failures 40
=== libphobos Summary ===
# of expected passes 755
# of unexpected failures 81
=== libstdc++ tests ===
Running target unix
=== libstdc++ Summary for unix ===
# of expected passes 11997
# of expected failures 79
# of unsupported tests 700
Running target unix/-m64
=== libstdc++ Summary for unix/-m64 ===
# of expected passes 11991
# of expected failures 77
# of unsupported tests 704
=== libstdc++ Summary ===
# of expected passes 23988
# of expected failures 156
# of unsupported tests 1404
Compiler version: 9.0.1 20190405 (experimental) [trunk revision 270162] (GCC)
Platform: i386-pc-solaris2.11
configure flags: --prefix=/vol/gcc --target=i386-pc-solaris2.11 --enable-objc-gc --with-target-bdw-gc-include=/vol/gcc/include --with-target-bdw-gc-lib=/vol/gcc/lib,amd64=/vol/gcc/lib/amd64 --with-as=/vol/gcc/bin/gas-2.32 --with-gnu-as --with-gmp-include=/vol/gcc/include --with-gmp-lib=/vol/gcc/lib --with-mpfr-include=/vol/gcc/include --with-mpfr-lib=/vol/gcc/lib --with-mpc-include=/vol/gcc/include --with-mpc-lib=/vol/gcc/lib --enable-languages=all,ada,obj-c++,go --with-isl-include=/vol/gcc/include --with-isl-lib=/vol/gcc/lib --build=i386-pc-solaris2.11 --host=i386-pc-solaris2.11
BOOT_CFLAGS=-g -O2
More information about the Gcc-testresults
mailing list