Results for 9.0.0 20180903 (experimental) [trunk revision 264052] (GCC) testsuite on powerpc64-unknown-linux-gnu
Bill Seurer (POWER7)
seurer@linux.ibm.com
Mon Sep 3 10:54:00 GMT 2018
Linux 4.17.17-100.fc27.ppc64 ppc64
GNU ld version 2.29-13.fc27
GNU assembler version 2.29-13.fc27
GNU Make 4.2.1
DejaGnu:
DejaGnu version 1.6
Expect version 5.45
Tcl version 8.6
64-bit
LAST_UPDATED: Mon Sep 3 09:17:56 UTC 2018 (revision 264052)
Native configuration is powerpc64-unknown-linux-gnu
=== gcc tests ===
Running target unix
FAIL: gcc.c-torture/compile/20000326-1.c -O0 (internal compiler error)
FAIL: gcc.c-torture/compile/20000326-1.c -O0 (test for excess errors)
FAIL: gcc.c-torture/compile/20001221-1.c -O0 (internal compiler error)
FAIL: gcc.c-torture/compile/20001221-1.c -O0 (test for excess errors)
FAIL: gcc.c-torture/compile/20010408-1.c -O0 (internal compiler error)
FAIL: gcc.c-torture/compile/20010408-1.c -O0 (test for excess errors)
FAIL: gcc.c-torture/compile/20020604-1.c -O0 (internal compiler error)
FAIL: gcc.c-torture/compile/20020604-1.c -O0 (test for excess errors)
FAIL: gcc.c-torture/compile/20031031-1.c -O0 (internal compiler error)
FAIL: gcc.c-torture/compile/20031031-1.c -O0 (test for excess errors)
FAIL: gcc.c-torture/compile/20040109-1.c -O0 (internal compiler error)
FAIL: gcc.c-torture/compile/20040109-1.c -O0 (test for excess errors)
FAIL: gcc.c-torture/compile/20040124-1.c -O0 (internal compiler error)
FAIL: gcc.c-torture/compile/20040124-1.c -O0 (test for excess errors)
FAIL: gcc.c-torture/compile/20080910-1.c -O0 (internal compiler error)
FAIL: gcc.c-torture/compile/20080910-1.c -O0 (test for excess errors)
FAIL: gcc.c-torture/compile/931102-1.c -O0 (internal compiler error)
FAIL: gcc.c-torture/compile/931102-1.c -O0 (test for excess errors)
FAIL: gcc.c-torture/compile/950922-1.c -O0 (internal compiler error)
FAIL: gcc.c-torture/compile/950922-1.c -O0 (test for excess errors)
FAIL: gcc.c-torture/compile/980825-1.c -O0 (internal compiler error)
FAIL: gcc.c-torture/compile/980825-1.c -O0 (test for excess errors)
FAIL: gcc.c-torture/compile/pr17119.c -O0 (internal compiler error)
FAIL: gcc.c-torture/compile/pr17119.c -O0 (test for excess errors)
FAIL: gcc.c-torture/compile/pr27571.c -O0 (internal compiler error)
FAIL: gcc.c-torture/compile/pr27571.c -O0 (test for excess errors)
FAIL: gcc.c-torture/compile/pr34091.c -O0 (internal compiler error)
FAIL: gcc.c-torture/compile/pr34091.c -O0 (test for excess errors)
FAIL: gcc.c-torture/compile/pr34688.c -O0 (internal compiler error)
FAIL: gcc.c-torture/compile/pr34688.c -O0 (test for excess errors)
FAIL: gcc.c-torture/compile/pr35869.c -O0 (internal compiler error)
FAIL: gcc.c-torture/compile/pr35869.c -O0 (test for excess errors)
FAIL: gcc.c-torture/compile/pr42347.c -O0 (internal compiler error)
FAIL: gcc.c-torture/compile/pr42347.c -O0 (test for excess errors)
FAIL: gcc.c-torture/compile/pr46934.c -O0 (internal compiler error)
FAIL: gcc.c-torture/compile/pr46934.c -O0 (test for excess errors)
FAIL: gcc.c-torture/execute/20001130-2.c -O0 (internal compiler error)
FAIL: gcc.c-torture/execute/20001130-2.c -O0 (test for excess errors)
UNRESOLVED: gcc.c-torture/execute/20001130-2.c -O0 compilation failed to produce executable
FAIL: gcc.c-torture/execute/20011109-1.c -O0 (internal compiler error)
FAIL: gcc.c-torture/execute/20011109-1.c -O0 (test for excess errors)
UNRESOLVED: gcc.c-torture/execute/20011109-1.c -O0 compilation failed to produce executable
FAIL: gcc.c-torture/execute/20030903-1.c -O0 (internal compiler error)
FAIL: gcc.c-torture/execute/20030903-1.c -O0 (test for excess errors)
UNRESOLVED: gcc.c-torture/execute/20030903-1.c -O0 compilation failed to produce executable
FAIL: gcc.c-torture/execute/20120808-1.c -O0 (internal compiler error)
FAIL: gcc.c-torture/execute/20120808-1.c -O0 (test for excess errors)
UNRESOLVED: gcc.c-torture/execute/20120808-1.c -O0 compilation failed to produce executable
FAIL: gcc.c-torture/execute/920506-1.c -O0 (internal compiler error)
FAIL: gcc.c-torture/execute/920506-1.c -O0 (test for excess errors)
UNRESOLVED: gcc.c-torture/execute/920506-1.c -O0 compilation failed to produce executable
FAIL: gcc.c-torture/execute/920520-1.c -O0 (internal compiler error)
FAIL: gcc.c-torture/execute/920520-1.c -O0 (test for excess errors)
UNRESOLVED: gcc.c-torture/execute/920520-1.c -O0 compilation failed to produce executable
FAIL: gcc.c-torture/execute/990524-1.c -O0 (internal compiler error)
FAIL: gcc.c-torture/execute/990524-1.c -O0 (test for excess errors)
UNRESOLVED: gcc.c-torture/execute/990524-1.c -O0 compilation failed to produce executable
FAIL: gcc.c-torture/execute/990811-1.c -O0 (internal compiler error)
FAIL: gcc.c-torture/execute/990811-1.c -O0 (test for excess errors)
UNRESOLVED: gcc.c-torture/execute/990811-1.c -O0 compilation failed to produce executable
FAIL: gcc.c-torture/execute/991016-1.c -O0 (internal compiler error)
FAIL: gcc.c-torture/execute/991016-1.c -O0 (test for excess errors)
UNRESOLVED: gcc.c-torture/execute/991016-1.c -O0 compilation failed to produce executable
FAIL: gcc.c-torture/execute/pr20601-1.c -O0 (internal compiler error)
FAIL: gcc.c-torture/execute/pr20601-1.c -O0 (test for excess errors)
UNRESOLVED: gcc.c-torture/execute/pr20601-1.c -O0 compilation failed to produce executable
FAIL: gcc.c-torture/execute/pr38051.c -O0 (internal compiler error)
FAIL: gcc.c-torture/execute/pr38051.c -O0 (test for excess errors)
UNRESOLVED: gcc.c-torture/execute/pr38051.c -O0 compilation failed to produce executable
FAIL: gcc.c-torture/execute/pr40668.c -O0 (internal compiler error)
FAIL: gcc.c-torture/execute/pr40668.c -O0 (test for excess errors)
UNRESOLVED: gcc.c-torture/execute/pr40668.c -O0 compilation failed to produce executable
FAIL: gcc.c-torture/execute/pr49161.c -O0 (internal compiler error)
FAIL: gcc.c-torture/execute/pr49161.c -O0 (test for excess errors)
UNRESOLVED: gcc.c-torture/execute/pr49161.c -O0 compilation failed to produce executable
FAIL: gcc.c-torture/execute/stdarg-2.c -O0 (internal compiler error)
FAIL: gcc.c-torture/execute/stdarg-2.c -O0 (test for excess errors)
UNRESOLVED: gcc.c-torture/execute/stdarg-2.c -O0 compilation failed to produce executable
FAIL: gcc.c-torture/execute/va-arg-pack-1.c -O0 (internal compiler error)
FAIL: gcc.c-torture/execute/va-arg-pack-1.c -O0 (test for excess errors)
UNRESOLVED: gcc.c-torture/execute/va-arg-pack-1.c -O0 compilation failed to produce executable
FAIL: c-c++-common/asan/pr63888.c -O0 (internal compiler error)
FAIL: c-c++-common/asan/pr63888.c -O0 (test for excess errors)
UNRESOLVED: c-c++-common/asan/pr63888.c -O0 compilation failed to produce executable
FAIL: c-c++-common/Wimplicit-fallthrough-1.c -Wc++-compat (internal compiler error)
FAIL: c-c++-common/Wimplicit-fallthrough-1.c -Wc++-compat (test for excess errors)
FAIL: c-c++-common/Wimplicit-fallthrough-15.c -Wc++-compat (internal compiler error)
FAIL: c-c++-common/Wimplicit-fallthrough-15.c -Wc++-compat (test for excess errors)
FAIL: c-c++-common/Wimplicit-fallthrough-21.c -Wc++-compat (internal compiler error)
FAIL: c-c++-common/Wimplicit-fallthrough-21.c -Wc++-compat (test for excess errors)
FAIL: c-c++-common/Wimplicit-fallthrough-22.c -Wc++-compat (internal compiler error)
FAIL: c-c++-common/Wimplicit-fallthrough-22.c -Wc++-compat (test for excess errors)
FAIL: c-c++-common/Wimplicit-fallthrough-36.c -Wc++-compat (internal compiler error)
FAIL: c-c++-common/Wimplicit-fallthrough-36.c -Wc++-compat (test for excess errors)
FAIL: c-c++-common/Wimplicit-fallthrough-7.c -Wc++-compat (internal compiler error)
FAIL: c-c++-common/Wimplicit-fallthrough-7.c -Wc++-compat (test for excess errors)
FAIL: gcc.dg/Wimplicit-fallthrough-1.c (internal compiler error)
FAIL: gcc.dg/Wimplicit-fallthrough-1.c (test for excess errors)
FAIL: gcc.dg/Wswitch-2.c (internal compiler error)
FAIL: gcc.dg/Wswitch-2.c (test for excess errors)
FAIL: gcc.dg/Wswitch-default.c (internal compiler error)
FAIL: gcc.dg/Wswitch-default.c (test for excess errors)
FAIL: gcc.dg/Wswitch-enum-error.c (test for warnings, line )
FAIL: gcc.dg/Wswitch-enum-error.c (internal compiler error)
FAIL: gcc.dg/Wswitch-enum-error.c (test for excess errors)
FAIL: gcc.dg/Wswitch-enum.c (internal compiler error)
FAIL: gcc.dg/Wswitch-enum.c (test for excess errors)
FAIL: gcc.dg/Wswitch-error.c (test for warnings, line )
FAIL: gcc.dg/Wswitch-error.c (internal compiler error)
FAIL: gcc.dg/Wswitch-error.c (test for excess errors)
FAIL: gcc.dg/Wswitch.c (internal compiler error)
FAIL: gcc.dg/Wswitch.c (test for excess errors)
FAIL: gcc.dg/falign-labels-1.c (internal compiler error)
FAIL: gcc.dg/falign-labels-1.c (test for excess errors)
UNRESOLVED: gcc.dg/falign-labels-1.c compilation failed to produce executable
FAIL: gcc.dg/pr48235.c (internal compiler error)
FAIL: gcc.dg/pr48235.c (test for excess errors)
FAIL: gcc.dg/pr57662.c (internal compiler error)
FAIL: gcc.dg/pr57662.c (test for excess errors)
FAIL: gcc.dg/pr59304.c (internal compiler error)
FAIL: gcc.dg/pr59304.c (test for excess errors)
FAIL: gcc.dg/sms-1.c scan-rtl-dump-times sms "SMS succeeded" 1
FAIL: gcc.dg/switch-9.c (internal compiler error)
FAIL: gcc.dg/switch-9.c (test for excess errors)
FAIL: gcc.dg/uninit-4-O0.c (internal compiler error)
FAIL: gcc.dg/uninit-4-O0.c (test for excess errors)
FAIL: gcc.dg/uninit-A-O0.c (internal compiler error)
FAIL: gcc.dg/uninit-A-O0.c (test for excess errors)
FAIL: c-c++-common/gomp/clauses-1.c (internal compiler error)
FAIL: c-c++-common/gomp/clauses-1.c (test for excess errors)
FAIL: c-c++-common/gomp/pr54017.c (internal compiler error)
FAIL: c-c++-common/gomp/pr54017.c (test for excess errors)
FAIL: gcc.dg/gomp/_Atomic-1.c (internal compiler error)
FAIL: gcc.dg/gomp/_Atomic-1.c (test for excess errors)
FAIL: gcc.dg/gomp/appendix-a/a.9.1.c (internal compiler error)
FAIL: gcc.dg/gomp/appendix-a/a.9.1.c (test for excess errors)
FAIL: gcc.dg/gomp/pr82374.c scan-tree-dump-times vect "vectorized 1 loops" 2
FAIL: gcc.dg/torture/pr52451.c -O0 execution test
FAIL: gcc.dg/torture/pr52451.c -O1 execution test
FAIL: gcc.dg/torture/pr52451.c -O2 execution test
FAIL: gcc.dg/torture/pr52451.c -O2 -flto -fno-use-linker-plugin -flto-partition=none execution test
FAIL: gcc.dg/torture/pr52451.c -O2 -flto -fuse-linker-plugin -fno-fat-lto-objects execution test
FAIL: gcc.dg/torture/pr52451.c -O3 -g execution test
FAIL: gcc.dg/torture/pr52451.c -Os execution test
FAIL: gcc.dg/torture/pr63464.c -O0 (internal compiler error)
FAIL: gcc.dg/torture/pr63464.c -O0 (test for excess errors)
UNRESOLVED: gcc.dg/torture/pr63464.c -O0 compilation failed to produce executable
FAIL: gcc.dg/torture/pr78731.c -O0 (internal compiler error)
FAIL: gcc.dg/torture/pr78731.c -O0 (test for excess errors)
UNRESOLVED: gcc.dg/torture/pr78731.c -O0 compilation failed to produce executable
FAIL: gcc.dg/torture/pr84740.c -O0 (internal compiler error)
FAIL: gcc.dg/torture/pr84740.c -O0 (test for excess errors)
XPASS: gcc.dg/tree-ssa/ssa-dom-cse-2.c scan-tree-dump optimized "return 28;"
FAIL: c-c++-common/tsan/pr81275.c -O0 (internal compiler error)
FAIL: c-c++-common/tsan/pr81275.c -O0 (test for excess errors)
FAIL: gcc.dg/vect/costmodel/ppc/costmodel-vect-33.c scan-tree-dump-times vect "loop versioned for vectorization to enhance alignment" 1
FAIL: gcc.dg/vect/costmodel/ppc/costmodel-vect-33.c scan-tree-dump-times vect "vectorized 1 loops" 1
FAIL: gcc.dg/vect/bb-slp-over-widen-1.c -flto -ffat-lto-objects scan-tree-dump-times slp2 "basic block vectorized" 2
FAIL: gcc.dg/vect/bb-slp-over-widen-1.c scan-tree-dump-times slp2 "basic block vectorized" 2
FAIL: gcc.dg/vect/bb-slp-over-widen-2.c -flto -ffat-lto-objects scan-tree-dump-times slp2 "basic block vectorized" 2
FAIL: gcc.dg/vect/bb-slp-over-widen-2.c scan-tree-dump-times slp2 "basic block vectorized" 2
FAIL: gcc.dg/vect/bb-slp-pow-1.c -flto -ffat-lto-objects scan-tree-dump-times slp2 "basic block vectorized" 1
FAIL: gcc.dg/vect/bb-slp-pow-1.c scan-tree-dump-times slp2 "basic block vectorized" 1
FAIL: gcc.dg/vect/bb-slp-pr65935.c -flto -ffat-lto-objects scan-tree-dump-times slp1 "basic block vectorized" 2
FAIL: gcc.dg/vect/bb-slp-pr65935.c scan-tree-dump-times slp1 "basic block vectorized" 2
FAIL: gcc.dg/vect/no-tree-sra-bb-slp-pr50730.c scan-tree-dump-times slp2 "basic block vectorized" 1
FAIL: gcc.dg/vect/no-vfa-vect-depend-2.c scan-tree-dump-times vect "vectorized 1 loops" 1
FAIL: gcc.dg/vect/no-vfa-vect-depend-3.c scan-tree-dump-times vect "vectorized 1 loops" 4
FAIL: gcc.dg/vect/pr46032.c -flto -ffat-lto-objects scan-tree-dump-times vect "vectorized 1 loop" 1
FAIL: gcc.dg/vect/pr46032.c scan-tree-dump-times vect "vectorized 1 loop" 1
FAIL: gcc.dg/vect/pr62171.c -flto -ffat-lto-objects scan-tree-dump-not vect "versioned"
FAIL: gcc.dg/vect/pr62171.c scan-tree-dump-not vect "versioned"
FAIL: gcc.dg/vect/pr85586.c -flto -ffat-lto-objects scan-tree-dump-times vect "LOOP VECTORIZED" 1
FAIL: gcc.dg/vect/pr85586.c scan-tree-dump-times vect "LOOP VECTORIZED" 1
FAIL: gcc.dg/vect/section-anchors-vect-69.c scan-tree-dump-times vect "vectorized 4 loops" 1
FAIL: gcc.dg/vect/slp-43.c -flto -ffat-lto-objects scan-tree-dump-times vect "vectorized 1 loops" 2
FAIL: gcc.dg/vect/slp-43.c scan-tree-dump-times vect "vectorized 1 loops" 2
XPASS: gcc.dg/vect/vect-24.c -flto -ffat-lto-objects scan-tree-dump-times vect "vectorized 3 loops" 1
XPASS: gcc.dg/vect/vect-24.c scan-tree-dump-times vect "vectorized 3 loops" 1
FAIL: gcc.dg/vect/vect-31.c -flto -ffat-lto-objects scan-tree-dump-times vect "vectorized 4 loops" 1
FAIL: gcc.dg/vect/vect-31.c scan-tree-dump-times vect "vectorized 4 loops" 1
FAIL: gcc.dg/vect/vect-44.c -flto -ffat-lto-objects scan-tree-dump-times vect "Vectorizing an unaligned access" 3
FAIL: gcc.dg/vect/vect-44.c scan-tree-dump-times vect "Vectorizing an unaligned access" 3
FAIL: gcc.dg/vect/vect-50.c -flto -ffat-lto-objects scan-tree-dump-times vect "Vectorizing an unaligned access" 3
FAIL: gcc.dg/vect/vect-50.c scan-tree-dump-times vect "Vectorizing an unaligned access" 3
FAIL: gcc.dg/vect/vect-93.c -flto -ffat-lto-objects scan-tree-dump-times vect "vectorized 2 loops" 2
FAIL: gcc.dg/vect/vect-93.c scan-tree-dump-times vect "vectorized 2 loops" 2
FAIL: gcc.dg/vect/vect-over-widen-17.c -flto -ffat-lto-objects scan-tree-dump-not vect "vector[^\\\\n]*char"
FAIL: gcc.dg/vect/vect-over-widen-17.c scan-tree-dump-not vect "vector[^\\\\n]*char"
FAIL: gcc.dg/vect/vect-reduc-in-order-2.c -flto -ffat-lto-objects scan-tree-dump vect "in-order double reduction not supported"
FAIL: gcc.dg/vect/vect-reduc-in-order-2.c scan-tree-dump vect "in-order double reduction not supported"
FAIL: gcc.dg/vect/vect-strided-a-u8-i2-gap.c -flto -ffat-lto-objects scan-tree-dump-times vect "vectorized 1 loops" 1
FAIL: gcc.dg/vect/vect-strided-a-u8-i2-gap.c scan-tree-dump-times vect "vectorized 1 loops" 1
FAIL: gcc.misc-tests/gcov-4.c (internal compiler error)
FAIL: gcc.misc-tests/gcov-4.c (test for excess errors)
UNRESOLVED: gcc.misc-tests/gcov-4.c compilation failed to produce executable
FAIL: gcc.misc-tests/gcov-4.c gcov: 56 failures in line counts, 0 in branch percentages, 0 in return percentages, 0 in intermediate format
FAIL: gcc.misc-tests/gcov-4.c line 106: is #####:should be 15
FAIL: gcc.misc-tests/gcov-4.c line 107: is #####:should be 14
FAIL: gcc.misc-tests/gcov-4.c line 108: is #####:should be 1
FAIL: gcc.misc-tests/gcov-4.c line 110: is #####:should be 1
FAIL: gcc.misc-tests/gcov-4.c line 132: is #####:should be 5
FAIL: gcc.misc-tests/gcov-4.c line 133: is #####:should be 3
FAIL: gcc.misc-tests/gcov-4.c line 134: is #####:should be 3
FAIL: gcc.misc-tests/gcov-4.c line 138: is #####:should be 2
FAIL: gcc.misc-tests/gcov-4.c line 139: is #####:should be 1
FAIL: gcc.misc-tests/gcov-4.c line 141: is #####:should be 1
FAIL: gcc.misc-tests/gcov-4.c line 142: is #####:should be 5
FAIL: gcc.misc-tests/gcov-4.c line 143: is #####:should be 1
FAIL: gcc.misc-tests/gcov-4.c line 144: is #####:should be 5
FAIL: gcc.misc-tests/gcov-4.c line 145: is #####:should be 1
FAIL: gcc.misc-tests/gcov-4.c line 146: is #####:should be 1
FAIL: gcc.misc-tests/gcov-4.c line 147: is #####:should be 5
FAIL: gcc.misc-tests/gcov-4.c line 154: is #####:should be 6
FAIL: gcc.misc-tests/gcov-4.c line 155: is #####:should be 1
FAIL: gcc.misc-tests/gcov-4.c line 156: is #####:should be 6
FAIL: gcc.misc-tests/gcov-4.c line 158: is #####:should be 6
FAIL: gcc.misc-tests/gcov-4.c line 159: is #####:should be 3
FAIL: gcc.misc-tests/gcov-4.c line 160: is #####:should be 6
FAIL: gcc.misc-tests/gcov-4.c line 161: is #####:should be 2
FAIL: gcc.misc-tests/gcov-4.c line 162: is #####:should be 4
FAIL: gcc.misc-tests/gcov-4.c line 164: is #####:should be 4
FAIL: gcc.misc-tests/gcov-4.c line 171: is #####:should be 11
FAIL: gcc.misc-tests/gcov-4.c line 172: is #####:should be 1
FAIL: gcc.misc-tests/gcov-4.c line 173: is #####:should be 11
FAIL: gcc.misc-tests/gcov-4.c line 174: is #####:should be 5
FAIL: gcc.misc-tests/gcov-4.c line 175: is #####:should be 2
FAIL: gcc.misc-tests/gcov-4.c line 176: is #####:should be 1
FAIL: gcc.misc-tests/gcov-4.c line 177: is #####:should be 11
FAIL: gcc.misc-tests/gcov-4.c line 178: is #####:should be 3
FAIL: gcc.misc-tests/gcov-4.c line 179: is #####:should be 11
FAIL: gcc.misc-tests/gcov-4.c line 218: is #####:should be 5
FAIL: gcc.misc-tests/gcov-4.c line 220: is #####:should be 5
FAIL: gcc.misc-tests/gcov-4.c line 223: is #####:should be 1
FAIL: gcc.misc-tests/gcov-4.c line 230: is #####:should be 3
FAIL: gcc.misc-tests/gcov-4.c line 231: is #####:should be 1
FAIL: gcc.misc-tests/gcov-4.c line 232: is #####:should be 2
FAIL: gcc.misc-tests/gcov-4.c line 235: is #####:should be 1
FAIL: gcc.misc-tests/gcov-4.c line 236: is #####:should be 1
FAIL: gcc.misc-tests/gcov-4.c line 239: is #####:should be 4
FAIL: gcc.misc-tests/gcov-4.c line 33: is #####:should be 1
FAIL: gcc.misc-tests/gcov-4.c line 39: is #####:should be 1
FAIL: gcc.misc-tests/gcov-4.c line 41: is #####:should be 1
FAIL: gcc.misc-tests/gcov-4.c line 55: is #####:should be 3
FAIL: gcc.misc-tests/gcov-4.c line 57: is #####:should be 9
FAIL: gcc.misc-tests/gcov-4.c line 58: is #####:should be 3
FAIL: gcc.misc-tests/gcov-4.c line 65: is #####:should be 6
FAIL: gcc.misc-tests/gcov-4.c line 69: is #####:should be 81
FAIL: gcc.misc-tests/gcov-4.c line 70: is #####:should be 6
FAIL: gcc.misc-tests/gcov-4.c line 95: is #####:should be 2
FAIL: gcc.misc-tests/gcov-4.c line 96: is #####:should be 1
FAIL: gcc.misc-tests/gcov-4.c line 97: is #####:should be 1
FAIL: gcc.misc-tests/gcov-4.c line 99: is #####:should be 1
FAIL: gcc.misc-tests/gcov-4b.c (internal compiler error)
FAIL: gcc.misc-tests/gcov-4b.c (test for excess errors)
UNRESOLVED: gcc.misc-tests/gcov-4b.c compilation failed to produce executable
FAIL: gcc.misc-tests/gcov-4b.c gcov: 0 failures in line counts, 24 in branch percentages, 0 in return percentages, 0 in intermediate format
FAIL: gcc.misc-tests/gcov-4b.c line 134: expected branch percentages not found: 0
FAIL: gcc.misc-tests/gcov-4b.c line n: expected branch percentages not found: 0
FAIL: gcc.misc-tests/gcov-4b.c line n: expected branch percentages not found: 0
FAIL: gcc.misc-tests/gcov-4b.c line n: expected branch percentages not found: 0
FAIL: gcc.misc-tests/gcov-4b.c line n: expected branch percentages not found: 17
FAIL: gcc.misc-tests/gcov-4b.c line n: expected branch percentages not found: 20
FAIL: gcc.misc-tests/gcov-4b.c line n: expected branch percentages not found: 20
FAIL: gcc.misc-tests/gcov-4b.c line n: expected branch percentages not found: 20 0 40 20
FAIL: gcc.misc-tests/gcov-4b.c line n: expected branch percentages not found: 25
FAIL: gcc.misc-tests/gcov-4b.c line n: expected branch percentages not found: 27
FAIL: gcc.misc-tests/gcov-4b.c line n: expected branch percentages not found: 27 50 25
FAIL: gcc.misc-tests/gcov-4b.c line n: expected branch percentages not found: 30
FAIL: gcc.misc-tests/gcov-4b.c line n: expected branch percentages not found: 32
FAIL: gcc.misc-tests/gcov-4b.c line n: expected branch percentages not found: 33
FAIL: gcc.misc-tests/gcov-4b.c line n: expected branch percentages not found: 33
FAIL: gcc.misc-tests/gcov-4b.c line n: expected branch percentages not found: 40
FAIL: gcc.misc-tests/gcov-4b.c line n: expected branch percentages not found: 40
FAIL: gcc.misc-tests/gcov-4b.c line n: expected branch percentages not found: 45
FAIL: gcc.misc-tests/gcov-4b.c line n: expected branch percentages not found: 50
FAIL: gcc.misc-tests/gcov-4b.c line n: expected branch percentages not found: 50
FAIL: gcc.misc-tests/gcov-4b.c line n: expected branch percentages not found: 50
FAIL: gcc.misc-tests/gcov-4b.c line n: expected branch percentages not found: 50
FAIL: gcc.misc-tests/gcov-4b.c line n: expected branch percentages not found: 7
FAIL: gcc.misc-tests/gcov-4b.c line n: expected branch percentages not found: 9 10 11
FAIL: gcc.target/powerpc/builtins-3-runnable.c (internal compiler error)
FAIL: gcc.target/powerpc/builtins-3-runnable.c (test for excess errors)
UNRESOLVED: gcc.target/powerpc/builtins-3-runnable.c compilation failed to produce executable
FAIL: gcc.target/powerpc/fold-vec-splat-char.c scan-assembler-times vspltb 24
FAIL: gcc.target/powerpc/fold-vec-splat-floatdouble.c scan-assembler-times \\\\mlvx\\\\M|\\\\mlxvd2x\\\\M 4
FAIL: gcc.target/powerpc/fold-vec-splat-floatdouble.c scan-assembler-times vspltw|xxspltw 9
FAIL: gcc.target/powerpc/fold-vec-splat-floatdouble.c scan-assembler-times xxpermdi 9
FAIL: gcc.target/powerpc/fold-vec-splat-int.c scan-assembler-times vspltisw 6
FAIL: gcc.target/powerpc/fold-vec-splat-int.c scan-assembler-times vspltw|xxspltw 24
FAIL: gcc.target/powerpc/fold-vec-splat-pixel.c scan-assembler-times vsplth 8
FAIL: gcc.target/powerpc/fold-vec-splat-pixel.c scan-assembler-times vspltish 2
FAIL: gcc.target/powerpc/fold-vec-splat-short.c scan-assembler-times vsplth 24
FAIL: gcc.target/powerpc/fold-vec-splat-short.c scan-assembler-times vspltish 6
FAIL: gcc.target/powerpc/vec-init-6.c scan-assembler rldicl
FAIL: gcc.target/powerpc/vec-init-6.c scan-assembler rldicr
FAIL: gcc.target/powerpc/vsx-vector-6.p7.c scan-assembler-times xvcmpgtdp 8
FAIL: gcc.target/powerpc/vsx-vector-6.p7.c scan-assembler-times xvcmpgtdp. 8
FAIL: gcc.target/powerpc/vsx-vector-6.p7.c scan-assembler-times xxlnor 7
FAIL: gcc.target/powerpc/vsx-vector-6.p8.c scan-assembler-times xvcmpgedp 7
FAIL: gcc.target/powerpc/vsx-vector-6.p8.c scan-assembler-times xvcmpgedp. 7
FAIL: gcc.target/powerpc/vsx-vector-6.p8.c scan-assembler-times xxlnor 7
FAIL: gcc.target/powerpc/vsx-vector-6.p9.c scan-assembler-times xxlnor 7
=== gcc Summary ===
# of expected passes 119905
# of unexpected failures 278
# of unexpected successes 3
# of expected failures 436
# of unresolved testcases 22
# of unsupported tests 2773
/home/gccbuild/build/nightly/build-gcc-trunk/gcc/xgcc version 9.0.0 20180903 (experimental) [trunk revision 264052] (GCC)
=== gfortran tests ===
Running target unix
FAIL: gfortran.dg/dtio_26.f03 -O0 (internal compiler error)
FAIL: gfortran.dg/dtio_26.f03 -O0 (test for excess errors)
UNRESOLVED: gfortran.dg/dtio_26.f03 -O0 compilation failed to produce executable
FAIL: gfortran.dg/dtio_5.f90 -O0 (internal compiler error)
FAIL: gfortran.dg/dtio_5.f90 -O0 (test for excess errors)
UNRESOLVED: gfortran.dg/dtio_5.f90 -O0 compilation failed to produce executable
FAIL: gfortran.dg/elemental_subroutine_3.f90 -O1 (test for excess errors)
FAIL: gfortran.dg/elemental_subroutine_3.f90 -O2 (test for excess errors)
FAIL: gfortran.dg/elemental_subroutine_3.f90 -O3 -fomit-frame-pointer -funroll-loops -fpeel-loops -ftracer -finline-functions (test for excess errors)
FAIL: gfortran.dg/elemental_subroutine_3.f90 -O3 -g (test for excess errors)
FAIL: gfortran.dg/elemental_subroutine_3.f90 -Os (test for excess errors)
FAIL: gfortran.dg/fmt_f0_2.f90 -O0 (internal compiler error)
FAIL: gfortran.dg/fmt_f0_2.f90 -O0 (test for excess errors)
UNRESOLVED: gfortran.dg/fmt_f0_2.f90 -O0 compilation failed to produce executable
FAIL: gfortran.dg/fmt_f0_3.f90 -O0 (internal compiler error)
FAIL: gfortran.dg/fmt_f0_3.f90 -O0 (test for excess errors)
UNRESOLVED: gfortran.dg/fmt_f0_3.f90 -O0 compilation failed to produce executable
FAIL: gfortran.dg/fmt_g0_6.f08 -O0 (internal compiler error)
FAIL: gfortran.dg/fmt_g0_6.f08 -O0 (test for excess errors)
UNRESOLVED: gfortran.dg/fmt_g0_6.f08 -O0 compilation failed to produce executable
XPASS: gfortran.dg/large_real_kind_form_io_2.f90 -O0 execution test
XPASS: gfortran.dg/large_real_kind_form_io_2.f90 -O1 execution test
XPASS: gfortran.dg/large_real_kind_form_io_2.f90 -O2 execution test
XPASS: gfortran.dg/large_real_kind_form_io_2.f90 -O3 -fomit-frame-pointer -funroll-loops -fpeel-loops -ftracer -finline-functions execution test
XPASS: gfortran.dg/large_real_kind_form_io_2.f90 -O3 -g execution test
XPASS: gfortran.dg/large_real_kind_form_io_2.f90 -Os execution test
FAIL: gfortran.dg/proc_ptr_comp_23.f90 -O0 (internal compiler error)
FAIL: gfortran.dg/proc_ptr_comp_23.f90 -O0 (test for excess errors)
UNRESOLVED: gfortran.dg/proc_ptr_comp_23.f90 -O0 compilation failed to produce executable
FAIL: gfortran.dg/select_1.f90 -O0 (internal compiler error)
FAIL: gfortran.dg/select_1.f90 -O0 (test for excess errors)
UNRESOLVED: gfortran.dg/select_1.f90 -O0 compilation failed to produce executable
FAIL: gfortran.dg/select_3.f90 -O0 (internal compiler error)
FAIL: gfortran.dg/select_3.f90 -O0 (test for excess errors)
UNRESOLVED: gfortran.dg/select_3.f90 -O0 compilation failed to produce executable
FAIL: gfortran.dg/select_5.f90 -O0 (internal compiler error)
FAIL: gfortran.dg/select_5.f90 -O0 (test for excess errors)
UNRESOLVED: gfortran.dg/select_5.f90 -O0 compilation failed to produce executable
FAIL: gfortran.dg/widechar_select_1.f90 -O0 (internal compiler error)
FAIL: gfortran.dg/widechar_select_1.f90 -O0 (test for excess errors)
UNRESOLVED: gfortran.dg/widechar_select_1.f90 -O0 compilation failed to produce executable
FAIL: gfortran.dg/ieee/large_2.f90 -O0 execution test
FAIL: gfortran.dg/ieee/large_2.f90 -O1 execution test
FAIL: gfortran.dg/ieee/large_2.f90 -O2 execution test
FAIL: gfortran.dg/ieee/large_2.f90 -O3 -fomit-frame-pointer -funroll-loops -fpeel-loops -ftracer -finline-functions execution test
FAIL: gfortran.dg/ieee/large_2.f90 -O3 -g execution test
FAIL: gfortran.dg/ieee/large_2.f90 -Os execution test
FAIL: gfortran.dg/vect/fast-math-pr37021.f90 -O scan-tree-dump vect "vectorized 2 loops"
FAIL: gfortran.dg/vect/pr52580.f -O scan-tree-dump-times vect "LOOP VECTORIZED" 1
FAIL: gfortran.dg/vect/pr62283-2.f -O scan-tree-dump slp2 "basic block vectorized"
FAIL: gfortran.dg/vect/pr81303.f -O scan-tree-dump vect "vectorized 1 loops in function"
FAIL: gfortran.dg/vect/vect-8.f90 -O scan-tree-dump-times vect "vectorized 22 loops" 1
FAIL: gfortran.dg/vect/vect-gems.f90 -O scan-tree-dump-times vect "vectorized 1 loops" 1
FAIL: gfortran.fortran-torture/execute/entry_2.f90, -O0 (internal compiler error)
FAIL: gfortran.fortran-torture/execute/entry_3.f90, -O0 (internal compiler error)
FAIL: gfortran.fortran-torture/execute/entry_4.f90, -O0 (internal compiler error)
FAIL: gfortran.fortran-torture/execute/entry_5.f90, -O0 (internal compiler error)
=== gfortran Summary ===
# of expected passes 47414
# of unexpected failures 41
# of unexpected successes 6
# of expected failures 106
# of unresolved testcases 10
# of unsupported tests 101
/home/gccbuild/build/nightly/build-gcc-trunk/gcc/gfortran version 9.0.0 20180903 (experimental) [trunk revision 264052] (GCC)
=== g++ tests ===
Running target unix
FAIL: c-c++-common/asan/pr63888.c -O0 (internal compiler error)
FAIL: c-c++-common/asan/pr63888.c -O0 (test for excess errors)
UNRESOLVED: c-c++-common/asan/pr63888.c -O0 compilation failed to produce executable
FAIL: g++.dg/asan/use-after-scope-1.C -O0 (internal compiler error)
FAIL: g++.dg/asan/use-after-scope-1.C -O0 (test for excess errors)
UNRESOLVED: g++.dg/asan/use-after-scope-1.C -O0 compilation failed to produce executable
UNRESOLVED: g++.dg/bprob/g++-bprob-1.C compilation, -O0 -fbranch-probabilities
FAIL: g++.dg/bprob/g++-bprob-1.C compilation, -O0 -fprofile-arcs (internal compiler error)
UNRESOLVED: g++.dg/bprob/g++-bprob-1.C compilation, -g -fbranch-probabilities
FAIL: g++.dg/bprob/g++-bprob-1.C compilation, -g -fprofile-arcs (internal compiler error)
UNRESOLVED: g++.dg/bprob/g++-bprob-1.C execution, -O0 -fbranch-probabilities
UNRESOLVED: g++.dg/bprob/g++-bprob-1.C execution, -O0 -fprofile-arcs
UNRESOLVED: g++.dg/bprob/g++-bprob-1.C execution, -g -fbranch-probabilities
UNRESOLVED: g++.dg/bprob/g++-bprob-1.C execution, -g -fprofile-arcs
FAIL: c-c++-common/Wimplicit-fallthrough-1.c -std=gnu++11 (internal compiler error)
FAIL: c-c++-common/Wimplicit-fallthrough-1.c -std=gnu++11 (test for excess errors)
FAIL: c-c++-common/Wimplicit-fallthrough-1.c -std=gnu++14 (internal compiler error)
FAIL: c-c++-common/Wimplicit-fallthrough-1.c -std=gnu++14 (test for excess errors)
FAIL: c-c++-common/Wimplicit-fallthrough-1.c -std=gnu++98 (internal compiler error)
FAIL: c-c++-common/Wimplicit-fallthrough-1.c -std=gnu++98 (test for excess errors)
FAIL: c-c++-common/Wimplicit-fallthrough-15.c -std=gnu++11 (internal compiler error)
FAIL: c-c++-common/Wimplicit-fallthrough-15.c -std=gnu++11 (test for excess errors)
FAIL: c-c++-common/Wimplicit-fallthrough-15.c -std=gnu++14 (internal compiler error)
FAIL: c-c++-common/Wimplicit-fallthrough-15.c -std=gnu++14 (test for excess errors)
FAIL: c-c++-common/Wimplicit-fallthrough-15.c -std=gnu++98 (internal compiler error)
FAIL: c-c++-common/Wimplicit-fallthrough-15.c -std=gnu++98 (test for excess errors)
FAIL: c-c++-common/Wimplicit-fallthrough-21.c -std=gnu++11 (internal compiler error)
FAIL: c-c++-common/Wimplicit-fallthrough-21.c -std=gnu++11 (test for excess errors)
FAIL: c-c++-common/Wimplicit-fallthrough-21.c -std=gnu++14 (internal compiler error)
FAIL: c-c++-common/Wimplicit-fallthrough-21.c -std=gnu++14 (test for excess errors)
FAIL: c-c++-common/Wimplicit-fallthrough-21.c -std=gnu++98 (internal compiler error)
FAIL: c-c++-common/Wimplicit-fallthrough-21.c -std=gnu++98 (test for excess errors)
FAIL: c-c++-common/Wimplicit-fallthrough-22.c -std=gnu++11 (internal compiler error)
FAIL: c-c++-common/Wimplicit-fallthrough-22.c -std=gnu++11 (test for excess errors)
FAIL: c-c++-common/Wimplicit-fallthrough-22.c -std=gnu++14 (internal compiler error)
FAIL: c-c++-common/Wimplicit-fallthrough-22.c -std=gnu++14 (test for excess errors)
FAIL: c-c++-common/Wimplicit-fallthrough-22.c -std=gnu++98 (internal compiler error)
FAIL: c-c++-common/Wimplicit-fallthrough-22.c -std=gnu++98 (test for excess errors)
FAIL: c-c++-common/Wimplicit-fallthrough-36.c -std=gnu++11 (internal compiler error)
FAIL: c-c++-common/Wimplicit-fallthrough-36.c -std=gnu++11 (test for excess errors)
FAIL: c-c++-common/Wimplicit-fallthrough-36.c -std=gnu++14 (internal compiler error)
FAIL: c-c++-common/Wimplicit-fallthrough-36.c -std=gnu++14 (test for excess errors)
FAIL: c-c++-common/Wimplicit-fallthrough-36.c -std=gnu++98 (internal compiler error)
FAIL: c-c++-common/Wimplicit-fallthrough-36.c -std=gnu++98 (test for excess errors)
FAIL: c-c++-common/Wimplicit-fallthrough-7.c -std=gnu++11 (internal compiler error)
FAIL: c-c++-common/Wimplicit-fallthrough-7.c -std=gnu++11 (test for excess errors)
FAIL: c-c++-common/Wimplicit-fallthrough-7.c -std=gnu++14 (internal compiler error)
FAIL: c-c++-common/Wimplicit-fallthrough-7.c -std=gnu++14 (test for excess errors)
FAIL: c-c++-common/Wimplicit-fallthrough-7.c -std=gnu++98 (internal compiler error)
FAIL: c-c++-common/Wimplicit-fallthrough-7.c -std=gnu++98 (test for excess errors)
FAIL: g++.dg/cpp0x/fallthrough2.C -std=gnu++11 (internal compiler error)
FAIL: g++.dg/cpp0x/fallthrough2.C -std=gnu++11 (test for excess errors)
FAIL: g++.dg/cpp0x/fallthrough2.C -std=gnu++14 (internal compiler error)
FAIL: g++.dg/cpp0x/fallthrough2.C -std=gnu++14 (test for excess errors)
FAIL: g++.dg/cpp0x/lambda/lambda-recursive.C -std=c++11 (internal compiler error)
FAIL: g++.dg/cpp0x/lambda/lambda-recursive.C -std=c++11 (test for excess errors)
UNRESOLVED: g++.dg/cpp0x/lambda/lambda-recursive.C -std=c++11 compilation failed to produce executable
FAIL: g++.dg/cpp0x/lambda/lambda-recursive.C -std=c++14 (internal compiler error)
FAIL: g++.dg/cpp0x/lambda/lambda-recursive.C -std=c++14 (test for excess errors)
UNRESOLVED: g++.dg/cpp0x/lambda/lambda-recursive.C -std=c++14 compilation failed to produce executable
FAIL: g++.dg/cpp0x/lambda/lambda-std-function.C -std=c++11 (internal compiler error)
FAIL: g++.dg/cpp0x/lambda/lambda-std-function.C -std=c++11 (test for excess errors)
UNRESOLVED: g++.dg/cpp0x/lambda/lambda-std-function.C -std=c++11 compilation failed to produce executable
FAIL: g++.dg/cpp0x/lambda/lambda-std-function.C -std=c++14 (internal compiler error)
FAIL: g++.dg/cpp0x/lambda/lambda-std-function.C -std=c++14 (test for excess errors)
UNRESOLVED: g++.dg/cpp0x/lambda/lambda-std-function.C -std=c++14 compilation failed to produce executable
FAIL: g++.dg/cpp0x/lambda/lambda-this8.C -std=c++11 (internal compiler error)
FAIL: g++.dg/cpp0x/lambda/lambda-this8.C -std=c++11 (test for excess errors)
UNRESOLVED: g++.dg/cpp0x/lambda/lambda-this8.C -std=c++11 compilation failed to produce executable
FAIL: g++.dg/cpp0x/lambda/lambda-this8.C -std=c++14 (internal compiler error)
FAIL: g++.dg/cpp0x/lambda/lambda-this8.C -std=c++14 (test for excess errors)
UNRESOLVED: g++.dg/cpp0x/lambda/lambda-this8.C -std=c++14 compilation failed to produce executable
FAIL: g++.dg/cpp0x/nullptr21.C -std=c++11 (internal compiler error)
FAIL: g++.dg/cpp0x/nullptr21.C -std=c++11 (test for excess errors)
UNRESOLVED: g++.dg/cpp0x/nullptr21.C -std=c++11 compilation failed to produce executable
FAIL: g++.dg/cpp0x/nullptr21.C -std=c++14 (internal compiler error)
FAIL: g++.dg/cpp0x/nullptr21.C -std=c++14 (test for excess errors)
UNRESOLVED: g++.dg/cpp0x/nullptr21.C -std=c++14 compilation failed to produce executable
FAIL: g++.dg/cpp1y/lambda-generic-variadic2.C -std=c++14 (internal compiler error)
FAIL: g++.dg/cpp1y/lambda-generic-variadic2.C -std=c++14 (test for excess errors)
FAIL: g++.dg/cpp1z/init-statement6.C (internal compiler error)
FAIL: g++.dg/cpp1z/init-statement6.C (test for excess errors)
FAIL: g++.dg/other/switch3.C -std=c++11 (internal compiler error)
FAIL: g++.dg/other/switch3.C -std=c++11 (test for excess errors)
FAIL: g++.dg/other/switch3.C -std=c++14 (internal compiler error)
FAIL: g++.dg/other/switch3.C -std=c++14 (test for excess errors)
FAIL: g++.dg/other/switch3.C -std=c++98 (internal compiler error)
FAIL: g++.dg/other/switch3.C -std=c++98 (test for excess errors)
FAIL: g++.dg/pr83239.C -std=gnu++98 (test for excess errors)
FAIL: g++.dg/warn/Wswitch-1.C -std=gnu++11 (internal compiler error)
FAIL: g++.dg/warn/Wswitch-1.C -std=gnu++11 (test for excess errors)
FAIL: g++.dg/warn/Wswitch-1.C -std=gnu++14 (internal compiler error)
FAIL: g++.dg/warn/Wswitch-1.C -std=gnu++14 (test for excess errors)
FAIL: g++.dg/warn/Wswitch-1.C -std=gnu++98 (internal compiler error)
FAIL: g++.dg/warn/Wswitch-1.C -std=gnu++98 (test for excess errors)
FAIL: g++.dg/warn/Wswitch-2.C -std=gnu++11 (internal compiler error)
FAIL: g++.dg/warn/Wswitch-2.C -std=gnu++11 (test for excess errors)
FAIL: g++.dg/warn/Wswitch-2.C -std=gnu++14 (internal compiler error)
FAIL: g++.dg/warn/Wswitch-2.C -std=gnu++14 (test for excess errors)
FAIL: g++.dg/warn/Wswitch-2.C -std=gnu++98 (internal compiler error)
FAIL: g++.dg/warn/Wswitch-2.C -std=gnu++98 (test for excess errors)
FAIL: g++.dg/warn/pr81275-1.C -std=gnu++11 (internal compiler error)
FAIL: g++.dg/warn/pr81275-1.C -std=gnu++11 (test for excess errors)
FAIL: g++.dg/warn/pr81275-1.C -std=gnu++14 (internal compiler error)
FAIL: g++.dg/warn/pr81275-1.C -std=gnu++14 (test for excess errors)
FAIL: g++.dg/warn/pr81275-1.C -std=gnu++98 (internal compiler error)
FAIL: g++.dg/warn/pr81275-1.C -std=gnu++98 (test for excess errors)
FAIL: g++.dg/warn/pr81275-2.C -std=gnu++11 (internal compiler error)
FAIL: g++.dg/warn/pr81275-2.C -std=gnu++11 (test for excess errors)
FAIL: g++.dg/warn/pr81275-2.C -std=gnu++14 (internal compiler error)
FAIL: g++.dg/warn/pr81275-2.C -std=gnu++14 (test for excess errors)
FAIL: g++.dg/warn/pr81275-2.C -std=gnu++98 (internal compiler error)
FAIL: g++.dg/warn/pr81275-2.C -std=gnu++98 (test for excess errors)
FAIL: g++.dg/warn/pr81275-3.C -std=gnu++11 (internal compiler error)
FAIL: g++.dg/warn/pr81275-3.C -std=gnu++11 (test for excess errors)
FAIL: g++.dg/warn/pr81275-3.C -std=gnu++14 (internal compiler error)
FAIL: g++.dg/warn/pr81275-3.C -std=gnu++14 (test for excess errors)
FAIL: g++.dg/warn/pr81275-3.C -std=gnu++98 (internal compiler error)
FAIL: g++.dg/warn/pr81275-3.C -std=gnu++98 (test for excess errors)
FAIL: g++.dg/gcov/gcov-1.C -std=gnu++11 gcov: 56 failures in line counts, 24 in branch percentages, 0 in return percentages, 0 in intermediate format
FAIL: g++.dg/gcov/gcov-1.C -std=gnu++11 line 100: is #####:should be 2
FAIL: g++.dg/gcov/gcov-1.C -std=gnu++11 line 102: is #####:should be 1
FAIL: g++.dg/gcov/gcov-1.C -std=gnu++11 line 103: is #####:should be 1
FAIL: g++.dg/gcov/gcov-1.C -std=gnu++11 line 105: is #####:should be 1
FAIL: g++.dg/gcov/gcov-1.C -std=gnu++11 line 113: is #####:should be 15
FAIL: g++.dg/gcov/gcov-1.C -std=gnu++11 line 115: is #####:should be 14
FAIL: g++.dg/gcov/gcov-1.C -std=gnu++11 line 116: is #####:should be 1
FAIL: g++.dg/gcov/gcov-1.C -std=gnu++11 line 118: is #####:should be 1
FAIL: g++.dg/gcov/gcov-1.C -std=gnu++11 line 141: is #####:should be 5
FAIL: g++.dg/gcov/gcov-1.C -std=gnu++11 line 142: expected branch percentages not found: 40
FAIL: g++.dg/gcov/gcov-1.C -std=gnu++11 line 143: is #####:should be 3
FAIL: g++.dg/gcov/gcov-1.C -std=gnu++11 line 145: is #####:should be 3
FAIL: g++.dg/gcov/gcov-1.C -std=gnu++11 line 150: is #####:should be 2
FAIL: g++.dg/gcov/gcov-1.C -std=gnu++11 line 152: is #####:should be 1
FAIL: g++.dg/gcov/gcov-1.C -std=gnu++11 line 154: is #####:should be 1
FAIL: g++.dg/gcov/gcov-1.C -std=gnu++11 line 156: is #####:should be 5
FAIL: g++.dg/gcov/gcov-1.C -std=gnu++11 line 158: is #####:should be 1
FAIL: g++.dg/gcov/gcov-1.C -std=gnu++11 line 160: is #####:should be 5
FAIL: g++.dg/gcov/gcov-1.C -std=gnu++11 line 161: expected branch percentages not found: 20
FAIL: g++.dg/gcov/gcov-1.C -std=gnu++11 line 162: is #####:should be 1
FAIL: g++.dg/gcov/gcov-1.C -std=gnu++11 line 164: is #####:should be 1
FAIL: g++.dg/gcov/gcov-1.C -std=gnu++11 line 165: is #####:should be 5
FAIL: g++.dg/gcov/gcov-1.C -std=gnu++11 line 173: is #####:should be 6
FAIL: g++.dg/gcov/gcov-1.C -std=gnu++11 line 175: is #####:should be 1
FAIL: g++.dg/gcov/gcov-1.C -std=gnu++11 line 177: is #####:should be 6
FAIL: g++.dg/gcov/gcov-1.C -std=gnu++11 line 181: is #####:should be 6
FAIL: g++.dg/gcov/gcov-1.C -std=gnu++11 line 183: is #####:should be 3
FAIL: g++.dg/gcov/gcov-1.C -std=gnu++11 line 185: is #####:should be 6
FAIL: g++.dg/gcov/gcov-1.C -std=gnu++11 line 187: is #####:should be 2
FAIL: g++.dg/gcov/gcov-1.C -std=gnu++11 line 189: is #####:should be 4
FAIL: g++.dg/gcov/gcov-1.C -std=gnu++11 line 192: is #####:should be 4
FAIL: g++.dg/gcov/gcov-1.C -std=gnu++11 line 200: is #####:should be 11
FAIL: g++.dg/gcov/gcov-1.C -std=gnu++11 line 202: is #####:should be 1
FAIL: g++.dg/gcov/gcov-1.C -std=gnu++11 line 204: is #####:should be 11
FAIL: g++.dg/gcov/gcov-1.C -std=gnu++11 line 205: expected branch percentages not found: 45
FAIL: g++.dg/gcov/gcov-1.C -std=gnu++11 line 206: is #####:should be 5
FAIL: g++.dg/gcov/gcov-1.C -std=gnu++11 line 207: expected branch percentages not found: 40
FAIL: g++.dg/gcov/gcov-1.C -std=gnu++11 line 208: is #####:should be 2
FAIL: g++.dg/gcov/gcov-1.C -std=gnu++11 line 210: is #####:should be 1
FAIL: g++.dg/gcov/gcov-1.C -std=gnu++11 line 212: is #####:should be 11
FAIL: g++.dg/gcov/gcov-1.C -std=gnu++11 line 214: is #####:should be 3
FAIL: g++.dg/gcov/gcov-1.C -std=gnu++11 line 215: is #####:should be 11
FAIL: g++.dg/gcov/gcov-1.C -std=gnu++11 line 254: is #####:should be 5
FAIL: g++.dg/gcov/gcov-1.C -std=gnu++11 line 257: is #####:should be 5
FAIL: g++.dg/gcov/gcov-1.C -std=gnu++11 line 261: is #####:should be 1
FAIL: g++.dg/gcov/gcov-1.C -std=gnu++11 line 269: is #####:should be 3
FAIL: g++.dg/gcov/gcov-1.C -std=gnu++11 line 271: is #####:should be 1
FAIL: g++.dg/gcov/gcov-1.C -std=gnu++11 line 272: is #####:should be 2
FAIL: g++.dg/gcov/gcov-1.C -std=gnu++11 line 275: is #####:should be 1
FAIL: g++.dg/gcov/gcov-1.C -std=gnu++11 line 276: is #####:should be 1
FAIL: g++.dg/gcov/gcov-1.C -std=gnu++11 line 279: is #####:should be 4
FAIL: g++.dg/gcov/gcov-1.C -std=gnu++11 line 33: is #####:should be 1
FAIL: g++.dg/gcov/gcov-1.C -std=gnu++11 line 39: is #####:should be 1
FAIL: g++.dg/gcov/gcov-1.C -std=gnu++11 line 41: is #####:should be 1
FAIL: g++.dg/gcov/gcov-1.C -std=gnu++11 line 55: is #####:should be 3
FAIL: g++.dg/gcov/gcov-1.C -std=gnu++11 line 58: is #####:should be 9
FAIL: g++.dg/gcov/gcov-1.C -std=gnu++11 line 59: is #####:should be 3
FAIL: g++.dg/gcov/gcov-1.C -std=gnu++11 line 66: is #####:should be 6
FAIL: g++.dg/gcov/gcov-1.C -std=gnu++11 line 73: is #####:should be 81
FAIL: g++.dg/gcov/gcov-1.C -std=gnu++11 line 74: is #####:should be 6
FAIL: g++.dg/gcov/gcov-1.C -std=gnu++11 line n: expected branch percentages not found: 0
FAIL: g++.dg/gcov/gcov-1.C -std=gnu++11 line n: expected branch percentages not found: 0
FAIL: g++.dg/gcov/gcov-1.C -std=gnu++11 line n: expected branch percentages not found: 0
FAIL: g++.dg/gcov/gcov-1.C -std=gnu++11 line n: expected branch percentages not found: 0
FAIL: g++.dg/gcov/gcov-1.C -std=gnu++11 line n: expected branch percentages not found: 17
FAIL: g++.dg/gcov/gcov-1.C -std=gnu++11 line n: expected branch percentages not found: 20
FAIL: g++.dg/gcov/gcov-1.C -std=gnu++11 line n: expected branch percentages not found: 20 0 40 20
FAIL: g++.dg/gcov/gcov-1.C -std=gnu++11 line n: expected branch percentages not found: 25
FAIL: g++.dg/gcov/gcov-1.C -std=gnu++11 line n: expected branch percentages not found: 27
FAIL: g++.dg/gcov/gcov-1.C -std=gnu++11 line n: expected branch percentages not found: 27 50 25
FAIL: g++.dg/gcov/gcov-1.C -std=gnu++11 line n: expected branch percentages not found: 30
FAIL: g++.dg/gcov/gcov-1.C -std=gnu++11 line n: expected branch percentages not found: 32
FAIL: g++.dg/gcov/gcov-1.C -std=gnu++11 line n: expected branch percentages not found: 33
FAIL: g++.dg/gcov/gcov-1.C -std=gnu++11 line n: expected branch percentages not found: 33
FAIL: g++.dg/gcov/gcov-1.C -std=gnu++11 line n: expected branch percentages not found: 50
FAIL: g++.dg/gcov/gcov-1.C -std=gnu++11 line n: expected branch percentages not found: 50
FAIL: g++.dg/gcov/gcov-1.C -std=gnu++11 line n: expected branch percentages not found: 50
FAIL: g++.dg/gcov/gcov-1.C -std=gnu++11 line n: expected branch percentages not found: 50
FAIL: g++.dg/gcov/gcov-1.C -std=gnu++11 line n: expected branch percentages not found: 7
FAIL: g++.dg/gcov/gcov-1.C -std=gnu++11 line n: expected branch percentages not found: 9 10 11
FAIL: g++.dg/gcov/gcov-1.C -std=gnu++11 (internal compiler error)
FAIL: g++.dg/gcov/gcov-1.C -std=gnu++11 (test for excess errors)
UNRESOLVED: g++.dg/gcov/gcov-1.C -std=gnu++11 compilation failed to produce executable
FAIL: g++.dg/gcov/gcov-1.C -std=gnu++14 gcov: 56 failures in line counts, 24 in branch percentages, 0 in return percentages, 0 in intermediate format
FAIL: g++.dg/gcov/gcov-1.C -std=gnu++14 line 100: is #####:should be 2
FAIL: g++.dg/gcov/gcov-1.C -std=gnu++14 line 102: is #####:should be 1
FAIL: g++.dg/gcov/gcov-1.C -std=gnu++14 line 103: is #####:should be 1
FAIL: g++.dg/gcov/gcov-1.C -std=gnu++14 line 105: is #####:should be 1
FAIL: g++.dg/gcov/gcov-1.C -std=gnu++14 line 113: is #####:should be 15
FAIL: g++.dg/gcov/gcov-1.C -std=gnu++14 line 115: is #####:should be 14
FAIL: g++.dg/gcov/gcov-1.C -std=gnu++14 line 116: is #####:should be 1
FAIL: g++.dg/gcov/gcov-1.C -std=gnu++14 line 118: is #####:should be 1
FAIL: g++.dg/gcov/gcov-1.C -std=gnu++14 line 141: is #####:should be 5
FAIL: g++.dg/gcov/gcov-1.C -std=gnu++14 line 142: expected branch percentages not found: 40
FAIL: g++.dg/gcov/gcov-1.C -std=gnu++14 line 143: is #####:should be 3
FAIL: g++.dg/gcov/gcov-1.C -std=gnu++14 line 145: is #####:should be 3
FAIL: g++.dg/gcov/gcov-1.C -std=gnu++14 line 150: is #####:should be 2
FAIL: g++.dg/gcov/gcov-1.C -std=gnu++14 line 152: is #####:should be 1
FAIL: g++.dg/gcov/gcov-1.C -std=gnu++14 line 154: is #####:should be 1
FAIL: g++.dg/gcov/gcov-1.C -std=gnu++14 line 156: is #####:should be 5
FAIL: g++.dg/gcov/gcov-1.C -std=gnu++14 line 158: is #####:should be 1
FAIL: g++.dg/gcov/gcov-1.C -std=gnu++14 line 160: is #####:should be 5
FAIL: g++.dg/gcov/gcov-1.C -std=gnu++14 line 161: expected branch percentages not found: 20
FAIL: g++.dg/gcov/gcov-1.C -std=gnu++14 line 162: is #####:should be 1
FAIL: g++.dg/gcov/gcov-1.C -std=gnu++14 line 164: is #####:should be 1
FAIL: g++.dg/gcov/gcov-1.C -std=gnu++14 line 165: is #####:should be 5
FAIL: g++.dg/gcov/gcov-1.C -std=gnu++14 line 173: is #####:should be 6
FAIL: g++.dg/gcov/gcov-1.C -std=gnu++14 line 175: is #####:should be 1
FAIL: g++.dg/gcov/gcov-1.C -std=gnu++14 line 177: is #####:should be 6
FAIL: g++.dg/gcov/gcov-1.C -std=gnu++14 line 181: is #####:should be 6
FAIL: g++.dg/gcov/gcov-1.C -std=gnu++14 line 183: is #####:should be 3
FAIL: g++.dg/gcov/gcov-1.C -std=gnu++14 line 185: is #####:should be 6
FAIL: g++.dg/gcov/gcov-1.C -std=gnu++14 line 187: is #####:should be 2
FAIL: g++.dg/gcov/gcov-1.C -std=gnu++14 line 189: is #####:should be 4
FAIL: g++.dg/gcov/gcov-1.C -std=gnu++14 line 192: is #####:should be 4
FAIL: g++.dg/gcov/gcov-1.C -std=gnu++14 line 200: is #####:should be 11
FAIL: g++.dg/gcov/gcov-1.C -std=gnu++14 line 202: is #####:should be 1
FAIL: g++.dg/gcov/gcov-1.C -std=gnu++14 line 204: is #####:should be 11
FAIL: g++.dg/gcov/gcov-1.C -std=gnu++14 line 205: expected branch percentages not found: 45
FAIL: g++.dg/gcov/gcov-1.C -std=gnu++14 line 206: is #####:should be 5
FAIL: g++.dg/gcov/gcov-1.C -std=gnu++14 line 207: expected branch percentages not found: 40
FAIL: g++.dg/gcov/gcov-1.C -std=gnu++14 line 208: is #####:should be 2
FAIL: g++.dg/gcov/gcov-1.C -std=gnu++14 line 210: is #####:should be 1
FAIL: g++.dg/gcov/gcov-1.C -std=gnu++14 line 212: is #####:should be 11
FAIL: g++.dg/gcov/gcov-1.C -std=gnu++14 line 214: is #####:should be 3
FAIL: g++.dg/gcov/gcov-1.C -std=gnu++14 line 215: is #####:should be 11
FAIL: g++.dg/gcov/gcov-1.C -std=gnu++14 line 254: is #####:should be 5
FAIL: g++.dg/gcov/gcov-1.C -std=gnu++14 line 257: is #####:should be 5
FAIL: g++.dg/gcov/gcov-1.C -std=gnu++14 line 261: is #####:should be 1
FAIL: g++.dg/gcov/gcov-1.C -std=gnu++14 line 269: is #####:should be 3
FAIL: g++.dg/gcov/gcov-1.C -std=gnu++14 line 271: is #####:should be 1
FAIL: g++.dg/gcov/gcov-1.C -std=gnu++14 line 272: is #####:should be 2
FAIL: g++.dg/gcov/gcov-1.C -std=gnu++14 line 275: is #####:should be 1
FAIL: g++.dg/gcov/gcov-1.C -std=gnu++14 line 276: is #####:should be 1
FAIL: g++.dg/gcov/gcov-1.C -std=gnu++14 line 279: is #####:should be 4
FAIL: g++.dg/gcov/gcov-1.C -std=gnu++14 line 33: is #####:should be 1
FAIL: g++.dg/gcov/gcov-1.C -std=gnu++14 line 39: is #####:should be 1
FAIL: g++.dg/gcov/gcov-1.C -std=gnu++14 line 41: is #####:should be 1
FAIL: g++.dg/gcov/gcov-1.C -std=gnu++14 line 55: is #####:should be 3
FAIL: g++.dg/gcov/gcov-1.C -std=gnu++14 line 58: is #####:should be 9
FAIL: g++.dg/gcov/gcov-1.C -std=gnu++14 line 59: is #####:should be 3
FAIL: g++.dg/gcov/gcov-1.C -std=gnu++14 line 66: is #####:should be 6
FAIL: g++.dg/gcov/gcov-1.C -std=gnu++14 line 73: is #####:should be 81
FAIL: g++.dg/gcov/gcov-1.C -std=gnu++14 line 74: is #####:should be 6
FAIL: g++.dg/gcov/gcov-1.C -std=gnu++14 line n: expected branch percentages not found: 0
FAIL: g++.dg/gcov/gcov-1.C -std=gnu++14 line n: expected branch percentages not found: 0
FAIL: g++.dg/gcov/gcov-1.C -std=gnu++14 line n: expected branch percentages not found: 0
FAIL: g++.dg/gcov/gcov-1.C -std=gnu++14 line n: expected branch percentages not found: 0
FAIL: g++.dg/gcov/gcov-1.C -std=gnu++14 line n: expected branch percentages not found: 17
FAIL: g++.dg/gcov/gcov-1.C -std=gnu++14 line n: expected branch percentages not found: 20
FAIL: g++.dg/gcov/gcov-1.C -std=gnu++14 line n: expected branch percentages not found: 20 0 40 20
FAIL: g++.dg/gcov/gcov-1.C -std=gnu++14 line n: expected branch percentages not found: 25
FAIL: g++.dg/gcov/gcov-1.C -std=gnu++14 line n: expected branch percentages not found: 27
FAIL: g++.dg/gcov/gcov-1.C -std=gnu++14 line n: expected branch percentages not found: 27 50 25
FAIL: g++.dg/gcov/gcov-1.C -std=gnu++14 line n: expected branch percentages not found: 30
FAIL: g++.dg/gcov/gcov-1.C -std=gnu++14 line n: expected branch percentages not found: 32
FAIL: g++.dg/gcov/gcov-1.C -std=gnu++14 line n: expected branch percentages not found: 33
FAIL: g++.dg/gcov/gcov-1.C -std=gnu++14 line n: expected branch percentages not found: 33
FAIL: g++.dg/gcov/gcov-1.C -std=gnu++14 line n: expected branch percentages not found: 50
FAIL: g++.dg/gcov/gcov-1.C -std=gnu++14 line n: expected branch percentages not found: 50
FAIL: g++.dg/gcov/gcov-1.C -std=gnu++14 line n: expected branch percentages not found: 50
FAIL: g++.dg/gcov/gcov-1.C -std=gnu++14 line n: expected branch percentages not found: 50
FAIL: g++.dg/gcov/gcov-1.C -std=gnu++14 line n: expected branch percentages not found: 7
FAIL: g++.dg/gcov/gcov-1.C -std=gnu++14 line n: expected branch percentages not found: 9 10 11
FAIL: g++.dg/gcov/gcov-1.C -std=gnu++14 (internal compiler error)
FAIL: g++.dg/gcov/gcov-1.C -std=gnu++14 (test for excess errors)
UNRESOLVED: g++.dg/gcov/gcov-1.C -std=gnu++14 compilation failed to produce executable
FAIL: g++.dg/gcov/gcov-1.C -std=gnu++98 gcov: 56 failures in line counts, 24 in branch percentages, 0 in return percentages, 0 in intermediate format
FAIL: g++.dg/gcov/gcov-1.C -std=gnu++98 line 100: is #####:should be 2
FAIL: g++.dg/gcov/gcov-1.C -std=gnu++98 line 102: is #####:should be 1
FAIL: g++.dg/gcov/gcov-1.C -std=gnu++98 line 103: is #####:should be 1
FAIL: g++.dg/gcov/gcov-1.C -std=gnu++98 line 105: is #####:should be 1
FAIL: g++.dg/gcov/gcov-1.C -std=gnu++98 line 113: is #####:should be 15
FAIL: g++.dg/gcov/gcov-1.C -std=gnu++98 line 115: is #####:should be 14
FAIL: g++.dg/gcov/gcov-1.C -std=gnu++98 line 116: is #####:should be 1
FAIL: g++.dg/gcov/gcov-1.C -std=gnu++98 line 118: is #####:should be 1
FAIL: g++.dg/gcov/gcov-1.C -std=gnu++98 line 141: is #####:should be 5
FAIL: g++.dg/gcov/gcov-1.C -std=gnu++98 line 142: expected branch percentages not found: 40
FAIL: g++.dg/gcov/gcov-1.C -std=gnu++98 line 143: is #####:should be 3
FAIL: g++.dg/gcov/gcov-1.C -std=gnu++98 line 145: is #####:should be 3
FAIL: g++.dg/gcov/gcov-1.C -std=gnu++98 line 150: is #####:should be 2
FAIL: g++.dg/gcov/gcov-1.C -std=gnu++98 line 152: is #####:should be 1
FAIL: g++.dg/gcov/gcov-1.C -std=gnu++98 line 154: is #####:should be 1
FAIL: g++.dg/gcov/gcov-1.C -std=gnu++98 line 156: is #####:should be 5
FAIL: g++.dg/gcov/gcov-1.C -std=gnu++98 line 158: is #####:should be 1
FAIL: g++.dg/gcov/gcov-1.C -std=gnu++98 line 160: is #####:should be 5
FAIL: g++.dg/gcov/gcov-1.C -std=gnu++98 line 161: expected branch percentages not found: 20
FAIL: g++.dg/gcov/gcov-1.C -std=gnu++98 line 162: is #####:should be 1
FAIL: g++.dg/gcov/gcov-1.C -std=gnu++98 line 164: is #####:should be 1
FAIL: g++.dg/gcov/gcov-1.C -std=gnu++98 line 165: is #####:should be 5
FAIL: g++.dg/gcov/gcov-1.C -std=gnu++98 line 173: is #####:should be 6
FAIL: g++.dg/gcov/gcov-1.C -std=gnu++98 line 175: is #####:should be 1
FAIL: g++.dg/gcov/gcov-1.C -std=gnu++98 line 177: is #####:should be 6
FAIL: g++.dg/gcov/gcov-1.C -std=gnu++98 line 181: is #####:should be 6
FAIL: g++.dg/gcov/gcov-1.C -std=gnu++98 line 183: is #####:should be 3
FAIL: g++.dg/gcov/gcov-1.C -std=gnu++98 line 185: is #####:should be 6
FAIL: g++.dg/gcov/gcov-1.C -std=gnu++98 line 187: is #####:should be 2
FAIL: g++.dg/gcov/gcov-1.C -std=gnu++98 line 189: is #####:should be 4
FAIL: g++.dg/gcov/gcov-1.C -std=gnu++98 line 192: is #####:should be 4
FAIL: g++.dg/gcov/gcov-1.C -std=gnu++98 line 200: is #####:should be 11
FAIL: g++.dg/gcov/gcov-1.C -std=gnu++98 line 202: is #####:should be 1
FAIL: g++.dg/gcov/gcov-1.C -std=gnu++98 line 204: is #####:should be 11
FAIL: g++.dg/gcov/gcov-1.C -std=gnu++98 line 205: expected branch percentages not found: 45
FAIL: g++.dg/gcov/gcov-1.C -std=gnu++98 line 206: is #####:should be 5
FAIL: g++.dg/gcov/gcov-1.C -std=gnu++98 line 207: expected branch percentages not found: 40
FAIL: g++.dg/gcov/gcov-1.C -std=gnu++98 line 208: is #####:should be 2
FAIL: g++.dg/gcov/gcov-1.C -std=gnu++98 line 210: is #####:should be 1
FAIL: g++.dg/gcov/gcov-1.C -std=gnu++98 line 212: is #####:should be 11
FAIL: g++.dg/gcov/gcov-1.C -std=gnu++98 line 214: is #####:should be 3
FAIL: g++.dg/gcov/gcov-1.C -std=gnu++98 line 215: is #####:should be 11
FAIL: g++.dg/gcov/gcov-1.C -std=gnu++98 line 254: is #####:should be 5
FAIL: g++.dg/gcov/gcov-1.C -std=gnu++98 line 257: is #####:should be 5
FAIL: g++.dg/gcov/gcov-1.C -std=gnu++98 line 261: is #####:should be 1
FAIL: g++.dg/gcov/gcov-1.C -std=gnu++98 line 269: is #####:should be 3
FAIL: g++.dg/gcov/gcov-1.C -std=gnu++98 line 271: is #####:should be 1
FAIL: g++.dg/gcov/gcov-1.C -std=gnu++98 line 272: is #####:should be 2
FAIL: g++.dg/gcov/gcov-1.C -std=gnu++98 line 275: is #####:should be 1
FAIL: g++.dg/gcov/gcov-1.C -std=gnu++98 line 276: is #####:should be 1
FAIL: g++.dg/gcov/gcov-1.C -std=gnu++98 line 279: is #####:should be 4
FAIL: g++.dg/gcov/gcov-1.C -std=gnu++98 line 33: is #####:should be 1
FAIL: g++.dg/gcov/gcov-1.C -std=gnu++98 line 39: is #####:should be 1
FAIL: g++.dg/gcov/gcov-1.C -std=gnu++98 line 41: is #####:should be 1
FAIL: g++.dg/gcov/gcov-1.C -std=gnu++98 line 55: is #####:should be 3
FAIL: g++.dg/gcov/gcov-1.C -std=gnu++98 line 58: is #####:should be 9
FAIL: g++.dg/gcov/gcov-1.C -std=gnu++98 line 59: is #####:should be 3
FAIL: g++.dg/gcov/gcov-1.C -std=gnu++98 line 66: is #####:should be 6
FAIL: g++.dg/gcov/gcov-1.C -std=gnu++98 line 73: is #####:should be 81
FAIL: g++.dg/gcov/gcov-1.C -std=gnu++98 line 74: is #####:should be 6
FAIL: g++.dg/gcov/gcov-1.C -std=gnu++98 line n: expected branch percentages not found: 0
FAIL: g++.dg/gcov/gcov-1.C -std=gnu++98 line n: expected branch percentages not found: 0
FAIL: g++.dg/gcov/gcov-1.C -std=gnu++98 line n: expected branch percentages not found: 0
FAIL: g++.dg/gcov/gcov-1.C -std=gnu++98 line n: expected branch percentages not found: 0
FAIL: g++.dg/gcov/gcov-1.C -std=gnu++98 line n: expected branch percentages not found: 17
FAIL: g++.dg/gcov/gcov-1.C -std=gnu++98 line n: expected branch percentages not found: 20
FAIL: g++.dg/gcov/gcov-1.C -std=gnu++98 line n: expected branch percentages not found: 20 0 40 20
FAIL: g++.dg/gcov/gcov-1.C -std=gnu++98 line n: expected branch percentages not found: 25
FAIL: g++.dg/gcov/gcov-1.C -std=gnu++98 line n: expected branch percentages not found: 27
FAIL: g++.dg/gcov/gcov-1.C -std=gnu++98 line n: expected branch percentages not found: 27 50 25
FAIL: g++.dg/gcov/gcov-1.C -std=gnu++98 line n: expected branch percentages not found: 30
FAIL: g++.dg/gcov/gcov-1.C -std=gnu++98 line n: expected branch percentages not found: 32
FAIL: g++.dg/gcov/gcov-1.C -std=gnu++98 line n: expected branch percentages not found: 33
FAIL: g++.dg/gcov/gcov-1.C -std=gnu++98 line n: expected branch percentages not found: 33
FAIL: g++.dg/gcov/gcov-1.C -std=gnu++98 line n: expected branch percentages not found: 50
FAIL: g++.dg/gcov/gcov-1.C -std=gnu++98 line n: expected branch percentages not found: 50
FAIL: g++.dg/gcov/gcov-1.C -std=gnu++98 line n: expected branch percentages not found: 50
FAIL: g++.dg/gcov/gcov-1.C -std=gnu++98 line n: expected branch percentages not found: 50
FAIL: g++.dg/gcov/gcov-1.C -std=gnu++98 line n: expected branch percentages not found: 7
FAIL: g++.dg/gcov/gcov-1.C -std=gnu++98 line n: expected branch percentages not found: 9 10 11
FAIL: g++.dg/gcov/gcov-1.C -std=gnu++98 (internal compiler error)
FAIL: g++.dg/gcov/gcov-1.C -std=gnu++98 (test for excess errors)
UNRESOLVED: g++.dg/gcov/gcov-1.C -std=gnu++98 compilation failed to produce executable
FAIL: c-c++-common/gomp/clauses-1.c -std=c++11 (internal compiler error)
FAIL: c-c++-common/gomp/clauses-1.c -std=c++11 (test for excess errors)
FAIL: c-c++-common/gomp/clauses-1.c -std=c++14 (internal compiler error)
FAIL: c-c++-common/gomp/clauses-1.c -std=c++14 (test for excess errors)
FAIL: c-c++-common/gomp/clauses-1.c -std=c++98 (internal compiler error)
FAIL: c-c++-common/gomp/clauses-1.c -std=c++98 (test for excess errors)
FAIL: c-c++-common/gomp/pr54017.c -std=gnu++11 (internal compiler error)
FAIL: c-c++-common/gomp/pr54017.c -std=gnu++11 (test for excess errors)
FAIL: c-c++-common/gomp/pr54017.c -std=gnu++14 (internal compiler error)
FAIL: c-c++-common/gomp/pr54017.c -std=gnu++14 (test for excess errors)
FAIL: c-c++-common/gomp/pr54017.c -std=gnu++98 (internal compiler error)
FAIL: c-c++-common/gomp/pr54017.c -std=gnu++98 (test for excess errors)
FAIL: g++.dg/gomp/block-0.C -std=gnu++11 (internal compiler error)
FAIL: g++.dg/gomp/block-0.C -std=gnu++11 (test for excess errors)
FAIL: g++.dg/gomp/block-0.C -std=gnu++14 (internal compiler error)
FAIL: g++.dg/gomp/block-0.C -std=gnu++14 (test for excess errors)
FAIL: g++.dg/gomp/block-0.C -std=gnu++98 (internal compiler error)
FAIL: g++.dg/gomp/block-0.C -std=gnu++98 (test for excess errors)
FAIL: g++.dg/gomp/member-1.C -std=c++11 (internal compiler error)
FAIL: g++.dg/gomp/member-1.C -std=c++11 (test for excess errors)
FAIL: g++.dg/gomp/member-1.C -std=c++14 (internal compiler error)
FAIL: g++.dg/gomp/member-1.C -std=c++14 (test for excess errors)
FAIL: g++.dg/gomp/member-1.C -std=c++98 (internal compiler error)
FAIL: g++.dg/gomp/member-1.C -std=c++98 (test for excess errors)
FAIL: g++.dg/torture/pr60648.C -O0 (internal compiler error)
FAIL: g++.dg/torture/pr60648.C -O0 (test for excess errors)
FAIL: g++.dg/torture/pr64565.C -O0 (internal compiler error)
FAIL: g++.dg/torture/pr64565.C -O0 (test for excess errors)
FAIL: c-c++-common/tsan/pr81275.c -O0 (internal compiler error)
FAIL: c-c++-common/tsan/pr81275.c -O0 (test for excess errors)
FAIL: g++.old-deja/g++.eh/catch5.C -std=gnu++11 (internal compiler error)
FAIL: g++.old-deja/g++.eh/catch5.C -std=gnu++11 (test for excess errors)
UNRESOLVED: g++.old-deja/g++.eh/catch5.C -std=gnu++11 compilation failed to produce executable
FAIL: g++.old-deja/g++.eh/catch5.C -std=gnu++14 (internal compiler error)
FAIL: g++.old-deja/g++.eh/catch5.C -std=gnu++14 (test for excess errors)
UNRESOLVED: g++.old-deja/g++.eh/catch5.C -std=gnu++14 compilation failed to produce executable
FAIL: g++.old-deja/g++.eh/catch5.C -std=gnu++98 (internal compiler error)
FAIL: g++.old-deja/g++.eh/catch5.C -std=gnu++98 (test for excess errors)
UNRESOLVED: g++.old-deja/g++.eh/catch5.C -std=gnu++98 compilation failed to produce executable
FAIL: g++.old-deja/g++.eh/catch5p.C -std=gnu++11 (internal compiler error)
FAIL: g++.old-deja/g++.eh/catch5p.C -std=gnu++11 (test for excess errors)
UNRESOLVED: g++.old-deja/g++.eh/catch5p.C -std=gnu++11 compilation failed to produce executable
FAIL: g++.old-deja/g++.eh/catch5p.C -std=gnu++14 (internal compiler error)
FAIL: g++.old-deja/g++.eh/catch5p.C -std=gnu++14 (test for excess errors)
UNRESOLVED: g++.old-deja/g++.eh/catch5p.C -std=gnu++14 compilation failed to produce executable
FAIL: g++.old-deja/g++.eh/catch5p.C -std=gnu++98 (internal compiler error)
FAIL: g++.old-deja/g++.eh/catch5p.C -std=gnu++98 (test for excess errors)
UNRESOLVED: g++.old-deja/g++.eh/catch5p.C -std=gnu++98 compilation failed to produce executable
FAIL: g++.old-deja/g++.eh/catch6.C -std=gnu++11 (internal compiler error)
FAIL: g++.old-deja/g++.eh/catch6.C -std=gnu++11 (test for excess errors)
UNRESOLVED: g++.old-deja/g++.eh/catch6.C -std=gnu++11 compilation failed to produce executable
FAIL: g++.old-deja/g++.eh/catch6.C -std=gnu++14 (internal compiler error)
FAIL: g++.old-deja/g++.eh/catch6.C -std=gnu++14 (test for excess errors)
UNRESOLVED: g++.old-deja/g++.eh/catch6.C -std=gnu++14 compilation failed to produce executable
FAIL: g++.old-deja/g++.eh/catch6.C -std=gnu++98 (internal compiler error)
FAIL: g++.old-deja/g++.eh/catch6.C -std=gnu++98 (test for excess errors)
UNRESOLVED: g++.old-deja/g++.eh/catch6.C -std=gnu++98 compilation failed to produce executable
FAIL: g++.old-deja/g++.eh/catch6p.C -std=gnu++11 (internal compiler error)
FAIL: g++.old-deja/g++.eh/catch6p.C -std=gnu++11 (test for excess errors)
UNRESOLVED: g++.old-deja/g++.eh/catch6p.C -std=gnu++11 compilation failed to produce executable
FAIL: g++.old-deja/g++.eh/catch6p.C -std=gnu++14 (internal compiler error)
FAIL: g++.old-deja/g++.eh/catch6p.C -std=gnu++14 (test for excess errors)
UNRESOLVED: g++.old-deja/g++.eh/catch6p.C -std=gnu++14 compilation failed to produce executable
FAIL: g++.old-deja/g++.eh/catch6p.C -std=gnu++98 (internal compiler error)
FAIL: g++.old-deja/g++.eh/catch6p.C -std=gnu++98 (test for excess errors)
UNRESOLVED: g++.old-deja/g++.eh/catch6p.C -std=gnu++98 compilation failed to produce executable
FAIL: g++.old-deja/g++.eh/catchptr1.C -std=c++11 (internal compiler error)
FAIL: g++.old-deja/g++.eh/catchptr1.C -std=c++11 (test for excess errors)
UNRESOLVED: g++.old-deja/g++.eh/catchptr1.C -std=c++11 compilation failed to produce executable
FAIL: g++.old-deja/g++.eh/catchptr1.C -std=c++14 (internal compiler error)
FAIL: g++.old-deja/g++.eh/catchptr1.C -std=c++14 (test for excess errors)
UNRESOLVED: g++.old-deja/g++.eh/catchptr1.C -std=c++14 compilation failed to produce executable
FAIL: g++.old-deja/g++.eh/catchptr1.C -std=c++98 (internal compiler error)
FAIL: g++.old-deja/g++.eh/catchptr1.C -std=c++98 (test for excess errors)
UNRESOLVED: g++.old-deja/g++.eh/catchptr1.C -std=c++98 compilation failed to produce executable
FAIL: g++.old-deja/g++.eh/spec1.C -std=c++11 (internal compiler error)
FAIL: g++.old-deja/g++.eh/spec1.C -std=c++11 (test for excess errors)
UNRESOLVED: g++.old-deja/g++.eh/spec1.C -std=c++11 compilation failed to produce executable
FAIL: g++.old-deja/g++.eh/spec1.C -std=c++14 (internal compiler error)
FAIL: g++.old-deja/g++.eh/spec1.C -std=c++14 (test for excess errors)
UNRESOLVED: g++.old-deja/g++.eh/spec1.C -std=c++14 compilation failed to produce executable
FAIL: g++.old-deja/g++.eh/spec1.C -std=c++98 (internal compiler error)
FAIL: g++.old-deja/g++.eh/spec1.C -std=c++98 (test for excess errors)
UNRESOLVED: g++.old-deja/g++.eh/spec1.C -std=c++98 compilation failed to produce executable
FAIL: g++.old-deja/g++.eh/spec2.C -std=c++11 (internal compiler error)
FAIL: g++.old-deja/g++.eh/spec2.C -std=c++11 (test for excess errors)
UNRESOLVED: g++.old-deja/g++.eh/spec2.C -std=c++11 compilation failed to produce executable
FAIL: g++.old-deja/g++.eh/spec2.C -std=c++14 (internal compiler error)
FAIL: g++.old-deja/g++.eh/spec2.C -std=c++14 (test for excess errors)
UNRESOLVED: g++.old-deja/g++.eh/spec2.C -std=c++14 compilation failed to produce executable
FAIL: g++.old-deja/g++.eh/spec2.C -std=c++98 (internal compiler error)
FAIL: g++.old-deja/g++.eh/spec2.C -std=c++98 (test for excess errors)
UNRESOLVED: g++.old-deja/g++.eh/spec2.C -std=c++98 compilation failed to produce executable
FAIL: g++.old-deja/g++.eh/spec3.C -std=c++11 (internal compiler error)
FAIL: g++.old-deja/g++.eh/spec3.C -std=c++11 (test for excess errors)
UNRESOLVED: g++.old-deja/g++.eh/spec3.C -std=c++11 compilation failed to produce executable
FAIL: g++.old-deja/g++.eh/spec3.C -std=c++14 (internal compiler error)
FAIL: g++.old-deja/g++.eh/spec3.C -std=c++14 (test for excess errors)
UNRESOLVED: g++.old-deja/g++.eh/spec3.C -std=c++14 compilation failed to produce executable
FAIL: g++.old-deja/g++.eh/spec3.C -std=c++98 (internal compiler error)
FAIL: g++.old-deja/g++.eh/spec3.C -std=c++98 (test for excess errors)
UNRESOLVED: g++.old-deja/g++.eh/spec3.C -std=c++98 compilation failed to produce executable
FAIL: g++.old-deja/g++.eh/spec4.C -std=c++11 (internal compiler error)
FAIL: g++.old-deja/g++.eh/spec4.C -std=c++11 (test for excess errors)
UNRESOLVED: g++.old-deja/g++.eh/spec4.C -std=c++11 compilation failed to produce executable
FAIL: g++.old-deja/g++.eh/spec4.C -std=c++14 (internal compiler error)
FAIL: g++.old-deja/g++.eh/spec4.C -std=c++14 (test for excess errors)
UNRESOLVED: g++.old-deja/g++.eh/spec4.C -std=c++14 compilation failed to produce executable
FAIL: g++.old-deja/g++.eh/spec4.C -std=c++98 (internal compiler error)
FAIL: g++.old-deja/g++.eh/spec4.C -std=c++98 (test for excess errors)
UNRESOLVED: g++.old-deja/g++.eh/spec4.C -std=c++98 compilation failed to produce executable
FAIL: g++.old-deja/g++.jason/enum3.C -std=gnu++11 (internal compiler error)
FAIL: g++.old-deja/g++.jason/enum3.C -std=gnu++11 (test for excess errors)
FAIL: g++.old-deja/g++.jason/enum3.C -std=gnu++14 (internal compiler error)
FAIL: g++.old-deja/g++.jason/enum3.C -std=gnu++14 (test for excess errors)
FAIL: g++.old-deja/g++.jason/enum3.C -std=gnu++98 (internal compiler error)
FAIL: g++.old-deja/g++.jason/enum3.C -std=gnu++98 (test for excess errors)
FAIL: g++.old-deja/g++.mike/p3708.C -std=c++11 (internal compiler error)
FAIL: g++.old-deja/g++.mike/p3708.C -std=c++11 (test for excess errors)
UNRESOLVED: g++.old-deja/g++.mike/p3708.C -std=c++11 compilation failed to produce executable
FAIL: g++.old-deja/g++.mike/p3708.C -std=c++14 (internal compiler error)
FAIL: g++.old-deja/g++.mike/p3708.C -std=c++14 (test for excess errors)
UNRESOLVED: g++.old-deja/g++.mike/p3708.C -std=c++14 compilation failed to produce executable
FAIL: g++.old-deja/g++.mike/p3708.C -std=c++98 (internal compiler error)
FAIL: g++.old-deja/g++.mike/p3708.C -std=c++98 (test for excess errors)
UNRESOLVED: g++.old-deja/g++.mike/p3708.C -std=c++98 compilation failed to produce executable
FAIL: g++.old-deja/g++.mike/p3708a.C -std=c++11 (internal compiler error)
FAIL: g++.old-deja/g++.mike/p3708a.C -std=c++11 (test for excess errors)
UNRESOLVED: g++.old-deja/g++.mike/p3708a.C -std=c++11 compilation failed to produce executable
FAIL: g++.old-deja/g++.mike/p3708a.C -std=c++14 (internal compiler error)
FAIL: g++.old-deja/g++.mike/p3708a.C -std=c++14 (test for excess errors)
UNRESOLVED: g++.old-deja/g++.mike/p3708a.C -std=c++14 compilation failed to produce executable
FAIL: g++.old-deja/g++.mike/p3708a.C -std=c++98 (internal compiler error)
FAIL: g++.old-deja/g++.mike/p3708a.C -std=c++98 (test for excess errors)
UNRESOLVED: g++.old-deja/g++.mike/p3708a.C -std=c++98 compilation failed to produce executable
=== g++ Summary ===
# of expected passes 125232
# of unexpected failures 454
# of expected failures 529
# of unresolved testcases 52
# of unsupported tests 5421
/home/gccbuild/build/nightly/build-gcc-trunk/gcc/xg++ version 9.0.0 20180903 (experimental) [trunk revision 264052] (GCC)
=== go tests ===
Running target unix
FAIL: go.go-torture/execute/switch-1.go, -O0 (internal compiler error)
FAIL: ./select5-out.go, -O0 -g -fno-var-tracking-assignments (internal compiler error)
FAIL: go.test/test/ken/cplx2.go execution, -O2 -g
FAIL: go.test/test/peano.go execution, -O2 -g
=== go Summary ===
# of expected passes 7276
# of unexpected failures 4
# of expected failures 1
# of untested testcases 7
# of unsupported tests 3
/home/gccbuild/build/nightly/build-gcc-trunk/gcc/gccgo version 9.0.0 20180903 (experimental) [trunk revision 264052] (GCC)
=== obj-c++ tests ===
Running target unix
FAIL: obj-c++.dg/Wimplicit-fallthrough-1.mm -fgnu-runtime (internal compiler error)
FAIL: obj-c++.dg/Wimplicit-fallthrough-1.mm -fgnu-runtime (test for excess errors)
FAIL: obj-c++.dg/encode-10.mm -fgnu-runtime (internal compiler error)
FAIL: obj-c++.dg/encode-10.mm -fgnu-runtime (test for excess errors)
UNRESOLVED: obj-c++.dg/encode-10.mm -fgnu-runtime compilation failed to produce executable
=== obj-c++ Summary ===
# of expected passes 1453
# of unexpected failures 4
# of expected failures 10
# of unresolved testcases 1
# of unsupported tests 77
/home/gccbuild/build/nightly/build-gcc-trunk/gcc/xg++ version 9.0.0 20180903 (experimental) [trunk revision 264052] (GCC)
=== objc tests ===
Running target unix
FAIL: objc.dg/Wimplicit-fallthrough-1.m -fgnu-runtime (internal compiler error)
FAIL: objc.dg/Wimplicit-fallthrough-1.m -fgnu-runtime (test for excess errors)
=== objc Summary ===
# of expected passes 2802
# of unexpected failures 2
# of unsupported tests 68
/home/gccbuild/build/nightly/build-gcc-trunk/gcc/xgcc version 9.0.0 20180903 (experimental) [trunk revision 264052] (GCC)
=== gotools tests ===
FAIL: go test cmd/go
FAIL: go test misc/cgo/testcarchive
FAIL: TestCompileWithoutShared
FAIL: TestSignalForwarding
FAIL: TestSignalForwardingExternal
=== gotools Summary ===
# of expected passes 324
# of unexpected failures 5
# of untested testcases 146
/home/gccbuild/build/nightly/build-gcc-trunk/./gcc/gccgo version 9.0.0 20180903 (experimental) [trunk revision 264052] (GCC)
=== libatomic tests ===
Running target unix
=== libatomic Summary ===
# of expected passes 54
=== libffi tests ===
Running target unix
=== libffi Summary ===
# of expected passes 1934
# of unsupported tests 28
=== libgo tests ===
Running target unix
FAIL: runtime/pprof
=== libgo Summary ===
# of expected passes 162
# of unexpected failures 1
/home/gccbuild/build/nightly/build-gcc-trunk/./gcc/gccgo version 9.0.0 20180903 (experimental) [trunk revision 264052] (GCC)
=== libgomp tests ===
Running target unix
FAIL: libgomp.c/debug-1.c (internal compiler error)
FAIL: libgomp.c/debug-1.c (test for excess errors)
UNRESOLVED: libgomp.c/debug-1.c compilation failed to produce executable
FAIL: libgomp.fortran/alloc-comp-1.f90 -O0 (internal compiler error)
FAIL: libgomp.fortran/alloc-comp-1.f90 -O0 (test for excess errors)
UNRESOLVED: libgomp.fortran/alloc-comp-1.f90 -O0 compilation failed to produce executable
FAIL: libgomp.fortran/alloc-comp-2.f90 -O0 (internal compiler error)
FAIL: libgomp.fortran/alloc-comp-2.f90 -O0 (test for excess errors)
UNRESOLVED: libgomp.fortran/alloc-comp-2.f90 -O0 compilation failed to produce executable
FAIL: libgomp.fortran/alloc-comp-3.f90 -O0 (internal compiler error)
FAIL: libgomp.fortran/alloc-comp-3.f90 -O0 (test for excess errors)
UNRESOLVED: libgomp.fortran/alloc-comp-3.f90 -O0 compilation failed to produce executable
FAIL: libgomp.fortran/allocatable5.f90 -O0 (internal compiler error)
FAIL: libgomp.fortran/allocatable5.f90 -O0 (test for excess errors)
UNRESOLVED: libgomp.fortran/allocatable5.f90 -O0 compilation failed to produce executable
FAIL: libgomp.fortran/allocatable9.f90 -O0 (internal compiler error)
FAIL: libgomp.fortran/allocatable9.f90 -O0 (test for excess errors)
UNRESOLVED: libgomp.fortran/allocatable9.f90 -O0 compilation failed to produce executable
FAIL: libgomp.fortran/omp_parse1.f90 -O0 (internal compiler error)
FAIL: libgomp.fortran/omp_parse1.f90 -O0 (test for excess errors)
UNRESOLVED: libgomp.fortran/omp_parse1.f90 -O0 compilation failed to produce executable
FAIL: libgomp.fortran/procptr1.f90 -O0 (internal compiler error)
FAIL: libgomp.fortran/procptr1.f90 -O0 (test for excess errors)
UNRESOLVED: libgomp.fortran/procptr1.f90 -O0 compilation failed to produce executable
FAIL: libgomp.fortran/reduction5.f90 -O0 (internal compiler error)
FAIL: libgomp.fortran/reduction5.f90 -O0 (test for excess errors)
UNRESOLVED: libgomp.fortran/reduction5.f90 -O0 compilation failed to produce executable
UNRESOLVED: libgomp.oacc-c++/non-scalar-data.C -DACC_DEVICE_TYPE_host=1 -DACC_MEM_SHARED=1 -O2 compilation failed to produce executable
=== libgomp Summary ===
# of expected passes 5924
# of unexpected failures 18
# of expected failures 2
# of unresolved testcases 10
# of unsupported tests 394
=== libitm tests ===
Running target unix
=== libitm Summary ===
# of expected passes 42
# of expected failures 3
# of unsupported tests 1
=== libstdc++ tests ===
Running target unix
FAIL: libstdc++-prettyprinters/cxx17.cc print ab
FAIL: libstdc++-prettyprinters/cxx17.cc print ab
FAIL: libstdc++-prettyprinters/cxx17.cc print ai
FAIL: libstdc++-prettyprinters/cxx17.cc print ai
FAIL: libstdc++-prettyprinters/cxx17.cc print am
FAIL: libstdc++-prettyprinters/cxx17.cc print am
FAIL: libstdc++-prettyprinters/cxx17.cc print ap
FAIL: libstdc++-prettyprinters/cxx17.cc print ap
FAIL: libstdc++-prettyprinters/cxx17.cc print as
FAIL: libstdc++-prettyprinters/cxx17.cc print as
FAIL: libstdc++-prettyprinters/cxx17.cc print as2
FAIL: libstdc++-prettyprinters/cxx17.cc print as2
UNRESOLVED: libstdc++-prettyprinters/debug.cc compilation failed to produce executable
UNRESOLVED: libstdc++-prettyprinters/debug.cc compilation failed to produce executable
FAIL: libstdc++-prettyprinters/libfundts.cc print ab
FAIL: libstdc++-prettyprinters/libfundts.cc print ab
FAIL: libstdc++-prettyprinters/libfundts.cc print ai
FAIL: libstdc++-prettyprinters/libfundts.cc print ai
FAIL: libstdc++-prettyprinters/libfundts.cc print am
FAIL: libstdc++-prettyprinters/libfundts.cc print am
FAIL: libstdc++-prettyprinters/libfundts.cc print ap
FAIL: libstdc++-prettyprinters/libfundts.cc print ap
FAIL: libstdc++-prettyprinters/libfundts.cc print as
FAIL: libstdc++-prettyprinters/libfundts.cc print as
FAIL: libstdc++-prettyprinters/libfundts.cc print as2
FAIL: libstdc++-prettyprinters/libfundts.cc print as2
=== libstdc++ Summary ===
# of expected passes 13194
# of unexpected failures 24
# of expected failures 77
# of unresolved testcases 2
# of unsupported tests 287
Compiler version: 9.0.0 20180903 (experimental) [trunk revision 264052] (GCC)
Platform: powerpc64-unknown-linux-gnu
configure flags: --prefix=/opt/gcc-nightly/trunk --with-as=/usr/bin/as --with-ld=/usr/bin/ld --enable-languages=c,c++,fortran,objc,obj-c++,go --disable-multilib --disable-multilib --with-cpu=power7
fail WARNING: Could not generate test framework tests
fail WARNING: Could not generate test framework tests
fail WARNING: Could not generate test framework tests
fail WARNING: Could not generate test framework tests
fail WARNING: Could not generate test framework tests
fail WARNING: Could not generate test framework tests
fail WARNING: Could not generate test framework tests
fail WARNING: Could not generate test framework tests
fail WARNING: Could not generate test framework tests
fail WARNING: Could not generate test framework tests
fail XPASS: gcc.test-framework/dg-bogus-exp-XF.c (test for excess errors)
fail FAIL: gcc.test-framework/dg-do-assemble-exp-P.c (test for excess errors) (PRMS 42)
fail FAIL: gcc.test-framework/dg-do-compile-exp-P.c (test for excess errors) (PRMS 42)
fail FAIL: gcc.test-framework/dg-do-link-exp-P.c (test for excess errors) (PRMS 42)
fail FAIL: gcc.test-framework/dg-do-run-exp-P.c (test for excess errors) (PRMS 42)
fail FAIL: gcc.test-framework/dg-dot-run-exp-P.c (test for excess errors) (PRMS 42)
fail FAIL: gcc.test-framework/dg-dox-run-exp-XF.c (test for excess errors) (PRMS 42)
fail FAIL: gcc.test-framework/dg-output-exp-P.c (test for excess errors) (PRMS 42)
fail FAIL: gcc.test-framework/dg-output-exp-XF.c (test for excess errors) (PRMS 42)
fail FAIL: gcc.test-framework/dg-warning-exp-P.c warning test (test for warnings, line 9) (PRMS 42)
=== Test Framework Summary ===
# of expected passes 68
# of unexpected failures 20
More information about the Gcc-testresults
mailing list