Results for 9.0.0 20181031 (experimental) (GCC) testsuite on s390x-ibm-linux-gnu default

Andreas Krebbel krebbel@linux.ibm.com
Wed Oct 31 23:42:00 GMT 2018


LAST_UPDATED: Wed Oct 31 18:03:52 UTC 2018 (revision 265697)

		=== acats tests ===

		=== acats Summary ===
# of expected passes		2320
# of unexpected failures	0
Native configuration is s390x-ibm-linux-gnu default

		=== gcc tests ===


Running target unix/-m31
FAIL: gcc.c-torture/execute/built-in-setjmp.c   -O2  execution test
FAIL: gcc.c-torture/execute/built-in-setjmp.c   -O2 -flto -fno-use-linker-plugin -flto-partition=none  execution test
FAIL: gcc.c-torture/execute/built-in-setjmp.c   -O2 -flto -fuse-linker-plugin -fno-fat-lto-objects  execution test
FAIL: gcc.c-torture/execute/built-in-setjmp.c   -O3 -fomit-frame-pointer -funroll-loops -fpeel-loops -ftracer -finline-functions  execution test
FAIL: gcc.c-torture/execute/built-in-setjmp.c   -O3 -g  execution test
FAIL: gcc.c-torture/execute/pr53465.c   -O1  execution test
FAIL: gcc.c-torture/execute/pr53465.c   -O2  execution test
FAIL: gcc.c-torture/execute/pr53465.c   -O2 -flto -fno-use-linker-plugin -flto-partition=none  execution test
FAIL: gcc.c-torture/execute/pr53465.c   -O3 -fomit-frame-pointer -funroll-loops -fpeel-loops -ftracer -finline-functions  execution test
FAIL: gcc.c-torture/execute/pr53465.c   -O3 -g  execution test
FAIL: c-c++-common/asan/pointer-compare-1.c   -O0  output pattern test
FAIL: c-c++-common/asan/pointer-compare-1.c   -O1  output pattern test
FAIL: c-c++-common/asan/pointer-compare-1.c   -O2  output pattern test
FAIL: c-c++-common/asan/pointer-compare-1.c   -O2 -flto -fno-use-linker-plugin -flto-partition=none  output pattern test
FAIL: c-c++-common/asan/pointer-compare-1.c   -O2 -flto -fuse-linker-plugin -fno-fat-lto-objects  output pattern test
FAIL: c-c++-common/asan/pointer-compare-1.c   -O3 -g  output pattern test
FAIL: c-c++-common/asan/pointer-compare-1.c   -Os  output pattern test
FAIL: c-c++-common/asan/pointer-subtract-3.c   -O0  execution test
FAIL: c-c++-common/asan/pointer-subtract-3.c   -O1  execution test
FAIL: c-c++-common/asan/pointer-subtract-3.c   -O2  execution test
FAIL: c-c++-common/asan/pointer-subtract-3.c   -O2 -flto -fno-use-linker-plugin -flto-partition=none  execution test
FAIL: c-c++-common/asan/pointer-subtract-3.c   -O2 -flto -fuse-linker-plugin -fno-fat-lto-objects  execution test
FAIL: c-c++-common/asan/pointer-subtract-3.c   -O3 -g  execution test
FAIL: c-c++-common/asan/pointer-subtract-3.c   -Os  execution test
FAIL: c-c++-common/asan/pr64820.c   -O0  output pattern test
FAIL: c-c++-common/asan/pr64820.c   -O1  output pattern test
FAIL: c-c++-common/asan/pr64820.c   -O2  output pattern test
FAIL: c-c++-common/asan/pr64820.c   -O2 -flto -fno-use-linker-plugin -flto-partition=none  output pattern test
FAIL: c-c++-common/asan/pr64820.c   -O2 -flto -fuse-linker-plugin -fno-fat-lto-objects  output pattern test
FAIL: c-c++-common/asan/pr64820.c   -O3 -g  output pattern test
FAIL: c-c++-common/asan/pr64820.c   -Os  output pattern test
FAIL: c-c++-common/asan/use-after-return-1.c   -O0  output pattern test
FAIL: c-c++-common/asan/use-after-return-1.c   -O1  output pattern test
FAIL: c-c++-common/asan/use-after-return-1.c   -O2  output pattern test
FAIL: c-c++-common/asan/use-after-return-1.c   -O2 -flto -fno-use-linker-plugin -flto-partition=none  output pattern test
FAIL: c-c++-common/asan/use-after-return-1.c   -O2 -flto -fuse-linker-plugin -fno-fat-lto-objects  output pattern test
FAIL: c-c++-common/asan/use-after-return-1.c   -O3 -g  output pattern test
FAIL: c-c++-common/asan/use-after-return-1.c   -Os  output pattern test
FAIL: gcc.dg/gcc-have-sync-compare-and-swap.c (test for excess errors)
FAIL: gcc.dg/loop-9.c scan-rtl-dump loop2_invariant "Decided"
FAIL: gcc.dg/loop-9.c scan-rtl-dump loop2_invariant "without introducing a new temporary register"
FAIL: gcc.dg/lower-subreg-1.c scan-rtl-dump subreg1 "Splitting reg"
FAIL: gcc.dg/pr21643.c scan-tree-dump-times reassoc1 "Optimizing range tests c_[0-9]*.D. -.0, 31. and -.32, 32.[\\n\\r]* into" 5
FAIL: gcc.dg/graphite/interchange-3.c scan-tree-dump graphite "tiled"
FAIL: gcc.dg/graphite/interchange-7.c scan-tree-dump graphite "tiled"
FAIL: gcc.dg/graphite/interchange-9.c scan-tree-dump graphite "tiled"
FAIL: gcc.dg/graphite/uns-interchange-9.c scan-tree-dump graphite "tiled"
XPASS: gcc.dg/guality/example.c   -O0  execution test
XPASS: gcc.dg/guality/guality.c   -O0  execution test
XPASS: gcc.dg/guality/guality.c   -O1  -DPREVENT_OPTIMIZATION  execution test
XPASS: gcc.dg/guality/guality.c   -O2  -DPREVENT_OPTIMIZATION  execution test
XPASS: gcc.dg/guality/guality.c   -O2 -flto -fno-use-linker-plugin -flto-partition=none  -DPREVENT_OPTIMIZATION execution test
XPASS: gcc.dg/guality/guality.c   -O2 -flto -fuse-linker-plugin -fno-fat-lto-objects  -DPREVENT_OPTIMIZATION execution test
XPASS: gcc.dg/guality/guality.c   -O3 -g  -DPREVENT_OPTIMIZATION  execution test
XPASS: gcc.dg/guality/guality.c   -Os  -DPREVENT_OPTIMIZATION  execution test
XPASS: gcc.dg/guality/guality.c  -Og -DPREVENT_OPTIMIZATION  execution test
XPASS: gcc.dg/guality/inline-params.c   -O2  -DPREVENT_OPTIMIZATION  execution test
XPASS: gcc.dg/guality/inline-params.c   -O2 -flto -fno-use-linker-plugin -flto-partition=none  -DPREVENT_OPTIMIZATION execution test
XPASS: gcc.dg/guality/inline-params.c   -O2 -flto -fuse-linker-plugin -fno-fat-lto-objects  -DPREVENT_OPTIMIZATION execution test
XPASS: gcc.dg/guality/inline-params.c   -O3 -g  -DPREVENT_OPTIMIZATION  execution test
XPASS: gcc.dg/guality/inline-params.c   -Os  -DPREVENT_OPTIMIZATION  execution test
FAIL: gcc.dg/guality/param-2.c   -O1  -DPREVENT_OPTIMIZATION  line 20 str.pa == 31415927
FAIL: gcc.dg/guality/param-2.c   -O1  -DPREVENT_OPTIMIZATION  line 20 str.pb == 27182818
FAIL: gcc.dg/guality/param-3.c   -O1  -DPREVENT_OPTIMIZATION  line 20 str.pa == 31415927
FAIL: gcc.dg/guality/param-3.c   -O1  -DPREVENT_OPTIMIZATION  line 20 str.pb == 27182818
FAIL: gcc.dg/guality/pr36728-1.c   -O2 -flto -fuse-linker-plugin -fno-fat-lto-objects  -DPREVENT_OPTIMIZATION line 16 y == 2
FAIL: gcc.dg/guality/pr36728-1.c   -O2 -flto -fuse-linker-plugin -fno-fat-lto-objects  -DPREVENT_OPTIMIZATION line 18 y == 2
FAIL: gcc.dg/guality/pr36728-2.c   -O2 -flto -fuse-linker-plugin -fno-fat-lto-objects  -DPREVENT_OPTIMIZATION line 16 arg3 == 3
FAIL: gcc.dg/guality/pr36728-2.c   -O2 -flto -fuse-linker-plugin -fno-fat-lto-objects  -DPREVENT_OPTIMIZATION line 16 arg4 == 4
FAIL: gcc.dg/guality/pr36728-2.c   -O2 -flto -fuse-linker-plugin -fno-fat-lto-objects  -DPREVENT_OPTIMIZATION line 16 arg5 == 5
FAIL: gcc.dg/guality/pr36728-2.c   -O2 -flto -fuse-linker-plugin -fno-fat-lto-objects  -DPREVENT_OPTIMIZATION line 16 arg6 == 6
FAIL: gcc.dg/guality/pr36728-2.c   -O2 -flto -fuse-linker-plugin -fno-fat-lto-objects  -DPREVENT_OPTIMIZATION line 16 arg7 == 30
FAIL: gcc.dg/guality/pr36728-2.c   -O2 -flto -fuse-linker-plugin -fno-fat-lto-objects  -DPREVENT_OPTIMIZATION line 16 y == 2
FAIL: gcc.dg/guality/pr36728-2.c   -O2 -flto -fuse-linker-plugin -fno-fat-lto-objects  -DPREVENT_OPTIMIZATION line 18 *x == (char) 25
FAIL: gcc.dg/guality/pr36728-2.c   -O2 -flto -fuse-linker-plugin -fno-fat-lto-objects  -DPREVENT_OPTIMIZATION line 18 arg3 == 3
FAIL: gcc.dg/guality/pr36728-2.c   -O2 -flto -fuse-linker-plugin -fno-fat-lto-objects  -DPREVENT_OPTIMIZATION line 18 arg4 == 4
FAIL: gcc.dg/guality/pr36728-2.c   -O2 -flto -fuse-linker-plugin -fno-fat-lto-objects  -DPREVENT_OPTIMIZATION line 18 arg5 == 5
FAIL: gcc.dg/guality/pr36728-2.c   -O2 -flto -fuse-linker-plugin -fno-fat-lto-objects  -DPREVENT_OPTIMIZATION line 18 arg6 == 6
FAIL: gcc.dg/guality/pr36728-2.c   -O2 -flto -fuse-linker-plugin -fno-fat-lto-objects  -DPREVENT_OPTIMIZATION line 18 arg7 == 30
FAIL: gcc.dg/guality/pr36728-2.c   -O2 -flto -fuse-linker-plugin -fno-fat-lto-objects  -DPREVENT_OPTIMIZATION line 18 y == 2
FAIL: gcc.dg/guality/pr36728-2.c   -O3 -g  -DPREVENT_OPTIMIZATION  line 16 arg3 == 3
FAIL: gcc.dg/guality/pr36728-2.c   -O3 -g  -DPREVENT_OPTIMIZATION  line 16 arg4 == 4
FAIL: gcc.dg/guality/pr36728-2.c   -O3 -g  -DPREVENT_OPTIMIZATION  line 16 arg5 == 5
FAIL: gcc.dg/guality/pr36728-2.c   -O3 -g  -DPREVENT_OPTIMIZATION  line 16 arg6 == 6
FAIL: gcc.dg/guality/pr36728-2.c   -O3 -g  -DPREVENT_OPTIMIZATION  line 16 arg7 == 30
FAIL: gcc.dg/guality/pr36728-2.c   -O3 -g  -DPREVENT_OPTIMIZATION  line 18 arg3 == 3
FAIL: gcc.dg/guality/pr36728-2.c   -O3 -g  -DPREVENT_OPTIMIZATION  line 18 arg4 == 4
FAIL: gcc.dg/guality/pr36728-2.c   -O3 -g  -DPREVENT_OPTIMIZATION  line 18 arg5 == 5
FAIL: gcc.dg/guality/pr36728-2.c   -O3 -g  -DPREVENT_OPTIMIZATION  line 18 arg6 == 6
FAIL: gcc.dg/guality/pr36728-2.c   -O3 -g  -DPREVENT_OPTIMIZATION  line 18 arg7 == 30
XPASS: gcc.dg/guality/pr41353-1.c   -O0  line 28 j == 28 + 37
FAIL: gcc.dg/guality/pr41447-1.c  -Og -DPREVENT_OPTIMIZATION  execution test
FAIL: gcc.dg/guality/pr41616-1.c   -O2 -flto -fuse-linker-plugin -fno-fat-lto-objects  -DPREVENT_OPTIMIZATION execution test
FAIL: gcc.dg/guality/pr54519-1.c   -O2 -flto -fno-use-linker-plugin -flto-partition=none  -DPREVENT_OPTIMIZATION line 20 y == 25
FAIL: gcc.dg/guality/pr54519-1.c   -O2 -flto -fno-use-linker-plugin -flto-partition=none  -DPREVENT_OPTIMIZATION line 20 z == 6
FAIL: gcc.dg/guality/pr54519-1.c   -O2 -flto -fno-use-linker-plugin -flto-partition=none  -DPREVENT_OPTIMIZATION line 23 y == 117
FAIL: gcc.dg/guality/pr54519-1.c   -O2 -flto -fno-use-linker-plugin -flto-partition=none  -DPREVENT_OPTIMIZATION line 23 z == 8
FAIL: gcc.dg/guality/pr54519-2.c   -O2 -flto -fno-use-linker-plugin -flto-partition=none  -DPREVENT_OPTIMIZATION line 17 y == 25
FAIL: gcc.dg/guality/pr54519-2.c   -O2 -flto -fuse-linker-plugin -fno-fat-lto-objects  -DPREVENT_OPTIMIZATION line 17 y == 25
FAIL: gcc.dg/guality/pr54519-3.c   -O2 -flto -fno-use-linker-plugin -flto-partition=none  -DPREVENT_OPTIMIZATION line 23 y == 117
FAIL: gcc.dg/guality/pr54519-3.c   -O2 -flto -fno-use-linker-plugin -flto-partition=none  -DPREVENT_OPTIMIZATION line 23 z == 8
FAIL: gcc.dg/guality/pr54519-3.c   -O2 -flto -fuse-linker-plugin -fno-fat-lto-objects  -DPREVENT_OPTIMIZATION line 23 y == 117
FAIL: gcc.dg/guality/pr54519-3.c   -O2 -flto -fuse-linker-plugin -fno-fat-lto-objects  -DPREVENT_OPTIMIZATION line 23 z == 8
FAIL: gcc.dg/guality/pr54519-4.c   -O2 -flto -fno-use-linker-plugin -flto-partition=none  -DPREVENT_OPTIMIZATION line 17 y == 25
FAIL: gcc.dg/guality/pr54519-4.c   -O2 -flto -fuse-linker-plugin -fno-fat-lto-objects  -DPREVENT_OPTIMIZATION line 17 y == 25
FAIL: gcc.dg/guality/pr54519-5.c   -O2 -flto -fno-use-linker-plugin -flto-partition=none  -DPREVENT_OPTIMIZATION line 17 y == 25
FAIL: gcc.dg/guality/pr54519-5.c   -O2 -flto -fuse-linker-plugin -fno-fat-lto-objects  -DPREVENT_OPTIMIZATION line 17 y == 25
FAIL: gcc.dg/guality/pr54693-2.c   -O2  -DPREVENT_OPTIMIZATION  line 21 y == 20 - 2 * i
FAIL: gcc.dg/guality/pr54693-2.c   -O2 -flto -fno-use-linker-plugin -flto-partition=none  -DPREVENT_OPTIMIZATION line 21 y == 20 - 2 * i
FAIL: gcc.dg/guality/pr54693-2.c   -O2 -flto -fuse-linker-plugin -fno-fat-lto-objects  -DPREVENT_OPTIMIZATION line 21 y == 20 - 2 * i
FAIL: gcc.dg/guality/pr54693-2.c   -O2 -flto -fuse-linker-plugin -fno-fat-lto-objects  -DPREVENT_OPTIMIZATION line 21 z == 30 - 3 * i
FAIL: gcc.dg/guality/pr54693-2.c   -O3 -g  -DPREVENT_OPTIMIZATION  line 21 y == 20 - 2 * i
FAIL: gcc.dg/guality/pr54693-2.c   -Os  -DPREVENT_OPTIMIZATION  line 21 y == 20 - 2 * i
XPASS: gcc.dg/guality/pr54970.c   -O0  line 31 a[0] == 4
XPASS: gcc.dg/guality/pr54970.c   -O0  line 36 a[0] == 4
XPASS: gcc.dg/guality/pr54970.c   -O0  line 45 a[0] == 4
XPASS: gcc.dg/guality/pr54970.c   -O0  line 45 p[-2] == 4
XPASS: gcc.dg/guality/pr54970.c   -O0  line 45 q[-1] == 4
FAIL: gcc.dg/guality/pr54970.c  -Og -DPREVENT_OPTIMIZATION  line 15 *p == 3
FAIL: gcc.dg/guality/pr54970.c  -Og -DPREVENT_OPTIMIZATION  line 15 *q == 2
FAIL: gcc.dg/guality/pr54970.c  -Og -DPREVENT_OPTIMIZATION  line 15 a[0] == 1
FAIL: gcc.dg/guality/pr54970.c  -Og -DPREVENT_OPTIMIZATION  line 15 a[1] == 2
FAIL: gcc.dg/guality/pr54970.c  -Og -DPREVENT_OPTIMIZATION  line 15 a[2] == 3
FAIL: gcc.dg/guality/pr54970.c  -Og -DPREVENT_OPTIMIZATION  line 20 *p == 13
FAIL: gcc.dg/guality/pr54970.c  -Og -DPREVENT_OPTIMIZATION  line 20 *q == 2
FAIL: gcc.dg/guality/pr54970.c  -Og -DPREVENT_OPTIMIZATION  line 20 a[0] == 1
FAIL: gcc.dg/guality/pr54970.c  -Og -DPREVENT_OPTIMIZATION  line 20 a[1] == 2
FAIL: gcc.dg/guality/pr54970.c  -Og -DPREVENT_OPTIMIZATION  line 20 a[2] == 13
FAIL: gcc.dg/guality/pr54970.c  -Og -DPREVENT_OPTIMIZATION  line 25 *p == 13
FAIL: gcc.dg/guality/pr54970.c  -Og -DPREVENT_OPTIMIZATION  line 25 *q == 12
FAIL: gcc.dg/guality/pr54970.c  -Og -DPREVENT_OPTIMIZATION  line 25 a[0] == 1
FAIL: gcc.dg/guality/pr54970.c  -Og -DPREVENT_OPTIMIZATION  line 25 a[1] == 12
FAIL: gcc.dg/guality/pr54970.c  -Og -DPREVENT_OPTIMIZATION  line 25 a[2] == 13
FAIL: gcc.dg/guality/pr54970.c  -Og -DPREVENT_OPTIMIZATION  line 31 *p == 6
FAIL: gcc.dg/guality/pr54970.c  -Og -DPREVENT_OPTIMIZATION  line 31 *q == 5
FAIL: gcc.dg/guality/pr54970.c  -Og -DPREVENT_OPTIMIZATION  line 31 a[1] == 5
FAIL: gcc.dg/guality/pr54970.c  -Og -DPREVENT_OPTIMIZATION  line 31 a[2] == 6
FAIL: gcc.dg/guality/pr54970.c  -Og -DPREVENT_OPTIMIZATION  line 36 *p == 26
FAIL: gcc.dg/guality/pr54970.c  -Og -DPREVENT_OPTIMIZATION  line 36 *q == 5
FAIL: gcc.dg/guality/pr54970.c  -Og -DPREVENT_OPTIMIZATION  line 36 a[1] == 5
FAIL: gcc.dg/guality/pr54970.c  -Og -DPREVENT_OPTIMIZATION  line 36 a[2] == 26
FAIL: gcc.dg/guality/pr54970.c  -Og -DPREVENT_OPTIMIZATION  line 45 *p == 26
FAIL: gcc.dg/guality/pr54970.c  -Og -DPREVENT_OPTIMIZATION  line 45 *q == 25
FAIL: gcc.dg/guality/pr54970.c  -Og -DPREVENT_OPTIMIZATION  line 45 a[1] == 25
FAIL: gcc.dg/guality/pr54970.c  -Og -DPREVENT_OPTIMIZATION  line 45 a[2] == 26
FAIL: gcc.dg/guality/pr54970.c  -Og -DPREVENT_OPTIMIZATION  line 45 p[-1] == 25
FAIL: gcc.dg/guality/pr54970.c  -Og -DPREVENT_OPTIMIZATION  line 45 q[1] == 26
FAIL: gcc.dg/guality/pr56154-1.c  -Og -DPREVENT_OPTIMIZATION  line pr56154-1.c:20 x.a == 6
FAIL: gcc.dg/guality/pr59776.c  -Og -DPREVENT_OPTIMIZATION  line pr59776.c:17 s1.f == 5.0
FAIL: gcc.dg/guality/pr59776.c  -Og -DPREVENT_OPTIMIZATION  line pr59776.c:17 s1.g == 6.0
FAIL: gcc.dg/guality/pr59776.c  -Og -DPREVENT_OPTIMIZATION  line pr59776.c:17 s2.f == 0.0
FAIL: gcc.dg/guality/pr59776.c  -Og -DPREVENT_OPTIMIZATION  line pr59776.c:17 s2.g == 6.0
FAIL: gcc.dg/guality/pr59776.c  -Og -DPREVENT_OPTIMIZATION  line pr59776.c:20 s1.f == 5.0
FAIL: gcc.dg/guality/pr59776.c  -Og -DPREVENT_OPTIMIZATION  line pr59776.c:20 s1.g == 6.0
FAIL: gcc.dg/guality/pr59776.c  -Og -DPREVENT_OPTIMIZATION  line pr59776.c:20 s2.f == 5.0
FAIL: gcc.dg/guality/pr59776.c  -Og -DPREVENT_OPTIMIZATION  line pr59776.c:20 s2.g == 6.0
FAIL: gcc.dg/guality/pr68860-1.c   -O2 -flto -fno-use-linker-plugin -flto-partition=none  -DPREVENT_OPTIMIZATION line 14 arg3 == 3
FAIL: gcc.dg/guality/pr68860-1.c   -O2 -flto -fno-use-linker-plugin -flto-partition=none  -DPREVENT_OPTIMIZATION line 14 arg4 == 4
FAIL: gcc.dg/guality/pr68860-1.c   -O2 -flto -fno-use-linker-plugin -flto-partition=none  -DPREVENT_OPTIMIZATION line 14 arg5 == 5
FAIL: gcc.dg/guality/pr68860-1.c   -O2 -flto -fno-use-linker-plugin -flto-partition=none  -DPREVENT_OPTIMIZATION line 14 arg6 == 6
FAIL: gcc.dg/guality/pr68860-1.c   -O2 -flto -fno-use-linker-plugin -flto-partition=none  -DPREVENT_OPTIMIZATION line 16 arg3 == 3
FAIL: gcc.dg/guality/pr68860-1.c   -O2 -flto -fno-use-linker-plugin -flto-partition=none  -DPREVENT_OPTIMIZATION line 16 arg4 == 4
FAIL: gcc.dg/guality/pr68860-1.c   -O2 -flto -fno-use-linker-plugin -flto-partition=none  -DPREVENT_OPTIMIZATION line 16 arg5 == 5
FAIL: gcc.dg/guality/pr68860-1.c   -O2 -flto -fno-use-linker-plugin -flto-partition=none  -DPREVENT_OPTIMIZATION line 16 arg6 == 6
FAIL: gcc.dg/guality/pr68860-1.c   -O2 -flto -fuse-linker-plugin -fno-fat-lto-objects  -DPREVENT_OPTIMIZATION line 14 arg3 == 3
FAIL: gcc.dg/guality/pr68860-1.c   -O2 -flto -fuse-linker-plugin -fno-fat-lto-objects  -DPREVENT_OPTIMIZATION line 14 arg4 == 4
FAIL: gcc.dg/guality/pr68860-1.c   -O2 -flto -fuse-linker-plugin -fno-fat-lto-objects  -DPREVENT_OPTIMIZATION line 14 arg5 == 5
FAIL: gcc.dg/guality/pr68860-1.c   -O2 -flto -fuse-linker-plugin -fno-fat-lto-objects  -DPREVENT_OPTIMIZATION line 14 arg6 == 6
FAIL: gcc.dg/guality/pr68860-1.c   -O2 -flto -fuse-linker-plugin -fno-fat-lto-objects  -DPREVENT_OPTIMIZATION line 16 arg3 == 3
FAIL: gcc.dg/guality/pr68860-1.c   -O2 -flto -fuse-linker-plugin -fno-fat-lto-objects  -DPREVENT_OPTIMIZATION line 16 arg4 == 4
FAIL: gcc.dg/guality/pr68860-1.c   -O2 -flto -fuse-linker-plugin -fno-fat-lto-objects  -DPREVENT_OPTIMIZATION line 16 arg5 == 5
FAIL: gcc.dg/guality/pr68860-1.c   -O2 -flto -fuse-linker-plugin -fno-fat-lto-objects  -DPREVENT_OPTIMIZATION line 16 arg6 == 6
FAIL: gcc.dg/guality/sra-1.c   -O1  -DPREVENT_OPTIMIZATION  line 43 a.i == 4
FAIL: gcc.dg/guality/sra-1.c   -O2  -DPREVENT_OPTIMIZATION  line 43 a.i == 4
FAIL: gcc.dg/guality/sra-1.c   -O2 -flto -fno-use-linker-plugin -flto-partition=none  -DPREVENT_OPTIMIZATION line 43 a.i == 4
FAIL: gcc.dg/guality/sra-1.c   -O2 -flto -fuse-linker-plugin -fno-fat-lto-objects  -DPREVENT_OPTIMIZATION line 43 a.i == 4
FAIL: gcc.dg/guality/sra-1.c   -O3 -g  -DPREVENT_OPTIMIZATION  line 43 a.i == 4
FAIL: gcc.dg/guality/sra-1.c   -Os  -DPREVENT_OPTIMIZATION  line 43 a.i == 4
FAIL: gcc.dg/guality/sra-1.c  -Og -DPREVENT_OPTIMIZATION  line 21 a.i == 4
FAIL: gcc.dg/guality/sra-1.c  -Og -DPREVENT_OPTIMIZATION  line 21 a.j == 14
FAIL: gcc.dg/guality/sra-1.c  -Og -DPREVENT_OPTIMIZATION  line 32 a[0] == 4
FAIL: gcc.dg/guality/sra-1.c  -Og -DPREVENT_OPTIMIZATION  line 32 a[1] == 14
FAIL: gcc.dg/guality/sra-1.c  -Og -DPREVENT_OPTIMIZATION  line 43 a.i == 4
FAIL: gcc.dg/guality/sra-1.c  -Og -DPREVENT_OPTIMIZATION  line 43 a.j == 14
FAIL: gcc.dg/guality/vla-1.c   -O1  -DPREVENT_OPTIMIZATION  line 17 sizeof (a) == 6
FAIL: gcc.dg/guality/vla-1.c   -O2  -DPREVENT_OPTIMIZATION  line 17 sizeof (a) == 6
FAIL: gcc.dg/guality/vla-1.c   -O2 -flto -fno-use-linker-plugin -flto-partition=none  -DPREVENT_OPTIMIZATION line 17 sizeof (a) == 6
FAIL: gcc.dg/guality/vla-1.c   -O2 -flto -fuse-linker-plugin -fno-fat-lto-objects  -DPREVENT_OPTIMIZATION line 17 sizeof (a) == 6
FAIL: gcc.dg/guality/vla-1.c   -O3 -g  -DPREVENT_OPTIMIZATION  line 17 sizeof (a) == 6
FAIL: gcc.dg/guality/vla-1.c   -Os  -DPREVENT_OPTIMIZATION  line 17 sizeof (a) == 6
FAIL: gcc.dg/torture/inf-compare-1.c   -O0  execution test
FAIL: gcc.dg/torture/inf-compare-1.c   -O1  execution test
FAIL: gcc.dg/torture/inf-compare-1.c   -O2  execution test
FAIL: gcc.dg/torture/inf-compare-1.c   -O2 -flto -fno-use-linker-plugin -flto-partition=none  execution test
FAIL: gcc.dg/torture/inf-compare-1.c   -O2 -flto -fuse-linker-plugin -fno-fat-lto-objects  execution test
FAIL: gcc.dg/torture/inf-compare-1.c   -O3 -g  execution test
FAIL: gcc.dg/torture/inf-compare-1.c   -Os  execution test
FAIL: gcc.dg/torture/inf-compare-2.c   -O0  execution test
FAIL: gcc.dg/torture/inf-compare-2.c   -O1  execution test
FAIL: gcc.dg/torture/inf-compare-2.c   -O2  execution test
FAIL: gcc.dg/torture/inf-compare-2.c   -O2 -flto -fno-use-linker-plugin -flto-partition=none  execution test
FAIL: gcc.dg/torture/inf-compare-2.c   -O2 -flto -fuse-linker-plugin -fno-fat-lto-objects  execution test
FAIL: gcc.dg/torture/inf-compare-2.c   -O3 -g  execution test
FAIL: gcc.dg/torture/inf-compare-2.c   -Os  execution test
FAIL: gcc.dg/torture/inf-compare-3.c   -O0  execution test
FAIL: gcc.dg/torture/inf-compare-3.c   -O1  execution test
FAIL: gcc.dg/torture/inf-compare-3.c   -O2  execution test
FAIL: gcc.dg/torture/inf-compare-3.c   -O2 -flto -fno-use-linker-plugin -flto-partition=none  execution test
FAIL: gcc.dg/torture/inf-compare-3.c   -O2 -flto -fuse-linker-plugin -fno-fat-lto-objects  execution test
FAIL: gcc.dg/torture/inf-compare-3.c   -O3 -g  execution test
FAIL: gcc.dg/torture/inf-compare-3.c   -Os  execution test
FAIL: gcc.dg/torture/inf-compare-4.c   -O0  execution test
FAIL: gcc.dg/torture/inf-compare-4.c   -O1  execution test
FAIL: gcc.dg/torture/inf-compare-4.c   -O2  execution test
FAIL: gcc.dg/torture/inf-compare-4.c   -O2 -flto -fno-use-linker-plugin -flto-partition=none  execution test
FAIL: gcc.dg/torture/inf-compare-4.c   -O2 -flto -fuse-linker-plugin -fno-fat-lto-objects  execution test
FAIL: gcc.dg/torture/inf-compare-4.c   -O3 -g  execution test
FAIL: gcc.dg/torture/inf-compare-4.c   -Os  execution test
FAIL: gcc.dg/torture/pr52451.c   -O0  execution test
FAIL: gcc.dg/torture/pr52451.c   -O1  execution test
FAIL: gcc.dg/torture/pr52451.c   -O2  execution test
FAIL: gcc.dg/torture/pr52451.c   -O2 -flto -fno-use-linker-plugin -flto-partition=none  execution test
FAIL: gcc.dg/torture/pr52451.c   -O2 -flto -fuse-linker-plugin -fno-fat-lto-objects  execution test
FAIL: gcc.dg/torture/pr52451.c   -O3 -g  execution test
FAIL: gcc.dg/torture/pr52451.c   -Os  execution test
FAIL: gcc.dg/torture/stackalign/setjmp-1.c   -O2  execution test
FAIL: gcc.dg/torture/stackalign/setjmp-1.c   -O2 -flto -fno-use-linker-plugin -flto-partition=none  execution test
FAIL: gcc.dg/torture/stackalign/setjmp-1.c   -O2 -flto -fno-use-linker-plugin -flto-partition=none -fpic execution test
FAIL: gcc.dg/torture/stackalign/setjmp-1.c   -O2 -flto -fuse-linker-plugin -fno-fat-lto-objects  execution test
FAIL: gcc.dg/torture/stackalign/setjmp-1.c   -O2 -flto -fuse-linker-plugin -fno-fat-lto-objects -fpic execution test
FAIL: gcc.dg/torture/stackalign/setjmp-1.c   -O2 -fpic execution test
FAIL: gcc.dg/torture/stackalign/setjmp-1.c   -O3 -fomit-frame-pointer -funroll-loops -fpeel-loops -ftracer -finline-functions  execution test
FAIL: gcc.dg/torture/stackalign/setjmp-1.c   -O3 -fomit-frame-pointer -funroll-loops -fpeel-loops -ftracer -finline-functions -fpic execution test
FAIL: gcc.dg/torture/stackalign/setjmp-1.c   -O3 -g  execution test
FAIL: gcc.dg/torture/stackalign/setjmp-1.c   -O3 -g -fpic execution test
FAIL: gcc.dg/tree-ssa/phi-opt-11.c scan-tree-dump-times optimized "if" 2
FAIL: gcc.dg/tree-ssa/pr84512.c scan-tree-dump optimized "return 285;"
XPASS: gcc.dg/vect/vect-24.c -flto -ffat-lto-objects  scan-tree-dump-times vect "vectorized 3 loops" 1
XPASS: gcc.dg/vect/vect-24.c scan-tree-dump-times vect "vectorized 3 loops" 1
FAIL: gcc.target/s390/global-array-almost-huge-element.c scan-assembler (?n)\\\\n\\\\tlarl\\\\t%r\\\\d+,a\\\\+2147483646\\\\n
FAIL: gcc.target/s390/global-array-almost-negative-huge-element.c scan-assembler (?n)\\\\n\\\\tlarl\\\\t%r\\\\d+,a-2147483648\\\\n
FAIL: gcc.target/s390/global-array-even-element.c scan-assembler (?n)\\\\n\\\\tlarl\\\\t%r\\\\d+,a\\\\+4\\\\n
FAIL: gcc.target/s390/load-and-test-fp-1.c scan-assembler cdbr\\t
FAIL: gcc.target/s390/md/andc-splitter-2.c  -O1   scan-assembler :16 .* {\\\\*andsi3_(esa|zarch)}
FAIL: gcc.target/s390/md/andc-splitter-2.c  -O1   scan-assembler :16 .* {\\\\*xorsi3}
FAIL: gcc.target/s390/md/andc-splitter-2.c  -O1   scan-assembler :22 .* {\\\\*andsi3_(esa|zarch)}
FAIL: gcc.target/s390/md/andc-splitter-2.c  -O1   scan-assembler :22 .* {\\\\*xorsi3}
FAIL: gcc.target/s390/md/andc-splitter-2.c  -O1   scan-assembler :28 .* {\\\\*andsi3_(esa|zarch)}
FAIL: gcc.target/s390/md/andc-splitter-2.c  -O1   scan-assembler :28 .* {\\\\*xorsi3}
FAIL: gcc.target/s390/md/andc-splitter-2.c  -O1   scan-assembler :34 .* {\\\\*andsi3_(esa|zarch)}
FAIL: gcc.target/s390/md/andc-splitter-2.c  -O1   scan-assembler :34 .* {\\\\*xorsi3}
FAIL: gcc.target/s390/md/andc-splitter-2.c  -O1 -march=z13   scan-assembler :16 .* {\\\\*andsi3_(esa|zarch)}
FAIL: gcc.target/s390/md/andc-splitter-2.c  -O1 -march=z13   scan-assembler :16 .* {\\\\*xorsi3}
FAIL: gcc.target/s390/md/andc-splitter-2.c  -O1 -march=z13   scan-assembler :22 .* {\\\\*andsi3_(esa|zarch)}
FAIL: gcc.target/s390/md/andc-splitter-2.c  -O1 -march=z13   scan-assembler :22 .* {\\\\*xorsi3}
FAIL: gcc.target/s390/md/andc-splitter-2.c  -O1 -march=z13   scan-assembler :28 .* {\\\\*andsi3_(esa|zarch)}
FAIL: gcc.target/s390/md/andc-splitter-2.c  -O1 -march=z13   scan-assembler :28 .* {\\\\*xorsi3}
FAIL: gcc.target/s390/md/andc-splitter-2.c  -O1 -march=z13   scan-assembler :34 .* {\\\\*andsi3_(esa|zarch)}
FAIL: gcc.target/s390/md/andc-splitter-2.c  -O1 -march=z13   scan-assembler :34 .* {\\\\*xorsi3}
FAIL: gcc.target/s390/md/andc-splitter-2.c  -O1 -march=z900   scan-assembler :16 .* {\\\\*andsi3_(esa|zarch)}
FAIL: gcc.target/s390/md/andc-splitter-2.c  -O1 -march=z900   scan-assembler :16 .* {\\\\*xorsi3}
FAIL: gcc.target/s390/md/andc-splitter-2.c  -O1 -march=z900   scan-assembler :22 .* {\\\\*andsi3_(esa|zarch)}
FAIL: gcc.target/s390/md/andc-splitter-2.c  -O1 -march=z900   scan-assembler :22 .* {\\\\*xorsi3}
FAIL: gcc.target/s390/md/andc-splitter-2.c  -O1 -march=z900   scan-assembler :28 .* {\\\\*andsi3_(esa|zarch)}
FAIL: gcc.target/s390/md/andc-splitter-2.c  -O1 -march=z900   scan-assembler :28 .* {\\\\*xorsi3}
FAIL: gcc.target/s390/md/andc-splitter-2.c  -O1 -march=z900   scan-assembler :34 .* {\\\\*andsi3_(esa|zarch)}
FAIL: gcc.target/s390/md/andc-splitter-2.c  -O1 -march=z900   scan-assembler :34 .* {\\\\*xorsi3}
FAIL: gcc.target/s390/md/andc-splitter-2.c  -O2   scan-assembler :16 .* {\\\\*andsi3_(esa|zarch)}
FAIL: gcc.target/s390/md/andc-splitter-2.c  -O2   scan-assembler :16 .* {\\\\*xorsi3}
FAIL: gcc.target/s390/md/andc-splitter-2.c  -O2   scan-assembler :22 .* {\\\\*andsi3_(esa|zarch)}
FAIL: gcc.target/s390/md/andc-splitter-2.c  -O2   scan-assembler :22 .* {\\\\*xorsi3}
FAIL: gcc.target/s390/md/andc-splitter-2.c  -O2   scan-assembler :28 .* {\\\\*andsi3_(esa|zarch)}
FAIL: gcc.target/s390/md/andc-splitter-2.c  -O2   scan-assembler :28 .* {\\\\*xorsi3}
FAIL: gcc.target/s390/md/andc-splitter-2.c  -O2   scan-assembler :34 .* {\\\\*andsi3_(esa|zarch)}
FAIL: gcc.target/s390/md/andc-splitter-2.c  -O2   scan-assembler :34 .* {\\\\*xorsi3}
FAIL: gcc.target/s390/md/andc-splitter-2.c  -O2 -march=z13   scan-assembler :16 .* {\\\\*andsi3_(esa|zarch)}
FAIL: gcc.target/s390/md/andc-splitter-2.c  -O2 -march=z13   scan-assembler :16 .* {\\\\*xorsi3}
FAIL: gcc.target/s390/md/andc-splitter-2.c  -O2 -march=z13   scan-assembler :22 .* {\\\\*andsi3_(esa|zarch)}
FAIL: gcc.target/s390/md/andc-splitter-2.c  -O2 -march=z13   scan-assembler :22 .* {\\\\*xorsi3}
FAIL: gcc.target/s390/md/andc-splitter-2.c  -O2 -march=z13   scan-assembler :28 .* {\\\\*andsi3_(esa|zarch)}
FAIL: gcc.target/s390/md/andc-splitter-2.c  -O2 -march=z13   scan-assembler :28 .* {\\\\*xorsi3}
FAIL: gcc.target/s390/md/andc-splitter-2.c  -O2 -march=z13   scan-assembler :34 .* {\\\\*andsi3_(esa|zarch)}
FAIL: gcc.target/s390/md/andc-splitter-2.c  -O2 -march=z13   scan-assembler :34 .* {\\\\*xorsi3}
FAIL: gcc.target/s390/md/andc-splitter-2.c  -O2 -march=z900   scan-assembler :16 .* {\\\\*andsi3_(esa|zarch)}
FAIL: gcc.target/s390/md/andc-splitter-2.c  -O2 -march=z900   scan-assembler :16 .* {\\\\*xorsi3}
FAIL: gcc.target/s390/md/andc-splitter-2.c  -O2 -march=z900   scan-assembler :22 .* {\\\\*andsi3_(esa|zarch)}
FAIL: gcc.target/s390/md/andc-splitter-2.c  -O2 -march=z900   scan-assembler :22 .* {\\\\*xorsi3}
FAIL: gcc.target/s390/md/andc-splitter-2.c  -O2 -march=z900   scan-assembler :28 .* {\\\\*andsi3_(esa|zarch)}
FAIL: gcc.target/s390/md/andc-splitter-2.c  -O2 -march=z900   scan-assembler :28 .* {\\\\*xorsi3}
FAIL: gcc.target/s390/md/andc-splitter-2.c  -O2 -march=z900   scan-assembler :34 .* {\\\\*andsi3_(esa|zarch)}
FAIL: gcc.target/s390/md/andc-splitter-2.c  -O2 -march=z900   scan-assembler :34 .* {\\\\*xorsi3}
FAIL: gcc.target/s390/md/andc-splitter-2.c  -O3   scan-assembler :16 .* {\\\\*andsi3_(esa|zarch)}
FAIL: gcc.target/s390/md/andc-splitter-2.c  -O3   scan-assembler :16 .* {\\\\*xorsi3}
FAIL: gcc.target/s390/md/andc-splitter-2.c  -O3   scan-assembler :22 .* {\\\\*andsi3_(esa|zarch)}
FAIL: gcc.target/s390/md/andc-splitter-2.c  -O3   scan-assembler :22 .* {\\\\*xorsi3}
FAIL: gcc.target/s390/md/andc-splitter-2.c  -O3   scan-assembler :28 .* {\\\\*andsi3_(esa|zarch)}
FAIL: gcc.target/s390/md/andc-splitter-2.c  -O3   scan-assembler :28 .* {\\\\*xorsi3}
FAIL: gcc.target/s390/md/andc-splitter-2.c  -O3   scan-assembler :34 .* {\\\\*andsi3_(esa|zarch)}
FAIL: gcc.target/s390/md/andc-splitter-2.c  -O3   scan-assembler :34 .* {\\\\*xorsi3}
FAIL: gcc.target/s390/md/andc-splitter-2.c  -O3 -march=z13   scan-assembler :16 .* {\\\\*andsi3_(esa|zarch)}
FAIL: gcc.target/s390/md/andc-splitter-2.c  -O3 -march=z13   scan-assembler :16 .* {\\\\*xorsi3}
FAIL: gcc.target/s390/md/andc-splitter-2.c  -O3 -march=z13   scan-assembler :22 .* {\\\\*andsi3_(esa|zarch)}
FAIL: gcc.target/s390/md/andc-splitter-2.c  -O3 -march=z13   scan-assembler :22 .* {\\\\*xorsi3}
FAIL: gcc.target/s390/md/andc-splitter-2.c  -O3 -march=z13   scan-assembler :28 .* {\\\\*andsi3_(esa|zarch)}
FAIL: gcc.target/s390/md/andc-splitter-2.c  -O3 -march=z13   scan-assembler :28 .* {\\\\*xorsi3}
FAIL: gcc.target/s390/md/andc-splitter-2.c  -O3 -march=z13   scan-assembler :34 .* {\\\\*andsi3_(esa|zarch)}
FAIL: gcc.target/s390/md/andc-splitter-2.c  -O3 -march=z13   scan-assembler :34 .* {\\\\*xorsi3}
FAIL: gcc.target/s390/md/andc-splitter-2.c  -O3 -march=z900   scan-assembler :16 .* {\\\\*andsi3_(esa|zarch)}
FAIL: gcc.target/s390/md/andc-splitter-2.c  -O3 -march=z900   scan-assembler :16 .* {\\\\*xorsi3}
FAIL: gcc.target/s390/md/andc-splitter-2.c  -O3 -march=z900   scan-assembler :22 .* {\\\\*andsi3_(esa|zarch)}
FAIL: gcc.target/s390/md/andc-splitter-2.c  -O3 -march=z900   scan-assembler :22 .* {\\\\*xorsi3}
FAIL: gcc.target/s390/md/andc-splitter-2.c  -O3 -march=z900   scan-assembler :28 .* {\\\\*andsi3_(esa|zarch)}
FAIL: gcc.target/s390/md/andc-splitter-2.c  -O3 -march=z900   scan-assembler :28 .* {\\\\*xorsi3}
FAIL: gcc.target/s390/md/andc-splitter-2.c  -O3 -march=z900   scan-assembler :34 .* {\\\\*andsi3_(esa|zarch)}
FAIL: gcc.target/s390/md/andc-splitter-2.c  -O3 -march=z900   scan-assembler :34 .* {\\\\*xorsi3}
FAIL: gcc.target/s390/md/andc-splitter-2.c  -Os   scan-assembler :16 .* {\\\\*andsi3_(esa|zarch)}
FAIL: gcc.target/s390/md/andc-splitter-2.c  -Os   scan-assembler :16 .* {\\\\*xorsi3}
FAIL: gcc.target/s390/md/andc-splitter-2.c  -Os   scan-assembler :22 .* {\\\\*andsi3_(esa|zarch)}
FAIL: gcc.target/s390/md/andc-splitter-2.c  -Os   scan-assembler :22 .* {\\\\*xorsi3}
FAIL: gcc.target/s390/md/andc-splitter-2.c  -Os   scan-assembler :28 .* {\\\\*andsi3_(esa|zarch)}
FAIL: gcc.target/s390/md/andc-splitter-2.c  -Os   scan-assembler :28 .* {\\\\*xorsi3}
FAIL: gcc.target/s390/md/andc-splitter-2.c  -Os   scan-assembler :34 .* {\\\\*andsi3_(esa|zarch)}
FAIL: gcc.target/s390/md/andc-splitter-2.c  -Os   scan-assembler :34 .* {\\\\*xorsi3}
FAIL: gcc.target/s390/md/andc-splitter-2.c  -Os -march=z13   scan-assembler :16 .* {\\\\*andsi3_(esa|zarch)}
FAIL: gcc.target/s390/md/andc-splitter-2.c  -Os -march=z13   scan-assembler :16 .* {\\\\*xorsi3}
FAIL: gcc.target/s390/md/andc-splitter-2.c  -Os -march=z13   scan-assembler :22 .* {\\\\*andsi3_(esa|zarch)}
FAIL: gcc.target/s390/md/andc-splitter-2.c  -Os -march=z13   scan-assembler :22 .* {\\\\*xorsi3}
FAIL: gcc.target/s390/md/andc-splitter-2.c  -Os -march=z13   scan-assembler :28 .* {\\\\*andsi3_(esa|zarch)}
FAIL: gcc.target/s390/md/andc-splitter-2.c  -Os -march=z13   scan-assembler :28 .* {\\\\*xorsi3}
FAIL: gcc.target/s390/md/andc-splitter-2.c  -Os -march=z13   scan-assembler :34 .* {\\\\*andsi3_(esa|zarch)}
FAIL: gcc.target/s390/md/andc-splitter-2.c  -Os -march=z13   scan-assembler :34 .* {\\\\*xorsi3}
FAIL: gcc.target/s390/md/andc-splitter-2.c  -Os -march=z900   scan-assembler :16 .* {\\\\*andsi3_(esa|zarch)}
FAIL: gcc.target/s390/md/andc-splitter-2.c  -Os -march=z900   scan-assembler :16 .* {\\\\*xorsi3}
FAIL: gcc.target/s390/md/andc-splitter-2.c  -Os -march=z900   scan-assembler :22 .* {\\\\*andsi3_(esa|zarch)}
FAIL: gcc.target/s390/md/andc-splitter-2.c  -Os -march=z900   scan-assembler :22 .* {\\\\*xorsi3}
FAIL: gcc.target/s390/md/andc-splitter-2.c  -Os -march=z900   scan-assembler :28 .* {\\\\*andsi3_(esa|zarch)}
FAIL: gcc.target/s390/md/andc-splitter-2.c  -Os -march=z900   scan-assembler :28 .* {\\\\*xorsi3}
FAIL: gcc.target/s390/md/andc-splitter-2.c  -Os -march=z900   scan-assembler :34 .* {\\\\*andsi3_(esa|zarch)}
FAIL: gcc.target/s390/md/andc-splitter-2.c  -Os -march=z900   scan-assembler :34 .* {\\\\*xorsi3}
FAIL: gcc.target/s390/md/setmem_long-1.c  -O1   scan-assembler-times c"?:16 .*{[*]setmem_long_?3?1?z?} 1
FAIL: gcc.target/s390/md/setmem_long-1.c  -O1   scan-assembler-times c"?:22 .*{[*]setmem_long_and_?3?1?z?} 1
FAIL: gcc.target/s390/md/setmem_long-1.c  -O1 -march=z13   scan-assembler-times c"?:16 .*{[*]setmem_long_?3?1?z?} 1
FAIL: gcc.target/s390/md/setmem_long-1.c  -O1 -march=z13   scan-assembler-times c"?:22 .*{[*]setmem_long_and_?3?1?z?} 1
FAIL: gcc.target/s390/md/setmem_long-1.c  -O2   scan-assembler-times c"?:16 .*{[*]setmem_long_?3?1?z?} 1
FAIL: gcc.target/s390/md/setmem_long-1.c  -O2   scan-assembler-times c"?:22 .*{[*]setmem_long_and_?3?1?z?} 1
FAIL: gcc.target/s390/md/setmem_long-1.c  -O2 -march=z13   scan-assembler-times c"?:16 .*{[*]setmem_long_?3?1?z?} 1
FAIL: gcc.target/s390/md/setmem_long-1.c  -O2 -march=z13   scan-assembler-times c"?:22 .*{[*]setmem_long_and_?3?1?z?} 1
FAIL: gcc.target/s390/md/setmem_long-1.c  -O3   scan-assembler-times c"?:16 .*{[*]setmem_long_?3?1?z?} 1
FAIL: gcc.target/s390/md/setmem_long-1.c  -O3   scan-assembler-times c"?:22 .*{[*]setmem_long_and_?3?1?z?} 1
FAIL: gcc.target/s390/md/setmem_long-1.c  -O3 -march=z13   scan-assembler-times c"?:16 .*{[*]setmem_long_?3?1?z?} 1
FAIL: gcc.target/s390/md/setmem_long-1.c  -O3 -march=z13   scan-assembler-times c"?:22 .*{[*]setmem_long_and_?3?1?z?} 1
FAIL: gcc.target/s390/md/setmem_long-1.c  -Os   scan-assembler-times c"?:16 .*{[*]setmem_long_?3?1?z?} 1
FAIL: gcc.target/s390/md/setmem_long-1.c  -Os   scan-assembler-times c"?:22 .*{[*]setmem_long_and_?3?1?z?} 1
FAIL: gcc.target/s390/md/setmem_long-1.c  -Os -march=z13   scan-assembler-times c"?:16 .*{[*]setmem_long_?3?1?z?} 1
FAIL: gcc.target/s390/md/setmem_long-1.c  -Os -march=z13   scan-assembler-times c"?:22 .*{[*]setmem_long_and_?3?1?z?} 1
FAIL: gcc.target/s390/mrecord-mcount.c scan-assembler .quad 1b
FAIL: gcc.target/s390/nobp-return-mem-z900.c scan-assembler jgle\\t__s390_indirect_jump
FAIL: gcc.target/s390/risbg-ll-1.c scan-assembler f12:\\n\\trisbg\\t%r3,%r2,0,0\\\\+32-1,64-0-32\\n\\tsllg\\t%r2,%r3,2\\n\\tnill\\t%r2,65295
FAIL: gcc.target/s390/risbg-ll-1.c scan-assembler f14:\\n\\trisbg\\t%r3,%r2,56,128\\\\+60,46\\n\\tlhi\\t%r2,0
FAIL: gcc.target/s390/risbg-ll-1.c scan-assembler f18:\\n\\trisbg\\t%r3,%r2,0,0\\\\+32-1,64-0-32\\n\\tlhi\\t%r2,0\\n\\trisbg\\t%r3,%r3,57,128\\\\+62,4
FAIL: gcc.target/s390/risbg-ll-1.c scan-assembler f20:\\n\\trisbg\\t%r3,%r2,0,0\\\\+32-1,64-0-32\\n\\tlhi\\t%r2,0\\n\\tsrag\\t%r3,%r3,60\\n\\tnilf\\t%r3,30
FAIL: gcc.target/s390/risbg-ll-1.c scan-assembler f22:\\n\\trisbg\\t%r3,%r2,60,128\\\\+62,64-28\\n\\tlhi\\t%r2,0
FAIL: gcc.target/s390/risbg-ll-1.c scan-assembler f24:\\n\\tnilf\\t%r2,254\\n\\trll\\t%r2,%r2,29
FAIL: gcc.target/s390/risbg-ll-1.c scan-assembler f26:\\n\\tnill\\t%r2,65487\\n\\trll\\t%r2,%r2,5
FAIL: gcc.target/s390/risbg-ll-1.c scan-assembler f27:\\n\\trisbg\\t%r3,%r2,0,0\\\\+32-1,64-0-32\\n\\trisbg\\t%r2,%r3,55,128\\\\+52,5
FAIL: gcc.target/s390/risbg-ll-1.c scan-assembler f29:\\n\\trisbg\\t%r[23],%r3,0,128\\\\+13,49\\n\\tlr\\t%r[23],%r[32]\\n\\tsrlg\\t%r2,%r2
FAIL: gcc.target/s390/risbg-ll-1.c scan-assembler f31:\\n\\trisbg\\t%r[23],%r3,0,128\\\\+12,50\\n\\tlr\\t%r[23],%r[32]\\n\\tsrlg\\t%r2,%r2
FAIL: gcc.target/s390/risbg-ll-1.c scan-assembler f33:\\n\\trisbg\\t%r3,%r2,0,0\\\\+32-1,64-0-32\\n\\tsllg\\t%r2,%r3,10\\n\\tnill\\t%r2,58368
FAIL: gcc.target/s390/risbg-ll-1.c scan-assembler f37:\\n(\\t.*\\n)*\\trisbg\\t%r3,%r2,0,0\\\\+32-1,64-0-32\\n\\tsrlg\\t%r2,%r3,1\\n\\tng\\t%r2,
FAIL: gcc.target/s390/risbg-ll-1.c scan-assembler f38:\\n\\trisbg\\t%r3,%r2,0,0\\\\+32-1,64-0-32\\n\\tsrag\\t%r2,%r3,32\\n\\tsllg\\t%r2,%r2,5
FAIL: gcc.target/s390/risbg-ll-1.c scan-assembler f39:\\n\\trisbg\\t%r3,%r2,0,0\\\\+32-1,64-0-32\\n\\tlhi\\t%r2,0\\n\\tsrag\\t%r3,%r3,35\\n(\\t.*\\n)*\\trisbg\\t%r3,%r3,33,128\\\\+61,2
FAIL: gcc.target/s390/risbg-ll-1.c scan-assembler f40:\\n\\trisbg\\t%r3,%r2,0,0\\\\+32-1,64-0-32\\n\\tlhi\\t%r2,0\\n\\tsrag\\t%r3,%r3,36\\n(\\t.*\\n)*\\trisbg\\t%r3,%r3,33,128\\\\+61,2
FAIL: gcc.target/s390/risbg-ll-1.c scan-assembler f41:\\n\\trisbg\\t%r3,%r2,64-28,128\\\\+63,34\\\\+28\\n\\tlhi\\t%r2,0
FAIL: gcc.target/s390/risbg-ll-1.c scan-assembler f43:\\n\\trisbg\\t%r3,%r2,0,0\\\\+32-1,64-0-32\\n\\trisbg\\t%r2,%r3,32,128\\\\+61,64-12
FAIL: gcc.target/s390/risbg-ll-1.c scan-assembler f44:\\n\\tsrlg\\t%r2,%r3,12\\n\\tnilf\\t%r2,10
FAIL: gcc.target/s390/risbg-ll-1.c scan-assembler f6:\\n\\trisbg\\t%r3,%r2,0,0\\\\+32-1,64-0-32\\n\\trisbg\\t%r2,%r3,2,128\\\\+60,64-2
FAIL: gcc.target/s390/risbg-ll-1.c scan-assembler f8:\\n\\trisbg\\t%r3,%r2,0,0\\\\+32-1,64-0-32\\n\\tsrlg\\t%r2,%r3,2\\n\\tnill\\t%r2,65529
FAIL: gcc.target/s390/risbg-ll-2.c scan-assembler f2:\\n\\trisbg\\t%r3,%r2,0,0\\\\+32-1,64-0-32\\n(\\t.*\\n)*\\trisbg\\t%r[23],%r5,60,62,0
FAIL: gcc.target/s390/risbg-ll-2.c scan-assembler f4:\\n(\\t.*\\n)*\\trisbg\\t%r5,%r5,64-4,128\\\\+63,52\\\\+4
FAIL: gcc.target/s390/risbg-ll-2.c scan-assembler f6:\\n\\trisbg\\t%r5,%r4,0,0\\\\+32-1,64-0-32\\n(\\t.*\\n)*\\trisbg\\t%r[23],%r5,0,64-10-1,10
FAIL: gcc.target/s390/risbg-ll-3.c scan-assembler f1:\\n\\trisbgn\\t%r3,%r2,0,0\\\\+32-1,64-0-32\\n\\trisbgn\\t%r3,%r5,60,62,0\\n
FAIL: gcc.target/s390/risbg-ll-3.c scan-assembler f2_cconly:\\n\\trisbgn\\t%r3,%r2,0,0\\\\+32-1,64-0-32\\n\\trisbg\\t%r3,%r5,60,62,0\\n\\tber\\t%r14\\n\\tjg\\tf2_bar\\n

		=== gcc Summary for unix/-m31 ===

# of expected passes		126233
# of unexpected failures	360
# of unexpected successes	22
# of expected failures		503
# of unsupported tests		3184

Running target unix/-m64
FAIL: gcc.c-torture/execute/built-in-setjmp.c   -O2  execution test
FAIL: gcc.c-torture/execute/built-in-setjmp.c   -O2 -flto -fno-use-linker-plugin -flto-partition=none  execution test
FAIL: gcc.c-torture/execute/built-in-setjmp.c   -O2 -flto -fuse-linker-plugin -fno-fat-lto-objects  execution test
FAIL: gcc.c-torture/execute/built-in-setjmp.c   -O3 -fomit-frame-pointer -funroll-loops -fpeel-loops -ftracer -finline-functions  execution test
FAIL: gcc.c-torture/execute/built-in-setjmp.c   -O3 -g  execution test
FAIL: gcc.c-torture/execute/pr53465.c   -O1  execution test
FAIL: gcc.c-torture/execute/pr53465.c   -O2  execution test
FAIL: gcc.c-torture/execute/pr53465.c   -O2 -flto -fno-use-linker-plugin -flto-partition=none  execution test
FAIL: gcc.c-torture/execute/pr53465.c   -O3 -fomit-frame-pointer -funroll-loops -fpeel-loops -ftracer -finline-functions  execution test
FAIL: gcc.c-torture/execute/pr53465.c   -O3 -g  execution test
FAIL: c-c++-common/pr59037.c  -Wc++-compat  (internal compiler error)
FAIL: c-c++-common/pr59037.c  -Wc++-compat  (test for excess errors)
FAIL: gcc.dg/loop-9.c scan-rtl-dump loop2_invariant "Decided"
FAIL: gcc.dg/loop-9.c scan-rtl-dump loop2_invariant "without introducing a new temporary register"
FAIL: gcc.dg/pr21643.c scan-tree-dump-times reassoc1 "Optimizing range tests c_[0-9]*.D. -.0, 31. and -.32, 32.[\\n\\r]* into" 5
FAIL: gcc.dg/graphite/interchange-3.c scan-tree-dump graphite "tiled"
FAIL: gcc.dg/graphite/interchange-7.c scan-tree-dump graphite "tiled"
FAIL: gcc.dg/graphite/interchange-9.c scan-tree-dump graphite "tiled"
FAIL: gcc.dg/graphite/uns-interchange-9.c scan-tree-dump graphite "tiled"
XPASS: gcc.dg/guality/example.c   -O0  execution test
XPASS: gcc.dg/guality/example.c   -O1  -DPREVENT_OPTIMIZATION  execution test
XPASS: gcc.dg/guality/example.c   -O2  -DPREVENT_OPTIMIZATION  execution test
XPASS: gcc.dg/guality/example.c   -O2 -flto -fno-use-linker-plugin -flto-partition=none  -DPREVENT_OPTIMIZATION execution test
XPASS: gcc.dg/guality/example.c  -Og -DPREVENT_OPTIMIZATION  execution test
XPASS: gcc.dg/guality/guality.c   -O0  execution test
XPASS: gcc.dg/guality/guality.c   -O1  -DPREVENT_OPTIMIZATION  execution test
XPASS: gcc.dg/guality/guality.c   -O2  -DPREVENT_OPTIMIZATION  execution test
XPASS: gcc.dg/guality/guality.c   -O2 -flto -fno-use-linker-plugin -flto-partition=none  -DPREVENT_OPTIMIZATION execution test
XPASS: gcc.dg/guality/guality.c   -O2 -flto -fuse-linker-plugin -fno-fat-lto-objects  -DPREVENT_OPTIMIZATION execution test
XPASS: gcc.dg/guality/guality.c   -O3 -g  -DPREVENT_OPTIMIZATION  execution test
XPASS: gcc.dg/guality/guality.c   -Os  -DPREVENT_OPTIMIZATION  execution test
XPASS: gcc.dg/guality/guality.c  -Og -DPREVENT_OPTIMIZATION  execution test
XPASS: gcc.dg/guality/inline-params.c   -O2  -DPREVENT_OPTIMIZATION  execution test
XPASS: gcc.dg/guality/inline-params.c   -O2 -flto -fno-use-linker-plugin -flto-partition=none  -DPREVENT_OPTIMIZATION execution test
XPASS: gcc.dg/guality/inline-params.c   -O2 -flto -fuse-linker-plugin -fno-fat-lto-objects  -DPREVENT_OPTIMIZATION execution test
XPASS: gcc.dg/guality/inline-params.c   -O3 -g  -DPREVENT_OPTIMIZATION  execution test
XPASS: gcc.dg/guality/inline-params.c   -Os  -DPREVENT_OPTIMIZATION  execution test
FAIL: gcc.dg/guality/pr36728-1.c   -O2 -flto -fuse-linker-plugin -fno-fat-lto-objects  -DPREVENT_OPTIMIZATION line 16 y == 2
FAIL: gcc.dg/guality/pr36728-1.c   -O2 -flto -fuse-linker-plugin -fno-fat-lto-objects  -DPREVENT_OPTIMIZATION line 18 y == 2
FAIL: gcc.dg/guality/pr36728-2.c   -O2 -flto -fuse-linker-plugin -fno-fat-lto-objects  -DPREVENT_OPTIMIZATION line 16 arg3 == 3
FAIL: gcc.dg/guality/pr36728-2.c   -O2 -flto -fuse-linker-plugin -fno-fat-lto-objects  -DPREVENT_OPTIMIZATION line 16 arg4 == 4
FAIL: gcc.dg/guality/pr36728-2.c   -O2 -flto -fuse-linker-plugin -fno-fat-lto-objects  -DPREVENT_OPTIMIZATION line 16 arg5 == 5
FAIL: gcc.dg/guality/pr36728-2.c   -O2 -flto -fuse-linker-plugin -fno-fat-lto-objects  -DPREVENT_OPTIMIZATION line 16 arg6 == 6
FAIL: gcc.dg/guality/pr36728-2.c   -O2 -flto -fuse-linker-plugin -fno-fat-lto-objects  -DPREVENT_OPTIMIZATION line 16 arg7 == 30
FAIL: gcc.dg/guality/pr36728-2.c   -O2 -flto -fuse-linker-plugin -fno-fat-lto-objects  -DPREVENT_OPTIMIZATION line 16 y == 2
FAIL: gcc.dg/guality/pr36728-2.c   -O2 -flto -fuse-linker-plugin -fno-fat-lto-objects  -DPREVENT_OPTIMIZATION line 18 *x == (char) 25
FAIL: gcc.dg/guality/pr36728-2.c   -O2 -flto -fuse-linker-plugin -fno-fat-lto-objects  -DPREVENT_OPTIMIZATION line 18 arg3 == 3
FAIL: gcc.dg/guality/pr36728-2.c   -O2 -flto -fuse-linker-plugin -fno-fat-lto-objects  -DPREVENT_OPTIMIZATION line 18 arg4 == 4
FAIL: gcc.dg/guality/pr36728-2.c   -O2 -flto -fuse-linker-plugin -fno-fat-lto-objects  -DPREVENT_OPTIMIZATION line 18 arg5 == 5
FAIL: gcc.dg/guality/pr36728-2.c   -O2 -flto -fuse-linker-plugin -fno-fat-lto-objects  -DPREVENT_OPTIMIZATION line 18 arg6 == 6
FAIL: gcc.dg/guality/pr36728-2.c   -O2 -flto -fuse-linker-plugin -fno-fat-lto-objects  -DPREVENT_OPTIMIZATION line 18 arg7 == 30
FAIL: gcc.dg/guality/pr36728-2.c   -O2 -flto -fuse-linker-plugin -fno-fat-lto-objects  -DPREVENT_OPTIMIZATION line 18 y == 2
FAIL: gcc.dg/guality/pr36728-2.c   -O3 -g  -DPREVENT_OPTIMIZATION  line 16 arg3 == 3
FAIL: gcc.dg/guality/pr36728-2.c   -O3 -g  -DPREVENT_OPTIMIZATION  line 16 arg4 == 4
FAIL: gcc.dg/guality/pr36728-2.c   -O3 -g  -DPREVENT_OPTIMIZATION  line 16 arg5 == 5
FAIL: gcc.dg/guality/pr36728-2.c   -O3 -g  -DPREVENT_OPTIMIZATION  line 16 arg6 == 6
FAIL: gcc.dg/guality/pr36728-2.c   -O3 -g  -DPREVENT_OPTIMIZATION  line 16 arg7 == 30
FAIL: gcc.dg/guality/pr36728-2.c   -O3 -g  -DPREVENT_OPTIMIZATION  line 18 arg3 == 3
FAIL: gcc.dg/guality/pr36728-2.c   -O3 -g  -DPREVENT_OPTIMIZATION  line 18 arg4 == 4
FAIL: gcc.dg/guality/pr36728-2.c   -O3 -g  -DPREVENT_OPTIMIZATION  line 18 arg5 == 5
FAIL: gcc.dg/guality/pr36728-2.c   -O3 -g  -DPREVENT_OPTIMIZATION  line 18 arg6 == 6
FAIL: gcc.dg/guality/pr36728-2.c   -O3 -g  -DPREVENT_OPTIMIZATION  line 18 arg7 == 30
XPASS: gcc.dg/guality/pr41353-1.c   -O0  line 28 j == 28 + 37
FAIL: gcc.dg/guality/pr41353-1.c  -Og -DPREVENT_OPTIMIZATION  line 28 i == 37
FAIL: gcc.dg/guality/pr41353-1.c  -Og -DPREVENT_OPTIMIZATION  line 28 i1 == 2 * 37
FAIL: gcc.dg/guality/pr41353-1.c  -Og -DPREVENT_OPTIMIZATION  line 28 i2 == 3 * 37
XPASS: gcc.dg/guality/pr41353-1.c  -Og -DPREVENT_OPTIMIZATION  line 28 j == 28 + 37
FAIL: gcc.dg/guality/pr41616-1.c   -O2  -DPREVENT_OPTIMIZATION  execution test
FAIL: gcc.dg/guality/pr41616-1.c   -O2 -flto -fno-use-linker-plugin -flto-partition=none  -DPREVENT_OPTIMIZATION execution test
FAIL: gcc.dg/guality/pr41616-1.c   -O2 -flto -fuse-linker-plugin -fno-fat-lto-objects  -DPREVENT_OPTIMIZATION execution test
FAIL: gcc.dg/guality/pr41616-1.c   -O3 -g  -DPREVENT_OPTIMIZATION  execution test
FAIL: gcc.dg/guality/pr43051-1.c   -O1  -DPREVENT_OPTIMIZATION  line 35 v == 1
FAIL: gcc.dg/guality/pr43051-1.c   -O1  -DPREVENT_OPTIMIZATION  line 40 v == 1
FAIL: gcc.dg/guality/pr43051-1.c   -O2  -DPREVENT_OPTIMIZATION  line 35 v == 1
FAIL: gcc.dg/guality/pr43051-1.c   -O2  -DPREVENT_OPTIMIZATION  line 40 v == 1
FAIL: gcc.dg/guality/pr43051-1.c   -O2 -flto -fno-use-linker-plugin -flto-partition=none  -DPREVENT_OPTIMIZATION line 35 v == 1
FAIL: gcc.dg/guality/pr43051-1.c   -O2 -flto -fno-use-linker-plugin -flto-partition=none  -DPREVENT_OPTIMIZATION line 40 v == 1
FAIL: gcc.dg/guality/pr43051-1.c   -O2 -flto -fuse-linker-plugin -fno-fat-lto-objects  -DPREVENT_OPTIMIZATION line 35 v == 1
FAIL: gcc.dg/guality/pr43051-1.c   -O2 -flto -fuse-linker-plugin -fno-fat-lto-objects  -DPREVENT_OPTIMIZATION line 40 v == 1
FAIL: gcc.dg/guality/pr43051-1.c   -O3 -fomit-frame-pointer -funroll-loops -fpeel-loops -ftracer -finline-functions  -DPREVENT_OPTIMIZATION  line 35 v == 1
FAIL: gcc.dg/guality/pr43051-1.c   -O3 -fomit-frame-pointer -funroll-loops -fpeel-loops -ftracer -finline-functions  -DPREVENT_OPTIMIZATION  line 40 v == 1
FAIL: gcc.dg/guality/pr43051-1.c   -O3 -g  -DPREVENT_OPTIMIZATION  line 35 v == 1
FAIL: gcc.dg/guality/pr43051-1.c   -O3 -g  -DPREVENT_OPTIMIZATION  line 40 v == 1
FAIL: gcc.dg/guality/pr43051-1.c   -Os  -DPREVENT_OPTIMIZATION  line 35 v == 1
FAIL: gcc.dg/guality/pr43051-1.c   -Os  -DPREVENT_OPTIMIZATION  line 40 v == 1
FAIL: gcc.dg/guality/pr43051-1.c  -Og -DPREVENT_OPTIMIZATION  line 35 v == 1
FAIL: gcc.dg/guality/pr43051-1.c  -Og -DPREVENT_OPTIMIZATION  line 40 v == 1
FAIL: gcc.dg/guality/pr43077-1.c   -O0  line 42 b == 2
FAIL: gcc.dg/guality/pr43077-1.c   -O0  line 42 c == 3
FAIL: gcc.dg/guality/pr43077-1.c   -O0  line 42 varb == 2
FAIL: gcc.dg/guality/pr43077-1.c   -O0  line 42 varc == 3
FAIL: gcc.dg/guality/pr43077-1.c   -O1  -DPREVENT_OPTIMIZATION  line 42 b == 2
FAIL: gcc.dg/guality/pr43077-1.c   -O1  -DPREVENT_OPTIMIZATION  line 42 c == 3
FAIL: gcc.dg/guality/pr43077-1.c   -O1  -DPREVENT_OPTIMIZATION  line 42 varb == 2
FAIL: gcc.dg/guality/pr43077-1.c   -O1  -DPREVENT_OPTIMIZATION  line 42 varc == 3
FAIL: gcc.dg/guality/pr43077-1.c   -O2  -DPREVENT_OPTIMIZATION  line 42 b == 2
FAIL: gcc.dg/guality/pr43077-1.c   -O2  -DPREVENT_OPTIMIZATION  line 42 c == 3
FAIL: gcc.dg/guality/pr43077-1.c   -O2  -DPREVENT_OPTIMIZATION  line 42 varb == 2
FAIL: gcc.dg/guality/pr43077-1.c   -O2  -DPREVENT_OPTIMIZATION  line 42 varc == 3
FAIL: gcc.dg/guality/pr43077-1.c   -O2 -flto -fno-use-linker-plugin -flto-partition=none  -DPREVENT_OPTIMIZATION line 42 b == 2
FAIL: gcc.dg/guality/pr43077-1.c   -O2 -flto -fno-use-linker-plugin -flto-partition=none  -DPREVENT_OPTIMIZATION line 42 c == 3
FAIL: gcc.dg/guality/pr43077-1.c   -O2 -flto -fno-use-linker-plugin -flto-partition=none  -DPREVENT_OPTIMIZATION line 42 varb == 2
FAIL: gcc.dg/guality/pr43077-1.c   -O2 -flto -fno-use-linker-plugin -flto-partition=none  -DPREVENT_OPTIMIZATION line 42 varc == 3
FAIL: gcc.dg/guality/pr43077-1.c   -O2 -flto -fuse-linker-plugin -fno-fat-lto-objects  -DPREVENT_OPTIMIZATION line 42 b == 2
FAIL: gcc.dg/guality/pr43077-1.c   -O2 -flto -fuse-linker-plugin -fno-fat-lto-objects  -DPREVENT_OPTIMIZATION line 42 c == 3
FAIL: gcc.dg/guality/pr43077-1.c   -O2 -flto -fuse-linker-plugin -fno-fat-lto-objects  -DPREVENT_OPTIMIZATION line 42 varb == 2
FAIL: gcc.dg/guality/pr43077-1.c   -O2 -flto -fuse-linker-plugin -fno-fat-lto-objects  -DPREVENT_OPTIMIZATION line 42 varc == 3
FAIL: gcc.dg/guality/pr43077-1.c   -O3 -g  -DPREVENT_OPTIMIZATION  line 42 b == 2
FAIL: gcc.dg/guality/pr43077-1.c   -O3 -g  -DPREVENT_OPTIMIZATION  line 42 c == 3
FAIL: gcc.dg/guality/pr43077-1.c   -O3 -g  -DPREVENT_OPTIMIZATION  line 42 varb == 2
FAIL: gcc.dg/guality/pr43077-1.c   -O3 -g  -DPREVENT_OPTIMIZATION  line 42 varc == 3
FAIL: gcc.dg/guality/pr43077-1.c   -Os  -DPREVENT_OPTIMIZATION  line 42 b == 2
FAIL: gcc.dg/guality/pr43077-1.c   -Os  -DPREVENT_OPTIMIZATION  line 42 c == 3
FAIL: gcc.dg/guality/pr43077-1.c   -Os  -DPREVENT_OPTIMIZATION  line 42 varb == 2
FAIL: gcc.dg/guality/pr43077-1.c   -Os  -DPREVENT_OPTIMIZATION  line 42 varc == 3
FAIL: gcc.dg/guality/pr43077-1.c  -Og -DPREVENT_OPTIMIZATION  line 42 b == 2
FAIL: gcc.dg/guality/pr43077-1.c  -Og -DPREVENT_OPTIMIZATION  line 42 c == 3
FAIL: gcc.dg/guality/pr43077-1.c  -Og -DPREVENT_OPTIMIZATION  line 42 varb == 2
FAIL: gcc.dg/guality/pr43077-1.c  -Og -DPREVENT_OPTIMIZATION  line 42 varc == 3
FAIL: gcc.dg/guality/pr54519-1.c   -O1  -DPREVENT_OPTIMIZATION  line 20 x == 36
FAIL: gcc.dg/guality/pr54519-1.c   -O1  -DPREVENT_OPTIMIZATION  line 20 y == 25
FAIL: gcc.dg/guality/pr54519-1.c   -O1  -DPREVENT_OPTIMIZATION  line 23 x == 98
FAIL: gcc.dg/guality/pr54519-1.c   -O1  -DPREVENT_OPTIMIZATION  line 23 y == 117
FAIL: gcc.dg/guality/pr54519-1.c   -O2  -DPREVENT_OPTIMIZATION  line 20 x == 36
FAIL: gcc.dg/guality/pr54519-1.c   -O2  -DPREVENT_OPTIMIZATION  line 23 x == 98
FAIL: gcc.dg/guality/pr54519-1.c   -O2 -flto -fno-use-linker-plugin -flto-partition=none  -DPREVENT_OPTIMIZATION line 20 x == 36
FAIL: gcc.dg/guality/pr54519-1.c   -O2 -flto -fno-use-linker-plugin -flto-partition=none  -DPREVENT_OPTIMIZATION line 20 y == 25
FAIL: gcc.dg/guality/pr54519-1.c   -O2 -flto -fno-use-linker-plugin -flto-partition=none  -DPREVENT_OPTIMIZATION line 20 z == 6
FAIL: gcc.dg/guality/pr54519-1.c   -O2 -flto -fno-use-linker-plugin -flto-partition=none  -DPREVENT_OPTIMIZATION line 23 x == 98
FAIL: gcc.dg/guality/pr54519-1.c   -O2 -flto -fno-use-linker-plugin -flto-partition=none  -DPREVENT_OPTIMIZATION line 23 y == 117
FAIL: gcc.dg/guality/pr54519-1.c   -O2 -flto -fno-use-linker-plugin -flto-partition=none  -DPREVENT_OPTIMIZATION line 23 z == 8
FAIL: gcc.dg/guality/pr54519-1.c   -Os  -DPREVENT_OPTIMIZATION  line 20 x == 36
FAIL: gcc.dg/guality/pr54519-1.c   -Os  -DPREVENT_OPTIMIZATION  line 23 x == 98
FAIL: gcc.dg/guality/pr54519-1.c  -Og -DPREVENT_OPTIMIZATION  line 20 x == 36
FAIL: gcc.dg/guality/pr54519-1.c  -Og -DPREVENT_OPTIMIZATION  line 20 y == 25
FAIL: gcc.dg/guality/pr54519-1.c  -Og -DPREVENT_OPTIMIZATION  line 23 x == 98
FAIL: gcc.dg/guality/pr54519-1.c  -Og -DPREVENT_OPTIMIZATION  line 23 y == 117
FAIL: gcc.dg/guality/pr54519-2.c   -O1  -DPREVENT_OPTIMIZATION  line 17 x == 6
FAIL: gcc.dg/guality/pr54519-2.c   -O2  -DPREVENT_OPTIMIZATION  line 17 x == 6
FAIL: gcc.dg/guality/pr54519-2.c   -O2 -flto -fno-use-linker-plugin -flto-partition=none  -DPREVENT_OPTIMIZATION line 17 x == 6
FAIL: gcc.dg/guality/pr54519-2.c   -O2 -flto -fno-use-linker-plugin -flto-partition=none  -DPREVENT_OPTIMIZATION line 17 y == 25
FAIL: gcc.dg/guality/pr54519-2.c   -O2 -flto -fuse-linker-plugin -fno-fat-lto-objects  -DPREVENT_OPTIMIZATION line 17 y == 25
FAIL: gcc.dg/guality/pr54519-2.c  -Og -DPREVENT_OPTIMIZATION  line 17 x == 6
FAIL: gcc.dg/guality/pr54519-3.c   -O2  -DPREVENT_OPTIMIZATION  line 23 z == 8
FAIL: gcc.dg/guality/pr54519-3.c   -O2 -flto -fno-use-linker-plugin -flto-partition=none  -DPREVENT_OPTIMIZATION line 23 y == 117
FAIL: gcc.dg/guality/pr54519-3.c   -O2 -flto -fno-use-linker-plugin -flto-partition=none  -DPREVENT_OPTIMIZATION line 23 z == 8
FAIL: gcc.dg/guality/pr54519-3.c   -O2 -flto -fuse-linker-plugin -fno-fat-lto-objects  -DPREVENT_OPTIMIZATION line 23 y == 117
FAIL: gcc.dg/guality/pr54519-3.c   -O2 -flto -fuse-linker-plugin -fno-fat-lto-objects  -DPREVENT_OPTIMIZATION line 23 z == 8
FAIL: gcc.dg/guality/pr54519-3.c   -O3 -g  -DPREVENT_OPTIMIZATION  line 23 z == 8
FAIL: gcc.dg/guality/pr54519-3.c   -Os  -DPREVENT_OPTIMIZATION  line 20 z == 6
FAIL: gcc.dg/guality/pr54519-3.c   -Os  -DPREVENT_OPTIMIZATION  line 23 z == 8
FAIL: gcc.dg/guality/pr54519-4.c   -O2  -DPREVENT_OPTIMIZATION  line 17 y == 25
FAIL: gcc.dg/guality/pr54519-4.c   -O2 -flto -fno-use-linker-plugin -flto-partition=none  -DPREVENT_OPTIMIZATION line 17 y == 25
FAIL: gcc.dg/guality/pr54519-4.c   -O2 -flto -fuse-linker-plugin -fno-fat-lto-objects  -DPREVENT_OPTIMIZATION line 17 y == 25
FAIL: gcc.dg/guality/pr54519-4.c   -O3 -g  -DPREVENT_OPTIMIZATION  line 17 y == 25
FAIL: gcc.dg/guality/pr54519-4.c   -Os  -DPREVENT_OPTIMIZATION  line 17 y == 25
FAIL: gcc.dg/guality/pr54519-5.c   -O1  -DPREVENT_OPTIMIZATION  line 17 x == 6
FAIL: gcc.dg/guality/pr54519-5.c   -O1  -DPREVENT_OPTIMIZATION  line 17 y == 25
FAIL: gcc.dg/guality/pr54519-5.c   -O2  -DPREVENT_OPTIMIZATION  line 17 x == 6
FAIL: gcc.dg/guality/pr54519-5.c   -O2  -DPREVENT_OPTIMIZATION  line 17 y == 25
FAIL: gcc.dg/guality/pr54519-5.c   -O2 -flto -fno-use-linker-plugin -flto-partition=none  -DPREVENT_OPTIMIZATION line 17 x == 6
FAIL: gcc.dg/guality/pr54519-5.c   -O2 -flto -fno-use-linker-plugin -flto-partition=none  -DPREVENT_OPTIMIZATION line 17 y == 25
FAIL: gcc.dg/guality/pr54519-5.c   -O2 -flto -fuse-linker-plugin -fno-fat-lto-objects  -DPREVENT_OPTIMIZATION line 17 y == 25
FAIL: gcc.dg/guality/pr54519-5.c   -O3 -g  -DPREVENT_OPTIMIZATION  line 17 y == 25
FAIL: gcc.dg/guality/pr54519-5.c   -Os  -DPREVENT_OPTIMIZATION  line 17 y == 25
FAIL: gcc.dg/guality/pr54519-5.c  -Og -DPREVENT_OPTIMIZATION  line 17 x == 6
FAIL: gcc.dg/guality/pr54519-5.c  -Og -DPREVENT_OPTIMIZATION  line 17 y == 25
FAIL: gcc.dg/guality/pr54551.c   -O1  -DPREVENT_OPTIMIZATION  line 18 a == 4
FAIL: gcc.dg/guality/pr54551.c   -O2  -DPREVENT_OPTIMIZATION  line 18 a == 4
FAIL: gcc.dg/guality/pr54551.c   -O2 -flto -fno-use-linker-plugin -flto-partition=none  -DPREVENT_OPTIMIZATION line 18 a == 4
FAIL: gcc.dg/guality/pr54551.c   -O3 -g  -DPREVENT_OPTIMIZATION  line 18 a == 4
FAIL: gcc.dg/guality/pr54551.c   -Os  -DPREVENT_OPTIMIZATION  line 18 a == 4
FAIL: gcc.dg/guality/pr54551.c  -Og -DPREVENT_OPTIMIZATION  line 18 a == 4
FAIL: gcc.dg/guality/pr54693-2.c   -O1  -DPREVENT_OPTIMIZATION  line 21 x == 10 - i
FAIL: gcc.dg/guality/pr54693-2.c   -O2  -DPREVENT_OPTIMIZATION  line 21 x == 10 - i
FAIL: gcc.dg/guality/pr54693-2.c   -O2  -DPREVENT_OPTIMIZATION  line 21 y == 20 - 2 * i
FAIL: gcc.dg/guality/pr54693-2.c   -O2 -flto -fno-use-linker-plugin -flto-partition=none  -DPREVENT_OPTIMIZATION line 21 x == 10 - i
FAIL: gcc.dg/guality/pr54693-2.c   -O2 -flto -fno-use-linker-plugin -flto-partition=none  -DPREVENT_OPTIMIZATION line 21 y == 20 - 2 * i
FAIL: gcc.dg/guality/pr54693-2.c   -O2 -flto -fuse-linker-plugin -fno-fat-lto-objects  -DPREVENT_OPTIMIZATION line 21 y == 20 - 2 * i
FAIL: gcc.dg/guality/pr54693-2.c   -O2 -flto -fuse-linker-plugin -fno-fat-lto-objects  -DPREVENT_OPTIMIZATION line 21 z == 30 - 3 * i
FAIL: gcc.dg/guality/pr54693-2.c   -O3 -g  -DPREVENT_OPTIMIZATION  line 21 x == 10 - i
FAIL: gcc.dg/guality/pr54693-2.c   -O3 -g  -DPREVENT_OPTIMIZATION  line 21 y == 20 - 2 * i
FAIL: gcc.dg/guality/pr54693-2.c   -Os  -DPREVENT_OPTIMIZATION  line 21 x == 10 - i
FAIL: gcc.dg/guality/pr54693-2.c   -Os  -DPREVENT_OPTIMIZATION  line 21 y == 20 - 2 * i
FAIL: gcc.dg/guality/pr54693.c   -Os  -DPREVENT_OPTIMIZATION  line 22 i == c - 48
XPASS: gcc.dg/guality/pr54970.c   -O0  line 31 a[0] == 4
XPASS: gcc.dg/guality/pr54970.c   -O0  line 36 a[0] == 4
XPASS: gcc.dg/guality/pr54970.c   -O0  line 45 a[0] == 4
XPASS: gcc.dg/guality/pr54970.c   -O0  line 45 p[-2] == 4
XPASS: gcc.dg/guality/pr54970.c   -O0  line 45 q[-1] == 4
FAIL: gcc.dg/guality/pr54970.c  -Og -DPREVENT_OPTIMIZATION  line 15 *p == 3
FAIL: gcc.dg/guality/pr54970.c  -Og -DPREVENT_OPTIMIZATION  line 15 *q == 2
FAIL: gcc.dg/guality/pr54970.c  -Og -DPREVENT_OPTIMIZATION  line 15 a[0] == 1
FAIL: gcc.dg/guality/pr54970.c  -Og -DPREVENT_OPTIMIZATION  line 15 a[1] == 2
FAIL: gcc.dg/guality/pr54970.c  -Og -DPREVENT_OPTIMIZATION  line 15 a[2] == 3
FAIL: gcc.dg/guality/pr54970.c  -Og -DPREVENT_OPTIMIZATION  line 20 *p == 13
FAIL: gcc.dg/guality/pr54970.c  -Og -DPREVENT_OPTIMIZATION  line 20 *q == 2
FAIL: gcc.dg/guality/pr54970.c  -Og -DPREVENT_OPTIMIZATION  line 20 a[0] == 1
FAIL: gcc.dg/guality/pr54970.c  -Og -DPREVENT_OPTIMIZATION  line 20 a[1] == 2
FAIL: gcc.dg/guality/pr54970.c  -Og -DPREVENT_OPTIMIZATION  line 20 a[2] == 13
FAIL: gcc.dg/guality/pr54970.c  -Og -DPREVENT_OPTIMIZATION  line 25 *p == 13
FAIL: gcc.dg/guality/pr54970.c  -Og -DPREVENT_OPTIMIZATION  line 25 *q == 12
FAIL: gcc.dg/guality/pr54970.c  -Og -DPREVENT_OPTIMIZATION  line 25 a[0] == 1
FAIL: gcc.dg/guality/pr54970.c  -Og -DPREVENT_OPTIMIZATION  line 25 a[1] == 12
FAIL: gcc.dg/guality/pr54970.c  -Og -DPREVENT_OPTIMIZATION  line 25 a[2] == 13
FAIL: gcc.dg/guality/pr54970.c  -Og -DPREVENT_OPTIMIZATION  line 31 *p == 6
FAIL: gcc.dg/guality/pr54970.c  -Og -DPREVENT_OPTIMIZATION  line 31 *q == 5
FAIL: gcc.dg/guality/pr54970.c  -Og -DPREVENT_OPTIMIZATION  line 31 a[1] == 5
FAIL: gcc.dg/guality/pr54970.c  -Og -DPREVENT_OPTIMIZATION  line 31 a[2] == 6
FAIL: gcc.dg/guality/pr54970.c  -Og -DPREVENT_OPTIMIZATION  line 36 *p == 26
FAIL: gcc.dg/guality/pr54970.c  -Og -DPREVENT_OPTIMIZATION  line 36 *q == 5
FAIL: gcc.dg/guality/pr54970.c  -Og -DPREVENT_OPTIMIZATION  line 36 a[1] == 5
FAIL: gcc.dg/guality/pr54970.c  -Og -DPREVENT_OPTIMIZATION  line 36 a[2] == 26
FAIL: gcc.dg/guality/pr54970.c  -Og -DPREVENT_OPTIMIZATION  line 45 *p == 26
FAIL: gcc.dg/guality/pr54970.c  -Og -DPREVENT_OPTIMIZATION  line 45 *q == 25
FAIL: gcc.dg/guality/pr54970.c  -Og -DPREVENT_OPTIMIZATION  line 45 a[1] == 25
FAIL: gcc.dg/guality/pr54970.c  -Og -DPREVENT_OPTIMIZATION  line 45 a[2] == 26
FAIL: gcc.dg/guality/pr54970.c  -Og -DPREVENT_OPTIMIZATION  line 45 p[-1] == 25
FAIL: gcc.dg/guality/pr54970.c  -Og -DPREVENT_OPTIMIZATION  line 45 q[1] == 26
FAIL: gcc.dg/guality/pr56154-1.c  -Og -DPREVENT_OPTIMIZATION  line pr56154-1.c:20 x.a == 6
FAIL: gcc.dg/guality/pr59776.c  -Og -DPREVENT_OPTIMIZATION  line pr59776.c:17 s1.f == 5.0
FAIL: gcc.dg/guality/pr59776.c  -Og -DPREVENT_OPTIMIZATION  line pr59776.c:17 s1.g == 6.0
FAIL: gcc.dg/guality/pr59776.c  -Og -DPREVENT_OPTIMIZATION  line pr59776.c:17 s2.f == 0.0
FAIL: gcc.dg/guality/pr59776.c  -Og -DPREVENT_OPTIMIZATION  line pr59776.c:17 s2.g == 6.0
FAIL: gcc.dg/guality/pr59776.c  -Og -DPREVENT_OPTIMIZATION  line pr59776.c:20 s1.f == 5.0
FAIL: gcc.dg/guality/pr59776.c  -Og -DPREVENT_OPTIMIZATION  line pr59776.c:20 s1.g == 6.0
FAIL: gcc.dg/guality/pr59776.c  -Og -DPREVENT_OPTIMIZATION  line pr59776.c:20 s2.f == 5.0
FAIL: gcc.dg/guality/pr59776.c  -Og -DPREVENT_OPTIMIZATION  line pr59776.c:20 s2.g == 6.0
FAIL: gcc.dg/guality/pr68860-1.c   -O2 -flto -fno-use-linker-plugin -flto-partition=none  -DPREVENT_OPTIMIZATION line 14 arg3 == 3
FAIL: gcc.dg/guality/pr68860-1.c   -O2 -flto -fno-use-linker-plugin -flto-partition=none  -DPREVENT_OPTIMIZATION line 14 arg4 == 4
FAIL: gcc.dg/guality/pr68860-1.c   -O2 -flto -fno-use-linker-plugin -flto-partition=none  -DPREVENT_OPTIMIZATION line 14 arg5 == 5
FAIL: gcc.dg/guality/pr68860-1.c   -O2 -flto -fno-use-linker-plugin -flto-partition=none  -DPREVENT_OPTIMIZATION line 14 arg6 == 6
FAIL: gcc.dg/guality/pr68860-1.c   -O2 -flto -fno-use-linker-plugin -flto-partition=none  -DPREVENT_OPTIMIZATION line 16 arg3 == 3
FAIL: gcc.dg/guality/pr68860-1.c   -O2 -flto -fno-use-linker-plugin -flto-partition=none  -DPREVENT_OPTIMIZATION line 16 arg4 == 4
FAIL: gcc.dg/guality/pr68860-1.c   -O2 -flto -fno-use-linker-plugin -flto-partition=none  -DPREVENT_OPTIMIZATION line 16 arg5 == 5
FAIL: gcc.dg/guality/pr68860-1.c   -O2 -flto -fno-use-linker-plugin -flto-partition=none  -DPREVENT_OPTIMIZATION line 16 arg6 == 6
FAIL: gcc.dg/guality/pr68860-1.c   -O2 -flto -fuse-linker-plugin -fno-fat-lto-objects  -DPREVENT_OPTIMIZATION line 14 arg3 == 3
FAIL: gcc.dg/guality/pr68860-1.c   -O2 -flto -fuse-linker-plugin -fno-fat-lto-objects  -DPREVENT_OPTIMIZATION line 14 arg4 == 4
FAIL: gcc.dg/guality/pr68860-1.c   -O2 -flto -fuse-linker-plugin -fno-fat-lto-objects  -DPREVENT_OPTIMIZATION line 14 arg5 == 5
FAIL: gcc.dg/guality/pr68860-1.c   -O2 -flto -fuse-linker-plugin -fno-fat-lto-objects  -DPREVENT_OPTIMIZATION line 14 arg6 == 6
FAIL: gcc.dg/guality/pr68860-1.c   -O2 -flto -fuse-linker-plugin -fno-fat-lto-objects  -DPREVENT_OPTIMIZATION line 16 arg3 == 3
FAIL: gcc.dg/guality/pr68860-1.c   -O2 -flto -fuse-linker-plugin -fno-fat-lto-objects  -DPREVENT_OPTIMIZATION line 16 arg4 == 4
FAIL: gcc.dg/guality/pr68860-1.c   -O2 -flto -fuse-linker-plugin -fno-fat-lto-objects  -DPREVENT_OPTIMIZATION line 16 arg5 == 5
FAIL: gcc.dg/guality/pr68860-1.c   -O2 -flto -fuse-linker-plugin -fno-fat-lto-objects  -DPREVENT_OPTIMIZATION line 16 arg6 == 6
FAIL: gcc.dg/guality/sra-1.c   -O1  -DPREVENT_OPTIMIZATION  line 43 a.i == 4
FAIL: gcc.dg/guality/sra-1.c   -O2  -DPREVENT_OPTIMIZATION  line 43 a.i == 4
FAIL: gcc.dg/guality/sra-1.c   -O2 -flto -fno-use-linker-plugin -flto-partition=none  -DPREVENT_OPTIMIZATION line 43 a.i == 4
FAIL: gcc.dg/guality/sra-1.c   -O2 -flto -fuse-linker-plugin -fno-fat-lto-objects  -DPREVENT_OPTIMIZATION line 43 a.i == 4
FAIL: gcc.dg/guality/sra-1.c   -O3 -g  -DPREVENT_OPTIMIZATION  line 43 a.i == 4
FAIL: gcc.dg/guality/sra-1.c   -Os  -DPREVENT_OPTIMIZATION  line 43 a.i == 4
FAIL: gcc.dg/guality/sra-1.c  -Og -DPREVENT_OPTIMIZATION  line 21 a.i == 4
FAIL: gcc.dg/guality/sra-1.c  -Og -DPREVENT_OPTIMIZATION  line 21 a.j == 14
FAIL: gcc.dg/guality/sra-1.c  -Og -DPREVENT_OPTIMIZATION  line 32 a[0] == 4
FAIL: gcc.dg/guality/sra-1.c  -Og -DPREVENT_OPTIMIZATION  line 32 a[1] == 14
FAIL: gcc.dg/guality/sra-1.c  -Og -DPREVENT_OPTIMIZATION  line 43 a.i == 4
FAIL: gcc.dg/guality/sra-1.c  -Og -DPREVENT_OPTIMIZATION  line 43 a.j == 14
FAIL: gcc.dg/guality/vla-1.c   -O1  -DPREVENT_OPTIMIZATION  line 17 sizeof (a) == 6
FAIL: gcc.dg/guality/vla-1.c   -O2  -DPREVENT_OPTIMIZATION  line 17 sizeof (a) == 6
FAIL: gcc.dg/guality/vla-1.c   -O2 -flto -fno-use-linker-plugin -flto-partition=none  -DPREVENT_OPTIMIZATION line 17 sizeof (a) == 6
FAIL: gcc.dg/guality/vla-1.c   -O2 -flto -fuse-linker-plugin -fno-fat-lto-objects  -DPREVENT_OPTIMIZATION line 17 sizeof (a) == 6
FAIL: gcc.dg/guality/vla-1.c   -O3 -g  -DPREVENT_OPTIMIZATION  line 17 sizeof (a) == 6
FAIL: gcc.dg/guality/vla-1.c   -Os  -DPREVENT_OPTIMIZATION  line 17 sizeof (a) == 6
FAIL: gcc.dg/torture/inf-compare-1.c   -O0  execution test
FAIL: gcc.dg/torture/inf-compare-1.c   -O1  execution test
FAIL: gcc.dg/torture/inf-compare-1.c   -O2  execution test
FAIL: gcc.dg/torture/inf-compare-1.c   -O2 -flto -fno-use-linker-plugin -flto-partition=none  execution test
FAIL: gcc.dg/torture/inf-compare-1.c   -O2 -flto -fuse-linker-plugin -fno-fat-lto-objects  execution test
FAIL: gcc.dg/torture/inf-compare-1.c   -O3 -g  execution test
FAIL: gcc.dg/torture/inf-compare-1.c   -Os  execution test
FAIL: gcc.dg/torture/inf-compare-2.c   -O0  execution test
FAIL: gcc.dg/torture/inf-compare-2.c   -O1  execution test
FAIL: gcc.dg/torture/inf-compare-2.c   -O2  execution test
FAIL: gcc.dg/torture/inf-compare-2.c   -O2 -flto -fno-use-linker-plugin -flto-partition=none  execution test
FAIL: gcc.dg/torture/inf-compare-2.c   -O2 -flto -fuse-linker-plugin -fno-fat-lto-objects  execution test
FAIL: gcc.dg/torture/inf-compare-2.c   -O3 -g  execution test
FAIL: gcc.dg/torture/inf-compare-2.c   -Os  execution test
FAIL: gcc.dg/torture/inf-compare-3.c   -O0  execution test
FAIL: gcc.dg/torture/inf-compare-3.c   -O1  execution test
FAIL: gcc.dg/torture/inf-compare-3.c   -O2  execution test
FAIL: gcc.dg/torture/inf-compare-3.c   -O2 -flto -fno-use-linker-plugin -flto-partition=none  execution test
FAIL: gcc.dg/torture/inf-compare-3.c   -O2 -flto -fuse-linker-plugin -fno-fat-lto-objects  execution test
FAIL: gcc.dg/torture/inf-compare-3.c   -O3 -g  execution test
FAIL: gcc.dg/torture/inf-compare-3.c   -Os  execution test
FAIL: gcc.dg/torture/inf-compare-4.c   -O0  execution test
FAIL: gcc.dg/torture/inf-compare-4.c   -O1  execution test
FAIL: gcc.dg/torture/inf-compare-4.c   -O2  execution test
FAIL: gcc.dg/torture/inf-compare-4.c   -O2 -flto -fno-use-linker-plugin -flto-partition=none  execution test
FAIL: gcc.dg/torture/inf-compare-4.c   -O2 -flto -fuse-linker-plugin -fno-fat-lto-objects  execution test
FAIL: gcc.dg/torture/inf-compare-4.c   -O3 -g  execution test
FAIL: gcc.dg/torture/inf-compare-4.c   -Os  execution test
FAIL: gcc.dg/torture/pr52451.c   -O0  execution test
FAIL: gcc.dg/torture/pr52451.c   -O1  execution test
FAIL: gcc.dg/torture/pr52451.c   -O2  execution test
FAIL: gcc.dg/torture/pr52451.c   -O2 -flto -fno-use-linker-plugin -flto-partition=none  execution test
FAIL: gcc.dg/torture/pr52451.c   -O2 -flto -fuse-linker-plugin -fno-fat-lto-objects  execution test
FAIL: gcc.dg/torture/pr52451.c   -O3 -g  execution test
FAIL: gcc.dg/torture/pr52451.c   -Os  execution test
FAIL: gcc.dg/torture/stackalign/setjmp-1.c   -O2  execution test
FAIL: gcc.dg/torture/stackalign/setjmp-1.c   -O2 -flto -fno-use-linker-plugin -flto-partition=none  execution test
FAIL: gcc.dg/torture/stackalign/setjmp-1.c   -O2 -flto -fno-use-linker-plugin -flto-partition=none -fpic execution test
FAIL: gcc.dg/torture/stackalign/setjmp-1.c   -O2 -flto -fuse-linker-plugin -fno-fat-lto-objects  execution test
FAIL: gcc.dg/torture/stackalign/setjmp-1.c   -O2 -flto -fuse-linker-plugin -fno-fat-lto-objects -fpic execution test
FAIL: gcc.dg/torture/stackalign/setjmp-1.c   -O2 -fpic execution test
FAIL: gcc.dg/torture/stackalign/setjmp-1.c   -O3 -fomit-frame-pointer -funroll-loops -fpeel-loops -ftracer -finline-functions  execution test
FAIL: gcc.dg/torture/stackalign/setjmp-1.c   -O3 -fomit-frame-pointer -funroll-loops -fpeel-loops -ftracer -finline-functions -fpic execution test
FAIL: gcc.dg/torture/stackalign/setjmp-1.c   -O3 -g  execution test
FAIL: gcc.dg/torture/stackalign/setjmp-1.c   -O3 -g -fpic execution test
FAIL: gcc.dg/tree-ssa/phi-opt-11.c scan-tree-dump-times optimized "if" 2
FAIL: gcc.dg/tree-ssa/pr84512.c scan-tree-dump optimized "return 285;"
FAIL: gcc.dg/ubsan/pr79904-2.c   -O0  (internal compiler error)
FAIL: gcc.dg/ubsan/pr79904-2.c   -O0  (test for excess errors)
FAIL: gcc.dg/ubsan/pr79904-2.c   -O1  (internal compiler error)
FAIL: gcc.dg/ubsan/pr79904-2.c   -O1  (test for excess errors)
FAIL: gcc.dg/ubsan/pr79904-2.c   -O2  (internal compiler error)
FAIL: gcc.dg/ubsan/pr79904-2.c   -O2  (test for excess errors)
FAIL: gcc.dg/ubsan/pr79904-2.c   -O2 -flto -fno-use-linker-plugin -flto-partition=none  (internal compiler error)
FAIL: gcc.dg/ubsan/pr79904-2.c   -O2 -flto -fno-use-linker-plugin -flto-partition=none  (test for excess errors)
FAIL: gcc.dg/ubsan/pr79904-2.c   -O3 -g  (internal compiler error)
FAIL: gcc.dg/ubsan/pr79904-2.c   -O3 -g  (test for excess errors)
FAIL: gcc.dg/ubsan/pr79904-2.c   -Os  (internal compiler error)
FAIL: gcc.dg/ubsan/pr79904-2.c   -Os  (test for excess errors)
XPASS: gcc.dg/vect/vect-24.c -flto -ffat-lto-objects  scan-tree-dump-times vect "vectorized 3 loops" 1
XPASS: gcc.dg/vect/vect-24.c scan-tree-dump-times vect "vectorized 3 loops" 1
FAIL: gcc.target/s390/load-and-test-fp-1.c scan-assembler cdbr\\t
FAIL: gcc.target/s390/md/andc-splitter-1.c  -O1   scan-assembler :16 .* {\\\\*anddi3}
FAIL: gcc.target/s390/md/andc-splitter-1.c  -O1   scan-assembler :16 .* {\\\\*xordi3}
FAIL: gcc.target/s390/md/andc-splitter-1.c  -O1   scan-assembler :22 .* {\\\\*anddi3}
FAIL: gcc.target/s390/md/andc-splitter-1.c  -O1   scan-assembler :22 .* {\\\\*xordi3}
FAIL: gcc.target/s390/md/andc-splitter-1.c  -O1   scan-assembler :28 .* {\\\\*anddi3}
FAIL: gcc.target/s390/md/andc-splitter-1.c  -O1   scan-assembler :28 .* {\\\\*xordi3}
FAIL: gcc.target/s390/md/andc-splitter-1.c  -O1   scan-assembler :34 .* {\\\\*anddi3}
FAIL: gcc.target/s390/md/andc-splitter-1.c  -O1   scan-assembler :34 .* {\\\\*xordi3}
FAIL: gcc.target/s390/md/andc-splitter-1.c  -O1 -march=z13   scan-assembler :16 .* {\\\\*anddi3}
FAIL: gcc.target/s390/md/andc-splitter-1.c  -O1 -march=z13   scan-assembler :16 .* {\\\\*xordi3}
FAIL: gcc.target/s390/md/andc-splitter-1.c  -O1 -march=z13   scan-assembler :22 .* {\\\\*anddi3}
FAIL: gcc.target/s390/md/andc-splitter-1.c  -O1 -march=z13   scan-assembler :22 .* {\\\\*xordi3}
FAIL: gcc.target/s390/md/andc-splitter-1.c  -O1 -march=z13   scan-assembler :28 .* {\\\\*anddi3}
FAIL: gcc.target/s390/md/andc-splitter-1.c  -O1 -march=z13   scan-assembler :28 .* {\\\\*xordi3}
FAIL: gcc.target/s390/md/andc-splitter-1.c  -O1 -march=z13   scan-assembler :34 .* {\\\\*anddi3}
FAIL: gcc.target/s390/md/andc-splitter-1.c  -O1 -march=z13   scan-assembler :34 .* {\\\\*xordi3}
FAIL: gcc.target/s390/md/andc-splitter-1.c  -O1 -march=z900   scan-assembler :16 .* {\\\\*anddi3}
FAIL: gcc.target/s390/md/andc-splitter-1.c  -O1 -march=z900   scan-assembler :16 .* {\\\\*xordi3}
FAIL: gcc.target/s390/md/andc-splitter-1.c  -O1 -march=z900   scan-assembler :22 .* {\\\\*anddi3}
FAIL: gcc.target/s390/md/andc-splitter-1.c  -O1 -march=z900   scan-assembler :22 .* {\\\\*xordi3}
FAIL: gcc.target/s390/md/andc-splitter-1.c  -O1 -march=z900   scan-assembler :28 .* {\\\\*anddi3}
FAIL: gcc.target/s390/md/andc-splitter-1.c  -O1 -march=z900   scan-assembler :28 .* {\\\\*xordi3}
FAIL: gcc.target/s390/md/andc-splitter-1.c  -O1 -march=z900   scan-assembler :34 .* {\\\\*anddi3}
FAIL: gcc.target/s390/md/andc-splitter-1.c  -O1 -march=z900   scan-assembler :34 .* {\\\\*xordi3}
FAIL: gcc.target/s390/md/andc-splitter-1.c  -O2   scan-assembler :16 .* {\\\\*anddi3}
FAIL: gcc.target/s390/md/andc-splitter-1.c  -O2   scan-assembler :16 .* {\\\\*xordi3}
FAIL: gcc.target/s390/md/andc-splitter-1.c  -O2   scan-assembler :22 .* {\\\\*anddi3}
FAIL: gcc.target/s390/md/andc-splitter-1.c  -O2   scan-assembler :22 .* {\\\\*xordi3}
FAIL: gcc.target/s390/md/andc-splitter-1.c  -O2   scan-assembler :28 .* {\\\\*anddi3}
FAIL: gcc.target/s390/md/andc-splitter-1.c  -O2   scan-assembler :28 .* {\\\\*xordi3}
FAIL: gcc.target/s390/md/andc-splitter-1.c  -O2   scan-assembler :34 .* {\\\\*anddi3}
FAIL: gcc.target/s390/md/andc-splitter-1.c  -O2   scan-assembler :34 .* {\\\\*xordi3}
FAIL: gcc.target/s390/md/andc-splitter-1.c  -O2 -march=z13   scan-assembler :16 .* {\\\\*anddi3}
FAIL: gcc.target/s390/md/andc-splitter-1.c  -O2 -march=z13   scan-assembler :16 .* {\\\\*xordi3}
FAIL: gcc.target/s390/md/andc-splitter-1.c  -O2 -march=z13   scan-assembler :22 .* {\\\\*anddi3}
FAIL: gcc.target/s390/md/andc-splitter-1.c  -O2 -march=z13   scan-assembler :22 .* {\\\\*xordi3}
FAIL: gcc.target/s390/md/andc-splitter-1.c  -O2 -march=z13   scan-assembler :28 .* {\\\\*anddi3}
FAIL: gcc.target/s390/md/andc-splitter-1.c  -O2 -march=z13   scan-assembler :28 .* {\\\\*xordi3}
FAIL: gcc.target/s390/md/andc-splitter-1.c  -O2 -march=z13   scan-assembler :34 .* {\\\\*anddi3}
FAIL: gcc.target/s390/md/andc-splitter-1.c  -O2 -march=z13   scan-assembler :34 .* {\\\\*xordi3}
FAIL: gcc.target/s390/md/andc-splitter-1.c  -O2 -march=z900   scan-assembler :16 .* {\\\\*anddi3}
FAIL: gcc.target/s390/md/andc-splitter-1.c  -O2 -march=z900   scan-assembler :16 .* {\\\\*xordi3}
FAIL: gcc.target/s390/md/andc-splitter-1.c  -O2 -march=z900   scan-assembler :22 .* {\\\\*anddi3}
FAIL: gcc.target/s390/md/andc-splitter-1.c  -O2 -march=z900   scan-assembler :22 .* {\\\\*xordi3}
FAIL: gcc.target/s390/md/andc-splitter-1.c  -O2 -march=z900   scan-assembler :28 .* {\\\\*anddi3}
FAIL: gcc.target/s390/md/andc-splitter-1.c  -O2 -march=z900   scan-assembler :28 .* {\\\\*xordi3}
FAIL: gcc.target/s390/md/andc-splitter-1.c  -O2 -march=z900   scan-assembler :34 .* {\\\\*anddi3}
FAIL: gcc.target/s390/md/andc-splitter-1.c  -O2 -march=z900   scan-assembler :34 .* {\\\\*xordi3}
FAIL: gcc.target/s390/md/andc-splitter-1.c  -O3   scan-assembler :16 .* {\\\\*anddi3}
FAIL: gcc.target/s390/md/andc-splitter-1.c  -O3   scan-assembler :16 .* {\\\\*xordi3}
FAIL: gcc.target/s390/md/andc-splitter-1.c  -O3   scan-assembler :22 .* {\\\\*anddi3}
FAIL: gcc.target/s390/md/andc-splitter-1.c  -O3   scan-assembler :22 .* {\\\\*xordi3}
FAIL: gcc.target/s390/md/andc-splitter-1.c  -O3   scan-assembler :28 .* {\\\\*anddi3}
FAIL: gcc.target/s390/md/andc-splitter-1.c  -O3   scan-assembler :28 .* {\\\\*xordi3}
FAIL: gcc.target/s390/md/andc-splitter-1.c  -O3   scan-assembler :34 .* {\\\\*anddi3}
FAIL: gcc.target/s390/md/andc-splitter-1.c  -O3   scan-assembler :34 .* {\\\\*xordi3}
FAIL: gcc.target/s390/md/andc-splitter-1.c  -O3 -march=z13   scan-assembler :16 .* {\\\\*anddi3}
FAIL: gcc.target/s390/md/andc-splitter-1.c  -O3 -march=z13   scan-assembler :16 .* {\\\\*xordi3}
FAIL: gcc.target/s390/md/andc-splitter-1.c  -O3 -march=z13   scan-assembler :22 .* {\\\\*anddi3}
FAIL: gcc.target/s390/md/andc-splitter-1.c  -O3 -march=z13   scan-assembler :22 .* {\\\\*xordi3}
FAIL: gcc.target/s390/md/andc-splitter-1.c  -O3 -march=z13   scan-assembler :28 .* {\\\\*anddi3}
FAIL: gcc.target/s390/md/andc-splitter-1.c  -O3 -march=z13   scan-assembler :28 .* {\\\\*xordi3}
FAIL: gcc.target/s390/md/andc-splitter-1.c  -O3 -march=z13   scan-assembler :34 .* {\\\\*anddi3}
FAIL: gcc.target/s390/md/andc-splitter-1.c  -O3 -march=z13   scan-assembler :34 .* {\\\\*xordi3}
FAIL: gcc.target/s390/md/andc-splitter-1.c  -O3 -march=z900   scan-assembler :16 .* {\\\\*anddi3}
FAIL: gcc.target/s390/md/andc-splitter-1.c  -O3 -march=z900   scan-assembler :16 .* {\\\\*xordi3}
FAIL: gcc.target/s390/md/andc-splitter-1.c  -O3 -march=z900   scan-assembler :22 .* {\\\\*anddi3}
FAIL: gcc.target/s390/md/andc-splitter-1.c  -O3 -march=z900   scan-assembler :22 .* {\\\\*xordi3}
FAIL: gcc.target/s390/md/andc-splitter-1.c  -O3 -march=z900   scan-assembler :28 .* {\\\\*anddi3}
FAIL: gcc.target/s390/md/andc-splitter-1.c  -O3 -march=z900   scan-assembler :28 .* {\\\\*xordi3}
FAIL: gcc.target/s390/md/andc-splitter-1.c  -O3 -march=z900   scan-assembler :34 .* {\\\\*anddi3}
FAIL: gcc.target/s390/md/andc-splitter-1.c  -O3 -march=z900   scan-assembler :34 .* {\\\\*xordi3}
FAIL: gcc.target/s390/md/andc-splitter-1.c  -Os   scan-assembler :16 .* {\\\\*anddi3}
FAIL: gcc.target/s390/md/andc-splitter-1.c  -Os   scan-assembler :16 .* {\\\\*xordi3}
FAIL: gcc.target/s390/md/andc-splitter-1.c  -Os   scan-assembler :22 .* {\\\\*anddi3}
FAIL: gcc.target/s390/md/andc-splitter-1.c  -Os   scan-assembler :22 .* {\\\\*xordi3}
FAIL: gcc.target/s390/md/andc-splitter-1.c  -Os   scan-assembler :28 .* {\\\\*anddi3}
FAIL: gcc.target/s390/md/andc-splitter-1.c  -Os   scan-assembler :28 .* {\\\\*xordi3}
FAIL: gcc.target/s390/md/andc-splitter-1.c  -Os   scan-assembler :34 .* {\\\\*anddi3}
FAIL: gcc.target/s390/md/andc-splitter-1.c  -Os   scan-assembler :34 .* {\\\\*xordi3}
FAIL: gcc.target/s390/md/andc-splitter-1.c  -Os -march=z13   scan-assembler :16 .* {\\\\*anddi3}
FAIL: gcc.target/s390/md/andc-splitter-1.c  -Os -march=z13   scan-assembler :16 .* {\\\\*xordi3}
FAIL: gcc.target/s390/md/andc-splitter-1.c  -Os -march=z13   scan-assembler :22 .* {\\\\*anddi3}
FAIL: gcc.target/s390/md/andc-splitter-1.c  -Os -march=z13   scan-assembler :22 .* {\\\\*xordi3}
FAIL: gcc.target/s390/md/andc-splitter-1.c  -Os -march=z13   scan-assembler :28 .* {\\\\*anddi3}
FAIL: gcc.target/s390/md/andc-splitter-1.c  -Os -march=z13   scan-assembler :28 .* {\\\\*xordi3}
FAIL: gcc.target/s390/md/andc-splitter-1.c  -Os -march=z13   scan-assembler :34 .* {\\\\*anddi3}
FAIL: gcc.target/s390/md/andc-splitter-1.c  -Os -march=z13   scan-assembler :34 .* {\\\\*xordi3}
FAIL: gcc.target/s390/md/andc-splitter-1.c  -Os -march=z900   scan-assembler :16 .* {\\\\*anddi3}
FAIL: gcc.target/s390/md/andc-splitter-1.c  -Os -march=z900   scan-assembler :16 .* {\\\\*xordi3}
FAIL: gcc.target/s390/md/andc-splitter-1.c  -Os -march=z900   scan-assembler :22 .* {\\\\*anddi3}
FAIL: gcc.target/s390/md/andc-splitter-1.c  -Os -march=z900   scan-assembler :22 .* {\\\\*xordi3}
FAIL: gcc.target/s390/md/andc-splitter-1.c  -Os -march=z900   scan-assembler :28 .* {\\\\*anddi3}
FAIL: gcc.target/s390/md/andc-splitter-1.c  -Os -march=z900   scan-assembler :28 .* {\\\\*xordi3}
FAIL: gcc.target/s390/md/andc-splitter-1.c  -Os -march=z900   scan-assembler :34 .* {\\\\*anddi3}
FAIL: gcc.target/s390/md/andc-splitter-1.c  -Os -march=z900   scan-assembler :34 .* {\\\\*xordi3}
FAIL: gcc.target/s390/md/andc-splitter-2.c  -O1   scan-assembler :16 .* {\\\\*andsi3_(esa|zarch)}
FAIL: gcc.target/s390/md/andc-splitter-2.c  -O1   scan-assembler :16 .* {\\\\*xorsi3}
FAIL: gcc.target/s390/md/andc-splitter-2.c  -O1   scan-assembler :22 .* {\\\\*andsi3_(esa|zarch)}
FAIL: gcc.target/s390/md/andc-splitter-2.c  -O1   scan-assembler :22 .* {\\\\*xorsi3}
FAIL: gcc.target/s390/md/andc-splitter-2.c  -O1   scan-assembler :28 .* {\\\\*andsi3_(esa|zarch)}
FAIL: gcc.target/s390/md/andc-splitter-2.c  -O1   scan-assembler :28 .* {\\\\*xorsi3}
FAIL: gcc.target/s390/md/andc-splitter-2.c  -O1   scan-assembler :34 .* {\\\\*andsi3_(esa|zarch)}
FAIL: gcc.target/s390/md/andc-splitter-2.c  -O1   scan-assembler :34 .* {\\\\*xorsi3}
FAIL: gcc.target/s390/md/andc-splitter-2.c  -O1 -march=z13   scan-assembler :16 .* {\\\\*andsi3_(esa|zarch)}
FAIL: gcc.target/s390/md/andc-splitter-2.c  -O1 -march=z13   scan-assembler :16 .* {\\\\*xorsi3}
FAIL: gcc.target/s390/md/andc-splitter-2.c  -O1 -march=z13   scan-assembler :22 .* {\\\\*andsi3_(esa|zarch)}
FAIL: gcc.target/s390/md/andc-splitter-2.c  -O1 -march=z13   scan-assembler :22 .* {\\\\*xorsi3}
FAIL: gcc.target/s390/md/andc-splitter-2.c  -O1 -march=z13   scan-assembler :28 .* {\\\\*andsi3_(esa|zarch)}
FAIL: gcc.target/s390/md/andc-splitter-2.c  -O1 -march=z13   scan-assembler :28 .* {\\\\*xorsi3}
FAIL: gcc.target/s390/md/andc-splitter-2.c  -O1 -march=z13   scan-assembler :34 .* {\\\\*andsi3_(esa|zarch)}
FAIL: gcc.target/s390/md/andc-splitter-2.c  -O1 -march=z13   scan-assembler :34 .* {\\\\*xorsi3}
FAIL: gcc.target/s390/md/andc-splitter-2.c  -O1 -march=z900   scan-assembler :16 .* {\\\\*andsi3_(esa|zarch)}
FAIL: gcc.target/s390/md/andc-splitter-2.c  -O1 -march=z900   scan-assembler :16 .* {\\\\*xorsi3}
FAIL: gcc.target/s390/md/andc-splitter-2.c  -O1 -march=z900   scan-assembler :22 .* {\\\\*andsi3_(esa|zarch)}
FAIL: gcc.target/s390/md/andc-splitter-2.c  -O1 -march=z900   scan-assembler :22 .* {\\\\*xorsi3}
FAIL: gcc.target/s390/md/andc-splitter-2.c  -O1 -march=z900   scan-assembler :28 .* {\\\\*andsi3_(esa|zarch)}
FAIL: gcc.target/s390/md/andc-splitter-2.c  -O1 -march=z900   scan-assembler :28 .* {\\\\*xorsi3}
FAIL: gcc.target/s390/md/andc-splitter-2.c  -O1 -march=z900   scan-assembler :34 .* {\\\\*andsi3_(esa|zarch)}
FAIL: gcc.target/s390/md/andc-splitter-2.c  -O1 -march=z900   scan-assembler :34 .* {\\\\*xorsi3}
FAIL: gcc.target/s390/md/andc-splitter-2.c  -O2   scan-assembler :16 .* {\\\\*andsi3_(esa|zarch)}
FAIL: gcc.target/s390/md/andc-splitter-2.c  -O2   scan-assembler :16 .* {\\\\*xorsi3}
FAIL: gcc.target/s390/md/andc-splitter-2.c  -O2   scan-assembler :22 .* {\\\\*andsi3_(esa|zarch)}
FAIL: gcc.target/s390/md/andc-splitter-2.c  -O2   scan-assembler :22 .* {\\\\*xorsi3}
FAIL: gcc.target/s390/md/andc-splitter-2.c  -O2   scan-assembler :28 .* {\\\\*andsi3_(esa|zarch)}
FAIL: gcc.target/s390/md/andc-splitter-2.c  -O2   scan-assembler :28 .* {\\\\*xorsi3}
FAIL: gcc.target/s390/md/andc-splitter-2.c  -O2   scan-assembler :34 .* {\\\\*andsi3_(esa|zarch)}
FAIL: gcc.target/s390/md/andc-splitter-2.c  -O2   scan-assembler :34 .* {\\\\*xorsi3}
FAIL: gcc.target/s390/md/andc-splitter-2.c  -O2 -march=z13   scan-assembler :16 .* {\\\\*andsi3_(esa|zarch)}
FAIL: gcc.target/s390/md/andc-splitter-2.c  -O2 -march=z13   scan-assembler :16 .* {\\\\*xorsi3}
FAIL: gcc.target/s390/md/andc-splitter-2.c  -O2 -march=z13   scan-assembler :22 .* {\\\\*andsi3_(esa|zarch)}
FAIL: gcc.target/s390/md/andc-splitter-2.c  -O2 -march=z13   scan-assembler :22 .* {\\\\*xorsi3}
FAIL: gcc.target/s390/md/andc-splitter-2.c  -O2 -march=z13   scan-assembler :28 .* {\\\\*andsi3_(esa|zarch)}
FAIL: gcc.target/s390/md/andc-splitter-2.c  -O2 -march=z13   scan-assembler :28 .* {\\\\*xorsi3}
FAIL: gcc.target/s390/md/andc-splitter-2.c  -O2 -march=z13   scan-assembler :34 .* {\\\\*andsi3_(esa|zarch)}
FAIL: gcc.target/s390/md/andc-splitter-2.c  -O2 -march=z13   scan-assembler :34 .* {\\\\*xorsi3}
FAIL: gcc.target/s390/md/andc-splitter-2.c  -O2 -march=z900   scan-assembler :16 .* {\\\\*andsi3_(esa|zarch)}
FAIL: gcc.target/s390/md/andc-splitter-2.c  -O2 -march=z900   scan-assembler :16 .* {\\\\*xorsi3}
FAIL: gcc.target/s390/md/andc-splitter-2.c  -O2 -march=z900   scan-assembler :22 .* {\\\\*andsi3_(esa|zarch)}
FAIL: gcc.target/s390/md/andc-splitter-2.c  -O2 -march=z900   scan-assembler :22 .* {\\\\*xorsi3}
FAIL: gcc.target/s390/md/andc-splitter-2.c  -O2 -march=z900   scan-assembler :28 .* {\\\\*andsi3_(esa|zarch)}
FAIL: gcc.target/s390/md/andc-splitter-2.c  -O2 -march=z900   scan-assembler :28 .* {\\\\*xorsi3}
FAIL: gcc.target/s390/md/andc-splitter-2.c  -O2 -march=z900   scan-assembler :34 .* {\\\\*andsi3_(esa|zarch)}
FAIL: gcc.target/s390/md/andc-splitter-2.c  -O2 -march=z900   scan-assembler :34 .* {\\\\*xorsi3}
FAIL: gcc.target/s390/md/andc-splitter-2.c  -O3   scan-assembler :16 .* {\\\\*andsi3_(esa|zarch)}
FAIL: gcc.target/s390/md/andc-splitter-2.c  -O3   scan-assembler :16 .* {\\\\*xorsi3}
FAIL: gcc.target/s390/md/andc-splitter-2.c  -O3   scan-assembler :22 .* {\\\\*andsi3_(esa|zarch)}
FAIL: gcc.target/s390/md/andc-splitter-2.c  -O3   scan-assembler :22 .* {\\\\*xorsi3}
FAIL: gcc.target/s390/md/andc-splitter-2.c  -O3   scan-assembler :28 .* {\\\\*andsi3_(esa|zarch)}
FAIL: gcc.target/s390/md/andc-splitter-2.c  -O3   scan-assembler :28 .* {\\\\*xorsi3}
FAIL: gcc.target/s390/md/andc-splitter-2.c  -O3   scan-assembler :34 .* {\\\\*andsi3_(esa|zarch)}
FAIL: gcc.target/s390/md/andc-splitter-2.c  -O3   scan-assembler :34 .* {\\\\*xorsi3}
FAIL: gcc.target/s390/md/andc-splitter-2.c  -O3 -march=z13   scan-assembler :16 .* {\\\\*andsi3_(esa|zarch)}
FAIL: gcc.target/s390/md/andc-splitter-2.c  -O3 -march=z13   scan-assembler :16 .* {\\\\*xorsi3}
FAIL: gcc.target/s390/md/andc-splitter-2.c  -O3 -march=z13   scan-assembler :22 .* {\\\\*andsi3_(esa|zarch)}
FAIL: gcc.target/s390/md/andc-splitter-2.c  -O3 -march=z13   scan-assembler :22 .* {\\\\*xorsi3}
FAIL: gcc.target/s390/md/andc-splitter-2.c  -O3 -march=z13   scan-assembler :28 .* {\\\\*andsi3_(esa|zarch)}
FAIL: gcc.target/s390/md/andc-splitter-2.c  -O3 -march=z13   scan-assembler :28 .* {\\\\*xorsi3}
FAIL: gcc.target/s390/md/andc-splitter-2.c  -O3 -march=z13   scan-assembler :34 .* {\\\\*andsi3_(esa|zarch)}
FAIL: gcc.target/s390/md/andc-splitter-2.c  -O3 -march=z13   scan-assembler :34 .* {\\\\*xorsi3}
FAIL: gcc.target/s390/md/andc-splitter-2.c  -O3 -march=z900   scan-assembler :16 .* {\\\\*andsi3_(esa|zarch)}
FAIL: gcc.target/s390/md/andc-splitter-2.c  -O3 -march=z900   scan-assembler :16 .* {\\\\*xorsi3}
FAIL: gcc.target/s390/md/andc-splitter-2.c  -O3 -march=z900   scan-assembler :22 .* {\\\\*andsi3_(esa|zarch)}
FAIL: gcc.target/s390/md/andc-splitter-2.c  -O3 -march=z900   scan-assembler :22 .* {\\\\*xorsi3}
FAIL: gcc.target/s390/md/andc-splitter-2.c  -O3 -march=z900   scan-assembler :28 .* {\\\\*andsi3_(esa|zarch)}
FAIL: gcc.target/s390/md/andc-splitter-2.c  -O3 -march=z900   scan-assembler :28 .* {\\\\*xorsi3}
FAIL: gcc.target/s390/md/andc-splitter-2.c  -O3 -march=z900   scan-assembler :34 .* {\\\\*andsi3_(esa|zarch)}
FAIL: gcc.target/s390/md/andc-splitter-2.c  -O3 -march=z900   scan-assembler :34 .* {\\\\*xorsi3}
FAIL: gcc.target/s390/md/andc-splitter-2.c  -Os   scan-assembler :16 .* {\\\\*andsi3_(esa|zarch)}
FAIL: gcc.target/s390/md/andc-splitter-2.c  -Os   scan-assembler :16 .* {\\\\*xorsi3}
FAIL: gcc.target/s390/md/andc-splitter-2.c  -Os   scan-assembler :22 .* {\\\\*andsi3_(esa|zarch)}
FAIL: gcc.target/s390/md/andc-splitter-2.c  -Os   scan-assembler :22 .* {\\\\*xorsi3}
FAIL: gcc.target/s390/md/andc-splitter-2.c  -Os   scan-assembler :28 .* {\\\\*andsi3_(esa|zarch)}
FAIL: gcc.target/s390/md/andc-splitter-2.c  -Os   scan-assembler :28 .* {\\\\*xorsi3}
FAIL: gcc.target/s390/md/andc-splitter-2.c  -Os   scan-assembler :34 .* {\\\\*andsi3_(esa|zarch)}
FAIL: gcc.target/s390/md/andc-splitter-2.c  -Os   scan-assembler :34 .* {\\\\*xorsi3}
FAIL: gcc.target/s390/md/andc-splitter-2.c  -Os -march=z13   scan-assembler :16 .* {\\\\*andsi3_(esa|zarch)}
FAIL: gcc.target/s390/md/andc-splitter-2.c  -Os -march=z13   scan-assembler :16 .* {\\\\*xorsi3}
FAIL: gcc.target/s390/md/andc-splitter-2.c  -Os -march=z13   scan-assembler :22 .* {\\\\*andsi3_(esa|zarch)}
FAIL: gcc.target/s390/md/andc-splitter-2.c  -Os -march=z13   scan-assembler :22 .* {\\\\*xorsi3}
FAIL: gcc.target/s390/md/andc-splitter-2.c  -Os -march=z13   scan-assembler :28 .* {\\\\*andsi3_(esa|zarch)}
FAIL: gcc.target/s390/md/andc-splitter-2.c  -Os -march=z13   scan-assembler :28 .* {\\\\*xorsi3}
FAIL: gcc.target/s390/md/andc-splitter-2.c  -Os -march=z13   scan-assembler :34 .* {\\\\*andsi3_(esa|zarch)}
FAIL: gcc.target/s390/md/andc-splitter-2.c  -Os -march=z13   scan-assembler :34 .* {\\\\*xorsi3}
FAIL: gcc.target/s390/md/andc-splitter-2.c  -Os -march=z900   scan-assembler :16 .* {\\\\*andsi3_(esa|zarch)}
FAIL: gcc.target/s390/md/andc-splitter-2.c  -Os -march=z900   scan-assembler :16 .* {\\\\*xorsi3}
FAIL: gcc.target/s390/md/andc-splitter-2.c  -Os -march=z900   scan-assembler :22 .* {\\\\*andsi3_(esa|zarch)}
FAIL: gcc.target/s390/md/andc-splitter-2.c  -Os -march=z900   scan-assembler :22 .* {\\\\*xorsi3}
FAIL: gcc.target/s390/md/andc-splitter-2.c  -Os -march=z900   scan-assembler :28 .* {\\\\*andsi3_(esa|zarch)}
FAIL: gcc.target/s390/md/andc-splitter-2.c  -Os -march=z900   scan-assembler :28 .* {\\\\*xorsi3}
FAIL: gcc.target/s390/md/andc-splitter-2.c  -Os -march=z900   scan-assembler :34 .* {\\\\*andsi3_(esa|zarch)}
FAIL: gcc.target/s390/md/andc-splitter-2.c  -Os -march=z900   scan-assembler :34 .* {\\\\*xorsi3}
FAIL: gcc.target/s390/md/rXsbg_mode_sXl.c  -O1 -march=z13   scan-assembler-times rosbg\\t%r.,%r.,32\\\\+2,63,64-2 1
FAIL: gcc.target/s390/md/rXsbg_mode_sXl.c  -O1 -march=z13   scan-assembler-times rxsbg\\t%r.,%r.,32\\\\+2,63,64-2 1
FAIL: gcc.target/s390/md/rXsbg_mode_sXl.c  -O2 -march=z13   scan-assembler-times rosbg\\t%r.,%r.,32\\\\+2,63,64-2 1
FAIL: gcc.target/s390/md/rXsbg_mode_sXl.c  -O2 -march=z13   scan-assembler-times rxsbg\\t%r.,%r.,32\\\\+2,63,64-2 1
FAIL: gcc.target/s390/md/rXsbg_mode_sXl.c  -O3 -march=z13   scan-assembler-times rosbg\\t%r.,%r.,32\\\\+2,63,64-2 1
FAIL: gcc.target/s390/md/rXsbg_mode_sXl.c  -O3 -march=z13   scan-assembler-times rxsbg\\t%r.,%r.,32\\\\+2,63,64-2 1
FAIL: gcc.target/s390/md/rXsbg_mode_sXl.c  -Os -march=z13   scan-assembler-times rosbg\\t%r.,%r.,32\\\\+2,63,64-2 1
FAIL: gcc.target/s390/md/rXsbg_mode_sXl.c  -Os -march=z13   scan-assembler-times rxsbg\\t%r.,%r.,32\\\\+2,63,64-2 1
FAIL: gcc.target/s390/md/setmem_long-1.c  -O1   scan-assembler-times c"?:16 .*{[*]setmem_long_?3?1?z?} 1
FAIL: gcc.target/s390/md/setmem_long-1.c  -O1   scan-assembler-times c"?:22 .*{[*]setmem_long_and_?3?1?z?} 1
FAIL: gcc.target/s390/md/setmem_long-1.c  -O1 -march=z13   scan-assembler-times c"?:16 .*{[*]setmem_long_?3?1?z?} 1
FAIL: gcc.target/s390/md/setmem_long-1.c  -O1 -march=z13   scan-assembler-times c"?:22 .*{[*]setmem_long_and_?3?1?z?} 1
FAIL: gcc.target/s390/md/setmem_long-1.c  -O2   scan-assembler-times c"?:16 .*{[*]setmem_long_?3?1?z?} 1
FAIL: gcc.target/s390/md/setmem_long-1.c  -O2   scan-assembler-times c"?:22 .*{[*]setmem_long_and_?3?1?z?} 1
FAIL: gcc.target/s390/md/setmem_long-1.c  -O2 -march=z13   scan-assembler-times c"?:16 .*{[*]setmem_long_?3?1?z?} 1
FAIL: gcc.target/s390/md/setmem_long-1.c  -O2 -march=z13   scan-assembler-times c"?:22 .*{[*]setmem_long_and_?3?1?z?} 1
FAIL: gcc.target/s390/md/setmem_long-1.c  -O3   scan-assembler-times c"?:16 .*{[*]setmem_long_?3?1?z?} 1
FAIL: gcc.target/s390/md/setmem_long-1.c  -O3   scan-assembler-times c"?:22 .*{[*]setmem_long_and_?3?1?z?} 1
FAIL: gcc.target/s390/md/setmem_long-1.c  -O3 -march=z13   scan-assembler-times c"?:16 .*{[*]setmem_long_?3?1?z?} 1
FAIL: gcc.target/s390/md/setmem_long-1.c  -O3 -march=z13   scan-assembler-times c"?:22 .*{[*]setmem_long_and_?3?1?z?} 1
FAIL: gcc.target/s390/md/setmem_long-1.c  -Os   scan-assembler-times c"?:16 .*{[*]setmem_long_?3?1?z?} 1
FAIL: gcc.target/s390/md/setmem_long-1.c  -Os   scan-assembler-times c"?:22 .*{[*]setmem_long_and_?3?1?z?} 1
FAIL: gcc.target/s390/md/setmem_long-1.c  -Os -march=z13   scan-assembler-times c"?:16 .*{[*]setmem_long_?3?1?z?} 1
FAIL: gcc.target/s390/md/setmem_long-1.c  -Os -march=z13   scan-assembler-times c"?:22 .*{[*]setmem_long_and_?3?1?z?} 1
FAIL: gcc.target/s390/nobp-return-mem-z900.c scan-assembler jgle\\t__s390_indirect_jump
FAIL: gcc.target/s390/risbg-ll-1.c scan-assembler f19:\\n\\tsra\\t%r2,28\\n\\trisbg\\t%r2,%r2,59,128\\\\+62,0
FAIL: gcc.target/s390/risbg-ll-1.c scan-assembler f24:\\n\\tnilf\\t%r2,254\\n\\trll\\t%r2,%r2,29
FAIL: gcc.target/s390/risbg-ll-1.c scan-assembler f26:\\n\\tnill\\t%r2,65487\\n\\trll\\t%r2,%r2,5
FAIL: gcc.target/s390/risbg-ll-1.c scan-assembler f27:\\n\\trisbg\\t%r2,%r2,55,128\\\\+52,5
FAIL: gcc.target/s390/risbg-ll-1.c scan-assembler f43:\\n\\trisbg\\t%r2,%r2,32,128\\\\+61,64-12
FAIL: gcc.target/s390/risbg-ll-2.c scan-assembler f3:\\n\\trisbg\\t%r2,%r3,64-4,63,4\\\\+52
FAIL: gcc.target/s390/risbg-ll-2.c scan-assembler f4:\\n\\trisbg\\t%r2,%r3,60,60\\\\+4-1,128-60-4-8
FAIL: gcc.target/s390/risbg-ll-2.c scan-assembler f9:\\n\\trisbg\\t%r3,%r2,48,63,64-48
FAIL: gcc.target/s390/risbg-ll-3.c scan-assembler f1:\\n\\trisbgn\\t%r2,%r3,60,60\\\\+3-1,128-60-3-1

		=== gcc Summary for unix/-m64 ===

# of expected passes		128272
# of unexpected failures	523
# of unexpected successes	27
# of expected failures		506
# of unsupported tests		2854

		=== gcc Summary ===

# of expected passes		254505
# of unexpected failures	883
# of unexpected successes	49
# of expected failures		1009
# of unsupported tests		6038
-default/gcc/xgcc  version 9.0.0 20181031 (experimental) (GCC) 

		=== gfortran tests ===


Running target unix/-m31
FAIL: gfortran.dg/graphite/vect-pr40979.f90   -O   scan-tree-dump-times vect "vectorized 1 loops" 1
FAIL: gfortran.dg/vect/fast-math-mgrid-resid.f   -O   scan-tree-dump pcom "Executing predictive commoning without unrolling"
FAIL: gfortran.dg/vect/fast-math-mgrid-resid.f   -O   scan-tree-dump pcom "vectp_u.*__lsm.* = PHI <.*vectp_u.*__lsm"
FAIL: gfortran.dg/vect/fast-math-pr38968.f90   -O   scan-tree-dump vect "vectorized 1 loops"
FAIL: gfortran.dg/vect/fast-math-rnflow-trs2a2.f90   -O   scan-tree-dump-times vect "vectorized 2 loops" 1
FAIL: gfortran.dg/vect/pr62283.f   -O   scan-tree-dump-times vect "vectorized 1 loops" 2
FAIL: gfortran.dg/vect/vect-8.f90   -O   scan-tree-dump-times vect "vectorized 17 loops" 1

		=== gfortran Summary for unix/-m31 ===

# of expected passes		47161
# of unexpected failures	7
# of expected failures		103
# of unsupported tests		244

Running target unix/-m64
FAIL: gfortran.dg/graphite/vect-pr40979.f90   -O   scan-tree-dump-times vect "vectorized 1 loops" 1
FAIL: gfortran.dg/vect/fast-math-mgrid-resid.f   -O   scan-tree-dump pcom "Executing predictive commoning without unrolling"
FAIL: gfortran.dg/vect/fast-math-mgrid-resid.f   -O   scan-tree-dump pcom "vectp_u.*__lsm.* = PHI <.*vectp_u.*__lsm"
FAIL: gfortran.dg/vect/fast-math-pr38968.f90   -O   scan-tree-dump vect "vectorized 1 loops"
FAIL: gfortran.dg/vect/fast-math-rnflow-trs2a2.f90   -O   scan-tree-dump-times vect "vectorized 2 loops" 1
FAIL: gfortran.dg/vect/pr62283.f   -O   scan-tree-dump-times vect "vectorized 1 loops" 2
FAIL: gfortran.dg/vect/vect-8.f90   -O   scan-tree-dump-times vect "vectorized 17 loops" 1

		=== gfortran Summary for unix/-m64 ===

# of expected passes		47408
# of unexpected failures	7
# of expected failures		103
# of unsupported tests		123

		=== gfortran Summary ===

# of expected passes		94569
# of unexpected failures	14
# of expected failures		206
# of unsupported tests		367
-default/gcc/gfortran  version 9.0.0 20181031 (experimental) (GCC) 

		=== g++ tests ===


Running target unix/-m31
FAIL: c-c++-common/asan/pointer-compare-1.c   -O0  output pattern test
FAIL: c-c++-common/asan/pointer-compare-1.c   -O1  output pattern test
FAIL: c-c++-common/asan/pointer-compare-1.c   -O2  output pattern test
FAIL: c-c++-common/asan/pointer-compare-1.c   -O2 -flto -fno-use-linker-plugin -flto-partition=none  output pattern test
FAIL: c-c++-common/asan/pointer-compare-1.c   -O2 -flto -fuse-linker-plugin -fno-fat-lto-objects  output pattern test
FAIL: c-c++-common/asan/pointer-compare-1.c   -O3 -g  output pattern test
FAIL: c-c++-common/asan/pointer-compare-1.c   -Os  output pattern test
FAIL: c-c++-common/asan/pointer-subtract-3.c   -O0  execution test
FAIL: c-c++-common/asan/pointer-subtract-3.c   -O1  execution test
FAIL: c-c++-common/asan/pointer-subtract-3.c   -O2  execution test
FAIL: c-c++-common/asan/pointer-subtract-3.c   -O2 -flto -fno-use-linker-plugin -flto-partition=none  execution test
FAIL: c-c++-common/asan/pointer-subtract-3.c   -O2 -flto -fuse-linker-plugin -fno-fat-lto-objects  execution test
FAIL: c-c++-common/asan/pointer-subtract-3.c   -O3 -g  execution test
FAIL: c-c++-common/asan/pointer-subtract-3.c   -Os  execution test
FAIL: c-c++-common/asan/pr64820.c   -O0  output pattern test
FAIL: c-c++-common/asan/pr64820.c   -O1  output pattern test
FAIL: c-c++-common/asan/pr64820.c   -O2  output pattern test
FAIL: c-c++-common/asan/pr64820.c   -O2 -flto -fno-use-linker-plugin -flto-partition=none  output pattern test
FAIL: c-c++-common/asan/pr64820.c   -O2 -flto -fuse-linker-plugin -fno-fat-lto-objects  output pattern test
FAIL: c-c++-common/asan/pr64820.c   -O3 -g  output pattern test
FAIL: c-c++-common/asan/pr64820.c   -Os  output pattern test
FAIL: c-c++-common/asan/use-after-return-1.c   -O0  output pattern test
FAIL: c-c++-common/asan/use-after-return-1.c   -O1  output pattern test
FAIL: c-c++-common/asan/use-after-return-1.c   -O2  output pattern test
FAIL: c-c++-common/asan/use-after-return-1.c   -O2 -flto -fno-use-linker-plugin -flto-partition=none  output pattern test
FAIL: c-c++-common/asan/use-after-return-1.c   -O2 -flto -fuse-linker-plugin -fno-fat-lto-objects  output pattern test
FAIL: c-c++-common/asan/use-after-return-1.c   -O3 -g  output pattern test
FAIL: c-c++-common/asan/use-after-return-1.c   -Os  output pattern test
FAIL: g++.dg/asan/function-argument-3.C   -O0  output pattern test
FAIL: g++.dg/asan/function-argument-3.C   -O1  output pattern test
FAIL: g++.dg/asan/function-argument-3.C   -O2  output pattern test
FAIL: g++.dg/asan/function-argument-3.C   -O2 -flto -fno-use-linker-plugin -flto-partition=none  output pattern test
FAIL: g++.dg/asan/function-argument-3.C   -O2 -flto -fuse-linker-plugin -fno-fat-lto-objects  execution test
FAIL: g++.dg/asan/function-argument-3.C   -O3 -g  output pattern test
FAIL: g++.dg/asan/function-argument-3.C   -Os  output pattern test
UNRESOLVED: g++.dg/ext/pr82625.C  -std=gnu++14  scan-tree-dump-times optimized "return 4096;" 1
UNRESOLVED: g++.dg/ext/pr82625.C  -std=gnu++14  scan-tree-dump-times optimized "return 8192;" 1
FAIL: g++.dg/ext/pr82625.C  -std=gnu++14 (test for excess errors)
UNRESOLVED: g++.dg/ext/pr82625.C  -std=gnu++17  scan-tree-dump-times optimized "return 4096;" 1
UNRESOLVED: g++.dg/ext/pr82625.C  -std=gnu++17  scan-tree-dump-times optimized "return 8192;" 1
FAIL: g++.dg/ext/pr82625.C  -std=gnu++17 (test for excess errors)
UNRESOLVED: g++.dg/ext/pr82625.C  -std=gnu++98  scan-tree-dump-times optimized "return 4096;" 1
UNRESOLVED: g++.dg/ext/pr82625.C  -std=gnu++98  scan-tree-dump-times optimized "return 8192;" 1
FAIL: g++.dg/ext/pr82625.C  -std=gnu++98 (test for excess errors)
FAIL: g++.dg/pr83239.C  -std=gnu++98 (test for excess errors)

		=== g++ Summary for unix/-m31 ===

# of expected passes		124424
# of unexpected failures	39
# of expected failures		531
# of unresolved testcases	6
# of unsupported tests		5968

Running target unix/-m64
FAIL: g++.dg/asan/function-argument-3.C   -O0  execution test
FAIL: g++.dg/asan/function-argument-3.C   -O1  execution test
FAIL: g++.dg/asan/function-argument-3.C   -O2  execution test
FAIL: g++.dg/asan/function-argument-3.C   -O2 -flto -fno-use-linker-plugin -flto-partition=none  execution test
FAIL: g++.dg/asan/function-argument-3.C   -O2 -flto -fuse-linker-plugin -fno-fat-lto-objects  output pattern test
FAIL: g++.dg/asan/function-argument-3.C   -O3 -g  execution test
FAIL: g++.dg/asan/function-argument-3.C   -Os  execution test
FAIL: c-c++-common/pr59037.c  -std=gnu++14 (internal compiler error)
FAIL: c-c++-common/pr59037.c  -std=gnu++14 (test for excess errors)
FAIL: c-c++-common/pr59037.c  -std=gnu++17 (internal compiler error)
FAIL: c-c++-common/pr59037.c  -std=gnu++17 (test for excess errors)
FAIL: c-c++-common/pr59037.c  -std=gnu++98 (internal compiler error)
FAIL: c-c++-common/pr59037.c  -std=gnu++98 (test for excess errors)
UNRESOLVED: g++.dg/ext/pr82625.C  -std=gnu++14  scan-tree-dump-times optimized "return 4096;" 1
UNRESOLVED: g++.dg/ext/pr82625.C  -std=gnu++14  scan-tree-dump-times optimized "return 8192;" 1
FAIL: g++.dg/ext/pr82625.C  -std=gnu++14 (test for excess errors)
UNRESOLVED: g++.dg/ext/pr82625.C  -std=gnu++17  scan-tree-dump-times optimized "return 4096;" 1
UNRESOLVED: g++.dg/ext/pr82625.C  -std=gnu++17  scan-tree-dump-times optimized "return 8192;" 1
FAIL: g++.dg/ext/pr82625.C  -std=gnu++17 (test for excess errors)
UNRESOLVED: g++.dg/ext/pr82625.C  -std=gnu++98  scan-tree-dump-times optimized "return 4096;" 1
UNRESOLVED: g++.dg/ext/pr82625.C  -std=gnu++98  scan-tree-dump-times optimized "return 8192;" 1
FAIL: g++.dg/ext/pr82625.C  -std=gnu++98 (test for excess errors)
FAIL: g++.dg/pr83239.C  -std=gnu++98 (test for excess errors)
FAIL: g++.dg/guality/pr55665.C   -O2  line 23 p == 40
FAIL: g++.dg/guality/pr55665.C   -O2 -flto -fno-use-linker-plugin -flto-partition=none  line 23 p == 40
FAIL: g++.dg/guality/pr55665.C   -O3 -g  line 23 p == 40

		=== g++ Summary for unix/-m64 ===

# of expected passes		126413
# of unexpected failures	20
# of expected failures		534
# of unresolved testcases	6
# of unsupported tests		5906

		=== g++ Summary ===

# of expected passes		250837
# of unexpected failures	59
# of expected failures		1065
# of unresolved testcases	12
# of unsupported tests		11874
-default/gcc/xg++  version 9.0.0 20181031 (experimental) (GCC) 

		=== gnat tests ===


Running target unix/-m31
FAIL: gnat.dg/frame_overflow.adb  (test for errors, line 14)
FAIL: gnat.dg/frame_overflow.adb  (test for errors, line 5)
FAIL: gnat.dg/frame_overflow.adb (test for excess errors)
FAIL: gnat.dg/frame_overflow2.adb  (test for errors, line 5)
FAIL: gnat.dg/frame_overflow2.adb (test for excess errors)
FAIL: gnat.dg/specs/atomic1.ads  (test for errors, line 13)
FAIL: gnat.dg/specs/atomic1.ads  (test for errors, line 9)

		=== gnat Summary for unix/-m31 ===

# of expected passes		2885
# of unexpected failures	7
# of expected failures		24
# of unsupported tests		21

Running target unix/-m64

		=== gnat Summary for unix/-m64 ===

# of expected passes		2892
# of expected failures		24
# of unsupported tests		21

		=== gnat Summary ===

# of expected passes		5777
# of unexpected failures	7
# of expected failures		48
# of unsupported tests		42
-default/gcc/gnatmake version 9.0.0 20181031 (experimental)

		=== obj-c++ tests ===


Running target unix/-m31

		=== obj-c++ Summary for unix/-m31 ===

# of expected passes		1464
# of expected failures		2
# of unsupported tests		77

Running target unix/-m64

		=== obj-c++ Summary for unix/-m64 ===

# of expected passes		1456
# of expected failures		10
# of unsupported tests		77

		=== obj-c++ Summary ===

# of expected passes		2920
# of expected failures		12
# of unsupported tests		154
-default/gcc/xg++  version 9.0.0 20181031 (experimental) (GCC) 

		=== objc tests ===


Running target unix/-m31

		=== objc Summary for unix/-m31 ===

# of expected passes		2803
# of unsupported tests		68

Running target unix/-m64

		=== objc Summary for unix/-m64 ===

# of expected passes		2803
# of unsupported tests		68

		=== objc Summary ===

# of expected passes		5606
# of unsupported tests		136
-default/gcc/xgcc  version 9.0.0 20181031 (experimental) (GCC) 

		=== libatomic tests ===


Running target unix/-m31

		=== libatomic Summary for unix/-m31 ===

# of expected passes		44
# of unsupported tests		5

Running target unix/-m64

		=== libatomic Summary for unix/-m64 ===

# of expected passes		54

		=== libatomic Summary ===

# of expected passes		98
# of unsupported tests		5
		=== libgomp tests ===


Running target unix/-m31

		=== libgomp Summary for unix/-m31 ===

# of expected passes		5990
# of expected failures		1
# of unsupported tests		395

Running target unix/-m64

		=== libgomp Summary for unix/-m64 ===

# of expected passes		5990
# of expected failures		1
# of unsupported tests		395

		=== libgomp Summary ===

# of expected passes		11980
# of expected failures		2
# of unsupported tests		790
		=== libitm tests ===


Running target unix/-m31

		=== libitm Summary for unix/-m31 ===

# of expected passes		42
# of expected failures		3
# of unsupported tests		1

Running target unix/-m64

		=== libitm Summary for unix/-m64 ===

# of expected passes		42
# of expected failures		3
# of unsupported tests		1

		=== libitm Summary ===

# of expected passes		84
# of expected failures		6
# of unsupported tests		2
		=== libstdc++ tests ===


Running target unix/-m31
FAIL: libstdc++-prettyprinters/80276.cc whatis p4
FAIL: libstdc++-prettyprinters/80276.cc whatis p4
FAIL: libstdc++-prettyprinters/cxx17.cc print p
FAIL: libstdc++-prettyprinters/cxx17.cc print p
FAIL: libstdc++-prettyprinters/cxx17.cc print q
FAIL: libstdc++-prettyprinters/cxx17.cc print q
FAIL: libstdc++-prettyprinters/cxx17.cc print wp
FAIL: libstdc++-prettyprinters/cxx17.cc print wp
FAIL: libstdc++-prettyprinters/cxx17.cc print wq
FAIL: libstdc++-prettyprinters/cxx17.cc print wq
FAIL: libstdc++-prettyprinters/shared_ptr.cc print sp1
FAIL: libstdc++-prettyprinters/shared_ptr.cc print sp1
FAIL: libstdc++-prettyprinters/shared_ptr.cc print wp1
FAIL: libstdc++-prettyprinters/shared_ptr.cc print wp1
FAIL: libstdc++-prettyprinters/shared_ptr.cc print wp2
FAIL: libstdc++-prettyprinters/shared_ptr.cc print wp2

		=== libstdc++ Summary for unix/-m31 ===

# of expected passes		12784
# of unexpected failures	16
# of expected failures		77
# of unsupported tests		551

Running target unix/-m64
FAIL: libstdc++-prettyprinters/80276.cc whatis p4
FAIL: libstdc++-prettyprinters/80276.cc whatis p4
FAIL: libstdc++-prettyprinters/cxx17.cc print p
FAIL: libstdc++-prettyprinters/cxx17.cc print p
FAIL: libstdc++-prettyprinters/cxx17.cc print q
FAIL: libstdc++-prettyprinters/cxx17.cc print q
FAIL: libstdc++-prettyprinters/cxx17.cc print wp
FAIL: libstdc++-prettyprinters/cxx17.cc print wp
FAIL: libstdc++-prettyprinters/cxx17.cc print wq
FAIL: libstdc++-prettyprinters/cxx17.cc print wq
FAIL: libstdc++-prettyprinters/shared_ptr.cc print sp1
FAIL: libstdc++-prettyprinters/shared_ptr.cc print sp1
FAIL: libstdc++-prettyprinters/shared_ptr.cc print wp1
FAIL: libstdc++-prettyprinters/shared_ptr.cc print wp1
FAIL: libstdc++-prettyprinters/shared_ptr.cc print wp2
FAIL: libstdc++-prettyprinters/shared_ptr.cc print wp2

		=== libstdc++ Summary for unix/-m64 ===

# of expected passes		12784
# of unexpected failures	16
# of expected failures		77
# of unsupported tests		551

		=== libstdc++ Summary ===

# of expected passes		25568
# of unexpected failures	32
# of expected failures		154
# of unsupported tests		1102

Version: 9.0.0 20181031 (experimental) (GCC) 
Platform: s390x-ibm-linux-gnu default
configure flags: --enable-shared --with-system-zlib --enable-threads=posix --enable-__cxa_atexit --enable-checking --with-diagnostics-color=never --prefix=/home/dailybuild/gnu-dailybuild/arena/20181031/gcc-head/install-s390x-default --enable-languages=c,c++,objc,obj-c++,fortran,ada --with-mode=zarch
GCC version: 



More information about the Gcc-testresults mailing list