Results for 7.3.0 (Debian 7.3.0-30) testsuite on i686-pc-linux-gnu

Matthias Klose doko@debian.org
Wed Oct 31 17:58:00 GMT 2018


LAST_UPDATED: Tue Oct 30 12:38:00 UTC 2018 (revision 265622)

		=== acats tests ===

		=== acats Summary ===
# of expected passes		2320
# of unexpected failures	0
Native configuration is i686-pc-linux-gnu

		=== brig tests ===


Running target unix

		=== brig Summary ===

# of unsupported tests		1
		=== g++ tests ===


Running target unix
FAIL: g++.dg/abi/anon1.C  -std=c++11  scan-assembler-not globl
FAIL: g++.dg/abi/anon1.C  -std=c++14  scan-assembler-not globl
FAIL: g++.dg/abi/anon1.C  -std=c++98  scan-assembler-not globl
FAIL: g++.dg/abi/anon4.C  -std=c++11  scan-assembler-not comdat
FAIL: g++.dg/abi/anon4.C  -std=c++14  scan-assembler-not comdat
FAIL: g++.dg/abi/anon4.C  -std=c++98  scan-assembler-not comdat
FAIL: g++.dg/pr71694.C  -std=gnu++11  scan-assembler-not movl
FAIL: g++.dg/pr71694.C  -std=gnu++14  scan-assembler-not movl
FAIL: g++.dg/pr71694.C  -std=gnu++98  scan-assembler-not movl
FAIL: g++.dg/stackprotectexplicit2.C  -std=gnu++11  scan-assembler-times stack_chk_fail 2
FAIL: g++.dg/stackprotectexplicit2.C  -std=gnu++14  scan-assembler-times stack_chk_fail 2
FAIL: g++.dg/stackprotectexplicit2.C  -std=gnu++98  scan-assembler-times stack_chk_fail 2
FAIL: g++.dg/guality/pr55665.C   -O2  line 23 p == 40
FAIL: g++.dg/guality/pr55665.C   -O3 -g  line 23 p == 40

		=== g++ Summary for unix ===

# of expected passes		113839
# of unexpected failures	14
# of expected failures		392
# of unsupported tests		4288

Running target unix/-fstack-protector
FAIL: g++.dg/asan/asan_test.C   -O2  AddressSanitizer_SimpleStackTest A[kSize + 1] = 0 output pattern test
FAIL: g++.dg/asan/asan_test.C   -O2  AddressSanitizer_SimpleStackTest A[kSize + 31] = 0 execution test
FAIL: g++.dg/asan/asan_test.C   -O2  AddressSanitizer_SimpleStackTest A[kSize + 31] = 0 execution test
FAIL: g++.dg/asan/asan_test.C   -O2  AddressSanitizer_SimpleStackTest A[kSize + 31] = 0 execution test
FAIL: g++.dg/asan/asan_test.C   -O2  AddressSanitizer_SimpleStackTest A[kSize + 31] = 0 execution test
FAIL: g++.dg/asan/asan_test.C   -O2  AddressSanitizer_SimpleStackTest A[kSize + 5] = 0 output pattern test
FAIL: g++.dg/asan/asan_test.C   -O2  AddressSanitizer_SimpleStackTest A[kSize] = 0 output pattern test
FAIL: g++.dg/abi/anon1.C  -std=c++11  scan-assembler-not globl
FAIL: g++.dg/abi/anon1.C  -std=c++14  scan-assembler-not globl
FAIL: g++.dg/abi/anon1.C  -std=c++98  scan-assembler-not globl
FAIL: g++.dg/abi/anon4.C  -std=c++11  scan-assembler-not comdat
FAIL: g++.dg/abi/anon4.C  -std=c++14  scan-assembler-not comdat
FAIL: g++.dg/abi/anon4.C  -std=c++98  scan-assembler-not comdat
FAIL: g++.dg/pr71694.C  -std=gnu++11  scan-assembler-not movl
FAIL: g++.dg/pr71694.C  -std=gnu++14  scan-assembler-not movl
FAIL: g++.dg/pr71694.C  -std=gnu++98  scan-assembler-not movl
FAIL: g++.dg/stackprotectexplicit2.C  -std=gnu++11  scan-assembler-times stack_chk_fail 2
FAIL: g++.dg/stackprotectexplicit2.C  -std=gnu++14  scan-assembler-times stack_chk_fail 2
FAIL: g++.dg/stackprotectexplicit2.C  -std=gnu++98  scan-assembler-times stack_chk_fail 2
FAIL: g++.dg/guality/pr55665.C   -O2  line 23 p == 40
FAIL: g++.dg/guality/pr55665.C   -O3 -g  line 23 p == 40

		=== g++ Summary for unix/-fstack-protector ===

# of expected passes		113828
# of unexpected failures	21
# of expected failures		392
# of unsupported tests		4288

		=== g++ Summary ===

# of expected passes		227667
# of unexpected failures	35
# of expected failures		784
# of unsupported tests		8576
/build/gcc-7-Eyh7bN/gcc-7-7.3.0/build/gcc/xg++  version 7.3.0 (Debian 7.3.0-30) 

		=== gcc tests ===


Running target unix
FAIL: gcc.dg/sibcall-11.c scan-assembler jmp
FAIL: gcc.dg/uninit-19.c  (test for warnings, line 23)
FAIL: gcc.dg/uninit-19.c (test for excess errors)
FAIL: gcc.dg/graphite/scop-19.c scan-tree-dump-times graphite "number of SCoPs: 0" 1
XPASS: gcc.dg/guality/example.c   -O0  execution test
XPASS: gcc.dg/guality/example.c   -O1  execution test
XPASS: gcc.dg/guality/guality.c   -O0  execution test
XPASS: gcc.dg/guality/guality.c   -O1  execution test
XPASS: gcc.dg/guality/guality.c   -O2  execution test
XPASS: gcc.dg/guality/guality.c   -O2 -flto -fno-use-linker-plugin -flto-partition=none  execution test
XPASS: gcc.dg/guality/guality.c   -O2 -flto -fuse-linker-plugin -fno-fat-lto-objects  execution test
XPASS: gcc.dg/guality/guality.c   -O3 -g  execution test
XPASS: gcc.dg/guality/guality.c   -Os  execution test
XPASS: gcc.dg/guality/inline-params.c   -O2  execution test
XPASS: gcc.dg/guality/inline-params.c   -O2 -flto -fno-use-linker-plugin -flto-partition=none  execution test
XPASS: gcc.dg/guality/inline-params.c   -O3 -g  execution test
XPASS: gcc.dg/guality/inline-params.c   -Os  execution test
FAIL: gcc.dg/guality/pr36728-1.c   -O2 -flto -fuse-linker-plugin -fno-fat-lto-objects  line 16 arg1 == 1
FAIL: gcc.dg/guality/pr36728-1.c   -O2 -flto -fuse-linker-plugin -fno-fat-lto-objects  line 16 arg2 == 2
FAIL: gcc.dg/guality/pr36728-1.c   -O2 -flto -fuse-linker-plugin -fno-fat-lto-objects  line 16 arg3 == 3
FAIL: gcc.dg/guality/pr36728-1.c   -O2 -flto -fuse-linker-plugin -fno-fat-lto-objects  line 16 arg4 == 4
FAIL: gcc.dg/guality/pr36728-1.c   -O2 -flto -fuse-linker-plugin -fno-fat-lto-objects  line 16 arg5 == 5
FAIL: gcc.dg/guality/pr36728-1.c   -O2 -flto -fuse-linker-plugin -fno-fat-lto-objects  line 16 arg6 == 6
FAIL: gcc.dg/guality/pr36728-1.c   -O2 -flto -fuse-linker-plugin -fno-fat-lto-objects  line 16 arg7 == 30
FAIL: gcc.dg/guality/pr36728-1.c   -O2 -flto -fuse-linker-plugin -fno-fat-lto-objects  line 18 arg1 == 1
FAIL: gcc.dg/guality/pr36728-1.c   -O2 -flto -fuse-linker-plugin -fno-fat-lto-objects  line 18 arg2 == 2
FAIL: gcc.dg/guality/pr36728-1.c   -O2 -flto -fuse-linker-plugin -fno-fat-lto-objects  line 18 arg3 == 3
FAIL: gcc.dg/guality/pr36728-1.c   -O2 -flto -fuse-linker-plugin -fno-fat-lto-objects  line 18 arg4 == 4
FAIL: gcc.dg/guality/pr36728-1.c   -O2 -flto -fuse-linker-plugin -fno-fat-lto-objects  line 18 arg5 == 5
FAIL: gcc.dg/guality/pr36728-1.c   -O2 -flto -fuse-linker-plugin -fno-fat-lto-objects  line 18 arg6 == 6
FAIL: gcc.dg/guality/pr36728-1.c   -O2 -flto -fuse-linker-plugin -fno-fat-lto-objects  line 18 arg7 == 30
FAIL: gcc.dg/guality/pr36728-1.c   -O3 -g  line 16 arg1 == 1
FAIL: gcc.dg/guality/pr36728-1.c   -O3 -g  line 16 arg2 == 2
FAIL: gcc.dg/guality/pr36728-1.c   -O3 -g  line 16 arg3 == 3
FAIL: gcc.dg/guality/pr36728-1.c   -O3 -g  line 16 arg4 == 4
FAIL: gcc.dg/guality/pr36728-1.c   -O3 -g  line 16 arg5 == 5
FAIL: gcc.dg/guality/pr36728-1.c   -O3 -g  line 16 arg6 == 6
FAIL: gcc.dg/guality/pr36728-1.c   -O3 -g  line 16 arg7 == 30
FAIL: gcc.dg/guality/pr36728-1.c   -O3 -g  line 18 arg1 == 1
FAIL: gcc.dg/guality/pr36728-1.c   -O3 -g  line 18 arg2 == 2
FAIL: gcc.dg/guality/pr36728-1.c   -O3 -g  line 18 arg3 == 3
FAIL: gcc.dg/guality/pr36728-1.c   -O3 -g  line 18 arg4 == 4
FAIL: gcc.dg/guality/pr36728-1.c   -O3 -g  line 18 arg5 == 5
FAIL: gcc.dg/guality/pr36728-1.c   -O3 -g  line 18 arg6 == 6
FAIL: gcc.dg/guality/pr36728-1.c   -O3 -g  line 18 arg7 == 30
FAIL: gcc.dg/guality/pr36728-2.c   -O1  line 18 *x == (char) 25
FAIL: gcc.dg/guality/pr36728-2.c   -O2  line 18 *x == (char) 25
FAIL: gcc.dg/guality/pr36728-2.c   -O2 -flto -fno-use-linker-plugin -flto-partition=none  line 18 *x == (char) 25
FAIL: gcc.dg/guality/pr36728-2.c   -O2 -flto -fuse-linker-plugin -fno-fat-lto-objects  line 16 arg1 == 1
FAIL: gcc.dg/guality/pr36728-2.c   -O2 -flto -fuse-linker-plugin -fno-fat-lto-objects  line 16 arg2 == 2
FAIL: gcc.dg/guality/pr36728-2.c   -O2 -flto -fuse-linker-plugin -fno-fat-lto-objects  line 16 arg3 == 3
FAIL: gcc.dg/guality/pr36728-2.c   -O2 -flto -fuse-linker-plugin -fno-fat-lto-objects  line 16 arg4 == 4
FAIL: gcc.dg/guality/pr36728-2.c   -O2 -flto -fuse-linker-plugin -fno-fat-lto-objects  line 16 arg5 == 5
FAIL: gcc.dg/guality/pr36728-2.c   -O2 -flto -fuse-linker-plugin -fno-fat-lto-objects  line 16 arg6 == 6
FAIL: gcc.dg/guality/pr36728-2.c   -O2 -flto -fuse-linker-plugin -fno-fat-lto-objects  line 16 arg7 == 30
FAIL: gcc.dg/guality/pr36728-2.c   -O2 -flto -fuse-linker-plugin -fno-fat-lto-objects  line 18 arg1 == 1
FAIL: gcc.dg/guality/pr36728-2.c   -O2 -flto -fuse-linker-plugin -fno-fat-lto-objects  line 18 arg2 == 2
FAIL: gcc.dg/guality/pr36728-2.c   -O2 -flto -fuse-linker-plugin -fno-fat-lto-objects  line 18 arg3 == 3
FAIL: gcc.dg/guality/pr36728-2.c   -O2 -flto -fuse-linker-plugin -fno-fat-lto-objects  line 18 arg4 == 4
FAIL: gcc.dg/guality/pr36728-2.c   -O2 -flto -fuse-linker-plugin -fno-fat-lto-objects  line 18 arg5 == 5
FAIL: gcc.dg/guality/pr36728-2.c   -O2 -flto -fuse-linker-plugin -fno-fat-lto-objects  line 18 arg6 == 6
FAIL: gcc.dg/guality/pr36728-2.c   -O2 -flto -fuse-linker-plugin -fno-fat-lto-objects  line 18 arg7 == 30
FAIL: gcc.dg/guality/pr36728-2.c   -O3 -g  line 16 arg1 == 1
FAIL: gcc.dg/guality/pr36728-2.c   -O3 -g  line 16 arg2 == 2
FAIL: gcc.dg/guality/pr36728-2.c   -O3 -g  line 16 arg3 == 3
FAIL: gcc.dg/guality/pr36728-2.c   -O3 -g  line 16 arg4 == 4
FAIL: gcc.dg/guality/pr36728-2.c   -O3 -g  line 16 arg5 == 5
FAIL: gcc.dg/guality/pr36728-2.c   -O3 -g  line 16 arg6 == 6
FAIL: gcc.dg/guality/pr36728-2.c   -O3 -g  line 16 arg7 == 30
FAIL: gcc.dg/guality/pr36728-2.c   -O3 -g  line 18 *x == (char) 25
FAIL: gcc.dg/guality/pr36728-2.c   -O3 -g  line 18 arg1 == 1
FAIL: gcc.dg/guality/pr36728-2.c   -O3 -g  line 18 arg2 == 2
FAIL: gcc.dg/guality/pr36728-2.c   -O3 -g  line 18 arg3 == 3
FAIL: gcc.dg/guality/pr36728-2.c   -O3 -g  line 18 arg4 == 4
FAIL: gcc.dg/guality/pr36728-2.c   -O3 -g  line 18 arg5 == 5
FAIL: gcc.dg/guality/pr36728-2.c   -O3 -g  line 18 arg6 == 6
FAIL: gcc.dg/guality/pr36728-2.c   -O3 -g  line 18 arg7 == 30
FAIL: gcc.dg/guality/pr36728-2.c   -Os  line 18 *x == (char) 25
FAIL: gcc.dg/guality/pr36728-3.c   -O2 -flto -fuse-linker-plugin -fno-fat-lto-objects  line 14 arg1 == 1
FAIL: gcc.dg/guality/pr36728-3.c   -O2 -flto -fuse-linker-plugin -fno-fat-lto-objects  line 14 arg2 == 2
FAIL: gcc.dg/guality/pr36728-3.c   -O2 -flto -fuse-linker-plugin -fno-fat-lto-objects  line 14 arg3 == 3
FAIL: gcc.dg/guality/pr36728-3.c   -O2 -flto -fuse-linker-plugin -fno-fat-lto-objects  line 14 arg4 == 4
FAIL: gcc.dg/guality/pr36728-3.c   -O2 -flto -fuse-linker-plugin -fno-fat-lto-objects  line 14 arg5 == 5
FAIL: gcc.dg/guality/pr36728-3.c   -O2 -flto -fuse-linker-plugin -fno-fat-lto-objects  line 14 arg6 == 6
FAIL: gcc.dg/guality/pr36728-3.c   -O2 -flto -fuse-linker-plugin -fno-fat-lto-objects  line 14 arg7 == 30
FAIL: gcc.dg/guality/pr36728-3.c   -O2 -flto -fuse-linker-plugin -fno-fat-lto-objects  line 16 arg1 == 1
FAIL: gcc.dg/guality/pr36728-3.c   -O2 -flto -fuse-linker-plugin -fno-fat-lto-objects  line 16 arg2 == 2
FAIL: gcc.dg/guality/pr36728-3.c   -O2 -flto -fuse-linker-plugin -fno-fat-lto-objects  line 16 arg3 == 3
FAIL: gcc.dg/guality/pr36728-3.c   -O2 -flto -fuse-linker-plugin -fno-fat-lto-objects  line 16 arg4 == 4
FAIL: gcc.dg/guality/pr36728-3.c   -O2 -flto -fuse-linker-plugin -fno-fat-lto-objects  line 16 arg5 == 5
FAIL: gcc.dg/guality/pr36728-3.c   -O2 -flto -fuse-linker-plugin -fno-fat-lto-objects  line 16 arg6 == 6
FAIL: gcc.dg/guality/pr36728-3.c   -O2 -flto -fuse-linker-plugin -fno-fat-lto-objects  line 16 arg7 == 30
FAIL: gcc.dg/guality/pr36728-3.c   -O3 -g  line 14 arg1 == 1
FAIL: gcc.dg/guality/pr36728-3.c   -O3 -g  line 14 arg2 == 2
FAIL: gcc.dg/guality/pr36728-3.c   -O3 -g  line 14 arg3 == 3
FAIL: gcc.dg/guality/pr36728-3.c   -O3 -g  line 14 arg4 == 4
FAIL: gcc.dg/guality/pr36728-3.c   -O3 -g  line 14 arg5 == 5
FAIL: gcc.dg/guality/pr36728-3.c   -O3 -g  line 14 arg6 == 6
FAIL: gcc.dg/guality/pr36728-3.c   -O3 -g  line 14 arg7 == 30
FAIL: gcc.dg/guality/pr36728-3.c   -O3 -g  line 16 arg1 == 1
FAIL: gcc.dg/guality/pr36728-3.c   -O3 -g  line 16 arg2 == 2
FAIL: gcc.dg/guality/pr36728-3.c   -O3 -g  line 16 arg3 == 3
FAIL: gcc.dg/guality/pr36728-3.c   -O3 -g  line 16 arg4 == 4
FAIL: gcc.dg/guality/pr36728-3.c   -O3 -g  line 16 arg5 == 5
FAIL: gcc.dg/guality/pr36728-3.c   -O3 -g  line 16 arg6 == 6
FAIL: gcc.dg/guality/pr36728-3.c   -O3 -g  line 16 arg7 == 30
FAIL: gcc.dg/guality/pr36728-4.c   -O2 -flto -fuse-linker-plugin -fno-fat-lto-objects  line 14 arg1 == 1
FAIL: gcc.dg/guality/pr36728-4.c   -O2 -flto -fuse-linker-plugin -fno-fat-lto-objects  line 14 arg2 == 2
FAIL: gcc.dg/guality/pr36728-4.c   -O2 -flto -fuse-linker-plugin -fno-fat-lto-objects  line 14 arg3 == 3
FAIL: gcc.dg/guality/pr36728-4.c   -O2 -flto -fuse-linker-plugin -fno-fat-lto-objects  line 14 arg4 == 4
FAIL: gcc.dg/guality/pr36728-4.c   -O2 -flto -fuse-linker-plugin -fno-fat-lto-objects  line 14 arg5 == 5
FAIL: gcc.dg/guality/pr36728-4.c   -O2 -flto -fuse-linker-plugin -fno-fat-lto-objects  line 14 arg6 == 6
FAIL: gcc.dg/guality/pr36728-4.c   -O2 -flto -fuse-linker-plugin -fno-fat-lto-objects  line 14 arg7 == 30
FAIL: gcc.dg/guality/pr36728-4.c   -O2 -flto -fuse-linker-plugin -fno-fat-lto-objects  line 16 arg1 == 1
FAIL: gcc.dg/guality/pr36728-4.c   -O2 -flto -fuse-linker-plugin -fno-fat-lto-objects  line 16 arg2 == 2
FAIL: gcc.dg/guality/pr36728-4.c   -O2 -flto -fuse-linker-plugin -fno-fat-lto-objects  line 16 arg3 == 3
FAIL: gcc.dg/guality/pr36728-4.c   -O2 -flto -fuse-linker-plugin -fno-fat-lto-objects  line 16 arg4 == 4
FAIL: gcc.dg/guality/pr36728-4.c   -O2 -flto -fuse-linker-plugin -fno-fat-lto-objects  line 16 arg5 == 5
FAIL: gcc.dg/guality/pr36728-4.c   -O2 -flto -fuse-linker-plugin -fno-fat-lto-objects  line 16 arg6 == 6
FAIL: gcc.dg/guality/pr36728-4.c   -O2 -flto -fuse-linker-plugin -fno-fat-lto-objects  line 16 arg7 == 30
FAIL: gcc.dg/guality/pr36728-4.c   -O3 -g  line 14 arg1 == 1
FAIL: gcc.dg/guality/pr36728-4.c   -O3 -g  line 14 arg2 == 2
FAIL: gcc.dg/guality/pr36728-4.c   -O3 -g  line 14 arg3 == 3
FAIL: gcc.dg/guality/pr36728-4.c   -O3 -g  line 14 arg4 == 4
FAIL: gcc.dg/guality/pr36728-4.c   -O3 -g  line 14 arg5 == 5
FAIL: gcc.dg/guality/pr36728-4.c   -O3 -g  line 14 arg6 == 6
FAIL: gcc.dg/guality/pr36728-4.c   -O3 -g  line 14 arg7 == 30
FAIL: gcc.dg/guality/pr36728-4.c   -O3 -g  line 16 arg1 == 1
FAIL: gcc.dg/guality/pr36728-4.c   -O3 -g  line 16 arg2 == 2
FAIL: gcc.dg/guality/pr36728-4.c   -O3 -g  line 16 arg3 == 3
FAIL: gcc.dg/guality/pr36728-4.c   -O3 -g  line 16 arg4 == 4
FAIL: gcc.dg/guality/pr36728-4.c   -O3 -g  line 16 arg5 == 5
FAIL: gcc.dg/guality/pr36728-4.c   -O3 -g  line 16 arg6 == 6
FAIL: gcc.dg/guality/pr36728-4.c   -O3 -g  line 16 arg7 == 30
XPASS: gcc.dg/guality/pr41353-1.c   -O0  line 28 j == 28 + 37
XPASS: gcc.dg/guality/pr41353-1.c   -O1  line 28 j == 28 + 37
XPASS: gcc.dg/guality/pr41353-1.c   -O2  line 28 j == 28 + 37
XPASS: gcc.dg/guality/pr41353-1.c   -O2 -flto -fno-use-linker-plugin -flto-partition=none  line 28 j == 28 + 37
XPASS: gcc.dg/guality/pr41353-1.c   -O2 -flto -fuse-linker-plugin -fno-fat-lto-objects  line 28 j == 28 + 37
XPASS: gcc.dg/guality/pr41353-1.c   -O3 -g  line 28 j == 28 + 37
XPASS: gcc.dg/guality/pr41353-1.c   -Os  line 28 j == 28 + 37
FAIL: gcc.dg/guality/pr41447-1.c   -O2  execution test
FAIL: gcc.dg/guality/pr41447-1.c   -O2 -flto -fno-use-linker-plugin -flto-partition=none  execution test
FAIL: gcc.dg/guality/pr41447-1.c   -O3 -g  execution test
FAIL: gcc.dg/guality/pr41447-1.c   -Os  execution test
FAIL: gcc.dg/guality/pr41616-1.c   -O2 -flto -fuse-linker-plugin -fno-fat-lto-objects  execution test
FAIL: gcc.dg/guality/pr45882.c   -O2 -flto -fuse-linker-plugin -fno-fat-lto-objects  line 16 d == 112
FAIL: gcc.dg/guality/pr45882.c   -O2 -flto -fuse-linker-plugin -fno-fat-lto-objects  line 16 e == 142
FAIL: gcc.dg/guality/pr54519-1.c   -O1  line 20 z == 6
FAIL: gcc.dg/guality/pr54519-1.c   -O1  line 23 z == 8
FAIL: gcc.dg/guality/pr54519-1.c   -O2  line 20 y == 25
FAIL: gcc.dg/guality/pr54519-1.c   -O2  line 20 z == 6
FAIL: gcc.dg/guality/pr54519-1.c   -O2  line 23 y == 117
FAIL: gcc.dg/guality/pr54519-1.c   -O2  line 23 z == 8
FAIL: gcc.dg/guality/pr54519-1.c   -O2 -flto -fno-use-linker-plugin -flto-partition=none  line 20 y == 25
FAIL: gcc.dg/guality/pr54519-1.c   -O2 -flto -fno-use-linker-plugin -flto-partition=none  line 20 z == 6
FAIL: gcc.dg/guality/pr54519-1.c   -O2 -flto -fno-use-linker-plugin -flto-partition=none  line 23 y == 117
FAIL: gcc.dg/guality/pr54519-1.c   -O2 -flto -fno-use-linker-plugin -flto-partition=none  line 23 z == 8
FAIL: gcc.dg/guality/pr54519-1.c   -Os  line 20 y == 25
FAIL: gcc.dg/guality/pr54519-1.c   -Os  line 20 z == 6
FAIL: gcc.dg/guality/pr54519-1.c   -Os  line 23 y == 117
FAIL: gcc.dg/guality/pr54519-1.c   -Os  line 23 z == 8
FAIL: gcc.dg/guality/pr54519-2.c   -O1  line 17 y == 25
FAIL: gcc.dg/guality/pr54519-2.c   -O2  line 17 y == 25
FAIL: gcc.dg/guality/pr54519-2.c   -O2 -flto -fno-use-linker-plugin -flto-partition=none  line 17 y == 25
FAIL: gcc.dg/guality/pr54519-2.c   -O2 -flto -fuse-linker-plugin -fno-fat-lto-objects  line 17 y == 25
FAIL: gcc.dg/guality/pr54519-2.c   -Os  line 17 y == 25
FAIL: gcc.dg/guality/pr54519-3.c   -O2 -flto -fno-use-linker-plugin -flto-partition=none  line 20 y == 25
FAIL: gcc.dg/guality/pr54519-3.c   -O2 -flto -fno-use-linker-plugin -flto-partition=none  line 20 z == 6
FAIL: gcc.dg/guality/pr54519-3.c   -O2 -flto -fno-use-linker-plugin -flto-partition=none  line 23 y == 117
FAIL: gcc.dg/guality/pr54519-3.c   -O2 -flto -fno-use-linker-plugin -flto-partition=none  line 23 z == 8
FAIL: gcc.dg/guality/pr54519-3.c   -O2 -flto -fuse-linker-plugin -fno-fat-lto-objects  line 20 y == 25
FAIL: gcc.dg/guality/pr54519-3.c   -O2 -flto -fuse-linker-plugin -fno-fat-lto-objects  line 20 z == 6
FAIL: gcc.dg/guality/pr54519-3.c   -O2 -flto -fuse-linker-plugin -fno-fat-lto-objects  line 23 y == 117
FAIL: gcc.dg/guality/pr54519-3.c   -O2 -flto -fuse-linker-plugin -fno-fat-lto-objects  line 23 z == 8
FAIL: gcc.dg/guality/pr54519-4.c   -O2 -flto -fno-use-linker-plugin -flto-partition=none  line 17 y == 25
FAIL: gcc.dg/guality/pr54519-4.c   -O2 -flto -fuse-linker-plugin -fno-fat-lto-objects  line 17 y == 25
FAIL: gcc.dg/guality/pr54519-5.c   -O1  line 17 y == 25
FAIL: gcc.dg/guality/pr54519-5.c   -O2  line 17 y == 25
FAIL: gcc.dg/guality/pr54519-5.c   -O2 -flto -fno-use-linker-plugin -flto-partition=none  line 17 y == 25
FAIL: gcc.dg/guality/pr54519-5.c   -O2 -flto -fuse-linker-plugin -fno-fat-lto-objects  line 17 y == 25
FAIL: gcc.dg/guality/pr54519-5.c   -Os  line 17 y == 25
FAIL: gcc.dg/guality/pr54796.c   -O2 -flto -fuse-linker-plugin -fno-fat-lto-objects  line 17 a == 5
FAIL: gcc.dg/guality/pr54796.c   -O2 -flto -fuse-linker-plugin -fno-fat-lto-objects  line 17 b == 6
FAIL: gcc.dg/guality/pr54796.c   -O2 -flto -fuse-linker-plugin -fno-fat-lto-objects  line 17 c == 5
FAIL: gcc.dg/guality/pr68860-1.c   -O1  line 14 arg1 == 1
FAIL: gcc.dg/guality/pr68860-1.c   -O1  line 14 arg2 == 2
FAIL: gcc.dg/guality/pr68860-1.c   -O1  line 16 arg1 == 1
FAIL: gcc.dg/guality/pr68860-1.c   -O1  line 16 arg2 == 2
FAIL: gcc.dg/guality/pr68860-1.c   -O2  line 14 arg1 == 1
FAIL: gcc.dg/guality/pr68860-1.c   -O2  line 14 arg2 == 2
FAIL: gcc.dg/guality/pr68860-1.c   -O2  line 14 arg3 == 3
FAIL: gcc.dg/guality/pr68860-1.c   -O2  line 14 arg4 == 4
FAIL: gcc.dg/guality/pr68860-1.c   -O2  line 14 arg5 == 5
FAIL: gcc.dg/guality/pr68860-1.c   -O2  line 14 arg6 == 6
FAIL: gcc.dg/guality/pr68860-1.c   -O2  line 14 arg7 == 30
FAIL: gcc.dg/guality/pr68860-1.c   -O2  line 16 arg1 == 1
FAIL: gcc.dg/guality/pr68860-1.c   -O2  line 16 arg2 == 2
FAIL: gcc.dg/guality/pr68860-1.c   -O2  line 16 arg3 == 3
FAIL: gcc.dg/guality/pr68860-1.c   -O2  line 16 arg4 == 4
FAIL: gcc.dg/guality/pr68860-1.c   -O2  line 16 arg5 == 5
FAIL: gcc.dg/guality/pr68860-1.c   -O2  line 16 arg6 == 6
FAIL: gcc.dg/guality/pr68860-1.c   -O2  line 16 arg7 == 30
FAIL: gcc.dg/guality/pr68860-1.c   -O2 -flto -fno-use-linker-plugin -flto-partition=none  line 14 arg1 == 1
FAIL: gcc.dg/guality/pr68860-1.c   -O2 -flto -fno-use-linker-plugin -flto-partition=none  line 14 arg2 == 2
FAIL: gcc.dg/guality/pr68860-1.c   -O2 -flto -fno-use-linker-plugin -flto-partition=none  line 14 arg3 == 3
FAIL: gcc.dg/guality/pr68860-1.c   -O2 -flto -fno-use-linker-plugin -flto-partition=none  line 14 arg4 == 4
FAIL: gcc.dg/guality/pr68860-1.c   -O2 -flto -fno-use-linker-plugin -flto-partition=none  line 14 arg5 == 5
FAIL: gcc.dg/guality/pr68860-1.c   -O2 -flto -fno-use-linker-plugin -flto-partition=none  line 14 arg6 == 6
FAIL: gcc.dg/guality/pr68860-1.c   -O2 -flto -fno-use-linker-plugin -flto-partition=none  line 14 arg7 == 30
FAIL: gcc.dg/guality/pr68860-1.c   -O2 -flto -fno-use-linker-plugin -flto-partition=none  line 16 arg1 == 1
FAIL: gcc.dg/guality/pr68860-1.c   -O2 -flto -fno-use-linker-plugin -flto-partition=none  line 16 arg2 == 2
FAIL: gcc.dg/guality/pr68860-1.c   -O2 -flto -fno-use-linker-plugin -flto-partition=none  line 16 arg3 == 3
FAIL: gcc.dg/guality/pr68860-1.c   -O2 -flto -fno-use-linker-plugin -flto-partition=none  line 16 arg4 == 4
FAIL: gcc.dg/guality/pr68860-1.c   -O2 -flto -fno-use-linker-plugin -flto-partition=none  line 16 arg5 == 5
FAIL: gcc.dg/guality/pr68860-1.c   -O2 -flto -fno-use-linker-plugin -flto-partition=none  line 16 arg6 == 6
FAIL: gcc.dg/guality/pr68860-1.c   -O2 -flto -fno-use-linker-plugin -flto-partition=none  line 16 arg7 == 30
FAIL: gcc.dg/guality/pr68860-1.c   -O2 -flto -fuse-linker-plugin -fno-fat-lto-objects  line 14 arg1 == 1
FAIL: gcc.dg/guality/pr68860-1.c   -O2 -flto -fuse-linker-plugin -fno-fat-lto-objects  line 14 arg2 == 2
FAIL: gcc.dg/guality/pr68860-1.c   -O2 -flto -fuse-linker-plugin -fno-fat-lto-objects  line 14 arg3 == 3
FAIL: gcc.dg/guality/pr68860-1.c   -O2 -flto -fuse-linker-plugin -fno-fat-lto-objects  line 14 arg4 == 4
FAIL: gcc.dg/guality/pr68860-1.c   -O2 -flto -fuse-linker-plugin -fno-fat-lto-objects  line 14 arg5 == 5
FAIL: gcc.dg/guality/pr68860-1.c   -O2 -flto -fuse-linker-plugin -fno-fat-lto-objects  line 14 arg6 == 6
FAIL: gcc.dg/guality/pr68860-1.c   -O2 -flto -fuse-linker-plugin -fno-fat-lto-objects  line 14 arg7 == 30
FAIL: gcc.dg/guality/pr68860-1.c   -O2 -flto -fuse-linker-plugin -fno-fat-lto-objects  line 16 arg1 == 1
FAIL: gcc.dg/guality/pr68860-1.c   -O2 -flto -fuse-linker-plugin -fno-fat-lto-objects  line 16 arg2 == 2
FAIL: gcc.dg/guality/pr68860-1.c   -O2 -flto -fuse-linker-plugin -fno-fat-lto-objects  line 16 arg3 == 3
FAIL: gcc.dg/guality/pr68860-1.c   -O2 -flto -fuse-linker-plugin -fno-fat-lto-objects  line 16 arg4 == 4
FAIL: gcc.dg/guality/pr68860-1.c   -O2 -flto -fuse-linker-plugin -fno-fat-lto-objects  line 16 arg5 == 5
FAIL: gcc.dg/guality/pr68860-1.c   -O2 -flto -fuse-linker-plugin -fno-fat-lto-objects  line 16 arg6 == 6
FAIL: gcc.dg/guality/pr68860-1.c   -O2 -flto -fuse-linker-plugin -fno-fat-lto-objects  line 16 arg7 == 30
FAIL: gcc.dg/guality/pr68860-1.c   -O3 -g  line 14 arg1 == 1
FAIL: gcc.dg/guality/pr68860-1.c   -O3 -g  line 14 arg2 == 2
FAIL: gcc.dg/guality/pr68860-1.c   -O3 -g  line 14 arg3 == 3
FAIL: gcc.dg/guality/pr68860-1.c   -O3 -g  line 14 arg4 == 4
FAIL: gcc.dg/guality/pr68860-1.c   -O3 -g  line 14 arg5 == 5
FAIL: gcc.dg/guality/pr68860-1.c   -O3 -g  line 14 arg6 == 6
FAIL: gcc.dg/guality/pr68860-1.c   -O3 -g  line 14 arg7 == 30
FAIL: gcc.dg/guality/pr68860-1.c   -O3 -g  line 16 arg1 == 1
FAIL: gcc.dg/guality/pr68860-1.c   -O3 -g  line 16 arg2 == 2
FAIL: gcc.dg/guality/pr68860-1.c   -O3 -g  line 16 arg3 == 3
FAIL: gcc.dg/guality/pr68860-1.c   -O3 -g  line 16 arg4 == 4
FAIL: gcc.dg/guality/pr68860-1.c   -O3 -g  line 16 arg5 == 5
FAIL: gcc.dg/guality/pr68860-1.c   -O3 -g  line 16 arg6 == 6
FAIL: gcc.dg/guality/pr68860-1.c   -O3 -g  line 16 arg7 == 30
FAIL: gcc.dg/guality/pr68860-1.c   -Os  line 14 arg1 == 1
FAIL: gcc.dg/guality/pr68860-1.c   -Os  line 14 arg2 == 2
FAIL: gcc.dg/guality/pr68860-1.c   -Os  line 14 arg3 == 3
FAIL: gcc.dg/guality/pr68860-1.c   -Os  line 14 arg4 == 4
FAIL: gcc.dg/guality/pr68860-1.c   -Os  line 14 arg5 == 5
FAIL: gcc.dg/guality/pr68860-1.c   -Os  line 14 arg6 == 6
FAIL: gcc.dg/guality/pr68860-1.c   -Os  line 14 arg7 == 30
FAIL: gcc.dg/guality/pr68860-1.c   -Os  line 16 arg1 == 1
FAIL: gcc.dg/guality/pr68860-1.c   -Os  line 16 arg2 == 2
FAIL: gcc.dg/guality/pr68860-1.c   -Os  line 16 arg3 == 3
FAIL: gcc.dg/guality/pr68860-1.c   -Os  line 16 arg4 == 4
FAIL: gcc.dg/guality/pr68860-1.c   -Os  line 16 arg5 == 5
FAIL: gcc.dg/guality/pr68860-1.c   -Os  line 16 arg6 == 6
FAIL: gcc.dg/guality/pr68860-1.c   -Os  line 16 arg7 == 30
FAIL: gcc.dg/guality/pr68860-2.c   -O2 -flto -fuse-linker-plugin -fno-fat-lto-objects  line 14 arg1 == 1
FAIL: gcc.dg/guality/pr68860-2.c   -O2 -flto -fuse-linker-plugin -fno-fat-lto-objects  line 14 arg2 == 2
FAIL: gcc.dg/guality/pr68860-2.c   -O2 -flto -fuse-linker-plugin -fno-fat-lto-objects  line 14 arg3 == 3
FAIL: gcc.dg/guality/pr68860-2.c   -O2 -flto -fuse-linker-plugin -fno-fat-lto-objects  line 14 arg4 == 4
FAIL: gcc.dg/guality/pr68860-2.c   -O2 -flto -fuse-linker-plugin -fno-fat-lto-objects  line 14 arg5 == 5
FAIL: gcc.dg/guality/pr68860-2.c   -O2 -flto -fuse-linker-plugin -fno-fat-lto-objects  line 14 arg6 == 6
FAIL: gcc.dg/guality/pr68860-2.c   -O2 -flto -fuse-linker-plugin -fno-fat-lto-objects  line 14 arg7 == 30
FAIL: gcc.dg/guality/pr68860-2.c   -O2 -flto -fuse-linker-plugin -fno-fat-lto-objects  line 16 arg1 == 1
FAIL: gcc.dg/guality/pr68860-2.c   -O2 -flto -fuse-linker-plugin -fno-fat-lto-objects  line 16 arg2 == 2
FAIL: gcc.dg/guality/pr68860-2.c   -O2 -flto -fuse-linker-plugin -fno-fat-lto-objects  line 16 arg3 == 3
FAIL: gcc.dg/guality/pr68860-2.c   -O2 -flto -fuse-linker-plugin -fno-fat-lto-objects  line 16 arg4 == 4
FAIL: gcc.dg/guality/pr68860-2.c   -O2 -flto -fuse-linker-plugin -fno-fat-lto-objects  line 16 arg5 == 5
FAIL: gcc.dg/guality/pr68860-2.c   -O2 -flto -fuse-linker-plugin -fno-fat-lto-objects  line 16 arg6 == 6
FAIL: gcc.dg/guality/pr68860-2.c   -O2 -flto -fuse-linker-plugin -fno-fat-lto-objects  line 16 arg7 == 30
FAIL: gcc.dg/guality/pr68860-2.c   -O3 -g  line 14 arg1 == 1
FAIL: gcc.dg/guality/pr68860-2.c   -O3 -g  line 14 arg2 == 2
FAIL: gcc.dg/guality/pr68860-2.c   -O3 -g  line 14 arg3 == 3
FAIL: gcc.dg/guality/pr68860-2.c   -O3 -g  line 14 arg4 == 4
FAIL: gcc.dg/guality/pr68860-2.c   -O3 -g  line 14 arg5 == 5
FAIL: gcc.dg/guality/pr68860-2.c   -O3 -g  line 14 arg6 == 6
FAIL: gcc.dg/guality/pr68860-2.c   -O3 -g  line 14 arg7 == 30
FAIL: gcc.dg/guality/pr68860-2.c   -O3 -g  line 16 arg1 == 1
FAIL: gcc.dg/guality/pr68860-2.c   -O3 -g  line 16 arg2 == 2
FAIL: gcc.dg/guality/pr68860-2.c   -O3 -g  line 16 arg3 == 3
FAIL: gcc.dg/guality/pr68860-2.c   -O3 -g  line 16 arg4 == 4
FAIL: gcc.dg/guality/pr68860-2.c   -O3 -g  line 16 arg5 == 5
FAIL: gcc.dg/guality/pr68860-2.c   -O3 -g  line 16 arg6 == 6
FAIL: gcc.dg/guality/pr68860-2.c   -O3 -g  line 16 arg7 == 30
FAIL: gcc.dg/guality/pr69947.c   -O2 -flto -fno-use-linker-plugin -flto-partition=none  line 14 c[2] == 'o'
FAIL: gcc.dg/guality/pr69947.c   -O2 -flto -fuse-linker-plugin -fno-fat-lto-objects  line 14 c[2] == 'o'
FAIL: gcc.dg/guality/sra-1.c   -O2 -flto -fuse-linker-plugin -fno-fat-lto-objects  line 43 a.i == 4
FAIL: gcc.dg/guality/sra-1.c   -O2 -flto -fuse-linker-plugin -fno-fat-lto-objects  line 43 a.j == 14
FAIL: gcc.dg/guality/vla-1.c   -O1  line 17 sizeof (a) == 6
FAIL: gcc.dg/guality/vla-1.c   -O2  line 17 sizeof (a) == 6
FAIL: gcc.dg/guality/vla-1.c   -O2 -flto -fno-use-linker-plugin -flto-partition=none  line 17 sizeof (a) == 6
FAIL: gcc.dg/guality/vla-1.c   -O2 -flto -fuse-linker-plugin -fno-fat-lto-objects  line 17 i == 5
FAIL: gcc.dg/guality/vla-1.c   -O2 -flto -fuse-linker-plugin -fno-fat-lto-objects  line 17 sizeof (a) == 6
FAIL: gcc.dg/guality/vla-1.c   -O3 -g  line 17 i == 5
FAIL: gcc.dg/guality/vla-1.c   -O3 -g  line 17 sizeof (a) == 6
FAIL: gcc.dg/guality/vla-1.c   -Os  line 17 sizeof (a) == 6
FAIL: gcc.dg/torture/builtin-self.c   -O0   scan-assembler-not \\tcall
XPASS: gcc.target/i386/fuse-caller-save-rec.c scan-assembler-not pop
XPASS: gcc.target/i386/fuse-caller-save-rec.c scan-assembler-not push
XPASS: gcc.target/i386/fuse-caller-save-rec.c scan-assembler-times addl\\t%[re]?dx, %[re]?ax 1
XPASS: gcc.target/i386/fuse-caller-save-xmm.c scan-assembler-times addpd\\t%xmm1, %xmm0 1
FAIL: gcc.target/i386/fuse-caller-save-xmm.c scan-assembler-times addpd\\t\\\\.?LC0.*, %xmm0 1
XPASS: gcc.target/i386/fuse-caller-save.c scan-assembler-not pop
XPASS: gcc.target/i386/fuse-caller-save.c scan-assembler-not push
XPASS: gcc.target/i386/fuse-caller-save.c scan-assembler-times addl\\t%[re]?d[ix], %[re]?ax 1
FAIL: gcc.target/i386/interrupt-11.c scan-assembler-not pushl[\\\\t ]*%ebx
FAIL: gcc.target/i386/interrupt-12.c scan-assembler-not (push|pop)(l|q)[\\\\t ]*%(r|e)(b|c|d)x
FAIL: gcc.target/i386/interrupt-12.c scan-assembler-times movl[\\\\t ]*-4\\\\(%ebp\\\\),[\\\\t ]*%eax 1
FAIL: gcc.target/i386/interrupt-13.c scan-assembler-not (push|pop)(l|q)[\\\\t ]*%(r|e)(b|c|d)x
FAIL: gcc.target/i386/interrupt-13.c scan-assembler-times movl[\\\\t ]*-4\\\\(%ebp\\\\),[\\\\t ]*%eax 1
FAIL: gcc.target/i386/interrupt-15.c scan-assembler-not (push|pop)(l|q)[\\\\t ]*%(r|e)(b|c|d)x
FAIL: gcc.target/i386/interrupt-15.c scan-assembler-times movl[\\\\t ]*-4\\\\(%ebp\\\\),[\\\\t ]*%eax 2
FAIL: gcc.target/i386/interrupt-16.c scan-assembler-not (push|pop)(l|q)[\\\\t ]*%(r|e)(a|b|c|d)x
FAIL: gcc.target/i386/interrupt-17.c scan-assembler-not (push|pop)(l|q)[\\\\t ]*%(r|e)(a|b|c|d)x
FAIL: gcc.target/i386/interrupt-8.c scan-assembler-not pushl[\\\\t ]*%ebx
FAIL: gcc.target/i386/pad-10.c scan-assembler-not nop
FAIL: gcc.target/i386/pr22076.c scan-assembler-times movq 3
FAIL: gcc.target/i386/pr66819-3.c scan-assembler-not call
FAIL: gcc.target/i386/pr66819-4.c scan-assembler-not call
FAIL: gcc.target/i386/pr71245-1.c scan-assembler-not (fistp|fild)
FAIL: gcc.target/i386/pr71245-2.c scan-assembler-not movlps
FAIL: gcc.target/i386/pr78035.c scan-assembler-times cmp 2

		=== gcc Summary for unix ===

# of expected passes		131865
# of unexpected failures	298
# of unexpected successes	27
# of expected failures		383
# of unsupported tests		2395

Running target unix/-fstack-protector
FAIL: gcc.dg/asan/use-after-scope-4.c   -O0  execution test
FAIL: gcc.dg/sibcall-11.c scan-assembler jmp
FAIL: gcc.dg/stack-usage-1.c scan-file foo\\t(256|264)\\tstatic
FAIL: gcc.dg/superblock.c scan-rtl-dump-times sched2 "ADVANCING TO" 2
FAIL: gcc.dg/uninit-19.c  (test for warnings, line 23)
FAIL: gcc.dg/uninit-19.c (test for excess errors)
FAIL: gcc.dg/graphite/scop-19.c scan-tree-dump-times graphite "number of SCoPs: 0" 1
XPASS: gcc.dg/guality/example.c   -O0  execution test
XPASS: gcc.dg/guality/example.c   -O1  execution test
XPASS: gcc.dg/guality/guality.c   -O0  execution test
XPASS: gcc.dg/guality/guality.c   -O1  execution test
XPASS: gcc.dg/guality/guality.c   -O2  execution test
XPASS: gcc.dg/guality/guality.c   -O2 -flto -fno-use-linker-plugin -flto-partition=none  execution test
XPASS: gcc.dg/guality/guality.c   -O2 -flto -fuse-linker-plugin -fno-fat-lto-objects  execution test
XPASS: gcc.dg/guality/guality.c   -O3 -g  execution test
XPASS: gcc.dg/guality/guality.c   -Os  execution test
XPASS: gcc.dg/guality/inline-params.c   -O2  execution test
XPASS: gcc.dg/guality/inline-params.c   -O2 -flto -fno-use-linker-plugin -flto-partition=none  execution test
XPASS: gcc.dg/guality/inline-params.c   -O3 -g  execution test
XPASS: gcc.dg/guality/inline-params.c   -Os  execution test
FAIL: gcc.dg/guality/pr36728-1.c   -O2 -flto -fuse-linker-plugin -fno-fat-lto-objects  line 16 arg1 == 1
FAIL: gcc.dg/guality/pr36728-1.c   -O2 -flto -fuse-linker-plugin -fno-fat-lto-objects  line 16 arg2 == 2
FAIL: gcc.dg/guality/pr36728-1.c   -O2 -flto -fuse-linker-plugin -fno-fat-lto-objects  line 16 arg3 == 3
FAIL: gcc.dg/guality/pr36728-1.c   -O2 -flto -fuse-linker-plugin -fno-fat-lto-objects  line 16 arg4 == 4
FAIL: gcc.dg/guality/pr36728-1.c   -O2 -flto -fuse-linker-plugin -fno-fat-lto-objects  line 16 arg5 == 5
FAIL: gcc.dg/guality/pr36728-1.c   -O2 -flto -fuse-linker-plugin -fno-fat-lto-objects  line 16 arg6 == 6
FAIL: gcc.dg/guality/pr36728-1.c   -O2 -flto -fuse-linker-plugin -fno-fat-lto-objects  line 16 arg7 == 30
FAIL: gcc.dg/guality/pr36728-1.c   -O2 -flto -fuse-linker-plugin -fno-fat-lto-objects  line 18 arg1 == 1
FAIL: gcc.dg/guality/pr36728-1.c   -O2 -flto -fuse-linker-plugin -fno-fat-lto-objects  line 18 arg2 == 2
FAIL: gcc.dg/guality/pr36728-1.c   -O2 -flto -fuse-linker-plugin -fno-fat-lto-objects  line 18 arg3 == 3
FAIL: gcc.dg/guality/pr36728-1.c   -O2 -flto -fuse-linker-plugin -fno-fat-lto-objects  line 18 arg4 == 4
FAIL: gcc.dg/guality/pr36728-1.c   -O2 -flto -fuse-linker-plugin -fno-fat-lto-objects  line 18 arg5 == 5
FAIL: gcc.dg/guality/pr36728-1.c   -O2 -flto -fuse-linker-plugin -fno-fat-lto-objects  line 18 arg6 == 6
FAIL: gcc.dg/guality/pr36728-1.c   -O2 -flto -fuse-linker-plugin -fno-fat-lto-objects  line 18 arg7 == 30
FAIL: gcc.dg/guality/pr36728-1.c   -O3 -g  line 16 arg1 == 1
FAIL: gcc.dg/guality/pr36728-1.c   -O3 -g  line 16 arg2 == 2
FAIL: gcc.dg/guality/pr36728-1.c   -O3 -g  line 16 arg3 == 3
FAIL: gcc.dg/guality/pr36728-1.c   -O3 -g  line 16 arg4 == 4
FAIL: gcc.dg/guality/pr36728-1.c   -O3 -g  line 16 arg5 == 5
FAIL: gcc.dg/guality/pr36728-1.c   -O3 -g  line 16 arg6 == 6
FAIL: gcc.dg/guality/pr36728-1.c   -O3 -g  line 16 arg7 == 30
FAIL: gcc.dg/guality/pr36728-1.c   -O3 -g  line 18 *x == (char) 25
FAIL: gcc.dg/guality/pr36728-1.c   -O3 -g  line 18 arg1 == 1
FAIL: gcc.dg/guality/pr36728-1.c   -O3 -g  line 18 arg2 == 2
FAIL: gcc.dg/guality/pr36728-1.c   -O3 -g  line 18 arg3 == 3
FAIL: gcc.dg/guality/pr36728-1.c   -O3 -g  line 18 arg4 == 4
FAIL: gcc.dg/guality/pr36728-1.c   -O3 -g  line 18 arg5 == 5
FAIL: gcc.dg/guality/pr36728-1.c   -O3 -g  line 18 arg6 == 6
FAIL: gcc.dg/guality/pr36728-1.c   -O3 -g  line 18 arg7 == 30
FAIL: gcc.dg/guality/pr36728-2.c   -O2 -flto -fno-use-linker-plugin -flto-partition=none  line 18 *x == (char) 25
FAIL: gcc.dg/guality/pr36728-2.c   -O2 -flto -fuse-linker-plugin -fno-fat-lto-objects  line 16 arg1 == 1
FAIL: gcc.dg/guality/pr36728-2.c   -O2 -flto -fuse-linker-plugin -fno-fat-lto-objects  line 16 arg2 == 2
FAIL: gcc.dg/guality/pr36728-2.c   -O2 -flto -fuse-linker-plugin -fno-fat-lto-objects  line 16 arg3 == 3
FAIL: gcc.dg/guality/pr36728-2.c   -O2 -flto -fuse-linker-plugin -fno-fat-lto-objects  line 16 arg4 == 4
FAIL: gcc.dg/guality/pr36728-2.c   -O2 -flto -fuse-linker-plugin -fno-fat-lto-objects  line 16 arg5 == 5
FAIL: gcc.dg/guality/pr36728-2.c   -O2 -flto -fuse-linker-plugin -fno-fat-lto-objects  line 16 arg6 == 6
FAIL: gcc.dg/guality/pr36728-2.c   -O2 -flto -fuse-linker-plugin -fno-fat-lto-objects  line 16 arg7 == 30
FAIL: gcc.dg/guality/pr36728-2.c   -O2 -flto -fuse-linker-plugin -fno-fat-lto-objects  line 18 arg1 == 1
FAIL: gcc.dg/guality/pr36728-2.c   -O2 -flto -fuse-linker-plugin -fno-fat-lto-objects  line 18 arg2 == 2
FAIL: gcc.dg/guality/pr36728-2.c   -O2 -flto -fuse-linker-plugin -fno-fat-lto-objects  line 18 arg3 == 3
FAIL: gcc.dg/guality/pr36728-2.c   -O2 -flto -fuse-linker-plugin -fno-fat-lto-objects  line 18 arg4 == 4
FAIL: gcc.dg/guality/pr36728-2.c   -O2 -flto -fuse-linker-plugin -fno-fat-lto-objects  line 18 arg5 == 5
FAIL: gcc.dg/guality/pr36728-2.c   -O2 -flto -fuse-linker-plugin -fno-fat-lto-objects  line 18 arg6 == 6
FAIL: gcc.dg/guality/pr36728-2.c   -O2 -flto -fuse-linker-plugin -fno-fat-lto-objects  line 18 arg7 == 30
FAIL: gcc.dg/guality/pr36728-2.c   -O3 -g  line 16 arg1 == 1
FAIL: gcc.dg/guality/pr36728-2.c   -O3 -g  line 16 arg2 == 2
FAIL: gcc.dg/guality/pr36728-2.c   -O3 -g  line 16 arg3 == 3
FAIL: gcc.dg/guality/pr36728-2.c   -O3 -g  line 16 arg4 == 4
FAIL: gcc.dg/guality/pr36728-2.c   -O3 -g  line 16 arg5 == 5
FAIL: gcc.dg/guality/pr36728-2.c   -O3 -g  line 16 arg6 == 6
FAIL: gcc.dg/guality/pr36728-2.c   -O3 -g  line 16 arg7 == 30
FAIL: gcc.dg/guality/pr36728-2.c   -O3 -g  line 18 arg1 == 1
FAIL: gcc.dg/guality/pr36728-2.c   -O3 -g  line 18 arg2 == 2
FAIL: gcc.dg/guality/pr36728-2.c   -O3 -g  line 18 arg3 == 3
FAIL: gcc.dg/guality/pr36728-2.c   -O3 -g  line 18 arg4 == 4
FAIL: gcc.dg/guality/pr36728-2.c   -O3 -g  line 18 arg5 == 5
FAIL: gcc.dg/guality/pr36728-2.c   -O3 -g  line 18 arg6 == 6
FAIL: gcc.dg/guality/pr36728-2.c   -O3 -g  line 18 arg7 == 30
FAIL: gcc.dg/guality/pr36728-3.c   -O2 -flto -fuse-linker-plugin -fno-fat-lto-objects  line 14 arg1 == 1
FAIL: gcc.dg/guality/pr36728-3.c   -O2 -flto -fuse-linker-plugin -fno-fat-lto-objects  line 14 arg2 == 2
FAIL: gcc.dg/guality/pr36728-3.c   -O2 -flto -fuse-linker-plugin -fno-fat-lto-objects  line 14 arg3 == 3
FAIL: gcc.dg/guality/pr36728-3.c   -O2 -flto -fuse-linker-plugin -fno-fat-lto-objects  line 14 arg4 == 4
FAIL: gcc.dg/guality/pr36728-3.c   -O2 -flto -fuse-linker-plugin -fno-fat-lto-objects  line 14 arg5 == 5
FAIL: gcc.dg/guality/pr36728-3.c   -O2 -flto -fuse-linker-plugin -fno-fat-lto-objects  line 14 arg6 == 6
FAIL: gcc.dg/guality/pr36728-3.c   -O2 -flto -fuse-linker-plugin -fno-fat-lto-objects  line 14 arg7 == 30
FAIL: gcc.dg/guality/pr36728-3.c   -O2 -flto -fuse-linker-plugin -fno-fat-lto-objects  line 16 arg1 == 1
FAIL: gcc.dg/guality/pr36728-3.c   -O2 -flto -fuse-linker-plugin -fno-fat-lto-objects  line 16 arg2 == 2
FAIL: gcc.dg/guality/pr36728-3.c   -O2 -flto -fuse-linker-plugin -fno-fat-lto-objects  line 16 arg3 == 3
FAIL: gcc.dg/guality/pr36728-3.c   -O2 -flto -fuse-linker-plugin -fno-fat-lto-objects  line 16 arg4 == 4
FAIL: gcc.dg/guality/pr36728-3.c   -O2 -flto -fuse-linker-plugin -fno-fat-lto-objects  line 16 arg5 == 5
FAIL: gcc.dg/guality/pr36728-3.c   -O2 -flto -fuse-linker-plugin -fno-fat-lto-objects  line 16 arg6 == 6
FAIL: gcc.dg/guality/pr36728-3.c   -O2 -flto -fuse-linker-plugin -fno-fat-lto-objects  line 16 arg7 == 30
FAIL: gcc.dg/guality/pr36728-3.c   -O3 -g  line 14 arg1 == 1
FAIL: gcc.dg/guality/pr36728-3.c   -O3 -g  line 14 arg2 == 2
FAIL: gcc.dg/guality/pr36728-3.c   -O3 -g  line 14 arg3 == 3
FAIL: gcc.dg/guality/pr36728-3.c   -O3 -g  line 14 arg4 == 4
FAIL: gcc.dg/guality/pr36728-3.c   -O3 -g  line 14 arg5 == 5
FAIL: gcc.dg/guality/pr36728-3.c   -O3 -g  line 14 arg6 == 6
FAIL: gcc.dg/guality/pr36728-3.c   -O3 -g  line 14 arg7 == 30
FAIL: gcc.dg/guality/pr36728-3.c   -O3 -g  line 16 arg1 == 1
FAIL: gcc.dg/guality/pr36728-3.c   -O3 -g  line 16 arg2 == 2
FAIL: gcc.dg/guality/pr36728-3.c   -O3 -g  line 16 arg3 == 3
FAIL: gcc.dg/guality/pr36728-3.c   -O3 -g  line 16 arg4 == 4
FAIL: gcc.dg/guality/pr36728-3.c   -O3 -g  line 16 arg5 == 5
FAIL: gcc.dg/guality/pr36728-3.c   -O3 -g  line 16 arg6 == 6
FAIL: gcc.dg/guality/pr36728-3.c   -O3 -g  line 16 arg7 == 30
FAIL: gcc.dg/guality/pr36728-4.c   -O2 -flto -fuse-linker-plugin -fno-fat-lto-objects  line 14 arg1 == 1
FAIL: gcc.dg/guality/pr36728-4.c   -O2 -flto -fuse-linker-plugin -fno-fat-lto-objects  line 14 arg2 == 2
FAIL: gcc.dg/guality/pr36728-4.c   -O2 -flto -fuse-linker-plugin -fno-fat-lto-objects  line 14 arg3 == 3
FAIL: gcc.dg/guality/pr36728-4.c   -O2 -flto -fuse-linker-plugin -fno-fat-lto-objects  line 14 arg4 == 4
FAIL: gcc.dg/guality/pr36728-4.c   -O2 -flto -fuse-linker-plugin -fno-fat-lto-objects  line 14 arg5 == 5
FAIL: gcc.dg/guality/pr36728-4.c   -O2 -flto -fuse-linker-plugin -fno-fat-lto-objects  line 14 arg6 == 6
FAIL: gcc.dg/guality/pr36728-4.c   -O2 -flto -fuse-linker-plugin -fno-fat-lto-objects  line 14 arg7 == 30
FAIL: gcc.dg/guality/pr36728-4.c   -O2 -flto -fuse-linker-plugin -fno-fat-lto-objects  line 16 arg1 == 1
FAIL: gcc.dg/guality/pr36728-4.c   -O2 -flto -fuse-linker-plugin -fno-fat-lto-objects  line 16 arg2 == 2
FAIL: gcc.dg/guality/pr36728-4.c   -O2 -flto -fuse-linker-plugin -fno-fat-lto-objects  line 16 arg3 == 3
FAIL: gcc.dg/guality/pr36728-4.c   -O2 -flto -fuse-linker-plugin -fno-fat-lto-objects  line 16 arg4 == 4
FAIL: gcc.dg/guality/pr36728-4.c   -O2 -flto -fuse-linker-plugin -fno-fat-lto-objects  line 16 arg5 == 5
FAIL: gcc.dg/guality/pr36728-4.c   -O2 -flto -fuse-linker-plugin -fno-fat-lto-objects  line 16 arg6 == 6
FAIL: gcc.dg/guality/pr36728-4.c   -O2 -flto -fuse-linker-plugin -fno-fat-lto-objects  line 16 arg7 == 30
FAIL: gcc.dg/guality/pr36728-4.c   -O3 -g  line 14 arg1 == 1
FAIL: gcc.dg/guality/pr36728-4.c   -O3 -g  line 14 arg2 == 2
FAIL: gcc.dg/guality/pr36728-4.c   -O3 -g  line 14 arg3 == 3
FAIL: gcc.dg/guality/pr36728-4.c   -O3 -g  line 14 arg4 == 4
FAIL: gcc.dg/guality/pr36728-4.c   -O3 -g  line 14 arg5 == 5
FAIL: gcc.dg/guality/pr36728-4.c   -O3 -g  line 14 arg6 == 6
FAIL: gcc.dg/guality/pr36728-4.c   -O3 -g  line 14 arg7 == 30
FAIL: gcc.dg/guality/pr36728-4.c   -O3 -g  line 16 arg1 == 1
FAIL: gcc.dg/guality/pr36728-4.c   -O3 -g  line 16 arg2 == 2
FAIL: gcc.dg/guality/pr36728-4.c   -O3 -g  line 16 arg3 == 3
FAIL: gcc.dg/guality/pr36728-4.c   -O3 -g  line 16 arg4 == 4
FAIL: gcc.dg/guality/pr36728-4.c   -O3 -g  line 16 arg5 == 5
FAIL: gcc.dg/guality/pr36728-4.c   -O3 -g  line 16 arg6 == 6
FAIL: gcc.dg/guality/pr36728-4.c   -O3 -g  line 16 arg7 == 30
XPASS: gcc.dg/guality/pr41353-1.c   -O0  line 28 j == 28 + 37
XPASS: gcc.dg/guality/pr41353-1.c   -O1  line 28 j == 28 + 37
XPASS: gcc.dg/guality/pr41353-1.c   -O2  line 28 j == 28 + 37
XPASS: gcc.dg/guality/pr41353-1.c   -O2 -flto -fno-use-linker-plugin -flto-partition=none  line 28 j == 28 + 37
XPASS: gcc.dg/guality/pr41353-1.c   -O2 -flto -fuse-linker-plugin -fno-fat-lto-objects  line 28 j == 28 + 37
XPASS: gcc.dg/guality/pr41353-1.c   -O3 -g  line 28 j == 28 + 37
XPASS: gcc.dg/guality/pr41353-1.c   -Os  line 28 j == 28 + 37
FAIL: gcc.dg/guality/pr41447-1.c   -O2  execution test
FAIL: gcc.dg/guality/pr41447-1.c   -O2 -flto -fno-use-linker-plugin -flto-partition=none  execution test
FAIL: gcc.dg/guality/pr41447-1.c   -O3 -g  execution test
FAIL: gcc.dg/guality/pr41447-1.c   -Os  execution test
FAIL: gcc.dg/guality/pr41616-1.c   -O2 -flto -fuse-linker-plugin -fno-fat-lto-objects  execution test
FAIL: gcc.dg/guality/pr45882.c   -O2 -flto -fuse-linker-plugin -fno-fat-lto-objects  line 16 d == 112
FAIL: gcc.dg/guality/pr45882.c   -O2 -flto -fuse-linker-plugin -fno-fat-lto-objects  line 16 e == 142
FAIL: gcc.dg/guality/pr54519-1.c   -O1  line 20 z == 6
FAIL: gcc.dg/guality/pr54519-1.c   -O1  line 23 z == 8
FAIL: gcc.dg/guality/pr54519-1.c   -O2  line 20 y == 25
FAIL: gcc.dg/guality/pr54519-1.c   -O2  line 20 z == 6
FAIL: gcc.dg/guality/pr54519-1.c   -O2  line 23 y == 117
FAIL: gcc.dg/guality/pr54519-1.c   -O2  line 23 z == 8
FAIL: gcc.dg/guality/pr54519-1.c   -O2 -flto -fno-use-linker-plugin -flto-partition=none  line 20 y == 25
FAIL: gcc.dg/guality/pr54519-1.c   -O2 -flto -fno-use-linker-plugin -flto-partition=none  line 20 z == 6
FAIL: gcc.dg/guality/pr54519-1.c   -O2 -flto -fno-use-linker-plugin -flto-partition=none  line 23 y == 117
FAIL: gcc.dg/guality/pr54519-1.c   -O2 -flto -fno-use-linker-plugin -flto-partition=none  line 23 z == 8
FAIL: gcc.dg/guality/pr54519-1.c   -Os  line 20 y == 25
FAIL: gcc.dg/guality/pr54519-1.c   -Os  line 20 z == 6
FAIL: gcc.dg/guality/pr54519-1.c   -Os  line 23 y == 117
FAIL: gcc.dg/guality/pr54519-1.c   -Os  line 23 z == 8
FAIL: gcc.dg/guality/pr54519-2.c   -O1  line 17 y == 25
FAIL: gcc.dg/guality/pr54519-2.c   -O2  line 17 y == 25
FAIL: gcc.dg/guality/pr54519-2.c   -O2 -flto -fno-use-linker-plugin -flto-partition=none  line 17 y == 25
FAIL: gcc.dg/guality/pr54519-2.c   -O2 -flto -fuse-linker-plugin -fno-fat-lto-objects  line 17 y == 25
FAIL: gcc.dg/guality/pr54519-2.c   -Os  line 17 y == 25
FAIL: gcc.dg/guality/pr54519-3.c   -O2 -flto -fno-use-linker-plugin -flto-partition=none  line 20 y == 25
FAIL: gcc.dg/guality/pr54519-3.c   -O2 -flto -fno-use-linker-plugin -flto-partition=none  line 20 z == 6
FAIL: gcc.dg/guality/pr54519-3.c   -O2 -flto -fno-use-linker-plugin -flto-partition=none  line 23 y == 117
FAIL: gcc.dg/guality/pr54519-3.c   -O2 -flto -fno-use-linker-plugin -flto-partition=none  line 23 z == 8
FAIL: gcc.dg/guality/pr54519-3.c   -O2 -flto -fuse-linker-plugin -fno-fat-lto-objects  line 20 y == 25
FAIL: gcc.dg/guality/pr54519-3.c   -O2 -flto -fuse-linker-plugin -fno-fat-lto-objects  line 20 z == 6
FAIL: gcc.dg/guality/pr54519-3.c   -O2 -flto -fuse-linker-plugin -fno-fat-lto-objects  line 23 y == 117
FAIL: gcc.dg/guality/pr54519-3.c   -O2 -flto -fuse-linker-plugin -fno-fat-lto-objects  line 23 z == 8
FAIL: gcc.dg/guality/pr54519-4.c   -O2 -flto -fno-use-linker-plugin -flto-partition=none  line 17 y == 25
FAIL: gcc.dg/guality/pr54519-4.c   -O2 -flto -fuse-linker-plugin -fno-fat-lto-objects  line 17 y == 25
FAIL: gcc.dg/guality/pr54519-5.c   -O1  line 17 y == 25
FAIL: gcc.dg/guality/pr54519-5.c   -O2  line 17 y == 25
FAIL: gcc.dg/guality/pr54519-5.c   -O2 -flto -fno-use-linker-plugin -flto-partition=none  line 17 y == 25
FAIL: gcc.dg/guality/pr54519-5.c   -O2 -flto -fuse-linker-plugin -fno-fat-lto-objects  line 17 y == 25
FAIL: gcc.dg/guality/pr54519-5.c   -Os  line 17 y == 25
FAIL: gcc.dg/guality/pr54796.c   -O2 -flto -fuse-linker-plugin -fno-fat-lto-objects  line 17 a == 5
FAIL: gcc.dg/guality/pr54796.c   -O2 -flto -fuse-linker-plugin -fno-fat-lto-objects  line 17 b == 6
FAIL: gcc.dg/guality/pr54796.c   -O2 -flto -fuse-linker-plugin -fno-fat-lto-objects  line 17 c == 5
FAIL: gcc.dg/guality/pr68860-1.c   -O1  line 14 arg1 == 1
FAIL: gcc.dg/guality/pr68860-1.c   -O1  line 14 arg2 == 2
FAIL: gcc.dg/guality/pr68860-1.c   -O1  line 14 arg3 == 3
FAIL: gcc.dg/guality/pr68860-1.c   -O1  line 16 arg1 == 1
FAIL: gcc.dg/guality/pr68860-1.c   -O1  line 16 arg2 == 2
FAIL: gcc.dg/guality/pr68860-1.c   -O1  line 16 arg3 == 3
FAIL: gcc.dg/guality/pr68860-1.c   -O2  line 14 arg1 == 1
FAIL: gcc.dg/guality/pr68860-1.c   -O2  line 14 arg2 == 2
FAIL: gcc.dg/guality/pr68860-1.c   -O2  line 14 arg3 == 3
FAIL: gcc.dg/guality/pr68860-1.c   -O2  line 14 arg4 == 4
FAIL: gcc.dg/guality/pr68860-1.c   -O2  line 14 arg5 == 5
FAIL: gcc.dg/guality/pr68860-1.c   -O2  line 14 arg6 == 6
FAIL: gcc.dg/guality/pr68860-1.c   -O2  line 14 arg7 == 30
FAIL: gcc.dg/guality/pr68860-1.c   -O2  line 16 arg1 == 1
FAIL: gcc.dg/guality/pr68860-1.c   -O2  line 16 arg2 == 2
FAIL: gcc.dg/guality/pr68860-1.c   -O2  line 16 arg3 == 3
FAIL: gcc.dg/guality/pr68860-1.c   -O2  line 16 arg4 == 4
FAIL: gcc.dg/guality/pr68860-1.c   -O2  line 16 arg5 == 5
FAIL: gcc.dg/guality/pr68860-1.c   -O2  line 16 arg6 == 6
FAIL: gcc.dg/guality/pr68860-1.c   -O2  line 16 arg7 == 30
FAIL: gcc.dg/guality/pr68860-1.c   -O2 -flto -fno-use-linker-plugin -flto-partition=none  line 14 arg1 == 1
FAIL: gcc.dg/guality/pr68860-1.c   -O2 -flto -fno-use-linker-plugin -flto-partition=none  line 14 arg2 == 2
FAIL: gcc.dg/guality/pr68860-1.c   -O2 -flto -fno-use-linker-plugin -flto-partition=none  line 14 arg3 == 3
FAIL: gcc.dg/guality/pr68860-1.c   -O2 -flto -fno-use-linker-plugin -flto-partition=none  line 14 arg4 == 4
FAIL: gcc.dg/guality/pr68860-1.c   -O2 -flto -fno-use-linker-plugin -flto-partition=none  line 14 arg5 == 5
FAIL: gcc.dg/guality/pr68860-1.c   -O2 -flto -fno-use-linker-plugin -flto-partition=none  line 14 arg6 == 6
FAIL: gcc.dg/guality/pr68860-1.c   -O2 -flto -fno-use-linker-plugin -flto-partition=none  line 14 arg7 == 30
FAIL: gcc.dg/guality/pr68860-1.c   -O2 -flto -fno-use-linker-plugin -flto-partition=none  line 16 arg1 == 1
FAIL: gcc.dg/guality/pr68860-1.c   -O2 -flto -fno-use-linker-plugin -flto-partition=none  line 16 arg2 == 2
FAIL: gcc.dg/guality/pr68860-1.c   -O2 -flto -fno-use-linker-plugin -flto-partition=none  line 16 arg3 == 3
FAIL: gcc.dg/guality/pr68860-1.c   -O2 -flto -fno-use-linker-plugin -flto-partition=none  line 16 arg4 == 4
FAIL: gcc.dg/guality/pr68860-1.c   -O2 -flto -fno-use-linker-plugin -flto-partition=none  line 16 arg5 == 5
FAIL: gcc.dg/guality/pr68860-1.c   -O2 -flto -fno-use-linker-plugin -flto-partition=none  line 16 arg6 == 6
FAIL: gcc.dg/guality/pr68860-1.c   -O2 -flto -fno-use-linker-plugin -flto-partition=none  line 16 arg7 == 30
FAIL: gcc.dg/guality/pr68860-1.c   -O2 -flto -fuse-linker-plugin -fno-fat-lto-objects  line 14 arg1 == 1
FAIL: gcc.dg/guality/pr68860-1.c   -O2 -flto -fuse-linker-plugin -fno-fat-lto-objects  line 14 arg2 == 2
FAIL: gcc.dg/guality/pr68860-1.c   -O2 -flto -fuse-linker-plugin -fno-fat-lto-objects  line 14 arg3 == 3
FAIL: gcc.dg/guality/pr68860-1.c   -O2 -flto -fuse-linker-plugin -fno-fat-lto-objects  line 14 arg4 == 4
FAIL: gcc.dg/guality/pr68860-1.c   -O2 -flto -fuse-linker-plugin -fno-fat-lto-objects  line 14 arg5 == 5
FAIL: gcc.dg/guality/pr68860-1.c   -O2 -flto -fuse-linker-plugin -fno-fat-lto-objects  line 14 arg6 == 6
FAIL: gcc.dg/guality/pr68860-1.c   -O2 -flto -fuse-linker-plugin -fno-fat-lto-objects  line 14 arg7 == 30
FAIL: gcc.dg/guality/pr68860-1.c   -O2 -flto -fuse-linker-plugin -fno-fat-lto-objects  line 16 arg1 == 1
FAIL: gcc.dg/guality/pr68860-1.c   -O2 -flto -fuse-linker-plugin -fno-fat-lto-objects  line 16 arg2 == 2
FAIL: gcc.dg/guality/pr68860-1.c   -O2 -flto -fuse-linker-plugin -fno-fat-lto-objects  line 16 arg3 == 3
FAIL: gcc.dg/guality/pr68860-1.c   -O2 -flto -fuse-linker-plugin -fno-fat-lto-objects  line 16 arg4 == 4
FAIL: gcc.dg/guality/pr68860-1.c   -O2 -flto -fuse-linker-plugin -fno-fat-lto-objects  line 16 arg5 == 5
FAIL: gcc.dg/guality/pr68860-1.c   -O2 -flto -fuse-linker-plugin -fno-fat-lto-objects  line 16 arg6 == 6
FAIL: gcc.dg/guality/pr68860-1.c   -O2 -flto -fuse-linker-plugin -fno-fat-lto-objects  line 16 arg7 == 30
FAIL: gcc.dg/guality/pr68860-1.c   -O3 -g  line 14 arg1 == 1
FAIL: gcc.dg/guality/pr68860-1.c   -O3 -g  line 14 arg2 == 2
FAIL: gcc.dg/guality/pr68860-1.c   -O3 -g  line 14 arg3 == 3
FAIL: gcc.dg/guality/pr68860-1.c   -O3 -g  line 14 arg4 == 4
FAIL: gcc.dg/guality/pr68860-1.c   -O3 -g  line 14 arg5 == 5
FAIL: gcc.dg/guality/pr68860-1.c   -O3 -g  line 14 arg6 == 6
FAIL: gcc.dg/guality/pr68860-1.c   -O3 -g  line 14 arg7 == 30
FAIL: gcc.dg/guality/pr68860-1.c   -O3 -g  line 16 arg1 == 1
FAIL: gcc.dg/guality/pr68860-1.c   -O3 -g  line 16 arg2 == 2
FAIL: gcc.dg/guality/pr68860-1.c   -O3 -g  line 16 arg3 == 3
FAIL: gcc.dg/guality/pr68860-1.c   -O3 -g  line 16 arg4 == 4
FAIL: gcc.dg/guality/pr68860-1.c   -O3 -g  line 16 arg5 == 5
FAIL: gcc.dg/guality/pr68860-1.c   -O3 -g  line 16 arg6 == 6
FAIL: gcc.dg/guality/pr68860-1.c   -O3 -g  line 16 arg7 == 30
FAIL: gcc.dg/guality/pr68860-1.c   -Os  line 14 arg1 == 1
FAIL: gcc.dg/guality/pr68860-1.c   -Os  line 14 arg2 == 2
FAIL: gcc.dg/guality/pr68860-1.c   -Os  line 14 arg3 == 3
FAIL: gcc.dg/guality/pr68860-1.c   -Os  line 14 arg4 == 4
FAIL: gcc.dg/guality/pr68860-1.c   -Os  line 14 arg5 == 5
FAIL: gcc.dg/guality/pr68860-1.c   -Os  line 14 arg6 == 6
FAIL: gcc.dg/guality/pr68860-1.c   -Os  line 14 arg7 == 30
FAIL: gcc.dg/guality/pr68860-1.c   -Os  line 16 arg1 == 1
FAIL: gcc.dg/guality/pr68860-1.c   -Os  line 16 arg2 == 2
FAIL: gcc.dg/guality/pr68860-1.c   -Os  line 16 arg3 == 3
FAIL: gcc.dg/guality/pr68860-1.c   -Os  line 16 arg4 == 4
FAIL: gcc.dg/guality/pr68860-1.c   -Os  line 16 arg5 == 5
FAIL: gcc.dg/guality/pr68860-1.c   -Os  line 16 arg6 == 6
FAIL: gcc.dg/guality/pr68860-1.c   -Os  line 16 arg7 == 30
FAIL: gcc.dg/guality/pr68860-2.c   -O2 -flto -fuse-linker-plugin -fno-fat-lto-objects  line 14 arg1 == 1
FAIL: gcc.dg/guality/pr68860-2.c   -O2 -flto -fuse-linker-plugin -fno-fat-lto-objects  line 14 arg2 == 2
FAIL: gcc.dg/guality/pr68860-2.c   -O2 -flto -fuse-linker-plugin -fno-fat-lto-objects  line 14 arg3 == 3
FAIL: gcc.dg/guality/pr68860-2.c   -O2 -flto -fuse-linker-plugin -fno-fat-lto-objects  line 14 arg4 == 4
FAIL: gcc.dg/guality/pr68860-2.c   -O2 -flto -fuse-linker-plugin -fno-fat-lto-objects  line 14 arg5 == 5
FAIL: gcc.dg/guality/pr68860-2.c   -O2 -flto -fuse-linker-plugin -fno-fat-lto-objects  line 14 arg6 == 6
FAIL: gcc.dg/guality/pr68860-2.c   -O2 -flto -fuse-linker-plugin -fno-fat-lto-objects  line 14 arg7 == 30
FAIL: gcc.dg/guality/pr68860-2.c   -O2 -flto -fuse-linker-plugin -fno-fat-lto-objects  line 16 arg1 == 1
FAIL: gcc.dg/guality/pr68860-2.c   -O2 -flto -fuse-linker-plugin -fno-fat-lto-objects  line 16 arg2 == 2
FAIL: gcc.dg/guality/pr68860-2.c   -O2 -flto -fuse-linker-plugin -fno-fat-lto-objects  line 16 arg3 == 3
FAIL: gcc.dg/guality/pr68860-2.c   -O2 -flto -fuse-linker-plugin -fno-fat-lto-objects  line 16 arg4 == 4
FAIL: gcc.dg/guality/pr68860-2.c   -O2 -flto -fuse-linker-plugin -fno-fat-lto-objects  line 16 arg5 == 5
FAIL: gcc.dg/guality/pr68860-2.c   -O2 -flto -fuse-linker-plugin -fno-fat-lto-objects  line 16 arg6 == 6
FAIL: gcc.dg/guality/pr68860-2.c   -O2 -flto -fuse-linker-plugin -fno-fat-lto-objects  line 16 arg7 == 30
FAIL: gcc.dg/guality/pr68860-2.c   -O3 -g  line 14 arg1 == 1
FAIL: gcc.dg/guality/pr68860-2.c   -O3 -g  line 14 arg2 == 2
FAIL: gcc.dg/guality/pr68860-2.c   -O3 -g  line 14 arg3 == 3
FAIL: gcc.dg/guality/pr68860-2.c   -O3 -g  line 14 arg4 == 4
FAIL: gcc.dg/guality/pr68860-2.c   -O3 -g  line 14 arg5 == 5
FAIL: gcc.dg/guality/pr68860-2.c   -O3 -g  line 14 arg6 == 6
FAIL: gcc.dg/guality/pr68860-2.c   -O3 -g  line 14 arg7 == 30
FAIL: gcc.dg/guality/pr68860-2.c   -O3 -g  line 16 arg1 == 1
FAIL: gcc.dg/guality/pr68860-2.c   -O3 -g  line 16 arg2 == 2
FAIL: gcc.dg/guality/pr68860-2.c   -O3 -g  line 16 arg3 == 3
FAIL: gcc.dg/guality/pr68860-2.c   -O3 -g  line 16 arg4 == 4
FAIL: gcc.dg/guality/pr68860-2.c   -O3 -g  line 16 arg5 == 5
FAIL: gcc.dg/guality/pr68860-2.c   -O3 -g  line 16 arg6 == 6
FAIL: gcc.dg/guality/pr68860-2.c   -O3 -g  line 16 arg7 == 30
FAIL: gcc.dg/guality/pr69947.c   -O2 -flto -fno-use-linker-plugin -flto-partition=none  line 14 c[2] == 'o'
FAIL: gcc.dg/guality/pr69947.c   -O2 -flto -fuse-linker-plugin -fno-fat-lto-objects  line 14 c[2] == 'o'
FAIL: gcc.dg/guality/sra-1.c   -O2 -flto -fuse-linker-plugin -fno-fat-lto-objects  line 43 a.i == 4
FAIL: gcc.dg/guality/sra-1.c   -O2 -flto -fuse-linker-plugin -fno-fat-lto-objects  line 43 a.j == 14
FAIL: gcc.dg/guality/vla-1.c   -O1  line 17 sizeof (a) == 6
FAIL: gcc.dg/guality/vla-1.c   -O2  line 17 sizeof (a) == 6
FAIL: gcc.dg/guality/vla-1.c   -O2 -flto -fno-use-linker-plugin -flto-partition=none  line 17 sizeof (a) == 6
FAIL: gcc.dg/guality/vla-1.c   -O2 -flto -fuse-linker-plugin -fno-fat-lto-objects  line 17 i == 5
FAIL: gcc.dg/guality/vla-1.c   -O2 -flto -fuse-linker-plugin -fno-fat-lto-objects  line 17 sizeof (a) == 6
FAIL: gcc.dg/guality/vla-1.c   -O3 -g  line 17 i == 5
FAIL: gcc.dg/guality/vla-1.c   -O3 -g  line 17 sizeof (a) == 6
FAIL: gcc.dg/guality/vla-1.c   -Os  line 17 sizeof (a) == 6
FAIL: gcc.dg/torture/builtin-self.c   -O0   scan-assembler-not \\tcall
XPASS: gcc.target/i386/fuse-caller-save-rec.c scan-assembler-not pop
XPASS: gcc.target/i386/fuse-caller-save-rec.c scan-assembler-not push
XPASS: gcc.target/i386/fuse-caller-save-rec.c scan-assembler-times addl\\t%[re]?dx, %[re]?ax 1
XPASS: gcc.target/i386/fuse-caller-save-xmm.c scan-assembler-times addpd\\t%xmm1, %xmm0 1
FAIL: gcc.target/i386/fuse-caller-save-xmm.c scan-assembler-times addpd\\t\\\\.?LC0.*, %xmm0 1
XPASS: gcc.target/i386/fuse-caller-save.c scan-assembler-not pop
XPASS: gcc.target/i386/fuse-caller-save.c scan-assembler-not push
XPASS: gcc.target/i386/fuse-caller-save.c scan-assembler-times addl\\t%[re]?d[ix], %[re]?ax 1
FAIL: gcc.target/i386/interrupt-11.c scan-assembler-not pushl[\\\\t ]*%ebx
FAIL: gcc.target/i386/interrupt-12.c scan-assembler-not (push|pop)(l|q)[\\\\t ]*%(r|e)(b|c|d)x
FAIL: gcc.target/i386/interrupt-12.c scan-assembler-times movl[\\\\t ]*-4\\\\(%ebp\\\\),[\\\\t ]*%eax 1
FAIL: gcc.target/i386/interrupt-13.c scan-assembler-not (push|pop)(l|q)[\\\\t ]*%(r|e)(b|c|d)x
FAIL: gcc.target/i386/interrupt-13.c scan-assembler-times movl[\\\\t ]*-4\\\\(%ebp\\\\),[\\\\t ]*%eax 1
FAIL: gcc.target/i386/interrupt-15.c scan-assembler-not (push|pop)(l|q)[\\\\t ]*%(r|e)(b|c|d)x
FAIL: gcc.target/i386/interrupt-15.c scan-assembler-times movl[\\\\t ]*-4\\\\(%ebp\\\\),[\\\\t ]*%eax 2
FAIL: gcc.target/i386/interrupt-16.c scan-assembler-not (push|pop)(l|q)[\\\\t ]*%(r|e)(a|b|c|d)x
FAIL: gcc.target/i386/interrupt-17.c scan-assembler-not (push|pop)(l|q)[\\\\t ]*%(r|e)(a|b|c|d)x
FAIL: gcc.target/i386/interrupt-8.c scan-assembler-not pushl[\\\\t ]*%ebx
FAIL: gcc.target/i386/pad-10.c scan-assembler-not nop
FAIL: gcc.target/i386/pr22076.c scan-assembler-times movq 3
FAIL: gcc.target/i386/pr66819-3.c scan-assembler-not call
FAIL: gcc.target/i386/pr66819-4.c scan-assembler-not call
FAIL: gcc.target/i386/pr71245-1.c scan-assembler-not (fistp|fild)
FAIL: gcc.target/i386/pr71245-2.c scan-assembler-not movlps
FAIL: gcc.target/i386/pr78035.c scan-assembler-times cmp 2

		=== gcc Summary for unix/-fstack-protector ===

# of expected passes		131866
# of unexpected failures	300
# of unexpected successes	27
# of expected failures		383
# of unsupported tests		2393

		=== gcc Summary ===

# of expected passes		263731
# of unexpected failures	598
# of unexpected successes	54
# of expected failures		766
# of unsupported tests		4788
/build/gcc-7-Eyh7bN/gcc-7-7.3.0/build/gcc/xgcc  version 7.3.0 (Debian 7.3.0-30) 

		=== gdc tests ===


Running target unix

		=== gdc Summary for unix ===

# of expected passes		27552
# of unexpected failures	44

Running target unix/-fstack-protector

		=== gdc Summary for unix/-fstack-protector ===

# of expected passes		27552
# of unexpected failures	44

		=== gdc Summary ===

# of expected passes		55104
# of unexpected failures	88
/build/gcc-7-Eyh7bN/gcc-7-7.3.0/build/gcc/gdc  version 7.3.0 (Debian 7.3.0-30) 

		=== gfortran tests ===


Running target unix
FAIL: gfortran.dg/dtio_13.f90   -O   (test for errors, line 141)
FAIL: gfortran.dg/dtio_13.f90   -O  (test for excess errors)
FAIL: gfortran.dg/vect/fast-math-mgrid-resid.f   -O   scan-tree-dump pcom "vectp_u.*__lsm.* = PHI <.*vectp_u.*__lsm"

		=== gfortran Summary for unix ===

# of expected passes		45548
# of unexpected failures	3
# of expected failures		87
# of unsupported tests		183

Running target unix/-fstack-protector
FAIL: gfortran.dg/vect/fast-math-mgrid-resid.f   -O   scan-tree-dump pcom "vectp_u.*__lsm.* = PHI <.*vectp_u.*__lsm"

		=== gfortran Summary for unix/-fstack-protector ===

# of expected passes		45550
# of unexpected failures	1
# of expected failures		87
# of unsupported tests		183

		=== gfortran Summary ===

# of expected passes		91098
# of unexpected failures	4
# of expected failures		174
# of unsupported tests		366
/build/gcc-7-Eyh7bN/gcc-7-7.3.0/build/gcc/gfortran  version 7.3.0 (Debian 7.3.0-30) 

		=== gnat tests ===


Running target unix

		=== gnat Summary for unix ===

# of expected passes		2603
# of expected failures		25
# of unsupported tests		3

Running target unix/-fstack-protector

		=== gnat Summary for unix/-fstack-protector ===

# of expected passes		2603
# of expected failures		25
# of unsupported tests		3

		=== gnat Summary ===

# of expected passes		5206
# of expected failures		50
# of unsupported tests		6
/build/gcc-7-Eyh7bN/gcc-7-7.3.0/build/gcc/gnatmake version 7.3.0

		=== go tests ===


Running target unix

		=== go Summary for unix ===

# of expected passes		487
# of untested testcases		834

Running target unix/-fstack-protector

		=== go Summary for unix/-fstack-protector ===

# of expected passes		487
# of untested testcases		834

		=== go Summary ===

# of expected passes		974
# of untested testcases		1668
/build/gcc-7-Eyh7bN/gcc-7-7.3.0/build/gcc/gccgo  version 7.3.0 (Debian 7.3.0-30) 

		=== obj-c++ tests ===


Running target unix

		=== obj-c++ Summary ===

# of expected passes		1459
# of expected failures		2
# of unsupported tests		77
/build/gcc-7-Eyh7bN/gcc-7-7.3.0/build/gcc/xg++  version 7.3.0 (Debian 7.3.0-30) 

		=== objc tests ===


Running target unix

		=== objc Summary for unix ===

# of expected passes		2797
# of expected failures		6
# of unsupported tests		68

Running target unix/-fstack-protector

		=== objc Summary for unix/-fstack-protector ===

# of expected passes		2797
# of expected failures		6
# of unsupported tests		68

		=== objc Summary ===

# of expected passes		5594
# of expected failures		12
# of unsupported tests		136
/build/gcc-7-Eyh7bN/gcc-7-7.3.0/build/gcc/xgcc  version 7.3.0 (Debian 7.3.0-30) 

		=== libatomic tests ===


Running target unix

		=== libatomic Summary for unix ===

# of expected passes		44
# of unsupported tests		5

Running target unix/-fstack-protector

		=== libatomic Summary for unix/-fstack-protector ===

# of expected passes		44
# of unsupported tests		5

		=== libatomic Summary ===

# of expected passes		88
# of unsupported tests		10
		=== libffi tests ===


Running target unix

		=== libffi Summary for unix ===

# of expected passes		2799

Running target unix/-fstack-protector

		=== libffi Summary for unix/-fstack-protector ===

# of expected passes		2799

		=== libffi Summary ===

# of expected passes		5598
		=== libgo tests ===


Running target unix
FAIL: runtime

		=== libgo Summary for unix ===

# of expected passes		144
# of unexpected failures	1

Running target unix/-m64

		=== libgo Summary for unix/-m64 ===

# of expected passes		145

Running target unix/-mx32
FAIL: bufio
FAIL: bytes
FAIL: context
FAIL: errors
FAIL: expvar
FAIL: flag
FAIL: fmt
FAIL: html
FAIL: image
FAIL: io
FAIL: log
FAIL: math
FAIL: mime
FAIL: net
FAIL: os
FAIL: path
FAIL: reflect
FAIL: regexp
FAIL: runtime
FAIL: sort
FAIL: strconv
FAIL: strings
FAIL: sync
FAIL: syscall
FAIL: time
FAIL: unicode
FAIL: archive/tar
FAIL: archive/zip
FAIL: container/heap
FAIL: container/list
FAIL: container/ring
FAIL: crypto/aes
FAIL: crypto/cipher
FAIL: crypto/des
FAIL: crypto/dsa
FAIL: crypto/ecdsa
FAIL: crypto/elliptic
FAIL: crypto/hmac
FAIL: crypto/md5
FAIL: crypto/rand
FAIL: crypto/rc4
FAIL: crypto/rsa
FAIL: crypto/sha1
FAIL: crypto/sha256
FAIL: crypto/sha512
FAIL: crypto/subtle
FAIL: crypto/tls
FAIL: crypto/x509
FAIL: database/sql
FAIL: database/sql/driver
FAIL: debug/dwarf
FAIL: debug/elf
FAIL: debug/macho
FAIL: debug/pe
FAIL: debug/plan9obj
FAIL: encoding/ascii85
FAIL: encoding/asn1
FAIL: encoding/base32
FAIL: encoding/base64
FAIL: encoding/binary
FAIL: encoding/csv
FAIL: encoding/gob
FAIL: encoding/hex
FAIL: encoding/json
FAIL: encoding/pem
FAIL: encoding/xml
FAIL: exp/proxy
FAIL: exp/terminal
FAIL: html/template
FAIL: go/ast
FAIL: go/build
FAIL: go/constant
FAIL: go/doc
FAIL: go/format
FAIL: go/internal/gcimporter
FAIL: go/internal/gccgoimporter
FAIL: go/parser
FAIL: go/printer
FAIL: go/scanner
FAIL: go/token
FAIL: go/types
FAIL: golang_org/x/crypto/chacha20poly1305
FAIL: golang_org/x/crypto/chacha20poly1305/internal/chacha20
FAIL: golang_org/x/crypto/curve25519
FAIL: golang_org/x/crypto/poly1305
FAIL: golang_org/x/net/http2/hpack
FAIL: golang_org/x/net/idna
FAIL: golang_org/x/net/lex/httplex
FAIL: hash/adler32
FAIL: hash/crc32
FAIL: hash/crc64
FAIL: hash/fnv
FAIL: image/color
FAIL: image/draw
FAIL: image/jpeg
FAIL: image/png
FAIL: index/suffixarray
FAIL: internal/pprof/profile
FAIL: internal/singleflight
FAIL: internal/trace
FAIL: io/ioutil
FAIL: log/syslog
FAIL: math/big
FAIL: math/cmplx
FAIL: math/rand
FAIL: mime/multipart
FAIL: mime/quotedprintable
FAIL: net/http
FAIL: net/http/cgi
FAIL: net/http/cookiejar
FAIL: net/http/fcgi
FAIL: net/http/httptest
FAIL: net/http/httptrace
FAIL: net/http/httputil
FAIL: net/http/internal
FAIL: net/internal/socktest
FAIL: net/mail
FAIL: net/rpc
FAIL: net/smtp
FAIL: net/textproto
FAIL: net/url
FAIL: net/rpc/jsonrpc
FAIL: os/exec
FAIL: os/signal
FAIL: os/user
FAIL: path/filepath
FAIL: regexp/syntax
FAIL: runtime/debug
FAIL: runtime/internal/atomic
FAIL: runtime/internal/sys
FAIL: runtime/pprof
FAIL: runtime/pprof/internal/protopprof
FAIL: sync/atomic
FAIL: text/scanner
FAIL: text/tabwriter
FAIL: text/template
FAIL: text/template/parse
FAIL: testing/quick
FAIL: unicode/utf16
FAIL: unicode/utf8

		=== libgo Summary for unix/-mx32 ===

# of unexpected failures	145

		=== libgo Summary ===

# of expected passes		289
# of unexpected failures	146
/build/gcc-7-Eyh7bN/gcc-7-7.3.0/build/./gcc/gccgo version 7.3.0 (Debian 7.3.0-30)

		=== libgomp tests ===


Running target unix

		=== libgomp Summary for unix ===

# of expected passes		5270
# of unsupported tests		319

Running target unix/-fstack-protector

		=== libgomp Summary for unix/-fstack-protector ===

# of expected passes		5270
# of unsupported tests		319

		=== libgomp Summary ===

# of expected passes		10540
# of unsupported tests		638
		=== libitm tests ===


Running target unix

		=== libitm Summary for unix ===

# of expected passes		42
# of expected failures		3
# of unsupported tests		1

Running target unix/-fstack-protector

		=== libitm Summary for unix/-fstack-protector ===

# of expected passes		42
# of expected failures		3
# of unsupported tests		1

		=== libitm Summary ===

# of expected passes		84
# of expected failures		6
# of unsupported tests		2
		=== libstdc++ tests ===


Running target unix
FAIL: 22_locale/time_get/get_date/wchar_t/4.cc execution test

		=== libstdc++ Summary for unix ===

# of expected passes		12276
# of unexpected failures	1
# of expected failures		66
# of unsupported tests		268

Running target unix/-fstack-protector
FAIL: 22_locale/time_get/get_date/wchar_t/4.cc execution test

		=== libstdc++ Summary for unix/-fstack-protector ===

# of expected passes		12276
# of unexpected failures	1
# of expected failures		66
# of unsupported tests		268

		=== libstdc++ Summary ===

# of expected passes		24552
# of unexpected failures	2
# of expected failures		132
# of unsupported tests		536

Compiler version: 7.3.0 (Debian 7.3.0-30) 
Platform: i686-pc-linux-gnu
configure flags: -v --with-pkgversion='Debian 7.3.0-30' --with-bugurl=file:///usr/share/doc/gcc-7/README.Bugs --enable-languages=c,ada,c++,go,brig,d,fortran,objc,obj-c++ --prefix=/usr --with-gcc-major-version-only --program-suffix=-7 --program-prefix=i686-linux-gnu- --enable-shared --enable-linker-build-id --libexecdir=/usr/lib --without-included-gettext --enable-threads=posix --libdir=/usr/lib --enable-nls --with-sysroot=/ --enable-clocale=gnu --enable-libstdcxx-debug --enable-libstdcxx-time=yes --with-default-libstdcxx-abi=new --enable-gnu-unique-object --disable-vtable-verify --enable-libmpx --enable-plugin --enable-default-pie --with-system-zlib --with-target-system-zlib --enable-objc-gc=auto --enable-targets=all --enable-multiarch --disable-werror --with-arch-32=i686 --with-multilib-list=m32,m64,mx32 --enable-multilib --with-tune=generic --enable-checking=release --build=i686-linux-gnu --host=i686-linux-gnu --target=i686-linux-gnu
BOOT_CFLAGS=


Build Dependencies:
Desired=Unknown/Install/Remove/Purge/Hold
| Status=Not/Inst/Conf-files/Unpacked/halF-conf/Half-inst/trig-aWait/Trig-pend
|/ Err?=(none)/Reinst-required (Status,Err: uppercase=bad)
||/ Name                      Version        Architecture Description
+++-=========================-==============-============-===============================================================================
ii  binutils                  2.31.1-7       i386         GNU assembler, linker and binary utilities
ii  binutils-common:i386      2.31.1-7       i386         Common files for the GNU assembler, linker and binary utilities
ii  binutils-hppa64-linux-gnu 2.31.1-7       i386         GNU assembler, linker and binary utilities targeted for hppa64-linux
ii  binutils-i686-linux-gnu   2.31.1-7       i386         GNU binary utilities, for i686-linux-gnu target
ii  g++-7                     7.3.0-29       i386         GNU C++ compiler
ii  g++-8                     8.2.0-8        i386         GNU C++ compiler
ii  g++-8-multilib            8.2.0-8        i386         GNU C++ compiler (multilib support)
ii  g++-multilib              4:8.2.0-1      i386         GNU C++ compiler (multilib files)
ii  libc6:i386                2.27-8         i386         GNU C Library: Shared libraries
ii  libgmp-dev:i386           2:6.1.2+dfsg-3 i386         Multiprecision arithmetic library developers tools
ii  libisl-dev:i386           0.20-2         i386         manipulating sets and relations of integer points bounded by linear constraints
ii  libmpc-dev:i386           1.1.0-1        i386         multiple precision complex floating-point library development package
ii  libmpfr-dev:i386          4.0.1-1        i386         multiple precision floating-point computation developers tools


svn-updates:
  updates from the 7 branch upto 20181030 (r265622).

gcc-gfdl-build:
  Build a dummy s-tm-texi without access to the texinfo sources

gcc-textdomain:
  Set gettext's domain and textdomain to the versioned package name.

gcc-driver-extra-langs:
  Add options and specs for languages that are not built from a source
  (but built from separate sources).

gcc-hash-style-gnu:
  Link using --hash-style=gnu (aarch64, alpha, amd64, armel, armhf, ia64,
  i386, powerpc, ppc64, riscv64, s390, sparc)

libstdc++-pic:
  Build and install libstdc++_pic.a library.

libstdc++-doclink:
  adjust hrefs to point to the local documentation

libstdc++-man-3cxx:
  Install libstdc++ man pages with suffix .3cxx instead of .3

libstdc++-test-installed:
  Add support to run the libstdc++-v3 testsuite using the
  installed shared libraries.

alpha-no-ev4-directive:
  never emit .ev4 directive.

note-gnu-stack:
  Add .note.GNU-stack sections for gcc's crt files, libffi and boehm-gc
  Taken from FC.

libgomp-omp_h-multilib:
  Fix up omp.h for multilibs.

pr47818:

libgo-testsuite:
  Only run the libgo testsuite for flags configured in RUNTESTFLAGS

libgo-cleanfiles:

gcc-target-include-asm:
  Search \$(builddir)/sys-include for the asm header files

libgo-revert-timeout-exp:

libgo-setcontext-config:
  libgo: Overwrite the setcontext_clobbers_tls check on mips*

gcc-auto-build:
  Fix cross building a native compiler.

kfreebsd-unwind:
  DWARF2 EH unwinding support for AMD x86-64 and x86 KFreeBSD.

libitm-no-fortify-source:
  Build libitm with -U_FORTIFY_SOURCE on x86 and x86_64.

sparc64-biarch-long-double-128:
  Fix --with-long-double-128 for sparc32 when defaulting to 64-bit.

gotools-configury:
  Fix gotools cross build.

pr66368:
  PR go/66368, build libgo with -fno-stack-protector

pr67590:
  Fix PR67590, setting objdump macro.

libjit-ldflags:

libffi-pax:

libffi-race-condition:

gcc-foffload-default:
  Allow setting offload targets by OFFLOAD_TARGET_DEFAULT

gcc-fuse-ld-lld:
  Allow to use lld with -fuse-ld=ld.lld

pr77631:
  Fix PR sanitizer/77631, support separate debug info in libbacktrace.

pr67165:
  Fix PR other/67165, libbacktrace support for compressed debug sections

cuda-float128:

libgo-sparc64:

libgo-ia64:

libcc1-compiler-name:
  libcc1: Fix setting the compiler name, taken from the trunk

sh-builtin-trap:
  Proposed patch for PR target/70216, __builtin_trap() on SH

libffi-mipsen-r6:
  libffi: mips/n32.S: disable .set mips4 on mips r6

gcc-alpha-bs-ignore:
  Ignore bootstrap comparison failures in gcc/d on alpha

pr83204:
  Fix PR c++/83204, taken from the trunk

pr81356:
  Fix PR target/81356 (AArch64)
  Avoid memory access w/ __builtin_strcpy of empty string.

aarch64-simd-fnma-fix:
  aarch64-simd: Avoid emitting dup insn by using canonical form for fnma.

thunderx2t99-pipe-sched:
  aarch64-thunderx2: Add pipeline/scheduling info for missing insn types.

pr84475:
  Fix PR target/84475, taken from the trunk

libffi-riscv:
  Backport RISC-V support, taken from libffi commit 3840d49aaa

gcc-force-cross-layout:
  Add FORCE_CROSS_LAYOUT env var to force a cross directory layout.

gcc-search-prefixed-as-ld:
  Search for the <triplet>-as / -ld before serching for as / ld.

kfreebsd-decimal-float:
  Enable decimal float support on kfreebsd-amd64

pr86139:
  Fix PR middle-end/86139, taken from the gcc-8-branch

gcc-as-needed-push-pop:

gcc-hppa-caller-copies-ABI:
  Switch hppa-linux to caller copies ABI (as done in GCC 8).

ada-arm:

ada-gcc-name:

ada-verbose:

ada-library-project-files-soname:

ada-nobiarch-check:

ada-link-lib:

ada-libgnatvsn:
  - Introduce a new shared library named libgnatvsn, containing
  common components of GNAT under the GNAT-Modified GPL, for
  use in GNAT tools, ASIS, GLADE and GPS.   Link the gnat tools
  against this new library.

ada-gnattools-cross:
  - When building a cross gnat, link against the libgnatvsnBV-dev
  package.
  This link will be done by /usr/bin/\$(host_alias)-gnat*, thus
  the native gnat with the same major version will be required.

ada-tools-move-ldflags:

ada-acats:
  remove blanks from target_bit, see https://bugs.debian.org/814978

ada-sjlj:

ada-link-shlib:

ada-lib-info-source-date-epoch:

ada-armel-libatomic:

gdc-7:
  This implements D language support in the GCC back end, and adds
  relevant documentation about the GDC front end (code part).

gdc-updates:
  gdc updates up to 20160115.

libphobos-zlib:
  Build zlib in any case to have a fall back for missing libz multilibs

gdc-versym-cpu:
  Implements D CPU version conditions.

gdc-versym-os:
  Implements D OS version conditions.

gdc-frontend-posix:
  Fix build of the D frontend on the Hurd and KFreeBSD.

gdc-profiledbuild:
  Don't build gdc build tools idgen and impcnvgen with profiling flags

gdc-sparc-fix:
  Fix gdc build on sparc.

gdc-texinfo:
  Add macros for the gdc texinfo documentation.

gdc-libphobos-build:
  This implements building of libphobos library in GCC.

sys-auxv-header:
  Check for the sys/auxv.h header file.

libcilkrts-targets:
  Disable libcilkrts on KFreeBSD and the Hurd. See #734973.

t-libunwind-elf-Wl-z-defs:
  strip -z,defs from linker options for internal libunwind.

arm-multilib-soft:
  ARM hard/soft float multilib support

arm-multilib-defaults:
  Set MULTILIB_DEFAULTS for ARM multilib builds

gcc-ice-dump:
  For ICEs, dump the preprocessed source file to stderr
  when in a distro build environment.

gcc-ice-apport:
  Report an ICE to apport (if apport is available
  and the environment variable GCC_NOAPPORT is not set)

skip-bootstrap-multilib:
  Skip non-default multilib and libstdc++-v3 debug builds in bootstrap builds

libffi-ro-eh_frame_sect:
  PR libffi/47248, force a read only eh frame section.

libffi-mips:
  Backport Mips go closure support, taken from libffi issue #197.

ada-kfreebsd:

ada-drop-termio-h:

gcc-multiarch:
  - Remaining multiarch patches, not yet submitted upstream.
  - Add MULTIARCH_DIRNAME definitions for multilib configurations,
  which are used for the non-multilib builds.

config-ml:
  - Disable some biarch libraries for biarch builds.
  - Fix multilib builds on kernels which don't support all multilibs.

g++-multiarch-incdir:
  Use /usr/include/<multiarch>/c++/4.x as the include directory
  for host dependent c++ header files.

canonical-cpppath:
  Don't use any relative path names for the standard include paths.

gcc-multilib-multiarch:
  Don't auto-detect multilib osdirnames.

libgomp-kfreebsd-testsuite:
  Disable lock-2.c test on kfreebsd-*

go-testsuite:
  Skip Go testcase on AArch64 which hangs on the buildds.

ada-749574:

ada-changes-in-autogen-output:

Counting all warnings,
there are 0 warnings in stage3 of this bootstrap.

Number of warnings per file:

Number of warning types:



More information about the Gcc-testresults mailing list