Results for 9.0.0 20181030 (experimental) [trunk revision 265614] (GCC) testsuite on x86_64-pc-linux-gnu
H.J. Lu
hjl@gnu-skl-1.sc.intel.com
Tue Oct 30 09:47:00 GMT 2018
Native configuration is x86_64-pc-linux-gnu
=== gcc tests ===
Running target unix
FAIL: gcc.dg/ira-shrinkwrap-prep-1.c scan-rtl-dump ira "Split live-range of register"
FAIL: gcc.dg/ira-shrinkwrap-prep-2.c scan-rtl-dump ira "Split live-range of register"
FAIL: gcc.dg/graphite/interchange-3.c scan-tree-dump graphite "tiled"
FAIL: gcc.dg/graphite/interchange-7.c scan-tree-dump graphite "tiled"
FAIL: gcc.dg/graphite/interchange-9.c scan-tree-dump graphite "tiled"
FAIL: gcc.dg/graphite/uns-interchange-9.c scan-tree-dump graphite "tiled"
XPASS: gcc.dg/guality/example.c -O0 execution test
XPASS: gcc.dg/guality/example.c -O1 -DPREVENT_OPTIMIZATION execution test
XPASS: gcc.dg/guality/example.c -Og -DPREVENT_OPTIMIZATION execution test
XPASS: gcc.dg/guality/guality.c -O0 execution test
XPASS: gcc.dg/guality/guality.c -O1 -DPREVENT_OPTIMIZATION execution test
XPASS: gcc.dg/guality/guality.c -O2 -DPREVENT_OPTIMIZATION execution test
XPASS: gcc.dg/guality/guality.c -O2 -flto -fno-use-linker-plugin -flto-partition=none -DPREVENT_OPTIMIZATION execution test
XPASS: gcc.dg/guality/guality.c -O2 -flto -fuse-linker-plugin -fno-fat-lto-objects -DPREVENT_OPTIMIZATION execution test
XPASS: gcc.dg/guality/guality.c -O3 -g -DPREVENT_OPTIMIZATION execution test
XPASS: gcc.dg/guality/guality.c -Os -DPREVENT_OPTIMIZATION execution test
XPASS: gcc.dg/guality/guality.c -Og -DPREVENT_OPTIMIZATION execution test
XPASS: gcc.dg/guality/inline-params.c -O2 -DPREVENT_OPTIMIZATION execution test
XPASS: gcc.dg/guality/inline-params.c -O2 -flto -fno-use-linker-plugin -flto-partition=none -DPREVENT_OPTIMIZATION execution test
XPASS: gcc.dg/guality/inline-params.c -O2 -flto -fuse-linker-plugin -fno-fat-lto-objects -DPREVENT_OPTIMIZATION execution test
XPASS: gcc.dg/guality/inline-params.c -O3 -g -DPREVENT_OPTIMIZATION execution test
XPASS: gcc.dg/guality/inline-params.c -Os -DPREVENT_OPTIMIZATION execution test
XPASS: gcc.dg/guality/pr41353-1.c -O0 line 28 j == 28 + 37
XPASS: gcc.dg/guality/pr41353-1.c -Og -DPREVENT_OPTIMIZATION line 28 j == 28 + 37
FAIL: gcc.dg/guality/pr41616-1.c -O2 -DPREVENT_OPTIMIZATION execution test
FAIL: gcc.dg/guality/pr41616-1.c -O2 -flto -fno-use-linker-plugin -flto-partition=none -DPREVENT_OPTIMIZATION execution test
FAIL: gcc.dg/guality/pr41616-1.c -O3 -g -DPREVENT_OPTIMIZATION execution test
FAIL: gcc.dg/guality/pr54519-1.c -O2 -flto -fno-use-linker-plugin -flto-partition=none -DPREVENT_OPTIMIZATION line 20 y == 25
FAIL: gcc.dg/guality/pr54519-1.c -O2 -flto -fno-use-linker-plugin -flto-partition=none -DPREVENT_OPTIMIZATION line 20 z == 6
FAIL: gcc.dg/guality/pr54519-1.c -O2 -flto -fno-use-linker-plugin -flto-partition=none -DPREVENT_OPTIMIZATION line 23 y == 117
FAIL: gcc.dg/guality/pr54519-1.c -O2 -flto -fno-use-linker-plugin -flto-partition=none -DPREVENT_OPTIMIZATION line 23 z == 8
FAIL: gcc.dg/guality/pr54519-1.c -O2 -flto -fuse-linker-plugin -fno-fat-lto-objects -DPREVENT_OPTIMIZATION line 20 y == 25
FAIL: gcc.dg/guality/pr54519-1.c -O2 -flto -fuse-linker-plugin -fno-fat-lto-objects -DPREVENT_OPTIMIZATION line 20 z == 6
FAIL: gcc.dg/guality/pr54519-1.c -O2 -flto -fuse-linker-plugin -fno-fat-lto-objects -DPREVENT_OPTIMIZATION line 23 y == 117
FAIL: gcc.dg/guality/pr54519-1.c -O2 -flto -fuse-linker-plugin -fno-fat-lto-objects -DPREVENT_OPTIMIZATION line 23 z == 8
FAIL: gcc.dg/guality/pr54519-2.c -O2 -flto -fno-use-linker-plugin -flto-partition=none -DPREVENT_OPTIMIZATION line 17 y == 25
FAIL: gcc.dg/guality/pr54519-2.c -O2 -flto -fuse-linker-plugin -fno-fat-lto-objects -DPREVENT_OPTIMIZATION line 17 y == 25
FAIL: gcc.dg/guality/pr54519-3.c -O2 -flto -fno-use-linker-plugin -flto-partition=none -DPREVENT_OPTIMIZATION line 20 y == 25
FAIL: gcc.dg/guality/pr54519-3.c -O2 -flto -fno-use-linker-plugin -flto-partition=none -DPREVENT_OPTIMIZATION line 20 z == 6
FAIL: gcc.dg/guality/pr54519-3.c -O2 -flto -fno-use-linker-plugin -flto-partition=none -DPREVENT_OPTIMIZATION line 23 y == 117
FAIL: gcc.dg/guality/pr54519-3.c -O2 -flto -fno-use-linker-plugin -flto-partition=none -DPREVENT_OPTIMIZATION line 23 z == 8
FAIL: gcc.dg/guality/pr54519-3.c -O2 -flto -fuse-linker-plugin -fno-fat-lto-objects -DPREVENT_OPTIMIZATION line 20 y == 25
FAIL: gcc.dg/guality/pr54519-3.c -O2 -flto -fuse-linker-plugin -fno-fat-lto-objects -DPREVENT_OPTIMIZATION line 20 z == 6
FAIL: gcc.dg/guality/pr54519-3.c -O2 -flto -fuse-linker-plugin -fno-fat-lto-objects -DPREVENT_OPTIMIZATION line 23 y == 117
FAIL: gcc.dg/guality/pr54519-3.c -O2 -flto -fuse-linker-plugin -fno-fat-lto-objects -DPREVENT_OPTIMIZATION line 23 z == 8
FAIL: gcc.dg/guality/pr54519-4.c -O2 -flto -fno-use-linker-plugin -flto-partition=none -DPREVENT_OPTIMIZATION line 17 y == 25
FAIL: gcc.dg/guality/pr54519-4.c -O2 -flto -fuse-linker-plugin -fno-fat-lto-objects -DPREVENT_OPTIMIZATION line 17 y == 25
FAIL: gcc.dg/guality/pr54519-5.c -O2 -flto -fno-use-linker-plugin -flto-partition=none -DPREVENT_OPTIMIZATION line 17 y == 25
FAIL: gcc.dg/guality/pr54519-5.c -O2 -flto -fuse-linker-plugin -fno-fat-lto-objects -DPREVENT_OPTIMIZATION line 17 y == 25
XPASS: gcc.dg/guality/pr54970.c -O0 line 31 a[0] == 4
XPASS: gcc.dg/guality/pr54970.c -O0 line 36 a[0] == 4
XPASS: gcc.dg/guality/pr54970.c -O0 line 45 a[0] == 4
XPASS: gcc.dg/guality/pr54970.c -O0 line 45 p[-2] == 4
XPASS: gcc.dg/guality/pr54970.c -O0 line 45 q[-1] == 4
FAIL: gcc.dg/guality/pr54970.c -Og -DPREVENT_OPTIMIZATION line 15 *p == 3
FAIL: gcc.dg/guality/pr54970.c -Og -DPREVENT_OPTIMIZATION line 15 *q == 2
FAIL: gcc.dg/guality/pr54970.c -Og -DPREVENT_OPTIMIZATION line 15 a[0] == 1
FAIL: gcc.dg/guality/pr54970.c -Og -DPREVENT_OPTIMIZATION line 15 a[1] == 2
FAIL: gcc.dg/guality/pr54970.c -Og -DPREVENT_OPTIMIZATION line 15 a[2] == 3
FAIL: gcc.dg/guality/pr54970.c -Og -DPREVENT_OPTIMIZATION line 20 *p == 13
FAIL: gcc.dg/guality/pr54970.c -Og -DPREVENT_OPTIMIZATION line 20 *q == 2
FAIL: gcc.dg/guality/pr54970.c -Og -DPREVENT_OPTIMIZATION line 20 a[0] == 1
FAIL: gcc.dg/guality/pr54970.c -Og -DPREVENT_OPTIMIZATION line 20 a[1] == 2
FAIL: gcc.dg/guality/pr54970.c -Og -DPREVENT_OPTIMIZATION line 20 a[2] == 13
FAIL: gcc.dg/guality/pr54970.c -Og -DPREVENT_OPTIMIZATION line 25 *p == 13
FAIL: gcc.dg/guality/pr54970.c -Og -DPREVENT_OPTIMIZATION line 25 *q == 12
FAIL: gcc.dg/guality/pr54970.c -Og -DPREVENT_OPTIMIZATION line 25 a[0] == 1
FAIL: gcc.dg/guality/pr54970.c -Og -DPREVENT_OPTIMIZATION line 25 a[1] == 12
FAIL: gcc.dg/guality/pr54970.c -Og -DPREVENT_OPTIMIZATION line 25 a[2] == 13
FAIL: gcc.dg/guality/pr54970.c -Og -DPREVENT_OPTIMIZATION line 31 *p == 6
FAIL: gcc.dg/guality/pr54970.c -Og -DPREVENT_OPTIMIZATION line 31 *q == 5
FAIL: gcc.dg/guality/pr54970.c -Og -DPREVENT_OPTIMIZATION line 31 a[1] == 5
FAIL: gcc.dg/guality/pr54970.c -Og -DPREVENT_OPTIMIZATION line 31 a[2] == 6
FAIL: gcc.dg/guality/pr54970.c -Og -DPREVENT_OPTIMIZATION line 36 *p == 26
FAIL: gcc.dg/guality/pr54970.c -Og -DPREVENT_OPTIMIZATION line 36 *q == 5
FAIL: gcc.dg/guality/pr54970.c -Og -DPREVENT_OPTIMIZATION line 36 a[1] == 5
FAIL: gcc.dg/guality/pr54970.c -Og -DPREVENT_OPTIMIZATION line 36 a[2] == 26
FAIL: gcc.dg/guality/pr54970.c -Og -DPREVENT_OPTIMIZATION line 45 *p == 26
FAIL: gcc.dg/guality/pr54970.c -Og -DPREVENT_OPTIMIZATION line 45 *q == 25
FAIL: gcc.dg/guality/pr54970.c -Og -DPREVENT_OPTIMIZATION line 45 a[1] == 25
FAIL: gcc.dg/guality/pr54970.c -Og -DPREVENT_OPTIMIZATION line 45 a[2] == 26
FAIL: gcc.dg/guality/pr54970.c -Og -DPREVENT_OPTIMIZATION line 45 p[-1] == 25
FAIL: gcc.dg/guality/pr54970.c -Og -DPREVENT_OPTIMIZATION line 45 q[1] == 26
FAIL: gcc.dg/guality/pr56154-1.c -Og -DPREVENT_OPTIMIZATION line pr56154-1.c:20 x.a == 6
FAIL: gcc.dg/guality/pr59776.c -Og -DPREVENT_OPTIMIZATION line pr59776.c:17 s1.f == 5.0
FAIL: gcc.dg/guality/pr59776.c -Og -DPREVENT_OPTIMIZATION line pr59776.c:17 s1.g == 6.0
FAIL: gcc.dg/guality/pr59776.c -Og -DPREVENT_OPTIMIZATION line pr59776.c:17 s2.f == 0.0
FAIL: gcc.dg/guality/pr59776.c -Og -DPREVENT_OPTIMIZATION line pr59776.c:17 s2.g == 6.0
FAIL: gcc.dg/guality/pr59776.c -Og -DPREVENT_OPTIMIZATION line pr59776.c:20 s1.f == 5.0
FAIL: gcc.dg/guality/pr59776.c -Og -DPREVENT_OPTIMIZATION line pr59776.c:20 s1.g == 6.0
FAIL: gcc.dg/guality/pr59776.c -Og -DPREVENT_OPTIMIZATION line pr59776.c:20 s2.f == 5.0
FAIL: gcc.dg/guality/pr59776.c -Og -DPREVENT_OPTIMIZATION line pr59776.c:20 s2.g == 6.0
FAIL: gcc.dg/guality/pr68860-1.c -O2 -flto -fno-use-linker-plugin -flto-partition=none -DPREVENT_OPTIMIZATION line 14 arg1 == 1
FAIL: gcc.dg/guality/pr68860-1.c -O2 -flto -fno-use-linker-plugin -flto-partition=none -DPREVENT_OPTIMIZATION line 14 arg2 == 2
FAIL: gcc.dg/guality/pr68860-1.c -O2 -flto -fno-use-linker-plugin -flto-partition=none -DPREVENT_OPTIMIZATION line 14 arg3 == 3
FAIL: gcc.dg/guality/pr68860-1.c -O2 -flto -fno-use-linker-plugin -flto-partition=none -DPREVENT_OPTIMIZATION line 14 arg4 == 4
FAIL: gcc.dg/guality/pr68860-1.c -O2 -flto -fno-use-linker-plugin -flto-partition=none -DPREVENT_OPTIMIZATION line 14 arg5 == 5
FAIL: gcc.dg/guality/pr68860-1.c -O2 -flto -fno-use-linker-plugin -flto-partition=none -DPREVENT_OPTIMIZATION line 14 arg6 == 6
FAIL: gcc.dg/guality/pr68860-1.c -O2 -flto -fno-use-linker-plugin -flto-partition=none -DPREVENT_OPTIMIZATION line 16 arg1 == 1
FAIL: gcc.dg/guality/pr68860-1.c -O2 -flto -fno-use-linker-plugin -flto-partition=none -DPREVENT_OPTIMIZATION line 16 arg2 == 2
FAIL: gcc.dg/guality/pr68860-1.c -O2 -flto -fno-use-linker-plugin -flto-partition=none -DPREVENT_OPTIMIZATION line 16 arg3 == 3
FAIL: gcc.dg/guality/pr68860-1.c -O2 -flto -fno-use-linker-plugin -flto-partition=none -DPREVENT_OPTIMIZATION line 16 arg4 == 4
FAIL: gcc.dg/guality/pr68860-1.c -O2 -flto -fno-use-linker-plugin -flto-partition=none -DPREVENT_OPTIMIZATION line 16 arg5 == 5
FAIL: gcc.dg/guality/pr68860-1.c -O2 -flto -fno-use-linker-plugin -flto-partition=none -DPREVENT_OPTIMIZATION line 16 arg6 == 6
FAIL: gcc.dg/guality/pr68860-1.c -O2 -flto -fuse-linker-plugin -fno-fat-lto-objects -DPREVENT_OPTIMIZATION line 14 arg1 == 1
FAIL: gcc.dg/guality/pr68860-1.c -O2 -flto -fuse-linker-plugin -fno-fat-lto-objects -DPREVENT_OPTIMIZATION line 14 arg2 == 2
FAIL: gcc.dg/guality/pr68860-1.c -O2 -flto -fuse-linker-plugin -fno-fat-lto-objects -DPREVENT_OPTIMIZATION line 14 arg3 == 3
FAIL: gcc.dg/guality/pr68860-1.c -O2 -flto -fuse-linker-plugin -fno-fat-lto-objects -DPREVENT_OPTIMIZATION line 14 arg4 == 4
FAIL: gcc.dg/guality/pr68860-1.c -O2 -flto -fuse-linker-plugin -fno-fat-lto-objects -DPREVENT_OPTIMIZATION line 14 arg5 == 5
FAIL: gcc.dg/guality/pr68860-1.c -O2 -flto -fuse-linker-plugin -fno-fat-lto-objects -DPREVENT_OPTIMIZATION line 14 arg6 == 6
FAIL: gcc.dg/guality/pr68860-1.c -O2 -flto -fuse-linker-plugin -fno-fat-lto-objects -DPREVENT_OPTIMIZATION line 16 arg1 == 1
FAIL: gcc.dg/guality/pr68860-1.c -O2 -flto -fuse-linker-plugin -fno-fat-lto-objects -DPREVENT_OPTIMIZATION line 16 arg2 == 2
FAIL: gcc.dg/guality/pr68860-1.c -O2 -flto -fuse-linker-plugin -fno-fat-lto-objects -DPREVENT_OPTIMIZATION line 16 arg3 == 3
FAIL: gcc.dg/guality/pr68860-1.c -O2 -flto -fuse-linker-plugin -fno-fat-lto-objects -DPREVENT_OPTIMIZATION line 16 arg4 == 4
FAIL: gcc.dg/guality/pr68860-1.c -O2 -flto -fuse-linker-plugin -fno-fat-lto-objects -DPREVENT_OPTIMIZATION line 16 arg5 == 5
FAIL: gcc.dg/guality/pr68860-1.c -O2 -flto -fuse-linker-plugin -fno-fat-lto-objects -DPREVENT_OPTIMIZATION line 16 arg6 == 6
FAIL: gcc.dg/guality/sra-1.c -Og -DPREVENT_OPTIMIZATION line 21 a.i == 4
FAIL: gcc.dg/guality/sra-1.c -Og -DPREVENT_OPTIMIZATION line 21 a.j == 14
FAIL: gcc.dg/guality/sra-1.c -Og -DPREVENT_OPTIMIZATION line 32 a[0] == 4
FAIL: gcc.dg/guality/sra-1.c -Og -DPREVENT_OPTIMIZATION line 32 a[1] == 14
FAIL: gcc.dg/guality/sra-1.c -Og -DPREVENT_OPTIMIZATION line 43 a.i == 4
FAIL: gcc.dg/guality/sra-1.c -Og -DPREVENT_OPTIMIZATION line 43 a.j == 14
FAIL: gcc.dg/guality/vla-1.c -O1 -DPREVENT_OPTIMIZATION line 17 sizeof (a) == 6
FAIL: gcc.dg/guality/vla-1.c -O2 -DPREVENT_OPTIMIZATION line 17 sizeof (a) == 6
FAIL: gcc.dg/guality/vla-1.c -O2 -flto -fno-use-linker-plugin -flto-partition=none -DPREVENT_OPTIMIZATION line 17 sizeof (a) == 6
FAIL: gcc.dg/guality/vla-1.c -O2 -flto -fuse-linker-plugin -fno-fat-lto-objects -DPREVENT_OPTIMIZATION line 17 sizeof (a) == 6
FAIL: gcc.dg/guality/vla-1.c -O3 -g -DPREVENT_OPTIMIZATION line 17 sizeof (a) == 6
FAIL: gcc.dg/guality/vla-1.c -Os -DPREVENT_OPTIMIZATION line 17 sizeof (a) == 6
UNRESOLVED: gcc.dg/tree-prof/split-1.c scan-tree-dump-times linterchange "Loop_pair<outer:., inner:.> is interchanged" 1
FAIL: gcc.dg/tree-prof/update-cunroll-2.c scan-tree-dump-times optimized "count =" 1
UNRESOLVED: gcc.dg/tree-prof/wcoverage-mismatch.c scan-tree-dump-times dom2 "\\\\+" 1
UNRESOLVED: gcc.dg/tree-prof/wcoverage-mismatch.c scan-tree-dump-times dom2 "first_gp_reg_save" 1
FAIL: gcc.target/i386/avx512dq-concatv2si-1.c scan-assembler vpunpckldq[^\\n\\r]*%xmm17[^\\n\\r]*%xmm16[^\\n\\r]*%xmm3
FAIL: gcc.target/i386/avx512dq-concatv2si-1.c scan-assembler-times vpinsrd[^\\n\\r]*\\\\\$1[^\\n\\r]*%xmm16[^\\n\\r]*%xmm3 2
FAIL: gcc.target/i386/avx512vl-concatv2si-1.c scan-assembler vpunpckldq[^\\n\\r]*%xmm17[^\\n\\r]*%xmm16[^\\n\\r]*%xmm3
FAIL: gcc.target/i386/avx512vl-pr79299-2.c (test for excess errors)
FAIL: gcc.target/i386/bmi2-bzhi-2.c execution test
FAIL: gcc.target/i386/ifcvt-onecmpl-abs-1.c scan-assembler cltd
FAIL: gcc.target/i386/pr49095.c scan-assembler-times \\\\), % 45
FAIL: gcc.target/i386/pr57193.c scan-assembler-times movdqa 2
=== gcc Summary for unix ===
# of expected passes 139859
# of unexpected failures 114
# of unexpected successes 23
# of expected failures 526
# of unresolved testcases 3
# of unsupported tests 2214
Running target unix/-m32
FAIL: gcc.dg/graphite/interchange-3.c scan-tree-dump graphite "tiled"
FAIL: gcc.dg/graphite/interchange-7.c scan-tree-dump graphite "tiled"
FAIL: gcc.dg/graphite/interchange-9.c scan-tree-dump graphite "tiled"
FAIL: gcc.dg/graphite/uns-interchange-9.c scan-tree-dump graphite "tiled"
XPASS: gcc.dg/guality/example.c -O0 execution test
XPASS: gcc.dg/guality/example.c -O1 -DPREVENT_OPTIMIZATION execution test
XPASS: gcc.dg/guality/example.c -Og -DPREVENT_OPTIMIZATION execution test
XPASS: gcc.dg/guality/guality.c -O0 execution test
XPASS: gcc.dg/guality/guality.c -O1 -DPREVENT_OPTIMIZATION execution test
XPASS: gcc.dg/guality/guality.c -O2 -DPREVENT_OPTIMIZATION execution test
XPASS: gcc.dg/guality/guality.c -O2 -flto -fno-use-linker-plugin -flto-partition=none -DPREVENT_OPTIMIZATION execution test
XPASS: gcc.dg/guality/guality.c -O2 -flto -fuse-linker-plugin -fno-fat-lto-objects -DPREVENT_OPTIMIZATION execution test
XPASS: gcc.dg/guality/guality.c -O3 -g -DPREVENT_OPTIMIZATION execution test
XPASS: gcc.dg/guality/guality.c -Os -DPREVENT_OPTIMIZATION execution test
XPASS: gcc.dg/guality/guality.c -Og -DPREVENT_OPTIMIZATION execution test
XPASS: gcc.dg/guality/inline-params.c -O2 -DPREVENT_OPTIMIZATION execution test
XPASS: gcc.dg/guality/inline-params.c -O2 -flto -fno-use-linker-plugin -flto-partition=none -DPREVENT_OPTIMIZATION execution test
XPASS: gcc.dg/guality/inline-params.c -O2 -flto -fuse-linker-plugin -fno-fat-lto-objects -DPREVENT_OPTIMIZATION execution test
XPASS: gcc.dg/guality/inline-params.c -O3 -g -DPREVENT_OPTIMIZATION execution test
XPASS: gcc.dg/guality/inline-params.c -Os -DPREVENT_OPTIMIZATION execution test
XPASS: gcc.dg/guality/pr41353-1.c -O0 line 28 j == 28 + 37
XPASS: gcc.dg/guality/pr41353-1.c -Os -DPREVENT_OPTIMIZATION line 28 j == 28 + 37
XPASS: gcc.dg/guality/pr41353-1.c -Og -DPREVENT_OPTIMIZATION line 28 j == 28 + 37
FAIL: gcc.dg/guality/pr41447-1.c -O2 -DPREVENT_OPTIMIZATION execution test
FAIL: gcc.dg/guality/pr41447-1.c -O2 -flto -fno-use-linker-plugin -flto-partition=none -DPREVENT_OPTIMIZATION execution test
FAIL: gcc.dg/guality/pr41447-1.c -O3 -g -DPREVENT_OPTIMIZATION execution test
FAIL: gcc.dg/guality/pr54519-1.c -O2 -flto -fno-use-linker-plugin -flto-partition=none -DPREVENT_OPTIMIZATION line 20 y == 25
FAIL: gcc.dg/guality/pr54519-1.c -O2 -flto -fno-use-linker-plugin -flto-partition=none -DPREVENT_OPTIMIZATION line 20 z == 6
FAIL: gcc.dg/guality/pr54519-1.c -O2 -flto -fno-use-linker-plugin -flto-partition=none -DPREVENT_OPTIMIZATION line 23 y == 117
FAIL: gcc.dg/guality/pr54519-1.c -O2 -flto -fno-use-linker-plugin -flto-partition=none -DPREVENT_OPTIMIZATION line 23 z == 8
FAIL: gcc.dg/guality/pr54519-1.c -O2 -flto -fuse-linker-plugin -fno-fat-lto-objects -DPREVENT_OPTIMIZATION line 20 y == 25
FAIL: gcc.dg/guality/pr54519-1.c -O2 -flto -fuse-linker-plugin -fno-fat-lto-objects -DPREVENT_OPTIMIZATION line 20 z == 6
FAIL: gcc.dg/guality/pr54519-1.c -O2 -flto -fuse-linker-plugin -fno-fat-lto-objects -DPREVENT_OPTIMIZATION line 23 y == 117
FAIL: gcc.dg/guality/pr54519-1.c -O2 -flto -fuse-linker-plugin -fno-fat-lto-objects -DPREVENT_OPTIMIZATION line 23 z == 8
FAIL: gcc.dg/guality/pr54519-2.c -O2 -flto -fno-use-linker-plugin -flto-partition=none -DPREVENT_OPTIMIZATION line 17 y == 25
FAIL: gcc.dg/guality/pr54519-2.c -O2 -flto -fuse-linker-plugin -fno-fat-lto-objects -DPREVENT_OPTIMIZATION line 17 y == 25
FAIL: gcc.dg/guality/pr54519-3.c -O2 -flto -fno-use-linker-plugin -flto-partition=none -DPREVENT_OPTIMIZATION line 20 y == 25
FAIL: gcc.dg/guality/pr54519-3.c -O2 -flto -fno-use-linker-plugin -flto-partition=none -DPREVENT_OPTIMIZATION line 20 z == 6
FAIL: gcc.dg/guality/pr54519-3.c -O2 -flto -fno-use-linker-plugin -flto-partition=none -DPREVENT_OPTIMIZATION line 23 y == 117
FAIL: gcc.dg/guality/pr54519-3.c -O2 -flto -fno-use-linker-plugin -flto-partition=none -DPREVENT_OPTIMIZATION line 23 z == 8
FAIL: gcc.dg/guality/pr54519-3.c -O2 -flto -fuse-linker-plugin -fno-fat-lto-objects -DPREVENT_OPTIMIZATION line 20 y == 25
FAIL: gcc.dg/guality/pr54519-3.c -O2 -flto -fuse-linker-plugin -fno-fat-lto-objects -DPREVENT_OPTIMIZATION line 20 z == 6
FAIL: gcc.dg/guality/pr54519-3.c -O2 -flto -fuse-linker-plugin -fno-fat-lto-objects -DPREVENT_OPTIMIZATION line 23 y == 117
FAIL: gcc.dg/guality/pr54519-3.c -O2 -flto -fuse-linker-plugin -fno-fat-lto-objects -DPREVENT_OPTIMIZATION line 23 z == 8
FAIL: gcc.dg/guality/pr54519-4.c -O2 -flto -fno-use-linker-plugin -flto-partition=none -DPREVENT_OPTIMIZATION line 17 y == 25
FAIL: gcc.dg/guality/pr54519-4.c -O2 -flto -fuse-linker-plugin -fno-fat-lto-objects -DPREVENT_OPTIMIZATION line 17 y == 25
FAIL: gcc.dg/guality/pr54519-5.c -O2 -flto -fno-use-linker-plugin -flto-partition=none -DPREVENT_OPTIMIZATION line 17 y == 25
FAIL: gcc.dg/guality/pr54519-5.c -O2 -flto -fuse-linker-plugin -fno-fat-lto-objects -DPREVENT_OPTIMIZATION line 17 y == 25
XPASS: gcc.dg/guality/pr54970.c -O0 line 31 a[0] == 4
XPASS: gcc.dg/guality/pr54970.c -O0 line 36 a[0] == 4
XPASS: gcc.dg/guality/pr54970.c -O0 line 45 a[0] == 4
XPASS: gcc.dg/guality/pr54970.c -O0 line 45 p[-2] == 4
XPASS: gcc.dg/guality/pr54970.c -O0 line 45 q[-1] == 4
FAIL: gcc.dg/guality/pr54970.c -Og -DPREVENT_OPTIMIZATION line 15 *p == 3
FAIL: gcc.dg/guality/pr54970.c -Og -DPREVENT_OPTIMIZATION line 15 *q == 2
FAIL: gcc.dg/guality/pr54970.c -Og -DPREVENT_OPTIMIZATION line 15 a[0] == 1
FAIL: gcc.dg/guality/pr54970.c -Og -DPREVENT_OPTIMIZATION line 15 a[1] == 2
FAIL: gcc.dg/guality/pr54970.c -Og -DPREVENT_OPTIMIZATION line 15 a[2] == 3
FAIL: gcc.dg/guality/pr54970.c -Og -DPREVENT_OPTIMIZATION line 20 *p == 13
FAIL: gcc.dg/guality/pr54970.c -Og -DPREVENT_OPTIMIZATION line 20 *q == 2
FAIL: gcc.dg/guality/pr54970.c -Og -DPREVENT_OPTIMIZATION line 20 a[0] == 1
FAIL: gcc.dg/guality/pr54970.c -Og -DPREVENT_OPTIMIZATION line 20 a[1] == 2
FAIL: gcc.dg/guality/pr54970.c -Og -DPREVENT_OPTIMIZATION line 20 a[2] == 13
FAIL: gcc.dg/guality/pr54970.c -Og -DPREVENT_OPTIMIZATION line 25 *p == 13
FAIL: gcc.dg/guality/pr54970.c -Og -DPREVENT_OPTIMIZATION line 25 *q == 12
FAIL: gcc.dg/guality/pr54970.c -Og -DPREVENT_OPTIMIZATION line 25 a[0] == 1
FAIL: gcc.dg/guality/pr54970.c -Og -DPREVENT_OPTIMIZATION line 25 a[1] == 12
FAIL: gcc.dg/guality/pr54970.c -Og -DPREVENT_OPTIMIZATION line 25 a[2] == 13
FAIL: gcc.dg/guality/pr54970.c -Og -DPREVENT_OPTIMIZATION line 31 *p == 6
FAIL: gcc.dg/guality/pr54970.c -Og -DPREVENT_OPTIMIZATION line 31 *q == 5
FAIL: gcc.dg/guality/pr54970.c -Og -DPREVENT_OPTIMIZATION line 31 a[1] == 5
FAIL: gcc.dg/guality/pr54970.c -Og -DPREVENT_OPTIMIZATION line 31 a[2] == 6
FAIL: gcc.dg/guality/pr54970.c -Og -DPREVENT_OPTIMIZATION line 36 *p == 26
FAIL: gcc.dg/guality/pr54970.c -Og -DPREVENT_OPTIMIZATION line 36 *q == 5
FAIL: gcc.dg/guality/pr54970.c -Og -DPREVENT_OPTIMIZATION line 36 a[1] == 5
FAIL: gcc.dg/guality/pr54970.c -Og -DPREVENT_OPTIMIZATION line 36 a[2] == 26
FAIL: gcc.dg/guality/pr54970.c -Og -DPREVENT_OPTIMIZATION line 45 *p == 26
FAIL: gcc.dg/guality/pr54970.c -Og -DPREVENT_OPTIMIZATION line 45 *q == 25
FAIL: gcc.dg/guality/pr54970.c -Og -DPREVENT_OPTIMIZATION line 45 a[1] == 25
FAIL: gcc.dg/guality/pr54970.c -Og -DPREVENT_OPTIMIZATION line 45 a[2] == 26
FAIL: gcc.dg/guality/pr54970.c -Og -DPREVENT_OPTIMIZATION line 45 p[-1] == 25
FAIL: gcc.dg/guality/pr54970.c -Og -DPREVENT_OPTIMIZATION line 45 q[1] == 26
FAIL: gcc.dg/guality/pr56154-1.c -Og -DPREVENT_OPTIMIZATION line pr56154-1.c:20 x.a == 6
FAIL: gcc.dg/guality/pr59776.c -Og -DPREVENT_OPTIMIZATION line pr59776.c:17 s1.f == 5.0
FAIL: gcc.dg/guality/pr59776.c -Og -DPREVENT_OPTIMIZATION line pr59776.c:17 s1.g == 6.0
FAIL: gcc.dg/guality/pr59776.c -Og -DPREVENT_OPTIMIZATION line pr59776.c:17 s2.f == 0.0
FAIL: gcc.dg/guality/pr59776.c -Og -DPREVENT_OPTIMIZATION line pr59776.c:17 s2.g == 6.0
FAIL: gcc.dg/guality/pr59776.c -Og -DPREVENT_OPTIMIZATION line pr59776.c:20 s1.f == 5.0
FAIL: gcc.dg/guality/pr59776.c -Og -DPREVENT_OPTIMIZATION line pr59776.c:20 s1.g == 6.0
FAIL: gcc.dg/guality/pr59776.c -Og -DPREVENT_OPTIMIZATION line pr59776.c:20 s2.f == 5.0
FAIL: gcc.dg/guality/pr59776.c -Og -DPREVENT_OPTIMIZATION line pr59776.c:20 s2.g == 6.0
FAIL: gcc.dg/guality/pr68860-1.c -O2 -flto -fno-use-linker-plugin -flto-partition=none -DPREVENT_OPTIMIZATION line 14 arg1 == 1
FAIL: gcc.dg/guality/pr68860-1.c -O2 -flto -fno-use-linker-plugin -flto-partition=none -DPREVENT_OPTIMIZATION line 14 arg2 == 2
FAIL: gcc.dg/guality/pr68860-1.c -O2 -flto -fno-use-linker-plugin -flto-partition=none -DPREVENT_OPTIMIZATION line 14 arg3 == 3
FAIL: gcc.dg/guality/pr68860-1.c -O2 -flto -fno-use-linker-plugin -flto-partition=none -DPREVENT_OPTIMIZATION line 14 arg4 == 4
FAIL: gcc.dg/guality/pr68860-1.c -O2 -flto -fno-use-linker-plugin -flto-partition=none -DPREVENT_OPTIMIZATION line 14 arg5 == 5
FAIL: gcc.dg/guality/pr68860-1.c -O2 -flto -fno-use-linker-plugin -flto-partition=none -DPREVENT_OPTIMIZATION line 14 arg6 == 6
FAIL: gcc.dg/guality/pr68860-1.c -O2 -flto -fno-use-linker-plugin -flto-partition=none -DPREVENT_OPTIMIZATION line 16 arg1 == 1
FAIL: gcc.dg/guality/pr68860-1.c -O2 -flto -fno-use-linker-plugin -flto-partition=none -DPREVENT_OPTIMIZATION line 16 arg2 == 2
FAIL: gcc.dg/guality/pr68860-1.c -O2 -flto -fno-use-linker-plugin -flto-partition=none -DPREVENT_OPTIMIZATION line 16 arg3 == 3
FAIL: gcc.dg/guality/pr68860-1.c -O2 -flto -fno-use-linker-plugin -flto-partition=none -DPREVENT_OPTIMIZATION line 16 arg4 == 4
FAIL: gcc.dg/guality/pr68860-1.c -O2 -flto -fno-use-linker-plugin -flto-partition=none -DPREVENT_OPTIMIZATION line 16 arg5 == 5
FAIL: gcc.dg/guality/pr68860-1.c -O2 -flto -fno-use-linker-plugin -flto-partition=none -DPREVENT_OPTIMIZATION line 16 arg6 == 6
FAIL: gcc.dg/guality/pr68860-1.c -O2 -flto -fuse-linker-plugin -fno-fat-lto-objects -DPREVENT_OPTIMIZATION line 14 arg1 == 1
FAIL: gcc.dg/guality/pr68860-1.c -O2 -flto -fuse-linker-plugin -fno-fat-lto-objects -DPREVENT_OPTIMIZATION line 14 arg2 == 2
FAIL: gcc.dg/guality/pr68860-1.c -O2 -flto -fuse-linker-plugin -fno-fat-lto-objects -DPREVENT_OPTIMIZATION line 14 arg3 == 3
FAIL: gcc.dg/guality/pr68860-1.c -O2 -flto -fuse-linker-plugin -fno-fat-lto-objects -DPREVENT_OPTIMIZATION line 14 arg4 == 4
FAIL: gcc.dg/guality/pr68860-1.c -O2 -flto -fuse-linker-plugin -fno-fat-lto-objects -DPREVENT_OPTIMIZATION line 14 arg5 == 5
FAIL: gcc.dg/guality/pr68860-1.c -O2 -flto -fuse-linker-plugin -fno-fat-lto-objects -DPREVENT_OPTIMIZATION line 14 arg6 == 6
FAIL: gcc.dg/guality/pr68860-1.c -O2 -flto -fuse-linker-plugin -fno-fat-lto-objects -DPREVENT_OPTIMIZATION line 16 arg1 == 1
FAIL: gcc.dg/guality/pr68860-1.c -O2 -flto -fuse-linker-plugin -fno-fat-lto-objects -DPREVENT_OPTIMIZATION line 16 arg2 == 2
FAIL: gcc.dg/guality/pr68860-1.c -O2 -flto -fuse-linker-plugin -fno-fat-lto-objects -DPREVENT_OPTIMIZATION line 16 arg3 == 3
FAIL: gcc.dg/guality/pr68860-1.c -O2 -flto -fuse-linker-plugin -fno-fat-lto-objects -DPREVENT_OPTIMIZATION line 16 arg4 == 4
FAIL: gcc.dg/guality/pr68860-1.c -O2 -flto -fuse-linker-plugin -fno-fat-lto-objects -DPREVENT_OPTIMIZATION line 16 arg5 == 5
FAIL: gcc.dg/guality/pr68860-1.c -O2 -flto -fuse-linker-plugin -fno-fat-lto-objects -DPREVENT_OPTIMIZATION line 16 arg6 == 6
FAIL: gcc.dg/guality/sra-1.c -Og -DPREVENT_OPTIMIZATION line 21 a.i == 4
FAIL: gcc.dg/guality/sra-1.c -Og -DPREVENT_OPTIMIZATION line 21 a.j == 14
FAIL: gcc.dg/guality/sra-1.c -Og -DPREVENT_OPTIMIZATION line 32 a[0] == 4
FAIL: gcc.dg/guality/sra-1.c -Og -DPREVENT_OPTIMIZATION line 32 a[1] == 14
FAIL: gcc.dg/guality/sra-1.c -Og -DPREVENT_OPTIMIZATION line 43 a.i == 4
FAIL: gcc.dg/guality/sra-1.c -Og -DPREVENT_OPTIMIZATION line 43 a.j == 14
FAIL: gcc.dg/guality/vla-1.c -O1 -DPREVENT_OPTIMIZATION line 17 sizeof (a) == 6
FAIL: gcc.dg/guality/vla-1.c -O2 -DPREVENT_OPTIMIZATION line 17 sizeof (a) == 6
FAIL: gcc.dg/guality/vla-1.c -O2 -flto -fno-use-linker-plugin -flto-partition=none -DPREVENT_OPTIMIZATION line 17 sizeof (a) == 6
FAIL: gcc.dg/guality/vla-1.c -O2 -flto -fuse-linker-plugin -fno-fat-lto-objects -DPREVENT_OPTIMIZATION line 17 sizeof (a) == 6
FAIL: gcc.dg/guality/vla-1.c -O3 -g -DPREVENT_OPTIMIZATION line 17 sizeof (a) == 6
FAIL: gcc.dg/guality/vla-1.c -Os -DPREVENT_OPTIMIZATION line 17 sizeof (a) == 6
UNRESOLVED: gcc.dg/tree-prof/switch-case-2.c scan-tree-dump-times optimized "return 0;" 1
UNRESOLVED: gcc.dg/tree-prof/wcoverage-mismatch.c scan-tree-dump-times dom2 "\\\\+" 1
UNRESOLVED: gcc.dg/tree-prof/wcoverage-mismatch.c scan-tree-dump-times dom2 "first_gp_reg_save" 1
FAIL: gcc.dg/tree-ssa/builtin-sprintf-10.c (test for excess errors)
XPASS: gcc.dg/vect/vect-24.c -flto -ffat-lto-objects scan-tree-dump-times vect "vectorized 3 loops" 1
XPASS: gcc.dg/vect/vect-24.c scan-tree-dump-times vect "vectorized 3 loops" 1
XPASS: gcc.dg/vect/vect-reduc-in-order-1.c -flto -ffat-lto-objects execution test
XPASS: gcc.dg/vect/vect-reduc-in-order-1.c execution test
XPASS: gcc.dg/vect/vect-reduc-in-order-2.c -flto -ffat-lto-objects execution test
XPASS: gcc.dg/vect/vect-reduc-in-order-2.c execution test
XPASS: gcc.dg/vect/vect-reduc-in-order-3.c -flto -ffat-lto-objects execution test
XPASS: gcc.dg/vect/vect-reduc-in-order-3.c execution test
XPASS: gcc.dg/vect/vect-reduc-in-order-4.c -flto -ffat-lto-objects execution test
XPASS: gcc.dg/vect/vect-reduc-in-order-4.c execution test
FAIL: gcc.target/i386/avx512vl-pr79299-2.c (test for excess errors)
FAIL: gcc.target/i386/pr57193.c scan-assembler-times movdqa 2
=== gcc Summary for unix/-m32 ===
# of expected passes 137305
# of unexpected failures 106
# of unexpected successes 34
# of expected failures 519
# of unresolved testcases 3
# of unsupported tests 2503
=== gcc Summary ===
# of expected passes 277164
# of unexpected failures 220
# of unexpected successes 57
# of expected failures 1045
# of unresolved testcases 6
# of unsupported tests 4717
/export/gnu/import/git/gcc-test/bld/gcc/xgcc version 9.0.0 20181030 (experimental) [trunk revision 265614] (GCC)
=== gfortran tests ===
Running target unix
UNRESOLVED: gfortran.dg/prof/dynamic_dispatch_6.f03 scan-tree-dump-times vect "vectorized 3 loops" 1
=== gfortran Summary for unix ===
# of expected passes 48053
# of expected failures 103
# of unresolved testcases 1
# of unsupported tests 79
Running target unix/-m32
FAIL: gfortran.dg/bessel_6.f90 -O0 execution test
FAIL: gfortran.dg/bessel_6.f90 -O1 execution test
FAIL: gfortran.dg/bessel_6.f90 -O2 execution test
FAIL: gfortran.dg/bessel_6.f90 -O3 -fomit-frame-pointer -funroll-loops -fpeel-loops -ftracer -finline-functions execution test
FAIL: gfortran.dg/bessel_6.f90 -O3 -g execution test
FAIL: gfortran.dg/bessel_6.f90 -Os execution test
UNRESOLVED: gfortran.dg/prof/dynamic_dispatch_6.f03 scan-tree-dump-times vect "vectorized 3 loops" 1
=== gfortran Summary for unix/-m32 ===
# of expected passes 47830
# of unexpected failures 6
# of expected failures 103
# of unresolved testcases 1
# of unsupported tests 182
=== gfortran Summary ===
# of expected passes 95883
# of unexpected failures 6
# of expected failures 206
# of unresolved testcases 2
# of unsupported tests 261
/export/gnu/import/git/gcc-test/bld/gcc/gfortran version 9.0.0 20181030 (experimental) [trunk revision 265614] (GCC)
=== g++ tests ===
Running target unix
UNRESOLVED: g++.dg/bprob/g++-bprob-2.C scan-assembler .ascii bar
UNRESOLVED: g++.dg/bprob/g++-bprob-2.C scan-assembler .ascii foo
FAIL: g++.dg/pr80481.C -std=gnu++14 scan-assembler-not vmovaps
FAIL: g++.dg/pr80481.C -std=gnu++17 scan-assembler-not vmovaps
FAIL: g++.dg/pr80481.C -std=gnu++98 scan-assembler-not vmovaps
FAIL: g++.dg/pr83239.C -std=gnu++98 (test for excess errors)
FAIL: g++.dg/guality/pr55665.C -O2 line 23 p == 40
FAIL: g++.dg/guality/pr55665.C -O2 -flto -fno-use-linker-plugin -flto-partition=none line 23 p == 40
FAIL: g++.dg/guality/pr55665.C -O3 -g line 23 p == 40
=== g++ Summary for unix ===
# of expected passes 128293
# of unexpected failures 7
# of expected failures 531
# of unresolved testcases 2
# of unsupported tests 5428
Running target unix/-m32
UNRESOLVED: g++.dg/bprob/g++-bprob-2.C scan-assembler .ascii bar
UNRESOLVED: g++.dg/bprob/g++-bprob-2.C scan-assembler .ascii foo
FAIL: g++.dg/pr83239.C -std=gnu++98 (test for excess errors)
FAIL: g++.dg/guality/pr55665.C -O2 line 23 p == 40
FAIL: g++.dg/guality/pr55665.C -O2 -flto -fno-use-linker-plugin -flto-partition=none line 23 p == 40
FAIL: g++.dg/guality/pr55665.C -O3 -g line 23 p == 40
UNRESOLVED: g++.dg/tree-prof/pr53460.C scan-assembler-not __ubsan_handle
=== g++ Summary for unix/-m32 ===
# of expected passes 126516
# of unexpected failures 4
# of expected failures 528
# of unresolved testcases 3
# of unsupported tests 5262
=== g++ Summary ===
# of expected passes 254809
# of unexpected failures 11
# of expected failures 1059
# of unresolved testcases 5
# of unsupported tests 10690
/export/gnu/import/git/gcc-test/bld/gcc/xg++ version 9.0.0 20181030 (experimental) [trunk revision 265614] (GCC)
=== objc tests ===
Running target unix
=== objc Summary for unix ===
# of expected passes 2797
# of expected failures 6
# of unsupported tests 68
Running target unix/-m32
=== objc Summary for unix/-m32 ===
# of expected passes 2797
# of expected failures 6
# of unsupported tests 68
=== objc Summary ===
# of expected passes 5594
# of expected failures 12
# of unsupported tests 136
/export/gnu/import/git/gcc-test/bld/gcc/xgcc version 9.0.0 20181030 (experimental) [trunk revision 265614] (GCC)
=== libatomic tests ===
Running target unix/-m32
=== libatomic Summary for unix/-m32 ===
# of expected passes 44
# of unsupported tests 5
Running target unix
=== libatomic Summary for unix ===
# of expected passes 54
=== libatomic Summary ===
# of expected passes 98
# of unsupported tests 5
=== libgomp tests ===
Running target unix/-m32
=== libgomp Summary for unix/-m32 ===
# of expected passes 6136
# of expected failures 1
# of unsupported tests 322
Running target unix
=== libgomp Summary for unix ===
# of expected passes 6136
# of expected failures 1
# of unsupported tests 322
=== libgomp Summary ===
# of expected passes 12272
# of expected failures 2
# of unsupported tests 644
=== libitm tests ===
Running target unix/-m32
=== libitm Summary for unix/-m32 ===
# of expected passes 42
# of expected failures 3
# of unsupported tests 1
Running target unix
=== libitm Summary for unix ===
# of expected passes 42
# of expected failures 3
# of unsupported tests 1
=== libitm Summary ===
# of expected passes 84
# of expected failures 6
# of unsupported tests 2
=== libstdc++ tests ===
Running target unix
FAIL: libstdc++-prettyprinters/80276.cc whatis p4
FAIL: libstdc++-prettyprinters/80276.cc whatis p4
FAIL: libstdc++-prettyprinters/cxx17.cc print p
FAIL: libstdc++-prettyprinters/cxx17.cc print p
FAIL: libstdc++-prettyprinters/cxx17.cc print q
FAIL: libstdc++-prettyprinters/cxx17.cc print q
FAIL: libstdc++-prettyprinters/cxx17.cc print wp
FAIL: libstdc++-prettyprinters/cxx17.cc print wp
FAIL: libstdc++-prettyprinters/cxx17.cc print wq
FAIL: libstdc++-prettyprinters/cxx17.cc print wq
FAIL: libstdc++-prettyprinters/shared_ptr.cc print sp1
FAIL: libstdc++-prettyprinters/shared_ptr.cc print sp1
FAIL: libstdc++-prettyprinters/shared_ptr.cc print wp1
FAIL: libstdc++-prettyprinters/shared_ptr.cc print wp1
FAIL: libstdc++-prettyprinters/shared_ptr.cc print wp2
FAIL: libstdc++-prettyprinters/shared_ptr.cc print wp2
=== libstdc++ Summary for unix ===
# of expected passes 13333
# of unexpected failures 16
# of expected failures 77
# of unsupported tests 273
Running target unix/-m32
FAIL: libstdc++-prettyprinters/80276.cc whatis p4
FAIL: libstdc++-prettyprinters/80276.cc whatis p4
FAIL: libstdc++-prettyprinters/cxx17.cc print p
FAIL: libstdc++-prettyprinters/cxx17.cc print p
FAIL: libstdc++-prettyprinters/cxx17.cc print q
FAIL: libstdc++-prettyprinters/cxx17.cc print q
FAIL: libstdc++-prettyprinters/cxx17.cc print wp
FAIL: libstdc++-prettyprinters/cxx17.cc print wp
FAIL: libstdc++-prettyprinters/cxx17.cc print wq
FAIL: libstdc++-prettyprinters/cxx17.cc print wq
FAIL: libstdc++-prettyprinters/shared_ptr.cc print sp1
FAIL: libstdc++-prettyprinters/shared_ptr.cc print sp1
FAIL: libstdc++-prettyprinters/shared_ptr.cc print wp1
FAIL: libstdc++-prettyprinters/shared_ptr.cc print wp1
FAIL: libstdc++-prettyprinters/shared_ptr.cc print wp2
FAIL: libstdc++-prettyprinters/shared_ptr.cc print wp2
=== libstdc++ Summary for unix/-m32 ===
# of expected passes 13341
# of unexpected failures 16
# of expected failures 77
# of unsupported tests 269
=== libstdc++ Summary ===
# of expected passes 26674
# of unexpected failures 32
# of expected failures 154
# of unsupported tests 542
Compiler version: 9.0.0 20181030 (experimental) [trunk revision 265614] (GCC)
Platform: x86_64-pc-linux-gnu
configure flags: --prefix=/usr/9.0.0 --enable-clocale=gnu --with-system-zlib --enable-shared --enable-cet --with-demangler-in-ld --enable-libmpx --with-build-config='bootstrap-O3 bootstrap-debug' --disable-werror --with-fpmath=sse
More information about the Gcc-testresults
mailing list