Results for 9.0.0 20181027 (experimental) [master revision 265554] (GCC) testsuite on armv8l-unknown-linux-gnueabihf

LINARO TCWG tcwg-buildslave@linaro.org
Sat Oct 27 10:44:00 GMT 2018


LAST_UPDATED: Sat Oct 27 06:24:33 UTC 2018 (revision 265554)

Native configuration is armv8l-unknown-linux-gnueabihf

		=== libatomic tests ===


Running target tcwg-local

		=== libatomic Summary ===

# of expected passes		44
# of unsupported tests		5
		=== libgomp tests ===


Running target tcwg-local
FAIL: libgomp.fortran/target7.f90   -O0  execution test
FAIL: libgomp.fortran/target7.f90   -O1  execution test
FAIL: libgomp.fortran/target7.f90   -O2  execution test
FAIL: libgomp.fortran/target7.f90   -O3 -fomit-frame-pointer -funroll-loops -fpeel-loops -ftracer -finline-functions  execution test
FAIL: libgomp.fortran/target7.f90   -O3 -g  execution test
FAIL: libgomp.fortran/target7.f90   -Os  execution test
FAIL: libgomp.fortran/target8.f90   -O0  execution test
FAIL: libgomp.fortran/target8.f90   -O1  execution test
FAIL: libgomp.fortran/target8.f90   -O2  execution test
FAIL: libgomp.fortran/target8.f90   -O3 -fomit-frame-pointer -funroll-loops -fpeel-loops -ftracer -finline-functions  execution test
FAIL: libgomp.fortran/target8.f90   -O3 -g  execution test
FAIL: libgomp.fortran/target8.f90   -Os  execution test

		=== libgomp Summary ===

# of expected passes		5930
# of unexpected failures	12
# of unsupported tests		395
		=== libitm tests ===


Running target tcwg-local

		=== libitm Summary ===

# of expected passes		42
# of expected failures		3
# of unsupported tests		1
		=== libstdc++ tests ===


Running target tcwg-local
FAIL: 17_intro/names.cc (test for excess errors)
FAIL: libstdc++-prettyprinters/whatis.cc whatis filebuf_holder
FAIL: libstdc++-prettyprinters/whatis.cc whatis filebuf_holder
FAIL: libstdc++-prettyprinters/whatis.cc whatis fstream_holder
FAIL: libstdc++-prettyprinters/whatis.cc whatis fstream_holder
FAIL: libstdc++-prettyprinters/whatis.cc whatis ifstream_holder
FAIL: libstdc++-prettyprinters/whatis.cc whatis ifstream_holder
FAIL: libstdc++-prettyprinters/whatis.cc whatis ios_holder
FAIL: libstdc++-prettyprinters/whatis.cc whatis ios_holder
FAIL: libstdc++-prettyprinters/whatis.cc whatis iostream_holder
FAIL: libstdc++-prettyprinters/whatis.cc whatis iostream_holder
FAIL: libstdc++-prettyprinters/whatis.cc whatis istream_holder
FAIL: libstdc++-prettyprinters/whatis.cc whatis istream_holder
FAIL: libstdc++-prettyprinters/whatis.cc whatis istringstream_holder
FAIL: libstdc++-prettyprinters/whatis.cc whatis istringstream_holder
FAIL: libstdc++-prettyprinters/whatis.cc whatis ofstream_holder
FAIL: libstdc++-prettyprinters/whatis.cc whatis ofstream_holder
FAIL: libstdc++-prettyprinters/whatis.cc whatis ostream_holder
FAIL: libstdc++-prettyprinters/whatis.cc whatis ostream_holder
FAIL: libstdc++-prettyprinters/whatis.cc whatis ostringstream_holder
FAIL: libstdc++-prettyprinters/whatis.cc whatis ostringstream_holder
FAIL: libstdc++-prettyprinters/whatis.cc whatis streambuf_holder
FAIL: libstdc++-prettyprinters/whatis.cc whatis streambuf_holder
FAIL: libstdc++-prettyprinters/whatis.cc whatis stringbuf_holder
FAIL: libstdc++-prettyprinters/whatis.cc whatis stringbuf_holder
FAIL: libstdc++-prettyprinters/whatis.cc whatis stringstream_holder
FAIL: libstdc++-prettyprinters/whatis.cc whatis stringstream_holder

		=== libstdc++ Summary ===

# of expected passes		11826
# of unexpected failures	27
# of expected failures		77
# of unsupported tests		674
		=== g++ tests ===


Running target tcwg-local
FAIL: g++.dg/asan/asan_test.C   -O2  AddressSanitizer_PthreadExitTest execution test
FAIL: g++.dg/asan/asan_test.C   -O2  AddressSanitizer_ThreadStackReuseTest execution test
FAIL: g++.dg/asan/deep-stack-uaf-1.C   -O0  output pattern test
FAIL: g++.dg/asan/deep-stack-uaf-1.C   -O1  output pattern test
FAIL: g++.dg/asan/deep-stack-uaf-1.C   -O2  output pattern test
FAIL: g++.dg/asan/deep-stack-uaf-1.C   -O3 -g  output pattern test
FAIL: g++.dg/asan/deep-stack-uaf-1.C   -Os  output pattern test
UNRESOLVED: g++.dg/ext/pr82625.C  -std=gnu++14  scan-tree-dump-times optimized "return 4096;" 1
UNRESOLVED: g++.dg/ext/pr82625.C  -std=gnu++14  scan-tree-dump-times optimized "return 8192;" 1
FAIL: g++.dg/ext/pr82625.C  -std=gnu++14 (test for excess errors)
UNRESOLVED: g++.dg/ext/pr82625.C  -std=gnu++17  scan-tree-dump-times optimized "return 4096;" 1
UNRESOLVED: g++.dg/ext/pr82625.C  -std=gnu++17  scan-tree-dump-times optimized "return 8192;" 1
FAIL: g++.dg/ext/pr82625.C  -std=gnu++17 (test for excess errors)
UNRESOLVED: g++.dg/ext/pr82625.C  -std=gnu++98  scan-tree-dump-times optimized "return 4096;" 1
UNRESOLVED: g++.dg/ext/pr82625.C  -std=gnu++98  scan-tree-dump-times optimized "return 8192;" 1
FAIL: g++.dg/ext/pr82625.C  -std=gnu++98 (test for excess errors)
FAIL: g++.dg/pr83239.C  -std=gnu++98 (test for excess errors)
FAIL: g++.dg/guality/pr67192.C   -O0  line 27 cnt == 5
FAIL: g++.dg/guality/pr67192.C   -O0  line 39 cnt == 10
FAIL: g++.dg/guality/pr67192.C   -O0  line 48 cnt == 15
FAIL: g++.dg/guality/pr67192.C   -O0  line 54 cnt == 15
FAIL: g++.dg/guality/pr67192.C   -O0  line 59 cnt == 20
FAIL: g++.dg/guality/pr67192.C   -O1  line 27 cnt == 5
FAIL: g++.dg/guality/pr67192.C   -O1  line 39 cnt == 10
FAIL: g++.dg/guality/pr67192.C   -O1  line 48 cnt == 15
FAIL: g++.dg/guality/pr67192.C   -O1  line 54 cnt == 15
FAIL: g++.dg/guality/pr67192.C   -O1  line 59 cnt == 20
FAIL: g++.dg/guality/pr67192.C   -O2  line 27 cnt == 5
FAIL: g++.dg/guality/pr67192.C   -O2  line 39 cnt == 10
FAIL: g++.dg/guality/pr67192.C   -O2  line 48 cnt == 15
FAIL: g++.dg/guality/pr67192.C   -O2  line 54 cnt == 15
FAIL: g++.dg/guality/pr67192.C   -O2  line 59 cnt == 20
FAIL: g++.dg/guality/pr67192.C   -O2 -flto -fno-use-linker-plugin -flto-partition=none  line 27 cnt == 5
FAIL: g++.dg/guality/pr67192.C   -O2 -flto -fno-use-linker-plugin -flto-partition=none  line 39 cnt == 10
FAIL: g++.dg/guality/pr67192.C   -O2 -flto -fno-use-linker-plugin -flto-partition=none  line 48 cnt == 15
FAIL: g++.dg/guality/pr67192.C   -O2 -flto -fno-use-linker-plugin -flto-partition=none  line 54 cnt == 15
FAIL: g++.dg/guality/pr67192.C   -O2 -flto -fno-use-linker-plugin -flto-partition=none  line 59 cnt == 20
FAIL: g++.dg/guality/pr67192.C   -O2 -flto -fuse-linker-plugin -fno-fat-lto-objects  line 27 cnt == 5
FAIL: g++.dg/guality/pr67192.C   -O2 -flto -fuse-linker-plugin -fno-fat-lto-objects  line 39 cnt == 10
FAIL: g++.dg/guality/pr67192.C   -O2 -flto -fuse-linker-plugin -fno-fat-lto-objects  line 48 cnt == 15
FAIL: g++.dg/guality/pr67192.C   -O2 -flto -fuse-linker-plugin -fno-fat-lto-objects  line 54 cnt == 15
FAIL: g++.dg/guality/pr67192.C   -O2 -flto -fuse-linker-plugin -fno-fat-lto-objects  line 59 cnt == 20
FAIL: g++.dg/guality/pr67192.C   -O3 -fomit-frame-pointer -funroll-loops -fpeel-loops -ftracer -finline-functions  line 27 cnt == 5
FAIL: g++.dg/guality/pr67192.C   -O3 -fomit-frame-pointer -funroll-loops -fpeel-loops -ftracer -finline-functions  line 39 cnt == 10
FAIL: g++.dg/guality/pr67192.C   -O3 -fomit-frame-pointer -funroll-loops -fpeel-loops -ftracer -finline-functions  line 48 cnt == 15
FAIL: g++.dg/guality/pr67192.C   -O3 -fomit-frame-pointer -funroll-loops -fpeel-loops -ftracer -finline-functions  line 54 cnt == 15
FAIL: g++.dg/guality/pr67192.C   -O3 -fomit-frame-pointer -funroll-loops -fpeel-loops -ftracer -finline-functions  line 59 cnt == 20
FAIL: g++.dg/guality/pr67192.C   -O3 -g  line 27 cnt == 5
FAIL: g++.dg/guality/pr67192.C   -O3 -g  line 39 cnt == 10
FAIL: g++.dg/guality/pr67192.C   -O3 -g  line 48 cnt == 15
FAIL: g++.dg/guality/pr67192.C   -O3 -g  line 54 cnt == 15
FAIL: g++.dg/guality/pr67192.C   -O3 -g  line 59 cnt == 20
FAIL: g++.dg/guality/pr67192.C   -Os  line 27 cnt == 5
FAIL: g++.dg/guality/pr67192.C   -Os  line 39 cnt == 10
FAIL: g++.dg/guality/pr67192.C   -Os  line 48 cnt == 15
FAIL: g++.dg/guality/pr67192.C   -Os  line 54 cnt == 15
FAIL: g++.dg/guality/pr67192.C   -Os  line 59 cnt == 20
FAIL: g++.dg/guality/pr67192.C  -Og  line 27 cnt == 5
FAIL: g++.dg/guality/pr67192.C  -Og  line 39 cnt == 10
FAIL: g++.dg/guality/pr67192.C  -Og  line 48 cnt == 15
FAIL: g++.dg/guality/pr67192.C  -Og  line 54 cnt == 15
FAIL: g++.dg/guality/pr67192.C  -Og  line 59 cnt == 20
FAIL: g++.dg/lto/pr65276 cp_lto_pr65276_0.o-cp_lto_pr65276_1.o link, -flto -O0 -std=c++11

		=== g++ Summary ===

# of expected passes		123930
# of unexpected failures	57
# of expected failures		533
# of unresolved testcases	6
# of unsupported tests		5939
/home/tcwg-buildslave/workspace/tcwg-buildfarm/tcwg-d05_32-build/_build/builds/armv8l-unknown-linux-gnueabihf/armv8l-unknown-linux-gnueabihf/gcc.git~master_rev_301a5923ff5665e17df79f1cc3d14e06a31ec94f-stage2/gcc/xg++  version 9.0.0 20181027 (experimental) [master revision 265554] (GCC) 

		=== gcc tests ===


Running target tcwg-local
FAIL: gcc.c-torture/execute/builtins/memcpy-chk.c execution,  -O2 
FAIL: gcc.c-torture/execute/builtins/memcpy-chk.c execution,  -O2 -flto -fno-use-linker-plugin -flto-partition=none 
FAIL: gcc.c-torture/execute/builtins/memcpy-chk.c execution,  -O2 -flto -fuse-linker-plugin -fno-fat-lto-objects 
FAIL: gcc.c-torture/execute/builtins/memcpy-chk.c execution,  -O3 -fomit-frame-pointer -funroll-loops -fpeel-loops -ftracer -finline-functions 
FAIL: gcc.c-torture/execute/builtins/memcpy-chk.c execution,  -O3 -g 
FAIL: gcc.c-torture/execute/builtins/memmove-chk.c execution,  -O2 
FAIL: gcc.c-torture/execute/builtins/memmove-chk.c execution,  -O2 -flto -fno-use-linker-plugin -flto-partition=none 
FAIL: gcc.c-torture/execute/builtins/memmove-chk.c execution,  -O2 -flto -fuse-linker-plugin -fno-fat-lto-objects 
FAIL: gcc.c-torture/execute/builtins/memmove-chk.c execution,  -O3 -fomit-frame-pointer -funroll-loops -fpeel-loops -ftracer -finline-functions 
FAIL: gcc.c-torture/execute/builtins/memmove-chk.c execution,  -O3 -g 
FAIL: gcc.c-torture/execute/builtins/mempcpy-chk.c execution,  -O2 
FAIL: gcc.c-torture/execute/builtins/mempcpy-chk.c execution,  -O2 -flto -fno-use-linker-plugin -flto-partition=none 
FAIL: gcc.c-torture/execute/builtins/mempcpy-chk.c execution,  -O2 -flto -fuse-linker-plugin -fno-fat-lto-objects 
FAIL: gcc.c-torture/execute/builtins/mempcpy-chk.c execution,  -O3 -fomit-frame-pointer -funroll-loops -fpeel-loops -ftracer -finline-functions 
FAIL: gcc.c-torture/execute/builtins/mempcpy-chk.c execution,  -O3 -g 
FAIL: gcc.c-torture/execute/builtins/memset-chk.c execution,  -O2 
FAIL: gcc.c-torture/execute/builtins/memset-chk.c execution,  -O2 -flto -fno-use-linker-plugin -flto-partition=none 
FAIL: gcc.c-torture/execute/builtins/memset-chk.c execution,  -O2 -flto -fuse-linker-plugin -fno-fat-lto-objects 
FAIL: gcc.c-torture/execute/builtins/memset-chk.c execution,  -O3 -fomit-frame-pointer -funroll-loops -fpeel-loops -ftracer -finline-functions 
FAIL: gcc.c-torture/execute/builtins/memset-chk.c execution,  -O3 -g 
FAIL: gcc.c-torture/execute/builtins/snprintf-chk.c execution,  -O2 
FAIL: gcc.c-torture/execute/builtins/snprintf-chk.c execution,  -O2 -flto -fno-use-linker-plugin -flto-partition=none 
FAIL: gcc.c-torture/execute/builtins/snprintf-chk.c execution,  -O2 -flto -fuse-linker-plugin -fno-fat-lto-objects 
FAIL: gcc.c-torture/execute/builtins/snprintf-chk.c execution,  -O3 -fomit-frame-pointer -funroll-loops -fpeel-loops -ftracer -finline-functions 
FAIL: gcc.c-torture/execute/builtins/snprintf-chk.c execution,  -O3 -g 
FAIL: gcc.c-torture/execute/builtins/sprintf-chk.c execution,  -O2 
FAIL: gcc.c-torture/execute/builtins/sprintf-chk.c execution,  -O2 -flto -fno-use-linker-plugin -flto-partition=none 
FAIL: gcc.c-torture/execute/builtins/sprintf-chk.c execution,  -O2 -flto -fuse-linker-plugin -fno-fat-lto-objects 
FAIL: gcc.c-torture/execute/builtins/sprintf-chk.c execution,  -O3 -fomit-frame-pointer -funroll-loops -fpeel-loops -ftracer -finline-functions 
FAIL: gcc.c-torture/execute/builtins/sprintf-chk.c execution,  -O3 -g 
FAIL: gcc.c-torture/execute/builtins/stpcpy-chk.c execution,  -O2 
FAIL: gcc.c-torture/execute/builtins/stpcpy-chk.c execution,  -O2 -flto -fno-use-linker-plugin -flto-partition=none 
FAIL: gcc.c-torture/execute/builtins/stpcpy-chk.c execution,  -O2 -flto -fuse-linker-plugin -fno-fat-lto-objects 
FAIL: gcc.c-torture/execute/builtins/stpcpy-chk.c execution,  -O3 -fomit-frame-pointer -funroll-loops -fpeel-loops -ftracer -finline-functions 
FAIL: gcc.c-torture/execute/builtins/stpcpy-chk.c execution,  -O3 -g 
FAIL: gcc.c-torture/execute/builtins/stpncpy-chk.c execution,  -O2 
FAIL: gcc.c-torture/execute/builtins/stpncpy-chk.c execution,  -O2 -flto -fno-use-linker-plugin -flto-partition=none 
FAIL: gcc.c-torture/execute/builtins/stpncpy-chk.c execution,  -O2 -flto -fuse-linker-plugin -fno-fat-lto-objects 
FAIL: gcc.c-torture/execute/builtins/stpncpy-chk.c execution,  -O3 -fomit-frame-pointer -funroll-loops -fpeel-loops -ftracer -finline-functions 
FAIL: gcc.c-torture/execute/builtins/stpncpy-chk.c execution,  -O3 -g 
FAIL: gcc.c-torture/execute/builtins/strcat-chk.c execution,  -O2 
FAIL: gcc.c-torture/execute/builtins/strcat-chk.c execution,  -O2 -flto -fno-use-linker-plugin -flto-partition=none 
FAIL: gcc.c-torture/execute/builtins/strcat-chk.c execution,  -O2 -flto -fuse-linker-plugin -fno-fat-lto-objects 
FAIL: gcc.c-torture/execute/builtins/strcat-chk.c execution,  -O3 -fomit-frame-pointer -funroll-loops -fpeel-loops -ftracer -finline-functions 
FAIL: gcc.c-torture/execute/builtins/strcat-chk.c execution,  -O3 -g 
FAIL: gcc.c-torture/execute/builtins/strcpy-chk.c execution,  -O2 
FAIL: gcc.c-torture/execute/builtins/strcpy-chk.c execution,  -O2 -flto -fno-use-linker-plugin -flto-partition=none 
FAIL: gcc.c-torture/execute/builtins/strcpy-chk.c execution,  -O2 -flto -fuse-linker-plugin -fno-fat-lto-objects 
FAIL: gcc.c-torture/execute/builtins/strcpy-chk.c execution,  -O3 -fomit-frame-pointer -funroll-loops -fpeel-loops -ftracer -finline-functions 
FAIL: gcc.c-torture/execute/builtins/strcpy-chk.c execution,  -O3 -g 
FAIL: gcc.c-torture/execute/builtins/strncat-chk.c execution,  -O2 
FAIL: gcc.c-torture/execute/builtins/strncat-chk.c execution,  -O2 -flto -fno-use-linker-plugin -flto-partition=none 
FAIL: gcc.c-torture/execute/builtins/strncat-chk.c execution,  -O2 -flto -fuse-linker-plugin -fno-fat-lto-objects 
FAIL: gcc.c-torture/execute/builtins/strncat-chk.c execution,  -O3 -fomit-frame-pointer -funroll-loops -fpeel-loops -ftracer -finline-functions 
FAIL: gcc.c-torture/execute/builtins/strncat-chk.c execution,  -O3 -g 
FAIL: gcc.c-torture/execute/builtins/strncpy-chk.c execution,  -O2 
FAIL: gcc.c-torture/execute/builtins/strncpy-chk.c execution,  -O2 -flto -fno-use-linker-plugin -flto-partition=none 
FAIL: gcc.c-torture/execute/builtins/strncpy-chk.c execution,  -O2 -flto -fuse-linker-plugin -fno-fat-lto-objects 
FAIL: gcc.c-torture/execute/builtins/strncpy-chk.c execution,  -O3 -fomit-frame-pointer -funroll-loops -fpeel-loops -ftracer -finline-functions 
FAIL: gcc.c-torture/execute/builtins/strncpy-chk.c execution,  -O3 -g 
FAIL: gcc.c-torture/execute/builtins/vsnprintf-chk.c execution,  -O2 
FAIL: gcc.c-torture/execute/builtins/vsnprintf-chk.c execution,  -O2 -flto -fno-use-linker-plugin -flto-partition=none 
FAIL: gcc.c-torture/execute/builtins/vsnprintf-chk.c execution,  -O2 -flto -fuse-linker-plugin -fno-fat-lto-objects 
FAIL: gcc.c-torture/execute/builtins/vsnprintf-chk.c execution,  -O3 -fomit-frame-pointer -funroll-loops -fpeel-loops -ftracer -finline-functions 
FAIL: gcc.c-torture/execute/builtins/vsnprintf-chk.c execution,  -O3 -g 
FAIL: gcc.c-torture/execute/builtins/vsprintf-chk.c execution,  -O2 
FAIL: gcc.c-torture/execute/builtins/vsprintf-chk.c execution,  -O2 -flto -fno-use-linker-plugin -flto-partition=none 
FAIL: gcc.c-torture/execute/builtins/vsprintf-chk.c execution,  -O2 -flto -fuse-linker-plugin -fno-fat-lto-objects 
FAIL: gcc.c-torture/execute/builtins/vsprintf-chk.c execution,  -O3 -fomit-frame-pointer -funroll-loops -fpeel-loops -ftracer -finline-functions 
FAIL: gcc.c-torture/execute/builtins/vsprintf-chk.c execution,  -O3 -g 
FAIL: gcc.c-torture/execute/920428-2.c   -O2  execution test
FAIL: gcc.c-torture/execute/920428-2.c   -O2 -flto -fno-use-linker-plugin -flto-partition=none  execution test
FAIL: gcc.c-torture/execute/920428-2.c   -O2 -flto -fuse-linker-plugin -fno-fat-lto-objects  execution test
FAIL: gcc.c-torture/execute/920428-2.c   -O3 -g  execution test
FAIL: gcc.c-torture/execute/920501-7.c   -O2  execution test
FAIL: gcc.c-torture/execute/920501-7.c   -O2 -flto -fno-use-linker-plugin -flto-partition=none  execution test
FAIL: gcc.c-torture/execute/920501-7.c   -O2 -flto -fuse-linker-plugin -fno-fat-lto-objects  execution test
FAIL: gcc.c-torture/execute/920501-7.c   -O3 -g  execution test
FAIL: gcc.c-torture/execute/built-in-setjmp.c   -O2  execution test
FAIL: gcc.c-torture/execute/built-in-setjmp.c   -O2 -flto -fno-use-linker-plugin -flto-partition=none  execution test
FAIL: gcc.c-torture/execute/built-in-setjmp.c   -O2 -flto -fuse-linker-plugin -fno-fat-lto-objects  execution test
FAIL: gcc.c-torture/execute/built-in-setjmp.c   -O3 -fomit-frame-pointer -funroll-loops -fpeel-loops -ftracer -finline-functions  execution test
FAIL: gcc.c-torture/execute/built-in-setjmp.c   -O3 -g  execution test
FAIL: gcc.c-torture/execute/comp-goto-2.c   -O2  execution test
FAIL: gcc.c-torture/execute/comp-goto-2.c   -O2 -flto -fno-use-linker-plugin -flto-partition=none  execution test
FAIL: gcc.c-torture/execute/comp-goto-2.c   -O2 -flto -fuse-linker-plugin -fno-fat-lto-objects  execution test
FAIL: gcc.c-torture/execute/comp-goto-2.c   -O3 -g  execution test
FAIL: gcc.c-torture/execute/nestfunc-5.c   -O2  execution test
FAIL: gcc.c-torture/execute/nestfunc-5.c   -O2 -flto -fno-use-linker-plugin -flto-partition=none  execution test
FAIL: gcc.c-torture/execute/nestfunc-5.c   -O2 -flto -fuse-linker-plugin -fno-fat-lto-objects  execution test
FAIL: gcc.c-torture/execute/nestfunc-5.c   -O3 -g  execution test
FAIL: gcc.c-torture/execute/pr24135.c   -O2  execution test
FAIL: gcc.c-torture/execute/pr24135.c   -O2 -flto -fno-use-linker-plugin -flto-partition=none  execution test
FAIL: gcc.c-torture/execute/pr24135.c   -O2 -flto -fuse-linker-plugin -fno-fat-lto-objects  execution test
FAIL: gcc.c-torture/execute/pr24135.c   -O3 -fomit-frame-pointer -funroll-loops -fpeel-loops -ftracer -finline-functions  execution test
FAIL: gcc.c-torture/execute/pr24135.c   -O3 -g  execution test
FAIL: gcc.c-torture/execute/pr51447.c   -O2  execution test
FAIL: gcc.c-torture/execute/pr51447.c   -O2 -flto -fno-use-linker-plugin -flto-partition=none  execution test
FAIL: gcc.c-torture/execute/pr51447.c   -O2 -flto -fuse-linker-plugin -fno-fat-lto-objects  execution test
FAIL: gcc.c-torture/execute/pr51447.c   -O3 -g  execution test
FAIL: gcc.dg/asan/pr81186.c   -O2  execution test
FAIL: gcc.dg/asan/pr81186.c   -O2 -flto -fno-use-linker-plugin -flto-partition=none  execution test
FAIL: gcc.dg/asan/pr81186.c   -O2 -flto -fuse-linker-plugin -fno-fat-lto-objects  execution test
FAIL: gcc.dg/asan/pr81186.c   -O3 -g  execution test
FAIL: gcc.dg/debug/dwarf2/inline5.c scan-assembler-times DW_TAG_lexical_block\\\\)[^#/!]*[#/!] DW_AT_abstract_origin 2
FAIL: gcc.dg/debug/dwarf2/inline5.c scan-assembler-times DW_TAG_lexical_block\\\\)[^#/!]*[#/!] \\\\(DIE \\\\(0x[0-9a-f]*\\\\) DW_TAG_variable 1
FAIL: gcc.dg/non-local-goto-1.c execution test
FAIL: gcc.dg/non-local-goto-2.c execution test
XPASS: gcc.dg/guality/example.c   -O0  execution test
XPASS: gcc.dg/guality/example.c   -O1  -DPREVENT_OPTIMIZATION  execution test
XPASS: gcc.dg/guality/example.c  -Og -DPREVENT_OPTIMIZATION  execution test
XPASS: gcc.dg/guality/guality.c   -O0  execution test
XPASS: gcc.dg/guality/guality.c   -O1  -DPREVENT_OPTIMIZATION  execution test
XPASS: gcc.dg/guality/guality.c   -O2  -DPREVENT_OPTIMIZATION  execution test
XPASS: gcc.dg/guality/guality.c   -O2 -flto -fno-use-linker-plugin -flto-partition=none  -DPREVENT_OPTIMIZATION execution test
XPASS: gcc.dg/guality/guality.c   -O2 -flto -fuse-linker-plugin -fno-fat-lto-objects  -DPREVENT_OPTIMIZATION execution test
XPASS: gcc.dg/guality/guality.c   -O3 -g  -DPREVENT_OPTIMIZATION  execution test
XPASS: gcc.dg/guality/guality.c   -Os  -DPREVENT_OPTIMIZATION  execution test
XPASS: gcc.dg/guality/guality.c  -Og -DPREVENT_OPTIMIZATION  execution test
XPASS: gcc.dg/guality/inline-params.c   -O2  -DPREVENT_OPTIMIZATION  execution test
XPASS: gcc.dg/guality/inline-params.c   -O2 -flto -fno-use-linker-plugin -flto-partition=none  -DPREVENT_OPTIMIZATION execution test
XPASS: gcc.dg/guality/inline-params.c   -O2 -flto -fuse-linker-plugin -fno-fat-lto-objects  -DPREVENT_OPTIMIZATION execution test
XPASS: gcc.dg/guality/inline-params.c   -O3 -g  -DPREVENT_OPTIMIZATION  execution test
XPASS: gcc.dg/guality/inline-params.c   -Os  -DPREVENT_OPTIMIZATION  execution test
FAIL: gcc.dg/guality/pr41447-1.c   -O2 -flto -fuse-linker-plugin -fno-fat-lto-objects  -DPREVENT_OPTIMIZATION execution test
FAIL: gcc.dg/guality/pr43077-1.c   -O0  line 11 varb == 2
FAIL: gcc.dg/guality/pr43077-1.c   -O0  line 19 varb == 3
FAIL: gcc.dg/guality/pr43077-1.c   -O0  line 42 varb == 2
FAIL: gcc.dg/guality/pr43077-1.c   -O1  -DPREVENT_OPTIMIZATION  line 11 varb == 2
FAIL: gcc.dg/guality/pr43077-1.c   -O1  -DPREVENT_OPTIMIZATION  line 19 varb == 3
FAIL: gcc.dg/guality/pr43077-1.c   -O1  -DPREVENT_OPTIMIZATION  line 42 varb == 2
FAIL: gcc.dg/guality/pr43077-1.c   -O2  -DPREVENT_OPTIMIZATION  line 11 varb == 2
FAIL: gcc.dg/guality/pr43077-1.c   -O2  -DPREVENT_OPTIMIZATION  line 19 varb == 3
FAIL: gcc.dg/guality/pr43077-1.c   -O2  -DPREVENT_OPTIMIZATION  line 42 varb == 2
FAIL: gcc.dg/guality/pr43077-1.c   -O2 -flto -fno-use-linker-plugin -flto-partition=none  -DPREVENT_OPTIMIZATION line 11 varb == 2
FAIL: gcc.dg/guality/pr43077-1.c   -O2 -flto -fno-use-linker-plugin -flto-partition=none  -DPREVENT_OPTIMIZATION line 19 varb == 3
FAIL: gcc.dg/guality/pr43077-1.c   -O2 -flto -fno-use-linker-plugin -flto-partition=none  -DPREVENT_OPTIMIZATION line 42 varb == 2
FAIL: gcc.dg/guality/pr43077-1.c   -O2 -flto -fuse-linker-plugin -fno-fat-lto-objects  -DPREVENT_OPTIMIZATION line 11 varb == 2
FAIL: gcc.dg/guality/pr43077-1.c   -O2 -flto -fuse-linker-plugin -fno-fat-lto-objects  -DPREVENT_OPTIMIZATION line 19 varb == 3
FAIL: gcc.dg/guality/pr43077-1.c   -O2 -flto -fuse-linker-plugin -fno-fat-lto-objects  -DPREVENT_OPTIMIZATION line 42 varb == 2
FAIL: gcc.dg/guality/pr43077-1.c   -O3 -g  -DPREVENT_OPTIMIZATION  line 11 varb == 2
FAIL: gcc.dg/guality/pr43077-1.c   -O3 -g  -DPREVENT_OPTIMIZATION  line 19 varb == 3
FAIL: gcc.dg/guality/pr43077-1.c   -O3 -g  -DPREVENT_OPTIMIZATION  line 42 varb == 2
FAIL: gcc.dg/guality/pr43077-1.c   -Os  -DPREVENT_OPTIMIZATION  line 11 varb == 2
FAIL: gcc.dg/guality/pr43077-1.c   -Os  -DPREVENT_OPTIMIZATION  line 19 varb == 3
FAIL: gcc.dg/guality/pr43077-1.c   -Os  -DPREVENT_OPTIMIZATION  line 42 varb == 2
FAIL: gcc.dg/guality/pr43077-1.c  -Og -DPREVENT_OPTIMIZATION  line 11 varb == 2
FAIL: gcc.dg/guality/pr43077-1.c  -Og -DPREVENT_OPTIMIZATION  line 19 varb == 3
FAIL: gcc.dg/guality/pr43077-1.c  -Og -DPREVENT_OPTIMIZATION  line 42 varb == 2
FAIL: gcc.dg/guality/pr67192.c   -O0  line 27 cnt == 5
FAIL: gcc.dg/guality/pr67192.c   -O0  line 39 cnt == 10
FAIL: gcc.dg/guality/pr67192.c   -O0  line 48 cnt == 15
FAIL: gcc.dg/guality/pr67192.c   -O0  line 54 cnt == 15
FAIL: gcc.dg/guality/pr67192.c   -O0  line 59 cnt == 20
FAIL: gcc.dg/guality/pr67192.c   -O1  -DPREVENT_OPTIMIZATION  line 27 cnt == 5
FAIL: gcc.dg/guality/pr67192.c   -O1  -DPREVENT_OPTIMIZATION  line 39 cnt == 10
FAIL: gcc.dg/guality/pr67192.c   -O1  -DPREVENT_OPTIMIZATION  line 48 cnt == 15
FAIL: gcc.dg/guality/pr67192.c   -O1  -DPREVENT_OPTIMIZATION  line 54 cnt == 15
FAIL: gcc.dg/guality/pr67192.c   -O1  -DPREVENT_OPTIMIZATION  line 59 cnt == 20
FAIL: gcc.dg/guality/pr67192.c   -O2  -DPREVENT_OPTIMIZATION  line 27 cnt == 5
FAIL: gcc.dg/guality/pr67192.c   -O2  -DPREVENT_OPTIMIZATION  line 39 cnt == 10
FAIL: gcc.dg/guality/pr67192.c   -O2  -DPREVENT_OPTIMIZATION  line 48 cnt == 15
FAIL: gcc.dg/guality/pr67192.c   -O2  -DPREVENT_OPTIMIZATION  line 54 cnt == 15
FAIL: gcc.dg/guality/pr67192.c   -O2  -DPREVENT_OPTIMIZATION  line 59 cnt == 20
FAIL: gcc.dg/guality/pr67192.c   -O2 -flto -fno-use-linker-plugin -flto-partition=none  -DPREVENT_OPTIMIZATION line 27 cnt == 5
FAIL: gcc.dg/guality/pr67192.c   -O2 -flto -fno-use-linker-plugin -flto-partition=none  -DPREVENT_OPTIMIZATION line 39 cnt == 10
FAIL: gcc.dg/guality/pr67192.c   -O2 -flto -fno-use-linker-plugin -flto-partition=none  -DPREVENT_OPTIMIZATION line 48 cnt == 15
FAIL: gcc.dg/guality/pr67192.c   -O2 -flto -fno-use-linker-plugin -flto-partition=none  -DPREVENT_OPTIMIZATION line 54 cnt == 15
FAIL: gcc.dg/guality/pr67192.c   -O2 -flto -fno-use-linker-plugin -flto-partition=none  -DPREVENT_OPTIMIZATION line 59 cnt == 20
FAIL: gcc.dg/guality/pr67192.c   -O2 -flto -fuse-linker-plugin -fno-fat-lto-objects  -DPREVENT_OPTIMIZATION line 27 cnt == 5
FAIL: gcc.dg/guality/pr67192.c   -O2 -flto -fuse-linker-plugin -fno-fat-lto-objects  -DPREVENT_OPTIMIZATION line 39 cnt == 10
FAIL: gcc.dg/guality/pr67192.c   -O2 -flto -fuse-linker-plugin -fno-fat-lto-objects  -DPREVENT_OPTIMIZATION line 48 cnt == 15
FAIL: gcc.dg/guality/pr67192.c   -O2 -flto -fuse-linker-plugin -fno-fat-lto-objects  -DPREVENT_OPTIMIZATION line 54 cnt == 15
FAIL: gcc.dg/guality/pr67192.c   -O2 -flto -fuse-linker-plugin -fno-fat-lto-objects  -DPREVENT_OPTIMIZATION line 59 cnt == 20
FAIL: gcc.dg/guality/pr67192.c   -O3 -fomit-frame-pointer -funroll-loops -fpeel-loops -ftracer -finline-functions  -DPREVENT_OPTIMIZATION  line 27 cnt == 5
FAIL: gcc.dg/guality/pr67192.c   -O3 -fomit-frame-pointer -funroll-loops -fpeel-loops -ftracer -finline-functions  -DPREVENT_OPTIMIZATION  line 39 cnt == 10
FAIL: gcc.dg/guality/pr67192.c   -O3 -fomit-frame-pointer -funroll-loops -fpeel-loops -ftracer -finline-functions  -DPREVENT_OPTIMIZATION  line 48 cnt == 15
FAIL: gcc.dg/guality/pr67192.c   -O3 -fomit-frame-pointer -funroll-loops -fpeel-loops -ftracer -finline-functions  -DPREVENT_OPTIMIZATION  line 54 cnt == 15
FAIL: gcc.dg/guality/pr67192.c   -O3 -fomit-frame-pointer -funroll-loops -fpeel-loops -ftracer -finline-functions  -DPREVENT_OPTIMIZATION  line 59 cnt == 20
FAIL: gcc.dg/guality/pr67192.c   -O3 -g  -DPREVENT_OPTIMIZATION  line 27 cnt == 5
FAIL: gcc.dg/guality/pr67192.c   -O3 -g  -DPREVENT_OPTIMIZATION  line 39 cnt == 10
FAIL: gcc.dg/guality/pr67192.c   -O3 -g  -DPREVENT_OPTIMIZATION  line 48 cnt == 15
FAIL: gcc.dg/guality/pr67192.c   -O3 -g  -DPREVENT_OPTIMIZATION  line 54 cnt == 15
FAIL: gcc.dg/guality/pr67192.c   -O3 -g  -DPREVENT_OPTIMIZATION  line 59 cnt == 20
FAIL: gcc.dg/guality/pr67192.c   -Os  -DPREVENT_OPTIMIZATION  line 27 cnt == 5
FAIL: gcc.dg/guality/pr67192.c   -Os  -DPREVENT_OPTIMIZATION  line 39 cnt == 10
FAIL: gcc.dg/guality/pr67192.c   -Os  -DPREVENT_OPTIMIZATION  line 48 cnt == 15
FAIL: gcc.dg/guality/pr67192.c   -Os  -DPREVENT_OPTIMIZATION  line 54 cnt == 15
FAIL: gcc.dg/guality/pr67192.c   -Os  -DPREVENT_OPTIMIZATION  line 59 cnt == 20
FAIL: gcc.dg/guality/pr67192.c  -Og -DPREVENT_OPTIMIZATION  line 27 cnt == 5
FAIL: gcc.dg/guality/pr67192.c  -Og -DPREVENT_OPTIMIZATION  line 39 cnt == 10
FAIL: gcc.dg/guality/pr67192.c  -Og -DPREVENT_OPTIMIZATION  line 48 cnt == 15
FAIL: gcc.dg/guality/pr67192.c  -Og -DPREVENT_OPTIMIZATION  line 54 cnt == 15
FAIL: gcc.dg/guality/pr67192.c  -Og -DPREVENT_OPTIMIZATION  line 59 cnt == 20
FAIL: gcc.dg/torture/stackalign/comp-goto-1.c   -O2  execution test
FAIL: gcc.dg/torture/stackalign/comp-goto-1.c   -O2 -flto -fno-use-linker-plugin -flto-partition=none  execution test
FAIL: gcc.dg/torture/stackalign/comp-goto-1.c   -O2 -flto -fno-use-linker-plugin -flto-partition=none -fpic execution test
FAIL: gcc.dg/torture/stackalign/comp-goto-1.c   -O2 -flto -fuse-linker-plugin -fno-fat-lto-objects  execution test
FAIL: gcc.dg/torture/stackalign/comp-goto-1.c   -O2 -flto -fuse-linker-plugin -fno-fat-lto-objects -fpic execution test
FAIL: gcc.dg/torture/stackalign/comp-goto-1.c   -O2 -fpic execution test
FAIL: gcc.dg/torture/stackalign/comp-goto-1.c   -O3 -g  execution test
FAIL: gcc.dg/torture/stackalign/comp-goto-1.c   -O3 -g -fpic execution test
FAIL: gcc.dg/torture/stackalign/nested-5.c   -O2  execution test
FAIL: gcc.dg/torture/stackalign/nested-5.c   -O2 -flto -fno-use-linker-plugin -flto-partition=none  execution test
FAIL: gcc.dg/torture/stackalign/nested-5.c   -O2 -flto -fno-use-linker-plugin -flto-partition=none -fpic execution test
FAIL: gcc.dg/torture/stackalign/nested-5.c   -O2 -flto -fuse-linker-plugin -fno-fat-lto-objects  execution test
FAIL: gcc.dg/torture/stackalign/nested-5.c   -O2 -flto -fuse-linker-plugin -fno-fat-lto-objects -fpic execution test
FAIL: gcc.dg/torture/stackalign/nested-5.c   -O2 -fpic execution test
FAIL: gcc.dg/torture/stackalign/nested-5.c   -O3 -g  execution test
FAIL: gcc.dg/torture/stackalign/nested-5.c   -O3 -g -fpic execution test
FAIL: gcc.dg/torture/stackalign/non-local-goto-1.c   -O2  execution test
FAIL: gcc.dg/torture/stackalign/non-local-goto-1.c   -O2 -flto -fno-use-linker-plugin -flto-partition=none  execution test
FAIL: gcc.dg/torture/stackalign/non-local-goto-1.c   -O2 -flto -fno-use-linker-plugin -flto-partition=none -fpic execution test
FAIL: gcc.dg/torture/stackalign/non-local-goto-1.c   -O2 -flto -fuse-linker-plugin -fno-fat-lto-objects  execution test
FAIL: gcc.dg/torture/stackalign/non-local-goto-1.c   -O2 -flto -fuse-linker-plugin -fno-fat-lto-objects -fpic execution test
FAIL: gcc.dg/torture/stackalign/non-local-goto-1.c   -O2 -fpic execution test
FAIL: gcc.dg/torture/stackalign/non-local-goto-1.c   -O3 -fomit-frame-pointer -funroll-loops -fpeel-loops -ftracer -finline-functions  execution test
FAIL: gcc.dg/torture/stackalign/non-local-goto-1.c   -O3 -fomit-frame-pointer -funroll-loops -fpeel-loops -ftracer -finline-functions -fpic execution test
FAIL: gcc.dg/torture/stackalign/non-local-goto-1.c   -O3 -g  execution test
FAIL: gcc.dg/torture/stackalign/non-local-goto-1.c   -O3 -g -fpic execution test
FAIL: gcc.dg/torture/stackalign/non-local-goto-2.c   -O2  execution test
FAIL: gcc.dg/torture/stackalign/non-local-goto-2.c   -O2 -flto -fno-use-linker-plugin -flto-partition=none  execution test
FAIL: gcc.dg/torture/stackalign/non-local-goto-2.c   -O2 -flto -fno-use-linker-plugin -flto-partition=none -fpic execution test
FAIL: gcc.dg/torture/stackalign/non-local-goto-2.c   -O2 -flto -fuse-linker-plugin -fno-fat-lto-objects  execution test
FAIL: gcc.dg/torture/stackalign/non-local-goto-2.c   -O2 -flto -fuse-linker-plugin -fno-fat-lto-objects -fpic execution test
FAIL: gcc.dg/torture/stackalign/non-local-goto-2.c   -O2 -fpic execution test
FAIL: gcc.dg/torture/stackalign/non-local-goto-2.c   -O3 -fomit-frame-pointer -funroll-loops -fpeel-loops -ftracer -finline-functions  execution test
FAIL: gcc.dg/torture/stackalign/non-local-goto-2.c   -O3 -fomit-frame-pointer -funroll-loops -fpeel-loops -ftracer -finline-functions -fpic execution test
FAIL: gcc.dg/torture/stackalign/non-local-goto-2.c   -O3 -g  execution test
FAIL: gcc.dg/torture/stackalign/non-local-goto-2.c   -O3 -g -fpic execution test
FAIL: gcc.dg/torture/stackalign/non-local-goto-3.c   -O2  execution test
FAIL: gcc.dg/torture/stackalign/non-local-goto-3.c   -O2 -flto -fno-use-linker-plugin -flto-partition=none  execution test
FAIL: gcc.dg/torture/stackalign/non-local-goto-3.c   -O2 -flto -fno-use-linker-plugin -flto-partition=none -fpic execution test
FAIL: gcc.dg/torture/stackalign/non-local-goto-3.c   -O2 -flto -fuse-linker-plugin -fno-fat-lto-objects  execution test
FAIL: gcc.dg/torture/stackalign/non-local-goto-3.c   -O2 -flto -fuse-linker-plugin -fno-fat-lto-objects -fpic execution test
FAIL: gcc.dg/torture/stackalign/non-local-goto-3.c   -O2 -fpic execution test
FAIL: gcc.dg/torture/stackalign/non-local-goto-3.c   -O3 -fomit-frame-pointer -funroll-loops -fpeel-loops -ftracer -finline-functions  execution test
FAIL: gcc.dg/torture/stackalign/non-local-goto-3.c   -O3 -fomit-frame-pointer -funroll-loops -fpeel-loops -ftracer -finline-functions -fpic execution test
FAIL: gcc.dg/torture/stackalign/non-local-goto-3.c   -O3 -g  execution test
FAIL: gcc.dg/torture/stackalign/non-local-goto-3.c   -O3 -g -fpic execution test
FAIL: gcc.dg/torture/stackalign/non-local-goto-4.c   -O2  execution test
FAIL: gcc.dg/torture/stackalign/non-local-goto-4.c   -O2 -flto -fno-use-linker-plugin -flto-partition=none  execution test
FAIL: gcc.dg/torture/stackalign/non-local-goto-4.c   -O2 -flto -fno-use-linker-plugin -flto-partition=none -fpic execution test
FAIL: gcc.dg/torture/stackalign/non-local-goto-4.c   -O2 -flto -fuse-linker-plugin -fno-fat-lto-objects  execution test
FAIL: gcc.dg/torture/stackalign/non-local-goto-4.c   -O2 -flto -fuse-linker-plugin -fno-fat-lto-objects -fpic execution test
FAIL: gcc.dg/torture/stackalign/non-local-goto-4.c   -O2 -fpic execution test
FAIL: gcc.dg/torture/stackalign/non-local-goto-4.c   -O3 -g  execution test
FAIL: gcc.dg/torture/stackalign/non-local-goto-4.c   -O3 -g -fpic execution test
FAIL: gcc.dg/torture/stackalign/non-local-goto-5.c   -O2  execution test
FAIL: gcc.dg/torture/stackalign/non-local-goto-5.c   -O2 -flto -fno-use-linker-plugin -flto-partition=none  execution test
FAIL: gcc.dg/torture/stackalign/non-local-goto-5.c   -O2 -flto -fno-use-linker-plugin -flto-partition=none -fpic execution test
FAIL: gcc.dg/torture/stackalign/non-local-goto-5.c   -O2 -flto -fuse-linker-plugin -fno-fat-lto-objects  execution test
FAIL: gcc.dg/torture/stackalign/non-local-goto-5.c   -O2 -flto -fuse-linker-plugin -fno-fat-lto-objects -fpic execution test
FAIL: gcc.dg/torture/stackalign/non-local-goto-5.c   -O2 -fpic execution test
FAIL: gcc.dg/torture/stackalign/non-local-goto-5.c   -O3 -g  execution test
FAIL: gcc.dg/torture/stackalign/non-local-goto-5.c   -O3 -g -fpic execution test
FAIL: gcc.dg/torture/stackalign/setjmp-1.c   -O2  execution test
FAIL: gcc.dg/torture/stackalign/setjmp-1.c   -O2 -flto -fno-use-linker-plugin -flto-partition=none  execution test
FAIL: gcc.dg/torture/stackalign/setjmp-1.c   -O2 -flto -fno-use-linker-plugin -flto-partition=none -fpic execution test
FAIL: gcc.dg/torture/stackalign/setjmp-1.c   -O2 -flto -fuse-linker-plugin -fno-fat-lto-objects  execution test
FAIL: gcc.dg/torture/stackalign/setjmp-1.c   -O2 -flto -fuse-linker-plugin -fno-fat-lto-objects -fpic execution test
FAIL: gcc.dg/torture/stackalign/setjmp-1.c   -O2 -fpic execution test
FAIL: gcc.dg/torture/stackalign/setjmp-1.c   -O3 -fomit-frame-pointer -funroll-loops -fpeel-loops -ftracer -finline-functions  execution test
FAIL: gcc.dg/torture/stackalign/setjmp-1.c   -O3 -fomit-frame-pointer -funroll-loops -fpeel-loops -ftracer -finline-functions -fpic execution test
FAIL: gcc.dg/torture/stackalign/setjmp-1.c   -O3 -g  execution test
FAIL: gcc.dg/torture/stackalign/setjmp-1.c   -O3 -g -fpic execution test
FAIL: gcc.dg/tree-ssa/builtin-sprintf-warn-18.c  (test for warnings, line 120)
FAIL: gcc.dg/tree-ssa/builtin-sprintf-warn-18.c  (test for warnings, line 122)
XPASS: gcc.dg/vect/vect-24.c -flto -ffat-lto-objects  scan-tree-dump-times vect "vectorized 3 loops" 1
XPASS: gcc.dg/vect/vect-24.c scan-tree-dump-times vect "vectorized 3 loops" 1
UNRESOLVED: gcc.target/aarch64/advsimd-intrinsics/vld1x2.c   -O0  compilation failed to produce executable
UNRESOLVED: gcc.target/aarch64/advsimd-intrinsics/vld1x2.c   -O1  compilation failed to produce executable
UNRESOLVED: gcc.target/aarch64/advsimd-intrinsics/vld1x2.c   -O2  compilation failed to produce executable
UNRESOLVED: gcc.target/aarch64/advsimd-intrinsics/vld1x2.c   -O2 -flto -fno-use-linker-plugin -flto-partition=none  compilation failed to produce executable
UNRESOLVED: gcc.target/aarch64/advsimd-intrinsics/vld1x2.c   -O2 -flto -fuse-linker-plugin -fno-fat-lto-objects  compilation failed to produce executable
UNRESOLVED: gcc.target/aarch64/advsimd-intrinsics/vld1x2.c   -O3 -fomit-frame-pointer -funroll-loops -fpeel-loops -ftracer -finline-functions  compilation failed to produce executable
UNRESOLVED: gcc.target/aarch64/advsimd-intrinsics/vld1x2.c   -O3 -g  compilation failed to produce executable
UNRESOLVED: gcc.target/aarch64/advsimd-intrinsics/vld1x2.c   -Og -g  compilation failed to produce executable
UNRESOLVED: gcc.target/aarch64/advsimd-intrinsics/vld1x2.c   -Os  compilation failed to produce executable
UNRESOLVED: gcc.target/aarch64/advsimd-intrinsics/vld1x3.c   -O0  compilation failed to produce executable
UNRESOLVED: gcc.target/aarch64/advsimd-intrinsics/vld1x3.c   -O1  compilation failed to produce executable
UNRESOLVED: gcc.target/aarch64/advsimd-intrinsics/vld1x3.c   -O2  compilation failed to produce executable
UNRESOLVED: gcc.target/aarch64/advsimd-intrinsics/vld1x3.c   -O2 -flto -fno-use-linker-plugin -flto-partition=none  compilation failed to produce executable
UNRESOLVED: gcc.target/aarch64/advsimd-intrinsics/vld1x3.c   -O2 -flto -fuse-linker-plugin -fno-fat-lto-objects  compilation failed to produce executable
UNRESOLVED: gcc.target/aarch64/advsimd-intrinsics/vld1x3.c   -O3 -fomit-frame-pointer -funroll-loops -fpeel-loops -ftracer -finline-functions  compilation failed to produce executable
UNRESOLVED: gcc.target/aarch64/advsimd-intrinsics/vld1x3.c   -O3 -g  compilation failed to produce executable
UNRESOLVED: gcc.target/aarch64/advsimd-intrinsics/vld1x3.c   -Og -g  compilation failed to produce executable
UNRESOLVED: gcc.target/aarch64/advsimd-intrinsics/vld1x3.c   -Os  compilation failed to produce executable
UNRESOLVED: gcc.target/aarch64/advsimd-intrinsics/vst1x2.c   -O0  compilation failed to produce executable
UNRESOLVED: gcc.target/aarch64/advsimd-intrinsics/vst1x2.c   -O1  compilation failed to produce executable
UNRESOLVED: gcc.target/aarch64/advsimd-intrinsics/vst1x2.c   -O2  compilation failed to produce executable
UNRESOLVED: gcc.target/aarch64/advsimd-intrinsics/vst1x2.c   -O2 -flto -fno-use-linker-plugin -flto-partition=none  compilation failed to produce executable
UNRESOLVED: gcc.target/aarch64/advsimd-intrinsics/vst1x2.c   -O2 -flto -fuse-linker-plugin -fno-fat-lto-objects  compilation failed to produce executable
UNRESOLVED: gcc.target/aarch64/advsimd-intrinsics/vst1x2.c   -O3 -fomit-frame-pointer -funroll-loops -fpeel-loops -ftracer -finline-functions  compilation failed to produce executable
UNRESOLVED: gcc.target/aarch64/advsimd-intrinsics/vst1x2.c   -O3 -g  compilation failed to produce executable
UNRESOLVED: gcc.target/aarch64/advsimd-intrinsics/vst1x2.c   -Og -g  compilation failed to produce executable
UNRESOLVED: gcc.target/aarch64/advsimd-intrinsics/vst1x2.c   -Os  compilation failed to produce executable
UNRESOLVED: gcc.target/aarch64/advsimd-intrinsics/vst1x3.c   -O0  compilation failed to produce executable
UNRESOLVED: gcc.target/aarch64/advsimd-intrinsics/vst1x3.c   -O1  compilation failed to produce executable
UNRESOLVED: gcc.target/aarch64/advsimd-intrinsics/vst1x3.c   -O2  compilation failed to produce executable
UNRESOLVED: gcc.target/aarch64/advsimd-intrinsics/vst1x3.c   -O2 -flto -fno-use-linker-plugin -flto-partition=none  compilation failed to produce executable
UNRESOLVED: gcc.target/aarch64/advsimd-intrinsics/vst1x3.c   -O2 -flto -fuse-linker-plugin -fno-fat-lto-objects  compilation failed to produce executable
UNRESOLVED: gcc.target/aarch64/advsimd-intrinsics/vst1x3.c   -O3 -fomit-frame-pointer -funroll-loops -fpeel-loops -ftracer -finline-functions  compilation failed to produce executable
UNRESOLVED: gcc.target/aarch64/advsimd-intrinsics/vst1x3.c   -O3 -g  compilation failed to produce executable
UNRESOLVED: gcc.target/aarch64/advsimd-intrinsics/vst1x3.c   -Og -g  compilation failed to produce executable
UNRESOLVED: gcc.target/aarch64/advsimd-intrinsics/vst1x3.c   -Os  compilation failed to produce executable
FAIL: gcc.target/arm/addr-modes-float.c scan-assembler vst3.8\\t{d[02468], d[02468], d[02468]}, \\\\[r[0-9]+\\\\]!
FAIL: gcc.target/arm/armv8_2-fp16-move-1.c scan-assembler-times strh\\\\tr[0-9]+ 2
FAIL: gcc.target/arm/armv8_2-fp16-move-1.c scan-assembler-times vst1\\\\.16\\\\t{d[0-9]+\\\\[[0-9]+\\\\]}, \\\\[r[0-9]+\\\\] 2
FAIL: gcc.target/arm/pr43920-2.c scan-assembler-times pop 2

		=== gcc Summary ===

# of expected passes		122000
# of unexpected failures	256
# of unexpected successes	18
# of expected failures		506
# of unresolved testcases	36
# of unsupported tests		6923
/home/tcwg-buildslave/workspace/tcwg-buildfarm/tcwg-d05_32-build/_build/builds/armv8l-unknown-linux-gnueabihf/armv8l-unknown-linux-gnueabihf/gcc.git~master_rev_301a5923ff5665e17df79f1cc3d14e06a31ec94f-stage2/gcc/xgcc  version 9.0.0 20181027 (experimental) [master revision 265554] (GCC) 

		=== gfortran tests ===


Running target tcwg-local
FAIL: gfortran.dg/actual_array_substr_2.f90   -O2  execution test
FAIL: gfortran.dg/actual_array_substr_2.f90   -O3 -fomit-frame-pointer -funroll-loops -fpeel-loops -ftracer -finline-functions  execution test
FAIL: gfortran.dg/actual_array_substr_2.f90   -O3 -g  execution test
FAIL: gfortran.dg/actual_array_substr_2.f90   -Os  execution test
FAIL: gfortran.dg/allocate_alloc_opt_3.f90   -O3 -fomit-frame-pointer -funroll-loops -fpeel-loops -ftracer -finline-functions  execution test
FAIL: gfortran.dg/elemental_subroutine_3.f90   -O1  (test for excess errors)
FAIL: gfortran.dg/elemental_subroutine_3.f90   -O2  (test for excess errors)
FAIL: gfortran.dg/elemental_subroutine_3.f90   -O3 -fomit-frame-pointer -funroll-loops -fpeel-loops -ftracer -finline-functions  (test for excess errors)
FAIL: gfortran.dg/elemental_subroutine_3.f90   -O3 -g  (test for excess errors)
FAIL: gfortran.dg/elemental_subroutine_3.f90   -Os  (test for excess errors)
FAIL: gfortran.dg/namelist_61.f90   -O3 -fomit-frame-pointer -funroll-loops -fpeel-loops -ftracer -finline-functions  execution test
FAIL: gfortran.dg/unlimited_polymorphic_1.f03   -O3 -fomit-frame-pointer -funroll-loops -fpeel-loops -ftracer -finline-functions  execution test
FAIL: gfortran.dg/vect/pr48329.f90   -O   scan-tree-dump-times vect "vectorized 1 loops" 1

		=== gfortran Summary ===

# of expected passes		46707
# of unexpected failures	13
# of expected failures		99
# of unsupported tests		386
/home/tcwg-buildslave/workspace/tcwg-buildfarm/tcwg-d05_32-build/_build/builds/armv8l-unknown-linux-gnueabihf/armv8l-unknown-linux-gnueabihf/gcc.git~master_rev_301a5923ff5665e17df79f1cc3d14e06a31ec94f-stage2/gcc/gfortran  version 9.0.0 20181027 (experimental) [master revision 265554] (GCC) 

		=== obj-c++ tests ===


Running target tcwg-local

		=== obj-c++ Summary ===

# of expected passes		1464
# of expected failures		2
# of unsupported tests		77
/home/tcwg-buildslave/workspace/tcwg-buildfarm/tcwg-d05_32-build/_build/builds/armv8l-unknown-linux-gnueabihf/armv8l-unknown-linux-gnueabihf/gcc.git~master_rev_301a5923ff5665e17df79f1cc3d14e06a31ec94f-stage2/gcc/xg++  version 9.0.0 20181027 (experimental) [master revision 265554] (GCC) 

		=== objc tests ===


Running target tcwg-local

		=== objc Summary ===

# of expected passes		2803
# of unsupported tests		68
/home/tcwg-buildslave/workspace/tcwg-buildfarm/tcwg-d05_32-build/_build/builds/armv8l-unknown-linux-gnueabihf/armv8l-unknown-linux-gnueabihf/gcc.git~master_rev_301a5923ff5665e17df79f1cc3d14e06a31ec94f-stage2/gcc/xgcc  version 9.0.0 20181027 (experimental) [master revision 265554] (GCC) 


Compiler version: 9.0.0 20181027 (experimental) [master revision 265554] (GCC) 
Platform: armv8l-unknown-linux-gnueabihf
configure flags: SHELL=/bin/bash --with-mpc=/home/tcwg-buildslave/workspace/tcwg-buildfarm/tcwg-d05_32-build/_build/builds/destdir/armv8l-unknown-linux-gnueabihf --with-mpfr=/home/tcwg-buildslave/workspace/tcwg-buildfarm/tcwg-d05_32-build/_build/builds/destdir/armv8l-unknown-linux-gnueabihf --with-gmp=/home/tcwg-buildslave/workspace/tcwg-buildfarm/tcwg-d05_32-build/_build/builds/destdir/armv8l-unknown-linux-gnueabihf --with-gnu-as --with-gnu-ld --disable-libmudflap --enable-lto --enable-shared --without-included-gettext --enable-nls --with-system-zlib --disable-sjlj-exceptions --enable-gnu-unique-object --enable-linker-build-id --disable-libstdcxx-pch --enable-c99 --enable-clocale=gnu --enable-libstdcxx-debug --enable-long-long --with-cloog=no --with-ppl=no --with-isl=no --disable-multilib --with-float=hard --with-fpu=neon-fp-armv8 --with-mode=thumb --with-arch=armv8-a --enable-threads=posix --enable-multiarch --enable-libstdcxx-time=yes --enable-gnu-indirect-function --enable-checki
 ng=yes --enable-bootstrap --enable-languages=c,c++,fortran,lto,objc,obj-c++ --build=armv8l-unknown-linux-gnueabihf --host=armv8l-unknown-linux-gnueabihf --target=armv8l-unknown-linux-gnueabihf --prefix=/home/tcwg-buildslave/workspace/tcwg-buildfarm/tcwg-d05_32-build/_build/builds/destdir/armv8l-unknown-linux-gnueabihf



More information about the Gcc-testresults mailing list