Results for 9.0.0 20181026 (experimental) [trunk revision 265523] (GCC) testsuite on x86_64-pc-solaris2.11

Rainer Orth ro@CeBiTec.Uni-Bielefeld.DE
Sat Oct 27 06:59:00 GMT 2018


LAST_UPDATED: Fri Oct 26 09:48:53 UTC 2018 (revision 265523)

Native configuration is x86_64-pc-solaris2.11

		=== libatomic tests ===


Running target unix/-m32

		=== libatomic Summary for unix/-m32 ===

# of expected passes		44
# of unsupported tests		5

Running target unix

		=== libatomic Summary for unix ===

# of expected passes		54

		=== libatomic Summary ===

# of expected passes		98
# of unsupported tests		5
		=== libffi tests ===


Running target unix/-m32

		=== libffi Summary for unix/-m32 ===

# of expected passes		2799

Running target unix

		=== libffi Summary for unix ===

# of expected passes		2214

		=== libffi Summary ===

# of expected passes		5013
		=== libgo tests ===


Running target unix
FAIL: go/build
FAIL: runtime

		=== libgo Summary for unix ===

# of expected passes		182
# of unexpected failures	2

Running target unix/-m32
FAIL: go/build
FAIL: runtime

		=== libgo Summary for unix/-m32 ===

# of expected passes		182
# of unexpected failures	2

		=== libgo Summary ===

# of expected passes		364
# of unexpected failures	4
/var/gcc/regression/trunk/11.5-gcc-gas-64/build/./gcc/gccgo version 9.0.0 20181026 (experimental) [trunk revision 265523] (GCC)

		=== libgomp tests ===


Running target unix/-m32

		=== libgomp Summary for unix/-m32 ===

# of expected passes		6106
# of expected failures		1
# of unsupported tests		336

Running target unix

		=== libgomp Summary for unix ===

# of expected passes		6106
# of expected failures		1
# of unsupported tests		336

		=== libgomp Summary ===

# of expected passes		12212
# of expected failures		2
# of unsupported tests		672
		=== libitm tests ===


Running target unix/-m32

		=== libitm Summary for unix/-m32 ===

# of expected passes		42
# of expected failures		3
# of unsupported tests		1

Running target unix

		=== libitm Summary for unix ===

# of expected passes		42
# of expected failures		3
# of unsupported tests		1

		=== libitm Summary ===

# of expected passes		84
# of expected failures		6
# of unsupported tests		2
		=== libstdc++ tests ===


Running target unix

		=== libstdc++ Summary for unix ===

# of expected passes		11721
# of expected failures		77
# of unsupported tests		647

Running target unix/-m32

		=== libstdc++ Summary for unix/-m32 ===

# of expected passes		11727
# of expected failures		79
# of unsupported tests		643

		=== libstdc++ Summary ===

# of expected passes		23448
# of expected failures		156
# of unsupported tests		1290
		=== acats tests ===

		=== acats Summary ===
# of expected passes		2320
# of unexpected failures	0

		=== g++ tests ===


Running target unix
FAIL: g++.dg/pr80481.C  -std=gnu++14  scan-assembler-not vmovaps
FAIL: g++.dg/pr80481.C  -std=gnu++17  scan-assembler-not vmovaps
FAIL: g++.dg/pr80481.C  -std=gnu++98  scan-assembler-not vmovaps
FAIL: g++.dg/pr83239.C  -std=gnu++98 (test for excess errors)

		=== g++ Summary for unix ===

# of expected passes		119014
# of unexpected failures	4
# of expected failures		533
# of unsupported tests		5320

Running target unix/-m32
FAIL: g++.dg/opt/pr59470.C  -std=gnu++14 (test for excess errors)
UNRESOLVED: g++.dg/opt/pr59470.C  -std=gnu++14 compilation failed to produce executable
FAIL: g++.dg/opt/pr59470.C  -std=gnu++17 (test for excess errors)
UNRESOLVED: g++.dg/opt/pr59470.C  -std=gnu++17 compilation failed to produce executable
FAIL: g++.dg/opt/pr59470.C  -std=gnu++98 (test for excess errors)
UNRESOLVED: g++.dg/opt/pr59470.C  -std=gnu++98 compilation failed to produce executable
FAIL: g++.dg/pr83239.C  -std=gnu++98 (test for excess errors)

		=== g++ Summary for unix/-m32 ===

# of expected passes		117510
# of unexpected failures	4
# of expected failures		530
# of unresolved testcases	3
# of unsupported tests		5128

		=== g++ Summary ===

# of expected passes		236524
# of unexpected failures	8
# of expected failures		1063
# of unresolved testcases	3
# of unsupported tests		10448
/var/gcc/regression/trunk/11.5-gcc-gas-64/build/gcc/xg++  version 9.0.0 20181026 (experimental) [trunk revision 265523] (GCC) 

		=== gcc tests ===


Running target unix
FAIL: gcc.dg/ira-shrinkwrap-prep-1.c scan-rtl-dump ira "Split live-range of register"
FAIL: gcc.dg/ira-shrinkwrap-prep-2.c scan-rtl-dump ira "Split live-range of register"
FAIL: gcc.dg/ipa/ipa-icf-38.c scan-ltrans-tree-dump-not optimized "Function bar"
FAIL: gcc.target/i386/avx512dq-concatv2si-1.c scan-assembler vpunpckldq[^\\n\\r]*%xmm17[^\\n\\r]*%xmm16[^\\n\\r]*%xmm3
FAIL: gcc.target/i386/avx512dq-concatv2si-1.c scan-assembler-times vpinsrd[^\\n\\r]*\\\\\$1[^\\n\\r]*%xmm16[^\\n\\r]*%xmm3 2
FAIL: gcc.target/i386/avx512vl-concatv2si-1.c scan-assembler vpunpckldq[^\\n\\r]*%xmm17[^\\n\\r]*%xmm16[^\\n\\r]*%xmm3
FAIL: gcc.target/i386/ifcvt-onecmpl-abs-1.c scan-assembler cltd
FAIL: gcc.target/i386/pr49095.c scan-assembler-times \\\\), % 45
FAIL: gcc.target/i386/pr57193.c scan-assembler-times movdqa 2

		=== gcc Summary for unix ===

# of expected passes		127949
# of unexpected failures	9
# of expected failures		479
# of unsupported tests		2116

Running target unix/-m32
FAIL: gcc.dg/ipa/ipa-icf-38.c scan-ltrans-tree-dump-not optimized "Function bar"
XPASS: gcc.dg/vect/vect-24.c -flto -ffat-lto-objects  scan-tree-dump-times vect "vectorized 3 loops" 1
XPASS: gcc.dg/vect/vect-24.c scan-tree-dump-times vect "vectorized 3 loops" 1
FAIL: gcc.target/i386/pr57193.c scan-assembler-times movdqa 2

		=== gcc Summary for unix/-m32 ===

# of expected passes		126109
# of unexpected failures	2
# of unexpected successes	2
# of expected failures		480
# of unsupported tests		2262

		=== gcc Summary ===

# of expected passes		254058
# of unexpected failures	11
# of unexpected successes	2
# of expected failures		959
# of unsupported tests		4378
/var/gcc/regression/trunk/11.5-gcc-gas-64/build/gcc/xgcc  version 9.0.0 20181026 (experimental) [trunk revision 265523] (GCC) 

		=== gfortran tests ===


Running target unix

		=== gfortran Summary for unix ===

# of expected passes		47981
# of expected failures		103
# of unsupported tests		91

Running target unix/-m32

		=== gfortran Summary for unix/-m32 ===

# of expected passes		47764
# of expected failures		103
# of unsupported tests		194

		=== gfortran Summary ===

# of expected passes		95745
# of expected failures		206
# of unsupported tests		285
/var/gcc/regression/trunk/11.5-gcc-gas-64/build/gcc/gfortran  version 9.0.0 20181026 (experimental) [trunk revision 265523] (GCC) 

		=== gnat tests ===


Running target unix

		=== gnat Summary for unix ===

# of expected passes		2918
# of expected failures		24
# of unsupported tests		8

Running target unix/-m32

		=== gnat Summary for unix/-m32 ===

# of expected passes		2918
# of expected failures		24
# of unsupported tests		8

		=== gnat Summary ===

# of expected passes		5836
# of expected failures		48
# of unsupported tests		16
/var/gcc/regression/trunk/11.5-gcc-gas-64/build/gcc/gnatmake version 9.0.0 20181026 (experimental) [trunk revision 265523]

		=== go tests ===


Running target unix
FAIL: ./index0-out.go execution,  -O0 -g -fno-var-tracking-assignments 

		=== go Summary for unix ===

# of expected passes		7277
# of unexpected failures	1
# of expected failures		1
# of untested testcases		10
# of unsupported tests		1

Running target unix/-m32
FAIL: ./index0-out.go execution,  -O0 -g -fno-var-tracking-assignments 

		=== go Summary for unix/-m32 ===

# of expected passes		7396
# of unexpected failures	1
# of expected failures		1
# of untested testcases		10
# of unsupported tests		2

		=== go Summary ===

# of expected passes		14673
# of unexpected failures	2
# of expected failures		2
# of untested testcases		20
# of unsupported tests		3
		=== obj-c++ tests ===


Running target unix/-m32

		=== obj-c++ Summary for unix/-m32 ===

# of expected passes		1464
# of expected failures		2
# of unsupported tests		77

Running target unix

		=== obj-c++ Summary for unix ===

# of expected passes		1456
# of expected failures		10
# of unsupported tests		77

		=== obj-c++ Summary ===

# of expected passes		2920
# of expected failures		12
# of unsupported tests		154
/var/gcc/regression/trunk/11.5-gcc-gas-64/build/gcc/xg++  version 9.0.0 20181026 (experimental) [trunk revision 265523] (GCC) 

		=== objc tests ===


Running target unix

		=== objc Summary for unix ===

# of expected passes		2797
# of expected failures		6
# of unsupported tests		68

Running target unix/-m32

		=== objc Summary for unix/-m32 ===

# of expected passes		2797
# of expected failures		6
# of unsupported tests		68

		=== objc Summary ===

# of expected passes		5594
# of expected failures		12
# of unsupported tests		136
/var/gcc/regression/trunk/11.5-gcc-gas-64/build/gcc/xgcc  version 9.0.0 20181026 (experimental) [trunk revision 265523] (GCC) 

		=== gotools tests ===

FAIL: go test cmd/go
FAIL: TestAbort
FAIL: TestG0StackOverflow
FAIL: go test runtime
FAIL: go test misc/cgo/test
FAIL: TestCompileWithoutShared
FAIL: TestEarlySignalHandler
FAIL: TestInstall
FAIL: TestOsSignal
FAIL: TestPIE
FAIL: TestSIGPROF
FAIL: TestSigaltstack
FAIL: TestSignalForwarding
FAIL: TestSignalForwardingExternal
FAIL: go test misc/cgo/testcarchive

		=== gotools Summary ===
# of expected passes		245
# of unexpected failures	15
# of untested testcases		130
/var/gcc/regression/trunk/11.5-gcc-gas-64/build/./gcc/gccgo version 9.0.0 20181026 (experimental) [trunk revision 265523] (GCC)

Compiler version: 9.0.0 20181026 (experimental) [trunk revision 265523] (GCC) 
Platform: x86_64-pc-solaris2.11
configure flags: --prefix=/vol/gcc --target=amd64-pc-solaris2.11 --enable-objc-gc --with-target-bdw-gc-include=/vol/gcc/include --with-target-bdw-gc-lib=/vol/gcc/lib/amd64,32=/vol/gcc/lib --with-as=/vol/gcc/bin/amd64/gas-2.31 --with-gnu-as --with-gmp-include=/vol/gcc/include --with-gmp-lib=/vol/gcc/lib/amd64 --with-mpfr-include=/vol/gcc/include --with-mpfr-lib=/vol/gcc/lib/amd64 --with-mpc-include=/vol/gcc/include --with-mpc-lib=/vol/gcc/lib/amd64 --enable-languages=all,ada,obj-c++,go --with-isl-include=/vol/gcc/include --with-isl-lib=/vol/gcc/lib/amd64 --build=amd64-pc-solaris2.11 --host=amd64-pc-solaris2.11
BOOT_CFLAGS=-g -O2



More information about the Gcc-testresults mailing list