Results for 9.0.0 20181026 (experimental) [master revision 265531] (GCC) testsuite on aarch64-unknown-linux-gnu

LINARO TCWG tcwg-buildslave@linaro.org
Fri Oct 26 18:47:00 GMT 2018


LAST_UPDATED: Fri Oct 26 16:24:17 UTC 2018 (revision 265531)

Native configuration is aarch64-unknown-linux-gnu

		=== libatomic tests ===


Running target tcwg-local

		=== libatomic Summary ===

# of expected passes		54
		=== libgomp tests ===


Running target tcwg-local
FAIL: libgomp.fortran/examples-4/simd-1.f90   -O0  execution test
FAIL: libgomp.fortran/examples-4/simd-1.f90   -O1  (test for excess errors)
UNRESOLVED: libgomp.fortran/examples-4/simd-1.f90   -O1  compilation failed to produce executable
FAIL: libgomp.fortran/examples-4/simd-1.f90   -O2  (test for excess errors)
UNRESOLVED: libgomp.fortran/examples-4/simd-1.f90   -O2  compilation failed to produce executable
FAIL: libgomp.fortran/examples-4/simd-1.f90   -O3 -fomit-frame-pointer -funroll-loops -fpeel-loops -ftracer -finline-functions  (test for excess errors)
UNRESOLVED: libgomp.fortran/examples-4/simd-1.f90   -O3 -fomit-frame-pointer -funroll-loops -fpeel-loops -ftracer -finline-functions  compilation failed to produce executable
FAIL: libgomp.fortran/examples-4/simd-1.f90   -O3 -g  (test for excess errors)
UNRESOLVED: libgomp.fortran/examples-4/simd-1.f90   -O3 -g  compilation failed to produce executable
FAIL: libgomp.fortran/examples-4/simd-1.f90   -Os  (test for excess errors)
UNRESOLVED: libgomp.fortran/examples-4/simd-1.f90   -Os  compilation failed to produce executable
FAIL: libgomp.fortran/examples-4/simd-3.f90   -O0  (test for excess errors)
UNRESOLVED: libgomp.fortran/examples-4/simd-3.f90   -O0  compilation failed to produce executable
FAIL: libgomp.fortran/examples-4/simd-3.f90   -O1  (test for excess errors)
UNRESOLVED: libgomp.fortran/examples-4/simd-3.f90   -O1  compilation failed to produce executable
FAIL: libgomp.fortran/examples-4/task_dep-4.f90   -O1  execution test
FAIL: libgomp.fortran/examples-4/task_dep-4.f90   -O2  (test for excess errors)
UNRESOLVED: libgomp.fortran/examples-4/task_dep-4.f90   -O2  compilation failed to produce executable
FAIL: libgomp.fortran/examples-4/task_dep-4.f90   -O3 -fomit-frame-pointer -funroll-loops -fpeel-loops -ftracer -finline-functions  (test for excess errors)
UNRESOLVED: libgomp.fortran/examples-4/task_dep-4.f90   -O3 -fomit-frame-pointer -funroll-loops -fpeel-loops -ftracer -finline-functions  compilation failed to produce executable
FAIL: libgomp.fortran/examples-4/task_dep-4.f90   -O3 -g  (test for excess errors)
UNRESOLVED: libgomp.fortran/examples-4/task_dep-4.f90   -O3 -g  compilation failed to produce executable
FAIL: libgomp.fortran/examples-4/task_dep-4.f90   -Os  (test for excess errors)
UNRESOLVED: libgomp.fortran/examples-4/task_dep-4.f90   -Os  compilation failed to produce executable
FAIL: libgomp.fortran/examples-4/task_dep-5.f90   -O0  (test for excess errors)
UNRESOLVED: libgomp.fortran/examples-4/task_dep-5.f90   -O0  compilation failed to produce executable
FAIL: libgomp.fortran/examples-4/task_dep-5.f90   -O1  (test for excess errors)
UNRESOLVED: libgomp.fortran/examples-4/task_dep-5.f90   -O1  compilation failed to produce executable
FAIL: libgomp.fortran/examples-4/task_dep-5.f90   -O2  (test for excess errors)
UNRESOLVED: libgomp.fortran/examples-4/task_dep-5.f90   -O2  compilation failed to produce executable
FAIL: libgomp.fortran/examples-4/task_dep-5.f90   -O3 -fomit-frame-pointer -funroll-loops -fpeel-loops -ftracer -finline-functions  (test for excess errors)
UNRESOLVED: libgomp.fortran/examples-4/task_dep-5.f90   -O3 -fomit-frame-pointer -funroll-loops -fpeel-loops -ftracer -finline-functions  compilation failed to produce executable
FAIL: libgomp.fortran/examples-4/task_dep-5.f90   -O3 -g  (test for excess errors)
UNRESOLVED: libgomp.fortran/examples-4/task_dep-5.f90   -O3 -g  compilation failed to produce executable
FAIL: libgomp.fortran/examples-4/task_dep-5.f90   -Os  (test for excess errors)
UNRESOLVED: libgomp.fortran/examples-4/task_dep-5.f90   -Os  compilation failed to produce executable

		=== libgomp Summary ===

# of expected passes		5906
# of unexpected failures	19
# of unresolved testcases	17
# of unsupported tests		395
		=== libitm tests ===


Running target tcwg-local

		=== libitm Summary ===

# of expected passes		42
# of expected failures		3
# of unsupported tests		1
		=== libstdc++ tests ===


Running target tcwg-local
FAIL: libstdc++-prettyprinters/80276.cc whatis p4
FAIL: libstdc++-prettyprinters/80276.cc whatis p4
FAIL: libstdc++-prettyprinters/cxx17.cc print p
FAIL: libstdc++-prettyprinters/cxx17.cc print p
FAIL: libstdc++-prettyprinters/cxx17.cc print q
FAIL: libstdc++-prettyprinters/cxx17.cc print q
FAIL: libstdc++-prettyprinters/cxx17.cc print wp
FAIL: libstdc++-prettyprinters/cxx17.cc print wp
FAIL: libstdc++-prettyprinters/cxx17.cc print wq
FAIL: libstdc++-prettyprinters/cxx17.cc print wq
FAIL: libstdc++-prettyprinters/shared_ptr.cc print sp1
FAIL: libstdc++-prettyprinters/shared_ptr.cc print sp1
FAIL: libstdc++-prettyprinters/shared_ptr.cc print wp1
FAIL: libstdc++-prettyprinters/shared_ptr.cc print wp1
FAIL: libstdc++-prettyprinters/shared_ptr.cc print wp2
FAIL: libstdc++-prettyprinters/shared_ptr.cc print wp2

		=== libstdc++ Summary ===

# of expected passes		12410
# of unexpected failures	16
# of expected failures		77
# of unsupported tests		639
		=== g++ tests ===


Running target tcwg-local
FAIL: g++.dg/concepts/traits2.C  -std=gnu++17  (test for errors, line 82)
FAIL: g++.dg/concepts/traits2.C  -std=gnu++17  (test for errors, line 83)
FAIL: g++.dg/concepts/traits2.C  -std=gnu++17  (test for errors, line 84)
FAIL: g++.dg/concepts/traits2.C  -std=gnu++17  (test for errors, line 85)
FAIL: g++.dg/concepts/traits2.C  -std=gnu++17  (test for errors, line 86)
FAIL: g++.dg/concepts/traits2.C  -std=gnu++17  (test for errors, line 87)
FAIL: g++.dg/concepts/traits2.C  -std=gnu++17  (test for errors, line 88)
FAIL: g++.dg/concepts/traits2.C  -std=gnu++17  (test for errors, line 89)
FAIL: g++.dg/concepts/traits2.C  -std=gnu++17  (test for errors, line 90)
FAIL: g++.dg/concepts/traits2.C  -std=gnu++17  (test for errors, line 91)
FAIL: g++.dg/concepts/traits2.C  -std=gnu++17  (test for errors, line 92)
FAIL: g++.dg/concepts/traits2.C  -std=gnu++17  (test for errors, line 93)
FAIL: g++.dg/concepts/traits2.C  -std=gnu++17  (test for errors, line 94)
FAIL: g++.dg/concepts/traits2.C  -std=gnu++17  (test for errors, line 95)
FAIL: g++.dg/concepts/traits2.C  -std=gnu++17  (test for errors, line 96)
FAIL: g++.dg/concepts/traits2.C  -std=gnu++17  (test for errors, line 97)
FAIL: g++.dg/concepts/traits2.C  -std=gnu++17  (test for errors, line 98)
FAIL: g++.dg/concepts/traits2.C  -std=gnu++17 (test for excess errors)
FAIL: g++.dg/concepts/var-concept1.C  -std=gnu++17 (test for excess errors)
FAIL: g++.dg/concepts/var-concept2.C  -std=gnu++17  (test for errors, line 15)
FAIL: g++.dg/concepts/var-concept2.C  -std=gnu++17  (test for errors, line 16)
FAIL: g++.dg/concepts/var-concept2.C  -std=gnu++17 (test for excess errors)
FAIL: g++.dg/concepts/var-concept3.C  -std=gnu++17  (test for errors, line 15)
FAIL: g++.dg/concepts/var-concept3.C  -std=gnu++17  (test for errors, line 19)
FAIL: g++.dg/concepts/var-concept3.C  -std=gnu++17  (test for errors, line 22)
FAIL: g++.dg/concepts/var-concept3.C  -std=gnu++17  (test for errors, line 23)
FAIL: g++.dg/concepts/var-concept3.C  -std=gnu++17 (test for excess errors)
FAIL: g++.dg/conversion/ambig1.C  -std=c++14  (test for errors, line 8)
FAIL: g++.dg/conversion/ambig1.C  -std=c++14  (test for warnings, line 4)
FAIL: g++.dg/conversion/ambig1.C  -std=c++14  (test for warnings, line 5)
FAIL: g++.dg/conversion/ambig1.C  -std=c++14 (test for excess errors)
FAIL: g++.dg/conversion/ambig1.C  -std=c++17  (test for errors, line 8)
FAIL: g++.dg/conversion/ambig1.C  -std=c++17  (test for warnings, line 4)
FAIL: g++.dg/conversion/ambig1.C  -std=c++17  (test for warnings, line 5)
FAIL: g++.dg/conversion/ambig1.C  -std=c++17 (test for excess errors)
FAIL: g++.dg/conversion/ambig1.C  -std=c++98  (test for errors, line 8)
FAIL: g++.dg/conversion/ambig1.C  -std=c++98  (test for warnings, line 4)
FAIL: g++.dg/conversion/ambig1.C  -std=c++98  (test for warnings, line 5)
FAIL: g++.dg/conversion/ambig1.C  -std=c++98 (test for excess errors)
FAIL: g++.dg/conversion/ambig2.C  -std=c++14  (test for errors, line 14)
FAIL: g++.dg/conversion/ambig2.C  -std=c++14 (test for excess errors)
FAIL: g++.dg/conversion/ambig2.C  -std=c++17  (test for errors, line 14)
FAIL: g++.dg/conversion/ambig2.C  -std=c++17 (test for excess errors)
FAIL: g++.dg/conversion/ambig2.C  -std=c++98  (test for errors, line 14)
FAIL: g++.dg/conversion/ambig2.C  -std=c++98 (test for excess errors)
FAIL: g++.dg/conversion/ambig3.C  -std=c++98  (test for errors, line 12)
FAIL: g++.dg/conversion/ambig3.C  -std=c++98  (test for warnings, line 5)
FAIL: g++.dg/conversion/ambig3.C  -std=c++98  (test for warnings, line 6)
FAIL: g++.dg/conversion/ambig3.C  -std=c++98 (test for excess errors)
FAIL: g++.dg/conversion/dr195-1.C  -std=gnu++14  (test for errors, line 32)
FAIL: g++.dg/conversion/dr195-1.C  -std=gnu++14  (test for errors, line 33)
FAIL: g++.dg/conversion/dr195-1.C  -std=gnu++14 (test for excess errors)
FAIL: g++.dg/conversion/dr195-1.C  -std=gnu++17  (test for errors, line 32)
FAIL: g++.dg/conversion/dr195-1.C  -std=gnu++17  (test for errors, line 33)
FAIL: g++.dg/conversion/dr195-1.C  -std=gnu++17 (test for excess errors)
FAIL: g++.dg/conversion/dr195-1.C  -std=gnu++98  (test for errors, line 32)
FAIL: g++.dg/conversion/dr195-1.C  -std=gnu++98  (test for errors, line 33)
FAIL: g++.dg/conversion/dr195-1.C  -std=gnu++98 (test for excess errors)
FAIL: g++.dg/conversion/dr195.C  -std=c++14  (test for errors, line 30)
FAIL: g++.dg/conversion/dr195.C  -std=c++14  (test for errors, line 31)
FAIL: g++.dg/conversion/dr195.C  -std=c++14 (test for excess errors)
FAIL: g++.dg/conversion/dr195.C  -std=c++17  (test for errors, line 30)
FAIL: g++.dg/conversion/dr195.C  -std=c++17  (test for errors, line 31)
FAIL: g++.dg/conversion/dr195.C  -std=c++17 (test for excess errors)
FAIL: g++.dg/conversion/dr195.C  -std=c++98  (test for errors, line 30)
FAIL: g++.dg/conversion/dr195.C  -std=c++98  (test for errors, line 31)
FAIL: g++.dg/conversion/dr195.C  -std=c++98 (test for excess errors)
FAIL: g++.dg/conversion/dynamic1.C  -std=c++98  (test for errors, line 14)
FAIL: g++.dg/conversion/dynamic1.C  -std=c++98 (test for excess errors)
FAIL: g++.dg/conversion/op2.C  -std=c++14 (test for excess errors)
FAIL: g++.dg/conversion/op2.C  -std=c++17 (test for excess errors)
FAIL: g++.dg/conversion/op2.C  -std=c++98 (test for excess errors)
FAIL: g++.dg/cpp0x/constexpr-throw.C  -std=c++17  (test for errors, line 4)
FAIL: g++.dg/cpp0x/constexpr-throw.C  -std=c++17  (test for warnings, line 7)
FAIL: g++.dg/cpp0x/constexpr-throw.C  -std=c++17 (test for excess errors)
FAIL: g++.dg/cpp0x/constexpr-trivial1.C  -std=gnu++14 (test for excess errors)
FAIL: g++.dg/cpp0x/constexpr-trivial1.C  -std=gnu++17 (test for excess errors)
FAIL: g++.dg/cpp0x/constexpr-trivial2.C  -std=c++14 (test for excess errors)
FAIL: g++.dg/cpp0x/constexpr-trivial2.C  -std=c++17 (test for excess errors)
FAIL: g++.dg/cpp0x/constexpr-union4.C  -std=c++14 (test for excess errors)
FAIL: g++.dg/cpp0x/constexpr-union4.C  -std=c++17 (test for excess errors)
FAIL: g++.dg/cpp0x/constexpr-union5.C  -std=gnu++14  (test for warnings, line 34)
FAIL: g++.dg/cpp0x/constexpr-union5.C  -std=gnu++14  (test for warnings, line 35)
FAIL: g++.dg/cpp0x/constexpr-union5.C  -std=gnu++14 (test for excess errors)
FAIL: g++.dg/cpp0x/constexpr-union5.C  -std=gnu++17  (test for warnings, line 34)
FAIL: g++.dg/cpp0x/constexpr-union5.C  -std=gnu++17  (test for warnings, line 35)
FAIL: g++.dg/cpp0x/constexpr-union5.C  -std=gnu++17 (test for excess errors)
FAIL: g++.dg/cpp0x/constexpr-union6.C  -std=c++14 (test for excess errors)
UNRESOLVED: g++.dg/ext/pr82625.C  -std=gnu++14  scan-tree-dump-times optimized "return 4096;" 1
UNRESOLVED: g++.dg/ext/pr82625.C  -std=gnu++14  scan-tree-dump-times optimized "return 8192;" 1
FAIL: g++.dg/ext/pr82625.C  -std=gnu++14 (test for excess errors)
UNRESOLVED: g++.dg/ext/pr82625.C  -std=gnu++17  scan-tree-dump-times optimized "return 4096;" 1
UNRESOLVED: g++.dg/ext/pr82625.C  -std=gnu++17  scan-tree-dump-times optimized "return 8192;" 1
FAIL: g++.dg/ext/pr82625.C  -std=gnu++17 (test for excess errors)
UNRESOLVED: g++.dg/ext/pr82625.C  -std=gnu++98  scan-tree-dump-times optimized "return 4096;" 1
UNRESOLVED: g++.dg/ext/pr82625.C  -std=gnu++98  scan-tree-dump-times optimized "return 8192;" 1
FAIL: g++.dg/ext/pr82625.C  -std=gnu++98 (test for excess errors)
FAIL: g++.dg/pr83239.C  -std=gnu++98 (test for excess errors)
FAIL: g++.dg/guality/pr55665.C   -O2  line 23 p == 40
FAIL: g++.dg/guality/pr55665.C   -O2 -flto -fno-use-linker-plugin -flto-partition=none  line 23 p == 40
FAIL: g++.dg/guality/pr55665.C   -O3 -g  line 23 p == 40

		=== g++ Summary ===

# of expected passes		124714
# of unexpected failures	95
# of expected failures		537
# of unresolved testcases	6
# of unsupported tests		5888
/home/tcwg-buildslave/workspace/tcwg-buildfarm_2/tcwg-d05_64-build/_build/builds/aarch64-unknown-linux-gnu/aarch64-unknown-linux-gnu/gcc.git~master_rev_56749dad44c77d8779c04157a1c0076a8051750c-stage2/gcc/xg++  version 9.0.0 20181026 (experimental) [master revision 265531] (GCC) 

		=== gcc tests ===


Running target tcwg-local
FAIL: gcc.dg/debug/dwarf2/inline5.c scan-assembler-times DW_TAG_lexical_block\\\\)[^#/!]*[#/!] DW_AT_abstract_origin 2
FAIL: gcc.dg/debug/dwarf2/inline5.c scan-assembler-times DW_TAG_lexical_block\\\\)[^#/!]*[#/!] \\\\(DIE \\\\(0x[0-9a-f]*\\\\) DW_TAG_variable 1
FAIL: gcc.dg/ira-shrinkwrap-prep-1.c scan-rtl-dump ira "Split live-range of register"
FAIL: gcc.dg/ira-shrinkwrap-prep-2.c scan-rtl-dump ira "Split live-range of register"
ERROR: child process exited abnormally
ERROR: couldn't fork child process: resource temporarily unavailable
ERROR: couldn't fork child process: resource temporarily unavailable
ERROR: couldn't fork child process: resource temporarily unavailable
ERROR: couldn't fork child process: resource temporarily unavailable
ERROR: couldn't fork child process: resource temporarily unavailable
ERROR: couldn't fork child process: resource temporarily unavailable
ERROR: couldn't fork child process: resource temporarily unavailable
ERROR: couldn't fork child process: resource temporarily unavailable
ERROR: couldn't fork child process: resource temporarily unavailable
ERROR: couldn't fork child process: resource temporarily unavailable
ERROR: couldn't fork child process: resource temporarily unavailable
UNRESOLVED: gcc.dg/guality/const-volatile.c   -O1  -DPREVENT_OPTIMIZATION  line main type:cvi == const volatile int
ERROR: gcc.dg/guality/const-volatile.c   -O1  -DPREVENT_OPTIMIZATION : error executing dg-final: couldn't fork child process: resource temporarily unavailable
FAIL: gcc.dg/guality/const-volatile.c   -O2  -DPREVENT_OPTIMIZATION  (test for excess errors)
UNRESOLVED: gcc.dg/guality/const-volatile.c   -O2  -DPREVENT_OPTIMIZATION  compilation failed to produce executable
UNRESOLVED: gcc.dg/guality/csttest.c   -O0  line 55 p == -(0x37ULL << 50)
ERROR: gcc.dg/guality/csttest.c   -O0 : error executing dg-final: couldn't fork child process: resource temporarily unavailable
FAIL: gcc.dg/guality/csttest.c   -O1  -DPREVENT_OPTIMIZATION  (test for excess errors)
UNRESOLVED: gcc.dg/guality/csttest.c   -O1  -DPREVENT_OPTIMIZATION  compilation failed to produce executable
XPASS: gcc.dg/guality/example.c   -O0  execution test
XPASS: gcc.dg/guality/example.c   -O1  -DPREVENT_OPTIMIZATION  execution test
XPASS: gcc.dg/guality/example.c   -O2  -DPREVENT_OPTIMIZATION  execution test
XPASS: gcc.dg/guality/example.c   -O2 -flto -fno-use-linker-plugin -flto-partition=none  -DPREVENT_OPTIMIZATION execution test
XPASS: gcc.dg/guality/example.c   -Os  -DPREVENT_OPTIMIZATION  execution test
XPASS: gcc.dg/guality/example.c  -Og -DPREVENT_OPTIMIZATION  execution test
XPASS: gcc.dg/guality/guality.c   -O0  execution test
XPASS: gcc.dg/guality/guality.c   -O1  -DPREVENT_OPTIMIZATION  execution test
XPASS: gcc.dg/guality/guality.c   -O2  -DPREVENT_OPTIMIZATION  execution test
XPASS: gcc.dg/guality/guality.c   -O2 -flto -fno-use-linker-plugin -flto-partition=none  -DPREVENT_OPTIMIZATION execution test
XPASS: gcc.dg/guality/guality.c   -O2 -flto -fuse-linker-plugin -fno-fat-lto-objects  -DPREVENT_OPTIMIZATION execution test
XPASS: gcc.dg/guality/guality.c   -O3 -g  -DPREVENT_OPTIMIZATION  execution test
XPASS: gcc.dg/guality/guality.c   -Os  -DPREVENT_OPTIMIZATION  execution test
XPASS: gcc.dg/guality/guality.c  -Og -DPREVENT_OPTIMIZATION  execution test
XPASS: gcc.dg/guality/inline-params.c   -O2  -DPREVENT_OPTIMIZATION  execution test
XPASS: gcc.dg/guality/inline-params.c   -O2 -flto -fno-use-linker-plugin -flto-partition=none  -DPREVENT_OPTIMIZATION execution test
XPASS: gcc.dg/guality/inline-params.c   -O2 -flto -fuse-linker-plugin -fno-fat-lto-objects  -DPREVENT_OPTIMIZATION execution test
XPASS: gcc.dg/guality/inline-params.c   -O3 -g  -DPREVENT_OPTIMIZATION  execution test
XPASS: gcc.dg/guality/inline-params.c   -Os  -DPREVENT_OPTIMIZATION  execution test
UNRESOLVED: gcc.dg/guality/pr36728-1.c   -O0  line 16 y == 2
ERROR: gcc.dg/guality/pr36728-1.c   -O0 : error executing dg-final: couldn't fork child process: resource temporarily unavailable
FAIL: gcc.dg/guality/pr36728-1.c   -O1  -DPREVENT_OPTIMIZATION  (test for excess errors)
UNRESOLVED: gcc.dg/guality/pr36728-1.c   -O1  -DPREVENT_OPTIMIZATION  compilation failed to produce executable
FAIL: gcc.dg/guality/pr36728-1.c   -O2 -flto -fuse-linker-plugin -fno-fat-lto-objects  -DPREVENT_OPTIMIZATION line 16 y == 2
UNRESOLVED: gcc.dg/guality/pr36728-2.c   -O1  -DPREVENT_OPTIMIZATION  line 18 arg7 == 30
ERROR: gcc.dg/guality/pr36728-2.c   -O1  -DPREVENT_OPTIMIZATION : error executing dg-final: couldn't fork child process: resource temporarily unavailable
FAIL: gcc.dg/guality/pr36728-2.c   -O2  -DPREVENT_OPTIMIZATION  (test for excess errors)
UNRESOLVED: gcc.dg/guality/pr36728-2.c   -O2  -DPREVENT_OPTIMIZATION  compilation failed to produce executable
FAIL: gcc.dg/guality/pr36728-2.c   -O2 -flto -fuse-linker-plugin -fno-fat-lto-objects  -DPREVENT_OPTIMIZATION line 16 arg1 == 1
FAIL: gcc.dg/guality/pr36728-2.c   -O2 -flto -fuse-linker-plugin -fno-fat-lto-objects  -DPREVENT_OPTIMIZATION line 16 arg2 == 2
FAIL: gcc.dg/guality/pr36728-2.c   -O2 -flto -fuse-linker-plugin -fno-fat-lto-objects  -DPREVENT_OPTIMIZATION line 16 arg3 == 3
FAIL: gcc.dg/guality/pr36728-2.c   -O2 -flto -fuse-linker-plugin -fno-fat-lto-objects  -DPREVENT_OPTIMIZATION line 16 arg4 == 4
FAIL: gcc.dg/guality/pr36728-2.c   -O2 -flto -fuse-linker-plugin -fno-fat-lto-objects  -DPREVENT_OPTIMIZATION line 16 arg5 == 5
FAIL: gcc.dg/guality/pr36728-2.c   -O2 -flto -fuse-linker-plugin -fno-fat-lto-objects  -DPREVENT_OPTIMIZATION line 16 arg6 == 6
FAIL: gcc.dg/guality/pr36728-2.c   -O2 -flto -fuse-linker-plugin -fno-fat-lto-objects  -DPREVENT_OPTIMIZATION line 16 arg7 == 30
FAIL: gcc.dg/guality/pr36728-2.c   -O2 -flto -fuse-linker-plugin -fno-fat-lto-objects  -DPREVENT_OPTIMIZATION line 16 y == 2
FAIL: gcc.dg/guality/pr36728-2.c   -O2 -flto -fuse-linker-plugin -fno-fat-lto-objects  -DPREVENT_OPTIMIZATION line 18 arg1 == 1
FAIL: gcc.dg/guality/pr36728-2.c   -O2 -flto -fuse-linker-plugin -fno-fat-lto-objects  -DPREVENT_OPTIMIZATION line 18 arg2 == 2
FAIL: gcc.dg/guality/pr36728-2.c   -O2 -flto -fuse-linker-plugin -fno-fat-lto-objects  -DPREVENT_OPTIMIZATION line 18 arg3 == 3
FAIL: gcc.dg/guality/pr36728-2.c   -O2 -flto -fuse-linker-plugin -fno-fat-lto-objects  -DPREVENT_OPTIMIZATION line 18 arg4 == 4
FAIL: gcc.dg/guality/pr36728-2.c   -O2 -flto -fuse-linker-plugin -fno-fat-lto-objects  -DPREVENT_OPTIMIZATION line 18 arg5 == 5
FAIL: gcc.dg/guality/pr36728-2.c   -O2 -flto -fuse-linker-plugin -fno-fat-lto-objects  -DPREVENT_OPTIMIZATION line 18 arg6 == 6
FAIL: gcc.dg/guality/pr36728-2.c   -O2 -flto -fuse-linker-plugin -fno-fat-lto-objects  -DPREVENT_OPTIMIZATION line 18 arg7 == 30
FAIL: gcc.dg/guality/pr36728-2.c   -O3 -g  -DPREVENT_OPTIMIZATION  line 16 arg1 == 1
FAIL: gcc.dg/guality/pr36728-2.c   -O3 -g  -DPREVENT_OPTIMIZATION  line 16 arg2 == 2
FAIL: gcc.dg/guality/pr36728-2.c   -O3 -g  -DPREVENT_OPTIMIZATION  line 16 arg3 == 3
FAIL: gcc.dg/guality/pr36728-2.c   -O3 -g  -DPREVENT_OPTIMIZATION  line 16 arg4 == 4
FAIL: gcc.dg/guality/pr36728-2.c   -O3 -g  -DPREVENT_OPTIMIZATION  line 16 arg5 == 5
FAIL: gcc.dg/guality/pr36728-2.c   -O3 -g  -DPREVENT_OPTIMIZATION  line 16 arg6 == 6
FAIL: gcc.dg/guality/pr36728-2.c   -O3 -g  -DPREVENT_OPTIMIZATION  line 16 arg7 == 30
FAIL: gcc.dg/guality/pr36728-2.c   -O3 -g  -DPREVENT_OPTIMIZATION  line 18 arg1 == 1
FAIL: gcc.dg/guality/pr36728-2.c   -O3 -g  -DPREVENT_OPTIMIZATION  line 18 arg2 == 2
FAIL: gcc.dg/guality/pr36728-2.c   -O3 -g  -DPREVENT_OPTIMIZATION  line 18 arg3 == 3
FAIL: gcc.dg/guality/pr36728-2.c   -O3 -g  -DPREVENT_OPTIMIZATION  line 18 arg4 == 4
FAIL: gcc.dg/guality/pr36728-2.c   -O3 -g  -DPREVENT_OPTIMIZATION  line 18 arg5 == 5
FAIL: gcc.dg/guality/pr36728-2.c   -O3 -g  -DPREVENT_OPTIMIZATION  line 18 arg6 == 6
FAIL: gcc.dg/guality/pr36728-2.c   -O3 -g  -DPREVENT_OPTIMIZATION  line 18 arg7 == 30
FAIL: gcc.dg/guality/pr36728-3.c   -O3 -g  -DPREVENT_OPTIMIZATION  line 14 y == 2
UNRESOLVED: gcc.dg/guality/pr41353-1.c   -O0  line 28 i2 == 3 * 37
XPASS: gcc.dg/guality/pr41353-1.c   -O0  line 28 j == 28 + 37
ERROR: gcc.dg/guality/pr41353-1.c   -O0 : error executing dg-final: couldn't fork child process: resource temporarily unavailable
FAIL: gcc.dg/guality/pr41353-1.c   -O1  -DPREVENT_OPTIMIZATION  (test for excess errors)
UNRESOLVED: gcc.dg/guality/pr41353-1.c   -O1  -DPREVENT_OPTIMIZATION  compilation failed to produce executable
FAIL: gcc.dg/guality/pr41404-1.c   -O2 -flto -fno-use-linker-plugin -flto-partition=none  -DPREVENT_OPTIMIZATION (test for excess errors)
UNRESOLVED: gcc.dg/guality/pr41404-1.c   -O2 -flto -fno-use-linker-plugin -flto-partition=none  -DPREVENT_OPTIMIZATION compilation failed to produce executable
FAIL: gcc.dg/guality/pr41404-1.c   -O2 -flto -fuse-linker-plugin -fno-fat-lto-objects  -DPREVENT_OPTIMIZATION (test for excess errors)
UNRESOLVED: gcc.dg/guality/pr41404-1.c   -O2 -flto -fuse-linker-plugin -fno-fat-lto-objects  -DPREVENT_OPTIMIZATION compilation failed to produce executable
UNRESOLVED: gcc.dg/guality/pr41404-1.c   -Os  -DPREVENT_OPTIMIZATION  line 14 *foo == 'b'
ERROR: gcc.dg/guality/pr41404-1.c   -Os  -DPREVENT_OPTIMIZATION : error executing dg-final: couldn't fork child process: resource temporarily unavailable
FAIL: gcc.dg/guality/pr41404-1.c  -Og -DPREVENT_OPTIMIZATION  (test for excess errors)
UNRESOLVED: gcc.dg/guality/pr41404-1.c  -Og -DPREVENT_OPTIMIZATION  compilation failed to produce executable
FAIL: gcc.dg/guality/pr41447-1.c   -O2  -DPREVENT_OPTIMIZATION  execution test
FAIL: gcc.dg/guality/pr41447-1.c   -O2 -flto -fno-use-linker-plugin -flto-partition=none  -DPREVENT_OPTIMIZATION execution test
FAIL: gcc.dg/guality/pr41447-1.c   -O3 -g  -DPREVENT_OPTIMIZATION  execution test
FAIL: gcc.dg/guality/pr41447-1.c   -Os  -DPREVENT_OPTIMIZATION  execution test
FAIL: gcc.dg/guality/pr43177.c   -O2 -flto -fno-use-linker-plugin -flto-partition=none  -DPREVENT_OPTIMIZATION (test for excess errors)
UNRESOLVED: gcc.dg/guality/pr43177.c   -O2 -flto -fno-use-linker-plugin -flto-partition=none  -DPREVENT_OPTIMIZATION compilation failed to produce executable
FAIL: gcc.dg/guality/pr43177.c  -Og -DPREVENT_OPTIMIZATION  execution test
UNRESOLVED: gcc.dg/guality/pr49888.c   -O2 -flto -fuse-linker-plugin -fno-fat-lto-objects  -DPREVENT_OPTIMIZATION line 12 !!c == 0
ERROR: gcc.dg/guality/pr49888.c   -O2 -flto -fuse-linker-plugin -fno-fat-lto-objects  -DPREVENT_OPTIMIZATION: error executing dg-final: couldn't fork child process: resource temporarily unavailable
FAIL: gcc.dg/guality/pr54200.c   -O0  (test for excess errors)
UNRESOLVED: gcc.dg/guality/pr54200.c   -O0  compilation failed to produce executable
FAIL: gcc.dg/guality/pr54200.c   -O1  -DPREVENT_OPTIMIZATION  (test for excess errors)
UNRESOLVED: gcc.dg/guality/pr54200.c   -O1  -DPREVENT_OPTIMIZATION  compilation failed to produce executable
FAIL: gcc.dg/guality/pr54200.c   -O2  -DPREVENT_OPTIMIZATION  (test for excess errors)
UNRESOLVED: gcc.dg/guality/pr54200.c   -O2  -DPREVENT_OPTIMIZATION  compilation failed to produce executable
FAIL: gcc.dg/guality/pr54200.c   -O2 -flto -fno-use-linker-plugin -flto-partition=none  -DPREVENT_OPTIMIZATION line 20 z == 3
FAIL: gcc.dg/guality/pr54200.c   -O3 -g  -DPREVENT_OPTIMIZATION  (test for excess errors)
UNRESOLVED: gcc.dg/guality/pr54200.c   -O3 -g  -DPREVENT_OPTIMIZATION  compilation failed to produce executable
FAIL: gcc.dg/guality/pr54200.c   -Os  -DPREVENT_OPTIMIZATION  line 20 z == 3
FAIL: gcc.dg/guality/pr54519-1.c   -O2 -flto -fno-use-linker-plugin -flto-partition=none  -DPREVENT_OPTIMIZATION line 20 y == 25
FAIL: gcc.dg/guality/pr54519-1.c   -O2 -flto -fno-use-linker-plugin -flto-partition=none  -DPREVENT_OPTIMIZATION line 20 z == 6
FAIL: gcc.dg/guality/pr54519-1.c   -O2 -flto -fno-use-linker-plugin -flto-partition=none  -DPREVENT_OPTIMIZATION line 23 y == 117
FAIL: gcc.dg/guality/pr54519-1.c   -O2 -flto -fno-use-linker-plugin -flto-partition=none  -DPREVENT_OPTIMIZATION line 23 z == 8
FAIL: gcc.dg/guality/pr54519-2.c   -O2 -flto -fno-use-linker-plugin -flto-partition=none  -DPREVENT_OPTIMIZATION line 17 y == 25
FAIL: gcc.dg/guality/pr54519-2.c   -O2 -flto -fuse-linker-plugin -fno-fat-lto-objects  -DPREVENT_OPTIMIZATION line 17 y == 25
UNRESOLVED: gcc.dg/guality/pr54519-3.c   -O2 -flto -fno-use-linker-plugin -flto-partition=none  -DPREVENT_OPTIMIZATION line 20 y == 25
ERROR: gcc.dg/guality/pr54519-3.c   -O2 -flto -fno-use-linker-plugin -flto-partition=none  -DPREVENT_OPTIMIZATION: error executing dg-final: couldn't fork child process: resource temporarily unavailable
FAIL: gcc.dg/guality/pr54519-3.c   -O2 -flto -fuse-linker-plugin -fno-fat-lto-objects  -DPREVENT_OPTIMIZATION (test for excess errors)
UNRESOLVED: gcc.dg/guality/pr54519-3.c   -O2 -flto -fuse-linker-plugin -fno-fat-lto-objects  -DPREVENT_OPTIMIZATION compilation failed to produce executable
FAIL: gcc.dg/guality/pr54519-4.c   -O0  (test for excess errors)
UNRESOLVED: gcc.dg/guality/pr54519-4.c   -O0  compilation failed to produce executable
FAIL: gcc.dg/guality/pr54519-4.c   -O2 -flto -fno-use-linker-plugin -flto-partition=none  -DPREVENT_OPTIMIZATION line 17 y == 25
FAIL: gcc.dg/guality/pr54519-4.c   -O2 -flto -fuse-linker-plugin -fno-fat-lto-objects  -DPREVENT_OPTIMIZATION line 17 y == 25
FAIL: gcc.dg/guality/pr54519-5.c   -O2 -flto -fno-use-linker-plugin -flto-partition=none  -DPREVENT_OPTIMIZATION line 17 y == 25
FAIL: gcc.dg/guality/pr54519-5.c   -O2 -flto -fuse-linker-plugin -fno-fat-lto-objects  -DPREVENT_OPTIMIZATION line 17 y == 25
FAIL: gcc.dg/guality/pr54693-2.c   -O2 -flto -fuse-linker-plugin -fno-fat-lto-objects  -DPREVENT_OPTIMIZATION line 21 z == 30 - 3 * i
FAIL: gcc.dg/guality/pr54693-2.c   -Os  -DPREVENT_OPTIMIZATION  line 21 z == 30 - 3 * i
FAIL: gcc.dg/guality/pr54693.c   -Os  -DPREVENT_OPTIMIZATION  line 22 i == c - 48
UNRESOLVED: gcc.dg/guality/pr54796.c   -O1  -DPREVENT_OPTIMIZATION  line 17 a == 5
ERROR: gcc.dg/guality/pr54796.c   -O1  -DPREVENT_OPTIMIZATION : error executing dg-final: couldn't fork child process: resource temporarily unavailable
FAIL: gcc.dg/guality/pr54796.c   -O2  -DPREVENT_OPTIMIZATION  (test for excess errors)
UNRESOLVED: gcc.dg/guality/pr54796.c   -O2  -DPREVENT_OPTIMIZATION  compilation failed to produce executable
FAIL: gcc.dg/guality/pr54796.c   -O3 -g  -DPREVENT_OPTIMIZATION  (test for excess errors)
UNRESOLVED: gcc.dg/guality/pr54796.c   -O3 -g  -DPREVENT_OPTIMIZATION  compilation failed to produce executable
XPASS: gcc.dg/guality/pr54970.c   -O0  line 31 a[0] == 4
XPASS: gcc.dg/guality/pr54970.c   -O0  line 36 a[0] == 4
XPASS: gcc.dg/guality/pr54970.c   -O0  line 45 a[0] == 4
XPASS: gcc.dg/guality/pr54970.c   -O0  line 45 p[-2] == 4
XPASS: gcc.dg/guality/pr54970.c   -O0  line 45 q[-1] == 4
UNRESOLVED: gcc.dg/guality/pr54970.c   -O3 -g  -DPREVENT_OPTIMIZATION  line 45 a[0] == 4
ERROR: gcc.dg/guality/pr54970.c   -O3 -g  -DPREVENT_OPTIMIZATION : error executing dg-final: couldn't fork child process: resource temporarily unavailable
FAIL: gcc.dg/guality/pr54970.c   -Os  -DPREVENT_OPTIMIZATION  (test for excess errors)
UNRESOLVED: gcc.dg/guality/pr54970.c   -Os  -DPREVENT_OPTIMIZATION  compilation failed to produce executable
FAIL: gcc.dg/guality/pr54970.c  -Og -DPREVENT_OPTIMIZATION  line 15 *p == 3
FAIL: gcc.dg/guality/pr54970.c  -Og -DPREVENT_OPTIMIZATION  line 15 *q == 2
FAIL: gcc.dg/guality/pr54970.c  -Og -DPREVENT_OPTIMIZATION  line 15 a[0] == 1
FAIL: gcc.dg/guality/pr54970.c  -Og -DPREVENT_OPTIMIZATION  line 15 a[1] == 2
FAIL: gcc.dg/guality/pr54970.c  -Og -DPREVENT_OPTIMIZATION  line 15 a[2] == 3
FAIL: gcc.dg/guality/pr54970.c  -Og -DPREVENT_OPTIMIZATION  line 20 *p == 13
FAIL: gcc.dg/guality/pr54970.c  -Og -DPREVENT_OPTIMIZATION  line 20 *q == 2
FAIL: gcc.dg/guality/pr54970.c  -Og -DPREVENT_OPTIMIZATION  line 20 a[0] == 1
FAIL: gcc.dg/guality/pr54970.c  -Og -DPREVENT_OPTIMIZATION  line 20 a[1] == 2
FAIL: gcc.dg/guality/pr54970.c  -Og -DPREVENT_OPTIMIZATION  line 20 a[2] == 13
FAIL: gcc.dg/guality/pr54970.c  -Og -DPREVENT_OPTIMIZATION  line 25 *p == 13
FAIL: gcc.dg/guality/pr54970.c  -Og -DPREVENT_OPTIMIZATION  line 25 *q == 12
FAIL: gcc.dg/guality/pr54970.c  -Og -DPREVENT_OPTIMIZATION  line 25 a[0] == 1
FAIL: gcc.dg/guality/pr54970.c  -Og -DPREVENT_OPTIMIZATION  line 25 a[1] == 12
FAIL: gcc.dg/guality/pr54970.c  -Og -DPREVENT_OPTIMIZATION  line 25 a[2] == 13
FAIL: gcc.dg/guality/pr54970.c  -Og -DPREVENT_OPTIMIZATION  line 31 *p == 6
FAIL: gcc.dg/guality/pr54970.c  -Og -DPREVENT_OPTIMIZATION  line 31 *q == 5
FAIL: gcc.dg/guality/pr54970.c  -Og -DPREVENT_OPTIMIZATION  line 31 a[1] == 5
FAIL: gcc.dg/guality/pr54970.c  -Og -DPREVENT_OPTIMIZATION  line 31 a[2] == 6
FAIL: gcc.dg/guality/pr54970.c  -Og -DPREVENT_OPTIMIZATION  line 36 *p == 26
FAIL: gcc.dg/guality/pr54970.c  -Og -DPREVENT_OPTIMIZATION  line 36 *q == 5
FAIL: gcc.dg/guality/pr54970.c  -Og -DPREVENT_OPTIMIZATION  line 36 a[1] == 5
FAIL: gcc.dg/guality/pr54970.c  -Og -DPREVENT_OPTIMIZATION  line 36 a[2] == 26
FAIL: gcc.dg/guality/pr54970.c  -Og -DPREVENT_OPTIMIZATION  line 45 *p == 26
FAIL: gcc.dg/guality/pr54970.c  -Og -DPREVENT_OPTIMIZATION  line 45 *q == 25
FAIL: gcc.dg/guality/pr54970.c  -Og -DPREVENT_OPTIMIZATION  line 45 a[1] == 25
FAIL: gcc.dg/guality/pr54970.c  -Og -DPREVENT_OPTIMIZATION  line 45 a[2] == 26
FAIL: gcc.dg/guality/pr54970.c  -Og -DPREVENT_OPTIMIZATION  line 45 p[-1] == 25
FAIL: gcc.dg/guality/pr54970.c  -Og -DPREVENT_OPTIMIZATION  line 45 q[1] == 26
FAIL: gcc.dg/guality/pr56154-1.c  -Og -DPREVENT_OPTIMIZATION  line pr56154-1.c:20 x.a == 6
UNRESOLVED: gcc.dg/guality/pr58791-3.c   -O2  -DPREVENT_OPTIMIZATION  line pr58791-3.c:19 m == 16
ERROR: gcc.dg/guality/pr58791-3.c   -O2  -DPREVENT_OPTIMIZATION : error executing dg-final: couldn't fork child process: resource temporarily unavailable
FAIL: gcc.dg/guality/pr58791-3.c   -O3 -g  -DPREVENT_OPTIMIZATION  (test for excess errors)
UNRESOLVED: gcc.dg/guality/pr58791-3.c   -O3 -g  -DPREVENT_OPTIMIZATION  compilation failed to produce executable
FAIL: gcc.dg/guality/pr59776.c  -Og -DPREVENT_OPTIMIZATION  line pr59776.c:17 s1.f == 5.0
FAIL: gcc.dg/guality/pr59776.c  -Og -DPREVENT_OPTIMIZATION  line pr59776.c:17 s1.g == 6.0
FAIL: gcc.dg/guality/pr59776.c  -Og -DPREVENT_OPTIMIZATION  line pr59776.c:17 s2.f == 0.0
FAIL: gcc.dg/guality/pr59776.c  -Og -DPREVENT_OPTIMIZATION  line pr59776.c:17 s2.g == 6.0
FAIL: gcc.dg/guality/pr59776.c  -Og -DPREVENT_OPTIMIZATION  line pr59776.c:20 s1.f == 5.0
FAIL: gcc.dg/guality/pr59776.c  -Og -DPREVENT_OPTIMIZATION  line pr59776.c:20 s1.g == 6.0
FAIL: gcc.dg/guality/pr59776.c  -Og -DPREVENT_OPTIMIZATION  line pr59776.c:20 s2.f == 5.0
FAIL: gcc.dg/guality/pr59776.c  -Og -DPREVENT_OPTIMIZATION  line pr59776.c:20 s2.g == 6.0
FAIL: gcc.dg/guality/pr68860-1.c   -O2  -DPREVENT_OPTIMIZATION  line 14 y == 2
FAIL: gcc.dg/guality/pr68860-1.c   -O2 -flto -fno-use-linker-plugin -flto-partition=none  -DPREVENT_OPTIMIZATION line 14 arg1 == 1
FAIL: gcc.dg/guality/pr68860-1.c   -O2 -flto -fno-use-linker-plugin -flto-partition=none  -DPREVENT_OPTIMIZATION line 14 arg2 == 2
FAIL: gcc.dg/guality/pr68860-1.c   -O2 -flto -fno-use-linker-plugin -flto-partition=none  -DPREVENT_OPTIMIZATION line 14 arg3 == 3
FAIL: gcc.dg/guality/pr68860-1.c   -O2 -flto -fno-use-linker-plugin -flto-partition=none  -DPREVENT_OPTIMIZATION line 14 arg4 == 4
FAIL: gcc.dg/guality/pr68860-1.c   -O2 -flto -fno-use-linker-plugin -flto-partition=none  -DPREVENT_OPTIMIZATION line 14 arg5 == 5
FAIL: gcc.dg/guality/pr68860-1.c   -O2 -flto -fno-use-linker-plugin -flto-partition=none  -DPREVENT_OPTIMIZATION line 14 arg6 == 6
FAIL: gcc.dg/guality/pr68860-1.c   -O2 -flto -fno-use-linker-plugin -flto-partition=none  -DPREVENT_OPTIMIZATION line 16 arg1 == 1
FAIL: gcc.dg/guality/pr68860-1.c   -O2 -flto -fno-use-linker-plugin -flto-partition=none  -DPREVENT_OPTIMIZATION line 16 arg2 == 2
FAIL: gcc.dg/guality/pr68860-1.c   -O2 -flto -fno-use-linker-plugin -flto-partition=none  -DPREVENT_OPTIMIZATION line 16 arg3 == 3
FAIL: gcc.dg/guality/pr68860-1.c   -O2 -flto -fno-use-linker-plugin -flto-partition=none  -DPREVENT_OPTIMIZATION line 16 arg4 == 4
FAIL: gcc.dg/guality/pr68860-1.c   -O2 -flto -fno-use-linker-plugin -flto-partition=none  -DPREVENT_OPTIMIZATION line 16 arg5 == 5
FAIL: gcc.dg/guality/pr68860-1.c   -O2 -flto -fno-use-linker-plugin -flto-partition=none  -DPREVENT_OPTIMIZATION line 16 arg6 == 6
FAIL: gcc.dg/guality/pr68860-1.c   -O2 -flto -fuse-linker-plugin -fno-fat-lto-objects  -DPREVENT_OPTIMIZATION line 14 arg1 == 1
FAIL: gcc.dg/guality/pr68860-1.c   -O2 -flto -fuse-linker-plugin -fno-fat-lto-objects  -DPREVENT_OPTIMIZATION line 14 arg2 == 2
FAIL: gcc.dg/guality/pr68860-1.c   -O2 -flto -fuse-linker-plugin -fno-fat-lto-objects  -DPREVENT_OPTIMIZATION line 14 arg3 == 3
FAIL: gcc.dg/guality/pr68860-1.c   -O2 -flto -fuse-linker-plugin -fno-fat-lto-objects  -DPREVENT_OPTIMIZATION line 14 arg4 == 4
FAIL: gcc.dg/guality/pr68860-1.c   -O2 -flto -fuse-linker-plugin -fno-fat-lto-objects  -DPREVENT_OPTIMIZATION line 14 arg5 == 5
FAIL: gcc.dg/guality/pr68860-1.c   -O2 -flto -fuse-linker-plugin -fno-fat-lto-objects  -DPREVENT_OPTIMIZATION line 14 arg6 == 6
FAIL: gcc.dg/guality/pr68860-1.c   -O2 -flto -fuse-linker-plugin -fno-fat-lto-objects  -DPREVENT_OPTIMIZATION line 16 arg1 == 1
FAIL: gcc.dg/guality/pr68860-1.c   -O2 -flto -fuse-linker-plugin -fno-fat-lto-objects  -DPREVENT_OPTIMIZATION line 16 arg2 == 2
FAIL: gcc.dg/guality/pr68860-1.c   -O2 -flto -fuse-linker-plugin -fno-fat-lto-objects  -DPREVENT_OPTIMIZATION line 16 arg3 == 3
FAIL: gcc.dg/guality/pr68860-1.c   -O2 -flto -fuse-linker-plugin -fno-fat-lto-objects  -DPREVENT_OPTIMIZATION line 16 arg4 == 4
FAIL: gcc.dg/guality/pr68860-1.c   -O2 -flto -fuse-linker-plugin -fno-fat-lto-objects  -DPREVENT_OPTIMIZATION line 16 arg5 == 5
FAIL: gcc.dg/guality/pr68860-1.c   -O2 -flto -fuse-linker-plugin -fno-fat-lto-objects  -DPREVENT_OPTIMIZATION line 16 arg6 == 6
FAIL: gcc.dg/guality/pr68860-1.c   -O3 -g  -DPREVENT_OPTIMIZATION  line 14 y == 2
FAIL: gcc.dg/guality/pr68860-2.c   -O3 -g  -DPREVENT_OPTIMIZATION  line 14 y == 2
UNRESOLVED: gcc.dg/guality/pr69947.c   -O0  line 14 b[4] == 'e'
ERROR: gcc.dg/guality/pr69947.c   -O0 : error executing dg-final: couldn't fork child process: resource temporarily unavailable
FAIL: gcc.dg/guality/pr69947.c   -O1  -DPREVENT_OPTIMIZATION  (test for excess errors)
UNRESOLVED: gcc.dg/guality/pr69947.c   -O1  -DPREVENT_OPTIMIZATION  compilation failed to produce executable
FAIL: gcc.dg/guality/pr69947.c   -O2  -DPREVENT_OPTIMIZATION  (test for excess errors)
UNRESOLVED: gcc.dg/guality/pr69947.c   -O2  -DPREVENT_OPTIMIZATION  compilation failed to produce executable
FAIL: gcc.dg/guality/pr69947.c   -O3 -g  -DPREVENT_OPTIMIZATION  (test for excess errors)
UNRESOLVED: gcc.dg/guality/pr69947.c   -O3 -g  -DPREVENT_OPTIMIZATION  compilation failed to produce executable
FAIL: gcc.dg/guality/sra-1.c  -Og -DPREVENT_OPTIMIZATION  line 21 a.j == 14
FAIL: gcc.dg/guality/sra-1.c  -Og -DPREVENT_OPTIMIZATION  line 32 a[1] == 14
FAIL: gcc.dg/guality/sra-1.c  -Og -DPREVENT_OPTIMIZATION  line 43 a.i == 4
FAIL: gcc.dg/guality/sra-1.c  -Og -DPREVENT_OPTIMIZATION  line 43 a.j == 14
FAIL: gcc.dg/guality/vla-1.c   -O1  -DPREVENT_OPTIMIZATION  line 17 sizeof (a) == 6
FAIL: gcc.dg/guality/vla-1.c   -O2  -DPREVENT_OPTIMIZATION  line 17 sizeof (a) == 6
FAIL: gcc.dg/guality/vla-1.c   -O2 -flto -fno-use-linker-plugin -flto-partition=none  -DPREVENT_OPTIMIZATION line 17 sizeof (a) == 6
FAIL: gcc.dg/guality/vla-1.c   -O2 -flto -fuse-linker-plugin -fno-fat-lto-objects  -DPREVENT_OPTIMIZATION line 17 sizeof (a) == 6
FAIL: gcc.dg/guality/vla-1.c   -O3 -g  -DPREVENT_OPTIMIZATION  line 17 sizeof (a) == 6
FAIL: gcc.dg/guality/vla-1.c   -Os  -DPREVENT_OPTIMIZATION  line 17 sizeof (a) == 6
FAIL: gcc.dg/lto/20081024 c_lto_20081024_0.o assemble, -O0 -flto -fuse-linker-plugin -fno-fat-lto-objects 
FAIL: gcc.dg/lto/20081024 c_lto_20081024_0.o assemble, -O2 -flto -fuse-linker-plugin
UNRESOLVED: gcc.dg/lto/20081024 c_lto_20081024_0.o-c_lto_20081024_0.o execute -O0 -flto -fuse-linker-plugin -fno-fat-lto-objects 
UNRESOLVED: gcc.dg/lto/20081024 c_lto_20081024_0.o-c_lto_20081024_0.o execute -O2 -flto -fuse-linker-plugin
UNRESOLVED: gcc.dg/lto/20081024 c_lto_20081024_0.o-c_lto_20081024_0.o link -O0 -flto -fuse-linker-plugin -fno-fat-lto-objects 
UNRESOLVED: gcc.dg/lto/20081024 c_lto_20081024_0.o-c_lto_20081024_0.o link -O2 -flto -fuse-linker-plugin
FAIL: gcc.dg/lto/20081109 c_lto_20081109_0.o assemble, -w -flto
FAIL: gcc.dg/lto/20081111 c_lto_20081111_0.o assemble, -O0 -flto -flto-partition=none -fuse-linker-plugin
FAIL: gcc.dg/lto/20081111 c_lto_20081111_0.o assemble, -O2 -flto -flto-partition=none -fuse-linker-plugin -fno-fat-lto-objects 
UNRESOLVED: gcc.dg/lto/20081111 c_lto_20081111_0.o-c_lto_20081111_1.o execute -O0 -flto -flto-partition=none -fuse-linker-plugin
UNRESOLVED: gcc.dg/lto/20081111 c_lto_20081111_0.o-c_lto_20081111_1.o execute -O2 -flto -flto-partition=none -fuse-linker-plugin -fno-fat-lto-objects 
UNRESOLVED: gcc.dg/lto/20081111 c_lto_20081111_0.o-c_lto_20081111_1.o link -O0 -flto -flto-partition=none -fuse-linker-plugin
UNRESOLVED: gcc.dg/lto/20081111 c_lto_20081111_0.o-c_lto_20081111_1.o link -O2 -flto -flto-partition=none -fuse-linker-plugin -fno-fat-lto-objects 
FAIL: gcc.dg/lto/20081111 c_lto_20081111_1.o assemble, -O0 -flto -flto-partition=none -fuse-linker-plugin
FAIL: gcc.dg/lto/20081111 c_lto_20081111_1.o assemble, -O2 -flto -flto-partition=none -fuse-linker-plugin -fno-fat-lto-objects 
FAIL: gcc.dg/lto/20081125 c_lto_20081125_0.o-c_lto_20081125_1.o link, -O0 -flto -flto-partition=1to1 -fno-use-linker-plugin 
FAIL: gcc.dg/lto/20090717 c_lto_20090717_0.o assemble, -O0 -flto -flto-partition=1to1 -fno-use-linker-plugin 
FAIL: gcc.dg/lto/20090717 c_lto_20090717_0.o assemble, -O0 -flto -fuse-linker-plugin -fno-fat-lto-objects 
FAIL: gcc.dg/lto/20090717 c_lto_20090717_0.o assemble, -O2 -flto -flto-partition=1to1 -fno-use-linker-plugin 
FAIL: gcc.dg/lto/20090717 c_lto_20090717_0.o assemble, -O2 -flto -fuse-linker-plugin
UNRESOLVED: gcc.dg/lto/20090717 c_lto_20090717_0.o-c_lto_20090717_1.o execute -O0 -flto -flto-partition=1to1 -fno-use-linker-plugin 
UNRESOLVED: gcc.dg/lto/20090717 c_lto_20090717_0.o-c_lto_20090717_1.o execute -O0 -flto -fuse-linker-plugin -fno-fat-lto-objects 
UNRESOLVED: gcc.dg/lto/20090717 c_lto_20090717_0.o-c_lto_20090717_1.o execute -O2 -flto -flto-partition=1to1 -fno-use-linker-plugin 
UNRESOLVED: gcc.dg/lto/20090717 c_lto_20090717_0.o-c_lto_20090717_1.o execute -O2 -flto -fuse-linker-plugin
UNRESOLVED: gcc.dg/lto/20090717 c_lto_20090717_0.o-c_lto_20090717_1.o link -O0 -flto -flto-partition=1to1 -fno-use-linker-plugin 
UNRESOLVED: gcc.dg/lto/20090717 c_lto_20090717_0.o-c_lto_20090717_1.o link -O0 -flto -fuse-linker-plugin -fno-fat-lto-objects 
UNRESOLVED: gcc.dg/lto/20090717 c_lto_20090717_0.o-c_lto_20090717_1.o link -O2 -flto -flto-partition=1to1 -fno-use-linker-plugin 
UNRESOLVED: gcc.dg/lto/20090717 c_lto_20090717_0.o-c_lto_20090717_1.o link -O2 -flto -fuse-linker-plugin
FAIL: gcc.dg/lto/20090717 c_lto_20090717_1.o assemble, -O0 -flto -flto-partition=1to1 -fno-use-linker-plugin 
FAIL: gcc.dg/lto/20090717 c_lto_20090717_1.o assemble, -O0 -flto -fuse-linker-plugin -fno-fat-lto-objects 
FAIL: gcc.dg/lto/20090717 c_lto_20090717_1.o assemble, -O2 -flto -flto-partition=1to1 -fno-use-linker-plugin 
FAIL: gcc.dg/lto/20090717 c_lto_20090717_1.o assemble, -O2 -flto -fuse-linker-plugin
FAIL: gcc.dg/lto/20100103-2 c_lto_20100103-2_0.o assemble, -O -flto -fsigned-char
FAIL: gcc.dg/lto/20100603-2 c_lto_20100603-2_0.o assemble, -O2 -flto -fuse-linker-plugin
UNRESOLVED: gcc.dg/lto/20100603-2 c_lto_20100603-2_0.o-c_lto_20100603-2_0.o execute -O2 -flto -fuse-linker-plugin
UNRESOLVED: gcc.dg/lto/20100603-2 c_lto_20100603-2_0.o-c_lto_20100603-2_0.o link -O2 -flto -fuse-linker-plugin
FAIL: gcc.dg/lto/20100603-2 c_lto_20100603-2_0.o-c_lto_20100603-2_0.o link, -O0 -flto -fuse-linker-plugin -fno-fat-lto-objects 
FAIL: gcc.dg/lto/20100603-3 c_lto_20100603-3_0.o assemble, -O0 -flto -flto-partition=1to1 -fno-use-linker-plugin 
FAIL: gcc.dg/lto/20100603-3 c_lto_20100603-3_0.o assemble, -O0 -flto -flto-partition=none -fuse-linker-plugin
FAIL: gcc.dg/lto/20100603-3 c_lto_20100603-3_0.o assemble, -O0 -flto -fuse-linker-plugin -fno-fat-lto-objects 
FAIL: gcc.dg/lto/20100603-3 c_lto_20100603-3_0.o assemble, -O2 -flto -flto-partition=1to1 -fno-use-linker-plugin 
FAIL: gcc.dg/lto/20100603-3 c_lto_20100603-3_0.o assemble, -O2 -flto -flto-partition=none -fuse-linker-plugin -fno-fat-lto-objects 
UNRESOLVED: gcc.dg/lto/20100603-3 c_lto_20100603-3_0.o-c_lto_20100603-3_0.o execute -O0 -flto -flto-partition=1to1 -fno-use-linker-plugin 
UNRESOLVED: gcc.dg/lto/20100603-3 c_lto_20100603-3_0.o-c_lto_20100603-3_0.o execute -O0 -flto -flto-partition=none -fuse-linker-plugin
UNRESOLVED: gcc.dg/lto/20100603-3 c_lto_20100603-3_0.o-c_lto_20100603-3_0.o execute -O0 -flto -fuse-linker-plugin -fno-fat-lto-objects 
UNRESOLVED: gcc.dg/lto/20100603-3 c_lto_20100603-3_0.o-c_lto_20100603-3_0.o execute -O2 -flto -flto-partition=1to1 -fno-use-linker-plugin 
UNRESOLVED: gcc.dg/lto/20100603-3 c_lto_20100603-3_0.o-c_lto_20100603-3_0.o execute -O2 -flto -flto-partition=none -fuse-linker-plugin -fno-fat-lto-objects 
UNRESOLVED: gcc.dg/lto/20100603-3 c_lto_20100603-3_0.o-c_lto_20100603-3_0.o link -O0 -flto -flto-partition=1to1 -fno-use-linker-plugin 
UNRESOLVED: gcc.dg/lto/20100603-3 c_lto_20100603-3_0.o-c_lto_20100603-3_0.o link -O0 -flto -flto-partition=none -fuse-linker-plugin
UNRESOLVED: gcc.dg/lto/20100603-3 c_lto_20100603-3_0.o-c_lto_20100603-3_0.o link -O0 -flto -fuse-linker-plugin -fno-fat-lto-objects 
UNRESOLVED: gcc.dg/lto/20100603-3 c_lto_20100603-3_0.o-c_lto_20100603-3_0.o link -O2 -flto -flto-partition=1to1 -fno-use-linker-plugin 
UNRESOLVED: gcc.dg/lto/20100603-3 c_lto_20100603-3_0.o-c_lto_20100603-3_0.o link -O2 -flto -flto-partition=none -fuse-linker-plugin -fno-fat-lto-objects 
FAIL: gcc.dg/lto/20100825-1 c_lto_20100825-1_0.o assemble,  -O3 -flto 
UNRESOLVED: gcc.dg/lto/20100825-1 c_lto_20100825-1_0.o-c_lto_20100825-1_0.o execute  -O3 -flto 
UNRESOLVED: gcc.dg/lto/20100825-1 c_lto_20100825-1_0.o-c_lto_20100825-1_0.o link  -O3 -flto 
FAIL: gcc.dg/lto/20101009-1 c_lto_20101009-1_0.o assemble, -O0 -flto -flto-partition=1to1 -fno-use-linker-plugin 
FAIL: gcc.dg/lto/20101009-1 c_lto_20101009-1_0.o assemble, -O0 -flto -flto-partition=none -fuse-linker-plugin
FAIL: gcc.dg/lto/20101009-1 c_lto_20101009-1_0.o assemble, -O0 -flto -fuse-linker-plugin -fno-fat-lto-objects 
FAIL: gcc.dg/lto/20101009-1 c_lto_20101009-1_0.o assemble, -O2 -flto -flto-partition=1to1 -fno-use-linker-plugin 
FAIL: gcc.dg/lto/20101009-1 c_lto_20101009-1_0.o assemble, -O2 -flto -flto-partition=none -fuse-linker-plugin -fno-fat-lto-objects 
FAIL: gcc.dg/lto/20101009-1 c_lto_20101009-1_0.o assemble, -O2 -flto -fuse-linker-plugin
UNRESOLVED: gcc.dg/lto/20101009-1 c_lto_20101009-1_0.o-c_lto_20101009-1_0.o execute -O0 -flto -flto-partition=1to1 -fno-use-linker-plugin 
UNRESOLVED: gcc.dg/lto/20101009-1 c_lto_20101009-1_0.o-c_lto_20101009-1_0.o execute -O0 -flto -flto-partition=none -fuse-linker-plugin
UNRESOLVED: gcc.dg/lto/20101009-1 c_lto_20101009-1_0.o-c_lto_20101009-1_0.o execute -O0 -flto -fuse-linker-plugin -fno-fat-lto-objects 
UNRESOLVED: gcc.dg/lto/20101009-1 c_lto_20101009-1_0.o-c_lto_20101009-1_0.o execute -O2 -flto -flto-partition=1to1 -fno-use-linker-plugin 
UNRESOLVED: gcc.dg/lto/20101009-1 c_lto_20101009-1_0.o-c_lto_20101009-1_0.o execute -O2 -flto -flto-partition=none -fuse-linker-plugin -fno-fat-lto-objects 
UNRESOLVED: gcc.dg/lto/20101009-1 c_lto_20101009-1_0.o-c_lto_20101009-1_0.o execute -O2 -flto -fuse-linker-plugin
UNRESOLVED: gcc.dg/lto/20101009-1 c_lto_20101009-1_0.o-c_lto_20101009-1_0.o link -O0 -flto -flto-partition=1to1 -fno-use-linker-plugin 
UNRESOLVED: gcc.dg/lto/20101009-1 c_lto_20101009-1_0.o-c_lto_20101009-1_0.o link -O0 -flto -flto-partition=none -fuse-linker-plugin
UNRESOLVED: gcc.dg/lto/20101009-1 c_lto_20101009-1_0.o-c_lto_20101009-1_0.o link -O0 -flto -fuse-linker-plugin -fno-fat-lto-objects 
UNRESOLVED: gcc.dg/lto/20101009-1 c_lto_20101009-1_0.o-c_lto_20101009-1_0.o link -O2 -flto -flto-partition=1to1 -fno-use-linker-plugin 
UNRESOLVED: gcc.dg/lto/20101009-1 c_lto_20101009-1_0.o-c_lto_20101009-1_0.o link -O2 -flto -flto-partition=none -fuse-linker-plugin -fno-fat-lto-objects 
UNRESOLVED: gcc.dg/lto/20101009-1 c_lto_20101009-1_0.o-c_lto_20101009-1_0.o link -O2 -flto -fuse-linker-plugin
FAIL: gcc.dg/lto/pr28712 c_lto_pr28712_0.o assemble, -O0 -flto -flto-partition=1to1 -fno-use-linker-plugin 
FAIL: gcc.dg/lto/pr28712 c_lto_pr28712_0.o assemble, -O0 -flto -flto-partition=none -fuse-linker-plugin
FAIL: gcc.dg/lto/pr28712 c_lto_pr28712_0.o assemble, -O2 -flto -flto-partition=none -fuse-linker-plugin -fno-fat-lto-objects 
UNRESOLVED: gcc.dg/lto/pr28712 c_lto_pr28712_0.o-c_lto_pr28712_2.o execute -O0 -flto -flto-partition=1to1 -fno-use-linker-plugin 
UNRESOLVED: gcc.dg/lto/pr28712 c_lto_pr28712_0.o-c_lto_pr28712_2.o execute -O0 -flto -flto-partition=none -fuse-linker-plugin
UNRESOLVED: gcc.dg/lto/pr28712 c_lto_pr28712_0.o-c_lto_pr28712_2.o execute -O2 -flto -flto-partition=none -fuse-linker-plugin -fno-fat-lto-objects 
UNRESOLVED: gcc.dg/lto/pr28712 c_lto_pr28712_0.o-c_lto_pr28712_2.o link -O0 -flto -flto-partition=1to1 -fno-use-linker-plugin 
UNRESOLVED: gcc.dg/lto/pr28712 c_lto_pr28712_0.o-c_lto_pr28712_2.o link -O0 -flto -flto-partition=none -fuse-linker-plugin
UNRESOLVED: gcc.dg/lto/pr28712 c_lto_pr28712_0.o-c_lto_pr28712_2.o link -O2 -flto -flto-partition=none -fuse-linker-plugin -fno-fat-lto-objects 
FAIL: gcc.dg/lto/pr28712 c_lto_pr28712_1.o assemble, -O0 -flto -flto-partition=none -fuse-linker-plugin
FAIL: gcc.dg/lto/pr28712 c_lto_pr28712_1.o assemble, -O2 -flto -flto-partition=none -fuse-linker-plugin -fno-fat-lto-objects 
FAIL: gcc.dg/lto/pr28712 c_lto_pr28712_2.o assemble, -O0 -flto -flto-partition=none -fuse-linker-plugin
FAIL: gcc.dg/lto/pr28712 c_lto_pr28712_2.o assemble, -O2 -flto -flto-partition=none -fuse-linker-plugin -fno-fat-lto-objects 
FAIL: gcc.dg/lto/pr59626 c_lto_pr59626_0.o assemble, -O0 -flto -flto-partition=1to1 -fno-use-linker-plugin 
FAIL: gcc.dg/lto/pr59626 c_lto_pr59626_0.o assemble, -O0 -flto -fuse-linker-plugin -fno-fat-lto-objects 
FAIL: gcc.dg/lto/pr59626 c_lto_pr59626_0.o assemble, -O2 -flto -flto-partition=1to1 -fno-use-linker-plugin 
UNRESOLVED: gcc.dg/lto/pr59626 c_lto_pr59626_0.o-c_lto_pr59626_1.o execute -O0 -flto -flto-partition=1to1 -fno-use-linker-plugin 
UNRESOLVED: gcc.dg/lto/pr59626 c_lto_pr59626_0.o-c_lto_pr59626_1.o execute -O0 -flto -fuse-linker-plugin -fno-fat-lto-objects 
UNRESOLVED: gcc.dg/lto/pr59626 c_lto_pr59626_0.o-c_lto_pr59626_1.o execute -O2 -flto -flto-partition=1to1 -fno-use-linker-plugin 
UNRESOLVED: gcc.dg/lto/pr59626 c_lto_pr59626_0.o-c_lto_pr59626_1.o link -O0 -flto -flto-partition=1to1 -fno-use-linker-plugin 
UNRESOLVED: gcc.dg/lto/pr59626 c_lto_pr59626_0.o-c_lto_pr59626_1.o link -O0 -flto -fuse-linker-plugin -fno-fat-lto-objects 
UNRESOLVED: gcc.dg/lto/pr59626 c_lto_pr59626_0.o-c_lto_pr59626_1.o link -O2 -flto -flto-partition=1to1 -fno-use-linker-plugin 
FAIL: gcc.dg/lto/pr59626 c_lto_pr59626_0.o-c_lto_pr59626_1.o link, -O2 -flto -flto-partition=none -fuse-linker-plugin -fno-fat-lto-objects 
FAIL: gcc.dg/lto/pr59626 c_lto_pr59626_1.o assemble, -O0 -flto -flto-partition=1to1 -fno-use-linker-plugin 
FAIL: gcc.dg/lto/pr59626 c_lto_pr59626_1.o assemble, -O0 -flto -fuse-linker-plugin -fno-fat-lto-objects 
FAIL: gcc.dg/lto/pr59626 c_lto_pr59626_1.o assemble, -O2 -flto -flto-partition=1to1 -fno-use-linker-plugin 
FAIL: gcc.dg/lto/pr61886 c_lto_pr61886_0.o assemble,  -flto -O2 -Werror 
UNRESOLVED: gcc.dg/lto/pr61886 c_lto_pr61886_0.o-c_lto_pr61886_0.o execute  -flto -O2 -Werror 
UNRESOLVED: gcc.dg/lto/pr61886 c_lto_pr61886_0.o-c_lto_pr61886_0.o link  -flto -O2 -Werror 
FAIL: gcc.dg/lto/pr64373 c_lto_pr64373_0.o assemble, -O0 -flto -flto-partition=1to1 -fno-use-linker-plugin 
FAIL: gcc.dg/lto/pr64373 c_lto_pr64373_0.o assemble, -O0 -flto -flto-partition=none -fuse-linker-plugin
FAIL: gcc.dg/lto/pr64373 c_lto_pr64373_0.o assemble, -O0 -flto -fuse-linker-plugin -fno-fat-lto-objects 
FAIL: gcc.dg/lto/pr64373 c_lto_pr64373_0.o assemble, -O2 -flto -flto-partition=1to1 -fno-use-linker-plugin 
FAIL: gcc.dg/lto/pr64373 c_lto_pr64373_0.o assemble, -O2 -flto -flto-partition=none -fuse-linker-plugin -fno-fat-lto-objects 
FAIL: gcc.dg/lto/pr64373 c_lto_pr64373_0.o assemble, -O2 -flto -fuse-linker-plugin
FAIL: gcc.dg/lto/pr69866 c_lto_pr69866_0.o assemble, -O0 -flto -fuse-linker-plugin -fno-fat-lto-objects 
FAIL: gcc.dg/lto/pr69866 c_lto_pr69866_0.o assemble, -O2 -flto -flto-partition=1to1 -fno-use-linker-plugin 
FAIL: gcc.dg/lto/pr69866 c_lto_pr69866_0.o assemble, -O2 -flto -fuse-linker-plugin
UNRESOLVED: gcc.dg/lto/pr69866 c_lto_pr69866_0.o-c_lto_pr69866_1.o execute -O0 -flto -fuse-linker-plugin -fno-fat-lto-objects 
UNRESOLVED: gcc.dg/lto/pr69866 c_lto_pr69866_0.o-c_lto_pr69866_1.o execute -O2 -flto -flto-partition=1to1 -fno-use-linker-plugin 
UNRESOLVED: gcc.dg/lto/pr69866 c_lto_pr69866_0.o-c_lto_pr69866_1.o execute -O2 -flto -fuse-linker-plugin
UNRESOLVED: gcc.dg/lto/pr69866 c_lto_pr69866_0.o-c_lto_pr69866_1.o link -O0 -flto -fuse-linker-plugin -fno-fat-lto-objects 
UNRESOLVED: gcc.dg/lto/pr69866 c_lto_pr69866_0.o-c_lto_pr69866_1.o link -O2 -flto -flto-partition=1to1 -fno-use-linker-plugin 
UNRESOLVED: gcc.dg/lto/pr69866 c_lto_pr69866_0.o-c_lto_pr69866_1.o link -O2 -flto -fuse-linker-plugin
FAIL: gcc.dg/lto/pr69866 c_lto_pr69866_0.o-c_lto_pr69866_1.o link, -O0 -flto -flto-partition=1to1 -fno-use-linker-plugin 
FAIL: gcc.dg/lto/pr69866 c_lto_pr69866_1.o assemble, -O0 -flto -fuse-linker-plugin -fno-fat-lto-objects 
FAIL: gcc.dg/lto/pr69866 c_lto_pr69866_1.o assemble, -O2 -flto -flto-partition=1to1 -fno-use-linker-plugin 
FAIL: gcc.dg/lto/pr69866 c_lto_pr69866_1.o assemble, -O2 -flto -fuse-linker-plugin
FAIL: gcc.dg/lto/pr80778 c_lto_pr80778_0.o assemble, -O0 -flto -flto-partition=none -fuse-linker-plugin
UNRESOLVED: gcc.dg/lto/pr80778 c_lto_pr80778_0.o-c_lto_pr80778_0.o execute -O0 -flto -flto-partition=none -fuse-linker-plugin
UNRESOLVED: gcc.dg/lto/pr80778 c_lto_pr80778_0.o-c_lto_pr80778_0.o link -O0 -flto -flto-partition=none -fuse-linker-plugin
FAIL: gcc.dg/noncompile/20020213-1.c   -O2 -flto -fno-use-linker-plugin -flto-partition=none   (test for errors, line 20)
FAIL: gcc.dg/noncompile/20020213-1.c   -O2 -flto -fno-use-linker-plugin -flto-partition=none   (test for errors, line 22)
FAIL: gcc.dg/noncompile/20020213-1.c   -O2 -flto -fno-use-linker-plugin -flto-partition=none   (test for errors, line 29)
FAIL: gcc.dg/noncompile/20020213-1.c   -O2 -flto -fno-use-linker-plugin -flto-partition=none   (test for errors, line 31)
FAIL: gcc.dg/noncompile/20020213-1.c   -O2 -flto -fno-use-linker-plugin -flto-partition=none   (test for errors, line 34)
FAIL: gcc.dg/noncompile/20020213-1.c   -O2 -flto -fno-use-linker-plugin -flto-partition=none   (test for errors, line 36)
FAIL: gcc.dg/noncompile/20020213-1.c   -O2 -flto -fno-use-linker-plugin -flto-partition=none  (test for excess errors)
FAIL: gcc.dg/noncompile/20020213-1.c   -O2 -flto -fno-use-linker-plugin -flto-partition=none  1st incompatible (test for warnings, line 25)
FAIL: gcc.dg/noncompile/20020213-1.c   -O2 -flto -fno-use-linker-plugin -flto-partition=none  1st incompatible (test for warnings, line 31)
FAIL: gcc.dg/noncompile/20020213-1.c   -O2 -flto -fno-use-linker-plugin -flto-partition=none  1st incompatible (test for warnings, line 36)
FAIL: gcc.dg/noncompile/20020213-1.c   -O2 -flto -fno-use-linker-plugin -flto-partition=none  2nd incompatible (test for warnings, line 22)
FAIL: gcc.dg/noncompile/20020213-1.c   -O2 -flto -fno-use-linker-plugin -flto-partition=none  2nd incompatible (test for warnings, line 25)
FAIL: gcc.dg/noncompile/20020213-1.c   -O2 -flto -fno-use-linker-plugin -flto-partition=none  note: expected (test for warnings, line 12)
FAIL: gcc.dg/noncompile/20020213-1.c   -O2 -flto -fno-use-linker-plugin -flto-partition=none  note: expected (test for warnings, line 6)
FAIL: gcc.dg/noncompile/20020213-1.c   -O2 -flto -fno-use-linker-plugin -flto-partition=none  note: expected (test for warnings, line 9)
FAIL: gcc.dg/noncompile/20020213-1.c   -O2 -flto -fuse-linker-plugin -fno-fat-lto-objects   (test for errors, line 20)
FAIL: gcc.dg/noncompile/20020213-1.c   -O2 -flto -fuse-linker-plugin -fno-fat-lto-objects   (test for errors, line 22)
FAIL: gcc.dg/noncompile/20020213-1.c   -O2 -flto -fuse-linker-plugin -fno-fat-lto-objects   (test for errors, line 29)
FAIL: gcc.dg/noncompile/20020213-1.c   -O2 -flto -fuse-linker-plugin -fno-fat-lto-objects   (test for errors, line 31)
FAIL: gcc.dg/noncompile/20020213-1.c   -O2 -flto -fuse-linker-plugin -fno-fat-lto-objects   (test for errors, line 34)
FAIL: gcc.dg/noncompile/20020213-1.c   -O2 -flto -fuse-linker-plugin -fno-fat-lto-objects   (test for errors, line 36)
FAIL: gcc.dg/noncompile/20020213-1.c   -O2 -flto -fuse-linker-plugin -fno-fat-lto-objects  (test for excess errors)
FAIL: gcc.dg/noncompile/20020213-1.c   -O2 -flto -fuse-linker-plugin -fno-fat-lto-objects  1st incompatible (test for warnings, line 25)
FAIL: gcc.dg/noncompile/20020213-1.c   -O2 -flto -fuse-linker-plugin -fno-fat-lto-objects  1st incompatible (test for warnings, line 31)
FAIL: gcc.dg/noncompile/20020213-1.c   -O2 -flto -fuse-linker-plugin -fno-fat-lto-objects  1st incompatible (test for warnings, line 36)
FAIL: gcc.dg/noncompile/20020213-1.c   -O2 -flto -fuse-linker-plugin -fno-fat-lto-objects  2nd incompatible (test for warnings, line 22)
FAIL: gcc.dg/noncompile/20020213-1.c   -O2 -flto -fuse-linker-plugin -fno-fat-lto-objects  2nd incompatible (test for warnings, line 25)
FAIL: gcc.dg/noncompile/20020213-1.c   -O2 -flto -fuse-linker-plugin -fno-fat-lto-objects  note: expected (test for warnings, line 12)
FAIL: gcc.dg/noncompile/20020213-1.c   -O2 -flto -fuse-linker-plugin -fno-fat-lto-objects  note: expected (test for warnings, line 6)
FAIL: gcc.dg/noncompile/20020213-1.c   -O2 -flto -fuse-linker-plugin -fno-fat-lto-objects  note: expected (test for warnings, line 9)
FAIL: gcc.dg/noncompile/20020213-1.c   -Os   (test for errors, line 20)
FAIL: gcc.dg/noncompile/20020213-1.c   -Os   (test for errors, line 22)
FAIL: gcc.dg/noncompile/20020213-1.c   -Os   (test for errors, line 29)
FAIL: gcc.dg/noncompile/20020213-1.c   -Os   (test for errors, line 31)
FAIL: gcc.dg/noncompile/20020213-1.c   -Os   (test for errors, line 34)
FAIL: gcc.dg/noncompile/20020213-1.c   -Os   (test for errors, line 36)
FAIL: gcc.dg/noncompile/20020213-1.c   -Os  (test for excess errors)
FAIL: gcc.dg/noncompile/20020213-1.c   -Os  1st incompatible (test for warnings, line 25)
FAIL: gcc.dg/noncompile/20020213-1.c   -Os  1st incompatible (test for warnings, line 31)
FAIL: gcc.dg/noncompile/20020213-1.c   -Os  1st incompatible (test for warnings, line 36)
FAIL: gcc.dg/noncompile/20020213-1.c   -Os  2nd incompatible (test for warnings, line 22)
FAIL: gcc.dg/noncompile/20020213-1.c   -Os  2nd incompatible (test for warnings, line 25)
FAIL: gcc.dg/noncompile/20020213-1.c   -Os  note: expected (test for warnings, line 12)
FAIL: gcc.dg/noncompile/20020213-1.c   -Os  note: expected (test for warnings, line 6)
FAIL: gcc.dg/noncompile/20020213-1.c   -Os  note: expected (test for warnings, line 9)
FAIL: gcc.dg/noncompile/20020220-1.c   -O0   (test for errors, line 11)
FAIL: gcc.dg/noncompile/20020220-1.c   -O0   (test for warnings, line 9)
FAIL: gcc.dg/noncompile/20020220-1.c   -O0  (test for excess errors)
FAIL: gcc.dg/noncompile/20020220-1.c   -O1   (test for errors, line 11)
FAIL: gcc.dg/noncompile/20020220-1.c   -O1   (test for warnings, line 9)
FAIL: gcc.dg/noncompile/20020220-1.c   -O1  (test for excess errors)
FAIL: gcc.dg/noncompile/20020220-1.c   -O2   (test for errors, line 11)
FAIL: gcc.dg/noncompile/20020220-1.c   -O2   (test for warnings, line 9)
FAIL: gcc.dg/noncompile/20020220-1.c   -O2  (test for excess errors)
FAIL: gcc.dg/noncompile/20020220-1.c   -O3 -g   (test for errors, line 11)
FAIL: gcc.dg/noncompile/20020220-1.c   -O3 -g   (test for warnings, line 9)
FAIL: gcc.dg/noncompile/20020220-1.c   -O3 -g  (test for excess errors)
FAIL: gcc.dg/noncompile/incomplete-2.c   -O2 -flto -fno-use-linker-plugin -flto-partition=none   (test for errors, line 9)
FAIL: gcc.dg/noncompile/incomplete-2.c   -O2 -flto -fno-use-linker-plugin -flto-partition=none  (test for excess errors)
FAIL: gcc.dg/noncompile/incomplete-2.c   -O2 -flto -fuse-linker-plugin -fno-fat-lto-objects   (test for errors, line 9)
FAIL: gcc.dg/noncompile/incomplete-2.c   -O2 -flto -fuse-linker-plugin -fno-fat-lto-objects  (test for excess errors)
FAIL: gcc.dg/noncompile/incomplete-2.c   -O3 -g   (test for errors, line 9)
FAIL: gcc.dg/noncompile/incomplete-2.c   -O3 -g  (test for excess errors)
FAIL: gcc.dg/noncompile/incomplete-2.c   -Os   (test for errors, line 9)
FAIL: gcc.dg/noncompile/incomplete-2.c   -Os  (test for excess errors)
FAIL: gcc.dg/noncompile/incomplete-3.c   -O0   (test for errors, line 8)
FAIL: gcc.dg/noncompile/incomplete-3.c   -O0   (test for warnings, line 7)
FAIL: gcc.dg/noncompile/incomplete-3.c   -O0  (test for excess errors)
FAIL: gcc.dg/noncompile/incomplete-3.c   -O1   (test for errors, line 8)
FAIL: gcc.dg/noncompile/incomplete-3.c   -O1   (test for warnings, line 7)
FAIL: gcc.dg/noncompile/incomplete-3.c   -O1  (test for excess errors)
FAIL: gcc.dg/noncompile/incomplete-3.c   -O2   (test for errors, line 8)
FAIL: gcc.dg/noncompile/incomplete-3.c   -O2   (test for warnings, line 7)
FAIL: gcc.dg/noncompile/incomplete-3.c   -O2  (test for excess errors)
FAIL: gcc.dg/noncompile/pr71426.c   -O0   (test for errors, line 5)
FAIL: gcc.dg/noncompile/pr71426.c   -O0  (test for excess errors)
FAIL: gcc.dg/noncompile/pr71426.c   -O1   (test for errors, line 5)
FAIL: gcc.dg/noncompile/pr71426.c   -O1  (test for excess errors)
FAIL: gcc.dg/noncompile/pr71426.c   -O2   (test for errors, line 5)
FAIL: gcc.dg/noncompile/pr71426.c   -O2  (test for excess errors)
FAIL: gcc.dg/noncompile/pr71426.c   -O2 -flto -fno-use-linker-plugin -flto-partition=none   (test for errors, line 5)
FAIL: gcc.dg/noncompile/pr71426.c   -O2 -flto -fno-use-linker-plugin -flto-partition=none  (test for excess errors)
FAIL: gcc.dg/noncompile/pr71426.c   -O2 -flto -fuse-linker-plugin -fno-fat-lto-objects   (test for errors, line 5)
FAIL: gcc.dg/noncompile/pr71426.c   -O2 -flto -fuse-linker-plugin -fno-fat-lto-objects  (test for excess errors)
FAIL: gcc.dg/noncompile/pr71426.c   -O3 -g   (test for errors, line 5)
FAIL: gcc.dg/noncompile/pr71426.c   -O3 -g  (test for excess errors)
FAIL: gcc.dg/noncompile/pr71426.c   -Os   (test for errors, line 5)
FAIL: gcc.dg/noncompile/pr71426.c   -Os  (test for excess errors)
FAIL: gcc.dg/noncompile/undeclared-2.c   -O2 -flto -fuse-linker-plugin -fno-fat-lto-objects   (test for errors, line 3)
FAIL: gcc.dg/noncompile/undeclared-2.c   -O2 -flto -fuse-linker-plugin -fno-fat-lto-objects  (test for excess errors)
FAIL: gcc.dg/noncompile/va-arg-1.c   -O0   (test for errors, line 7)
FAIL: gcc.dg/noncompile/va-arg-1.c   -O0  (test for excess errors)
FAIL: gcc.dg/noncompile/va-arg-1.c   -O1   (test for errors, line 7)
FAIL: gcc.dg/noncompile/va-arg-1.c   -O1  (test for excess errors)
FAIL: gcc.dg/noncompile/va-arg-1.c   -O2   (test for errors, line 7)
FAIL: gcc.dg/noncompile/va-arg-1.c   -O2  (test for excess errors)
FAIL: gcc.dg/noncompile/va-arg-1.c   -O2 -flto -fno-use-linker-plugin -flto-partition=none   (test for errors, line 7)
FAIL: gcc.dg/noncompile/va-arg-1.c   -O2 -flto -fno-use-linker-plugin -flto-partition=none  (test for excess errors)
FAIL: gcc.dg/noncompile/va-arg-1.c   -O3 -g   (test for errors, line 7)
FAIL: gcc.dg/noncompile/va-arg-1.c   -O3 -g  (test for excess errors)
FAIL: gcc.dg/noncompile/va-arg-1.c   -Os   (test for errors, line 7)
FAIL: gcc.dg/noncompile/va-arg-1.c   -Os  (test for excess errors)
FAIL: gcc.dg/params/blocksort-part.c -O3 --param align-loop-iterations=0 (test for excess errors)
FAIL: gcc.dg/params/blocksort-part.c -O3 --param align-threshold=1 (test for excess errors)
FAIL: gcc.dg/params/blocksort-part.c -O3 --param builtin-expect-probability=0 (test for excess errors)
FAIL: gcc.dg/params/blocksort-part.c -O3 --param hot-bb-count-fraction=0 (test for excess errors)
FAIL: gcc.dg/params/blocksort-part.c -O3 --param hot-bb-count-ws-permille=0 (test for excess errors)
FAIL: gcc.dg/params/blocksort-part.c -O3 --param hot-bb-count-ws-permille=1000 (test for excess errors)
FAIL: gcc.dg/params/blocksort-part.c -O3 --param hot-bb-frequency-fraction=0 (test for excess errors)
FAIL: gcc.dg/params/blocksort-part.c -O3 --param inline-unit-growth=0 (test for excess errors)
FAIL: gcc.dg/params/blocksort-part.c -O3 --param lim-expensive=0 (test for excess errors)
FAIL: gcc.dg/params/blocksort-part.c -O3 --param max-crossjump-edges=0 (test for excess errors)
FAIL: gcc.dg/params/blocksort-part.c -O3 --param max-cse-insns=0 (test for excess errors)
FAIL: gcc.dg/params/blocksort-part.c -O3 --param max-cse-path-length=1 (test for excess errors)
FAIL: gcc.dg/params/blocksort-part.c -O3 --param max-goto-duplication-insns=0 (test for excess errors)
FAIL: gcc.dg/params/blocksort-part.c -O3 --param max-grow-copy-bb-insns=0 (test for excess errors)
FAIL: gcc.dg/params/blocksort-part.c -O3 --param max-predicted-iterations=0 (test for excess errors)
FAIL: gcc.dg/params/blocksort-part.c -O3 --param min-crossjump-insns=1 (test for excess errors)
FAIL: gcc.dg/params/blocksort-part.c -O3 --param sms-dfa-history=0 (test for excess errors)
FAIL: gcc.dg/params/blocksort-part.c -O3 --param sms-loop-average-count-threshold=0 (test for excess errors)
FAIL: gcc.dg/params/blocksort-part.c -O3 --param sms-min-sc=1 (test for excess errors)
FAIL: gcc.dg/params/blocksort-part.c -O3 --param tracer-dynamic-coverage-feedback=100 (test for excess errors)
FAIL: gcc.dg/params/blocksort-part.c -O3 --param tracer-dynamic-coverage=0 (test for excess errors)
FAIL: gcc.dg/params/blocksort-part.c -O3 --param tracer-dynamic-coverage=100 (test for excess errors)
FAIL: gcc.dg/params/blocksort-part.c -O3 --param tracer-max-code-growth=0 (test for excess errors)
FAIL: gcc.dg/params/blocksort-part.c -O3 --param tracer-min-branch-probability-feedback=0 (test for excess errors)
FAIL: gcc.dg/params/blocksort-part.c -O3 --param tracer-min-branch-ratio=0 (test for excess errors)
FAIL: gcc.dg/params/blocksort-part.c -O3 --param tracer-min-branch-ratio=100 (test for excess errors)
FAIL: gcc.dg/params/blocksort-part.c -O3 --param unlikely-bb-count-fraction=1 (test for excess errors)
FAIL: gcc.dg/params/blocksort-part.c -O3 --param unlikely-bb-count-fraction=10000 (test for excess errors)
FAIL: gcc.dg/torture/float16-nan.c   -O2 -flto -fno-use-linker-plugin -flto-partition=none  (test for excess errors)
FAIL: gcc.dg/torture/float16-nan.c   -O2 -flto -fno-use-linker-plugin -flto-partition=none  execution test
FAIL: gcc.dg/torture/float32-tg-3.c   -O2 -flto -fno-use-linker-plugin -flto-partition=none  (test for excess errors)
UNRESOLVED: gcc.dg/torture/float32-tg-3.c   -O2 -flto -fno-use-linker-plugin -flto-partition=none  compilation failed to produce executable
FAIL: gcc.dg/torture/pr26587.c   -O2  (test for excess errors)
UNRESOLVED: gcc.dg/torture/pr26587.c   -O2  compilation failed to produce executable
FAIL: gcc.dg/torture/pr26587.c   -O2 -flto -fno-use-linker-plugin -flto-partition=none  (test for excess errors)
UNRESOLVED: gcc.dg/torture/pr26587.c   -O2 -flto -fno-use-linker-plugin -flto-partition=none  compilation failed to produce executable
FAIL: gcc.dg/torture/pr26587.c   -O2 -flto -fuse-linker-plugin -fno-fat-lto-objects  (test for excess errors)
UNRESOLVED: gcc.dg/torture/pr26587.c   -O2 -flto -fuse-linker-plugin -fno-fat-lto-objects  compilation failed to produce executable
FAIL: gcc.dg/torture/pr26587.c   -O3 -fomit-frame-pointer -funroll-loops -fpeel-loops -ftracer -finline-functions  (test for excess errors)
UNRESOLVED: gcc.dg/torture/pr26587.c   -O3 -fomit-frame-pointer -funroll-loops -fpeel-loops -ftracer -finline-functions  compilation failed to produce executable
FAIL: gcc.dg/torture/pr26587.c   -O3 -g  (test for excess errors)
UNRESOLVED: gcc.dg/torture/pr26587.c   -O3 -g  compilation failed to produce executable
FAIL: gcc.dg/torture/pr26587.c   -Os  (test for excess errors)
UNRESOLVED: gcc.dg/torture/pr26587.c   -Os  compilation failed to produce executable
FAIL: gcc.dg/torture/pr26630.c   -O0  (test for excess errors)
UNRESOLVED: gcc.dg/torture/pr26630.c   -O0  compilation failed to produce executable
FAIL: gcc.dg/torture/pr26630.c   -O1  (test for excess errors)
UNRESOLVED: gcc.dg/torture/pr26630.c   -O1  compilation failed to produce executable
FAIL: gcc.dg/torture/pr26630.c   -O2  (test for excess errors)
UNRESOLVED: gcc.dg/torture/pr26630.c   -O2  compilation failed to produce executable
FAIL: gcc.dg/torture/pr26630.c   -O3 -g  (test for excess errors)
UNRESOLVED: gcc.dg/torture/pr26630.c   -O3 -g  compilation failed to produce executable
FAIL: gcc.dg/torture/pr26898-1.c   -O2 -flto -fuse-linker-plugin -fno-fat-lto-objects  (test for excess errors)
FAIL: gcc.dg/torture/pr27743.c   -O0  (test for excess errors)
UNRESOLVED: gcc.dg/torture/pr27743.c   -O0  compilation failed to produce executable
FAIL: gcc.dg/torture/pr27743.c   -O1  (test for excess errors)
UNRESOLVED: gcc.dg/torture/pr27743.c   -O1  compilation failed to produce executable
FAIL: gcc.dg/torture/pr27743.c   -O2  (test for excess errors)
UNRESOLVED: gcc.dg/torture/pr27743.c   -O2  compilation failed to produce executable
FAIL: gcc.dg/torture/pr27743.c   -O2 -flto -fno-use-linker-plugin -flto-partition=none  (test for excess errors)
UNRESOLVED: gcc.dg/torture/pr27743.c   -O2 -flto -fno-use-linker-plugin -flto-partition=none  compilation failed to produce executable
FAIL: gcc.dg/torture/pr27743.c   -O2 -flto -fuse-linker-plugin -fno-fat-lto-objects  (test for excess errors)
UNRESOLVED: gcc.dg/torture/pr27743.c   -O2 -flto -fuse-linker-plugin -fno-fat-lto-objects  compilation failed to produce executable
FAIL: gcc.dg/torture/pr27743.c   -O3 -g  (test for excess errors)
UNRESOLVED: gcc.dg/torture/pr27743.c   -O3 -g  compilation failed to produce executable
FAIL: gcc.dg/torture/pr27743.c   -Os  (test for excess errors)
UNRESOLVED: gcc.dg/torture/pr27743.c   -Os  compilation failed to produce executable
FAIL: gcc.dg/torture/pr33560.c   -O0  (test for excess errors)
UNRESOLVED: gcc.dg/torture/pr33560.c   -O0  compilation failed to produce executable
FAIL: gcc.dg/torture/pr33560.c   -O1  (test for excess errors)
UNRESOLVED: gcc.dg/torture/pr33560.c   -O1  compilation failed to produce executable
FAIL: gcc.dg/torture/pr33560.c   -O2  (test for excess errors)
UNRESOLVED: gcc.dg/torture/pr33560.c   -O2  compilation failed to produce executable
FAIL: gcc.dg/torture/pr33560.c   -O2 -flto -fno-use-linker-plugin -flto-partition=none  (test for excess errors)
UNRESOLVED: gcc.dg/torture/pr33560.c   -O2 -flto -fno-use-linker-plugin -flto-partition=none  compilation failed to produce executable
FAIL: gcc.dg/torture/pr33560.c   -O2 -flto -fuse-linker-plugin -fno-fat-lto-objects  (test for excess errors)
UNRESOLVED: gcc.dg/torture/pr33560.c   -O2 -flto -fuse-linker-plugin -fno-fat-lto-objects  compilation failed to produce executable
FAIL: gcc.dg/torture/pr33560.c   -O3 -g  (test for excess errors)
UNRESOLVED: gcc.dg/torture/pr33560.c   -O3 -g  compilation failed to produce executable
FAIL: gcc.dg/torture/pr33560.c   -Os  (test for excess errors)
UNRESOLVED: gcc.dg/torture/pr33560.c   -Os  compilation failed to produce executable
FAIL: gcc.dg/torture/pr33563.c   -O0  (test for excess errors)
UNRESOLVED: gcc.dg/torture/pr33563.c   -O0  compilation failed to produce executable
FAIL: gcc.dg/torture/pr35634.c   -O2 -flto -fno-use-linker-plugin -flto-partition=none  (test for excess errors)
UNRESOLVED: gcc.dg/torture/pr35634.c   -O2 -flto -fno-use-linker-plugin -flto-partition=none  compilation failed to produce executable
FAIL: gcc.dg/torture/pr35634.c   -O2 -flto -fuse-linker-plugin -fno-fat-lto-objects  (test for excess errors)
UNRESOLVED: gcc.dg/torture/pr35634.c   -O2 -flto -fuse-linker-plugin -fno-fat-lto-objects  compilation failed to produce executable
FAIL: gcc.dg/torture/pr35634.c   -Os  (test for excess errors)
UNRESOLVED: gcc.dg/torture/pr35634.c   -Os  compilation failed to produce executable
FAIL: gcc.dg/torture/pr35833.c   -O0  (test for excess errors)
UNRESOLVED: gcc.dg/torture/pr35833.c   -O0  compilation failed to produce executable
FAIL: gcc.dg/torture/pr35833.c   -O1  (test for excess errors)
UNRESOLVED: gcc.dg/torture/pr35833.c   -O1  compilation failed to produce executable
FAIL: gcc.dg/torture/pr35833.c   -O2  (test for excess errors)
UNRESOLVED: gcc.dg/torture/pr35833.c   -O2  compilation failed to produce executable
FAIL: gcc.dg/torture/pr35833.c   -O2 -flto -fno-use-linker-plugin -flto-partition=none  (test for excess errors)
UNRESOLVED: gcc.dg/torture/pr35833.c   -O2 -flto -fno-use-linker-plugin -flto-partition=none  compilation failed to produce executable
FAIL: gcc.dg/torture/pr35833.c   -O2 -flto -fuse-linker-plugin -fno-fat-lto-objects  (test for excess errors)
UNRESOLVED: gcc.dg/torture/pr35833.c   -O2 -flto -fuse-linker-plugin -fno-fat-lto-objects  compilation failed to produce executable
FAIL: gcc.dg/torture/pr35833.c   -O3 -g  (test for excess errors)
UNRESOLVED: gcc.dg/torture/pr35833.c   -O3 -g  compilation failed to produce executable
FAIL: gcc.dg/torture/pr35833.c   -Os  (test for excess errors)
UNRESOLVED: gcc.dg/torture/pr35833.c   -Os  compilation failed to produce executable
FAIL: gcc.dg/torture/pr36066.c   -O0  (test for excess errors)
UNRESOLVED: gcc.dg/torture/pr36400.c   -O2 -flto -fno-use-linker-plugin -flto-partition=none   scan-assembler Everything OK
FAIL: gcc.dg/torture/pr36400.c   -O2 -flto -fno-use-linker-plugin -flto-partition=none  (test for excess errors)
UNRESOLVED: gcc.dg/torture/pr36400.c   -O2 -flto -fuse-linker-plugin -fno-fat-lto-objects   scan-assembler Everything OK
FAIL: gcc.dg/torture/pr36400.c   -O2 -flto -fuse-linker-plugin -fno-fat-lto-objects  (test for excess errors)
UNRESOLVED: gcc.dg/torture/pr36400.c   -O3 -g   scan-assembler Everything OK
FAIL: gcc.dg/torture/pr36400.c   -O3 -g  (test for excess errors)
UNRESOLVED: gcc.dg/torture/pr36400.c   -Os   scan-assembler Everything OK
FAIL: gcc.dg/torture/pr36400.c   -Os  (test for excess errors)
FAIL: gcc.dg/torture/pr36891.c   -O0  (test for excess errors)
FAIL: gcc.dg/torture/pr36891.c   -O1  (test for excess errors)
FAIL: gcc.dg/torture/pr36891.c   -O2  (test for excess errors)
FAIL: gcc.dg/torture/pr36891.c   -O3 -fomit-frame-pointer -funroll-loops -fpeel-loops -ftracer -finline-functions  (test for excess errors)
FAIL: gcc.dg/torture/pr36891.c   -O3 -g  (test for excess errors)
FAIL: gcc.dg/torture/pr36891.c   -Os  (test for excess errors)
FAIL: gcc.dg/torture/pr43017.c   -O2 -flto -fno-use-linker-plugin -flto-partition=none  (test for excess errors)
UNRESOLVED: gcc.dg/torture/pr43017.c   -O2 -flto -fno-use-linker-plugin -flto-partition=none  compilation failed to produce executable
FAIL: gcc.dg/torture/pr43017.c   -O2 -flto -fuse-linker-plugin -fno-fat-lto-objects  (test for excess errors)
UNRESOLVED: gcc.dg/torture/pr43017.c   -O2 -flto -fuse-linker-plugin -fno-fat-lto-objects  compilation failed to produce executable
FAIL: gcc.dg/torture/pr43017.c   -O3 -fomit-frame-pointer -funroll-loops -fpeel-loops -ftracer -finline-functions  (test for excess errors)
UNRESOLVED: gcc.dg/torture/pr43017.c   -O3 -fomit-frame-pointer -funroll-loops -fpeel-loops -ftracer -finline-functions  compilation failed to produce executable
FAIL: gcc.dg/torture/pr43017.c   -O3 -g  (test for excess errors)
UNRESOLVED: gcc.dg/torture/pr43017.c   -O3 -g  compilation failed to produce executable
FAIL: gcc.dg/torture/pr43017.c   -Os  (test for excess errors)
UNRESOLVED: gcc.dg/torture/pr43017.c   -Os  compilation failed to produce executable
FAIL: gcc.dg/torture/pr43165.c   -O0  (test for excess errors)
FAIL: gcc.dg/torture/pr43165.c   -O1  (test for excess errors)
FAIL: gcc.dg/torture/pr45967.c   -O0  (test for excess errors)
UNRESOLVED: gcc.dg/torture/pr45967.c   -O0  compilation failed to produce executable
FAIL: gcc.dg/torture/pr45967.c   -O1  (test for excess errors)
UNRESOLVED: gcc.dg/torture/pr45967.c   -O1  compilation failed to produce executable
FAIL: gcc.dg/torture/pr45967.c   -O2  (test for excess errors)
UNRESOLVED: gcc.dg/torture/pr45967.c   -O2  compilation failed to produce executable
FAIL: gcc.dg/torture/pr45967.c   -O2 -flto -fno-use-linker-plugin -flto-partition=none  (test for excess errors)
UNRESOLVED: gcc.dg/torture/pr45967.c   -O2 -flto -fno-use-linker-plugin -flto-partition=none  compilation failed to produce executable
FAIL: gcc.dg/torture/pr45967.c   -O2 -flto -fuse-linker-plugin -fno-fat-lto-objects  (test for excess errors)
UNRESOLVED: gcc.dg/torture/pr45967.c   -O2 -flto -fuse-linker-plugin -fno-fat-lto-objects  compilation failed to produce executable
FAIL: gcc.dg/torture/pr45967.c   -O3 -fomit-frame-pointer -funroll-loops -fpeel-loops -ftracer -finline-functions  (test for excess errors)
UNRESOLVED: gcc.dg/torture/pr45967.c   -O3 -fomit-frame-pointer -funroll-loops -fpeel-loops -ftracer -finline-functions  compilation failed to produce executable
FAIL: gcc.dg/torture/pr45967.c   -O3 -g  (test for excess errors)
UNRESOLVED: gcc.dg/torture/pr45967.c   -O3 -g  compilation failed to produce executable
FAIL: gcc.dg/torture/pr45967.c   -Os  (test for excess errors)
UNRESOLVED: gcc.dg/torture/pr45967.c   -Os  compilation failed to produce executable
FAIL: gcc.dg/torture/pr45982.c   -O0  (test for excess errors)
UNRESOLVED: gcc.dg/torture/pr45982.c   -O0  compilation failed to produce executable
FAIL: gcc.dg/torture/pr45982.c   -O1  (test for excess errors)
UNRESOLVED: gcc.dg/torture/pr45982.c   -O1  compilation failed to produce executable
FAIL: gcc.dg/torture/pr55555.c   -O0  (test for excess errors)
UNRESOLVED: gcc.dg/torture/pr55555.c   -O0  compilation failed to produce executable
FAIL: gcc.dg/torture/pr55555.c   -O1  (test for excess errors)
UNRESOLVED: gcc.dg/torture/pr55555.c   -O1  compilation failed to produce executable
FAIL: gcc.dg/torture/pr55555.c   -O2  (test for excess errors)
UNRESOLVED: gcc.dg/torture/pr55555.c   -O2  compilation failed to produce executable
FAIL: gcc.dg/torture/pr55555.c   -O3 -fomit-frame-pointer -funroll-loops -fpeel-loops -ftracer -finline-functions  (test for excess errors)
UNRESOLVED: gcc.dg/torture/pr55555.c   -O3 -fomit-frame-pointer -funroll-loops -fpeel-loops -ftracer -finline-functions  compilation failed to produce executable
FAIL: gcc.dg/torture/pr84682-2.c   -O0  (internal compiler error)
FAIL: gcc.dg/torture/pr84682-2.c   -O0  (test for excess errors)
FAIL: gcc.dg/torture/pr84682-2.c   -O1  (internal compiler error)
FAIL: gcc.dg/torture/pr84682-2.c   -O1  (test for excess errors)
FAIL: gcc.dg/torture/pr84682-2.c   -O2  (internal compiler error)
FAIL: gcc.dg/torture/pr84682-2.c   -O2  (test for excess errors)
FAIL: gcc.dg/torture/pr84682-2.c   -O2 -flto -fno-use-linker-plugin -flto-partition=none  (internal compiler error)
FAIL: gcc.dg/torture/pr84682-2.c   -O2 -flto -fno-use-linker-plugin -flto-partition=none  (test for excess errors)
FAIL: gcc.dg/torture/pr84682-2.c   -O3 -fomit-frame-pointer -funroll-loops -fpeel-loops -ftracer -finline-functions  (internal compiler error)
FAIL: gcc.dg/torture/pr84682-2.c   -O3 -fomit-frame-pointer -funroll-loops -fpeel-loops -ftracer -finline-functions  (test for excess errors)
FAIL: gcc.dg/torture/pr84682-2.c   -O3 -g  (internal compiler error)
FAIL: gcc.dg/torture/pr84682-2.c   -O3 -g  (test for excess errors)
FAIL: gcc.dg/torture/pr84682-2.c   -Os  (internal compiler error)
FAIL: gcc.dg/torture/pr84682-2.c   -Os  (test for excess errors)
FAIL: gcc.dg/tree-ssa/pr77445-2.c scan-tree-dump-not thread4 "not considered"
FAIL: gcc.dg/tree-ssa/ssa-dom-thread-7.c scan-tree-dump-not dom3 "Jumps threaded"
FAIL: gcc.dg/tree-ssa/ssa-dom-thread-7.c scan-tree-dump-not vrp2 "Jumps threaded"
FAIL: gcc.dg/vect/vect-nop-move.c -flto -ffat-lto-objects  scan-rtl-dump combine "deleting noop move"
FAIL: gcc.dg/vect/vect-nop-move.c scan-rtl-dump combine "deleting noop move"
FAIL: gcc.target/aarch64/combine_bfi_1.c scan-assembler-times \\\\tbfi\\\\t 5
FAIL: gcc.target/aarch64/combine_bfi_1.c scan-assembler-times \\\\tbfi\\\\t 5
FAIL: gcc.target/aarch64/combine_bfxil.c scan-assembler-times bfxil\\\\t 13
FAIL: gcc.target/aarch64/combine_bfxil.c scan-assembler-times bfxil\\\\t 13
FAIL: gcc.target/aarch64/copysign-bsl.c scan-assembler b(sl|it|if)\\tv[0-9]
FAIL: gcc.target/aarch64/copysign-bsl.c scan-assembler b(sl|it|if)\\tv[0-9]
FAIL: gcc.target/aarch64/cvtf_1.c scan-assembler scvtf\\td[0-9]+, x[0-9]+
FAIL: gcc.target/aarch64/cvtf_1.c scan-assembler scvtf\\ts[0-9]+, w[0-9]+
FAIL: gcc.target/aarch64/cvtf_1.c scan-assembler ucvtf\\td[0-9]+, x[0-9]+
FAIL: gcc.target/aarch64/cvtf_1.c scan-assembler ucvtf\\ts[0-9]+, w[0-9]+
FAIL: gcc.target/aarch64/insv_1.c scan-assembler bfi\\tx[0-9]+, x[0-9]+, 0, 8
FAIL: gcc.target/aarch64/insv_1.c scan-assembler bfi\\tx[0-9]+, x[0-9]+, 16, 5
FAIL: gcc.target/aarch64/insv_1.c scan-assembler movk\\tx[0-9]+, 0x1d6b, lsl 32
FAIL: gcc.target/aarch64/lsl_asr_sbfiz.c scan-assembler sbfiz\\tw
FAIL: gcc.target/aarch64/test_frame_16.c scan-assembler-times sub\\tsp, sp, #[0-9]+ 2
FAIL: gcc.target/aarch64/tst_5.c scan-assembler tst\\t(x|w)[0-9]+,[ \\t]*255
FAIL: gcc.target/aarch64/tst_5.c scan-assembler tst\\t(x|w)[0-9]+,[ \\t]*65535
FAIL: gcc.target/aarch64/tst_6.c scan-assembler tst\\t(x|w)[0-9]+,[ \\t]*65535
FAIL: gcc.target/aarch64/va_arg_3.c scan-assembler-not x7
FAIL: gcc.target/aarch64/vdup_n_1.c scan-assembler-times dup\\\\tv[0-9]+.16b, w[0-9]+ 3
FAIL: gcc.target/aarch64/vdup_n_1.c scan-assembler-times dup\\\\tv[0-9]+.2d, x[0-9]+ 2
FAIL: gcc.target/aarch64/vdup_n_1.c scan-assembler-times dup\\\\tv[0-9]+.2s, w[0-9]+ 2
FAIL: gcc.target/aarch64/vdup_n_1.c scan-assembler-times dup\\\\tv[0-9]+.4h, w[0-9]+ 3
FAIL: gcc.target/aarch64/vdup_n_1.c scan-assembler-times dup\\\\tv[0-9]+.4s, w[0-9]+ 2
FAIL: gcc.target/aarch64/vdup_n_1.c scan-assembler-times dup\\\\tv[0-9]+.8b, w[0-9]+ 3
FAIL: gcc.target/aarch64/vdup_n_1.c scan-assembler-times dup\\\\tv[0-9]+.8h, w[0-9]+ 3
FAIL: gcc.target/aarch64/vect_combine_zeroes_1.c scan-assembler-not mov\\tv[0-9]+.8b, v[0-9]+.8b
FAIL: gcc.target/aarch64/sve/tls_preserve_1.c -march=armv8.2-a+sve  scan-assembler-not \\\\tst[rp]\\\\t[dqv]

		=== gcc Summary ===

# of expected passes		129706
# of unexpected failures	460
# of unexpected successes	25
# of expected failures		587
# of unresolved testcases	157
# of unsupported tests		3870
/home/tcwg-buildslave/workspace/tcwg-buildfarm_2/tcwg-d05_64-build/_build/builds/aarch64-unknown-linux-gnu/aarch64-unknown-linux-gnu/gcc.git~master_rev_56749dad44c77d8779c04157a1c0076a8051750c-stage2/gcc/xgcc  version 9.0.0 20181026 (experimental) [master revision 265531] (GCC) 

		=== gfortran tests ===


Running target tcwg-local
FAIL: gfortran.dg/proc_ptr_8.f90   -O0  (test for excess errors)
FAIL: gfortran.dg/proc_ptr_comp_15.f90   -O1  execution test
FAIL: gfortran.dg/proc_ptr_comp_15.f90   -O2  (test for excess errors)
UNRESOLVED: gfortran.dg/proc_ptr_comp_15.f90   -O2  compilation failed to produce executable
FAIL: gfortran.dg/proc_ptr_comp_15.f90   -O3 -fomit-frame-pointer -funroll-loops -fpeel-loops -ftracer -finline-functions  (test for excess errors)
UNRESOLVED: gfortran.dg/proc_ptr_comp_15.f90   -O3 -fomit-frame-pointer -funroll-loops -fpeel-loops -ftracer -finline-functions  compilation failed to produce executable
FAIL: gfortran.dg/proc_ptr_comp_15.f90   -O3 -g  (test for excess errors)
UNRESOLVED: gfortran.dg/proc_ptr_comp_15.f90   -O3 -g  compilation failed to produce executable
FAIL: gfortran.dg/proc_ptr_comp_15.f90   -Os  (test for excess errors)
UNRESOLVED: gfortran.dg/proc_ptr_comp_15.f90   -Os  compilation failed to produce executable
FAIL: gfortran.dg/proc_ptr_comp_16.f90   -O0  (test for excess errors)
UNRESOLVED: gfortran.dg/proc_ptr_comp_16.f90   -O0  compilation failed to produce executable
FAIL: gfortran.dg/proc_ptr_comp_16.f90   -O1  (test for excess errors)
UNRESOLVED: gfortran.dg/proc_ptr_comp_16.f90   -O1  compilation failed to produce executable
FAIL: gfortran.dg/proc_ptr_comp_16.f90   -O2  (test for excess errors)
UNRESOLVED: gfortran.dg/proc_ptr_comp_16.f90   -O2  compilation failed to produce executable
FAIL: gfortran.dg/proc_ptr_comp_6.f90   -O3 -g  (test for excess errors)
FAIL: gfortran.dg/proc_ptr_comp_pass_3.f90   -O2  execution test
FAIL: gfortran.dg/proc_ptr_comp_pass_3.f90   -O3 -fomit-frame-pointer -funroll-loops -fpeel-loops -ftracer -finline-functions  (test for excess errors)
UNRESOLVED: gfortran.dg/proc_ptr_comp_pass_3.f90   -O3 -fomit-frame-pointer -funroll-loops -fpeel-loops -ftracer -finline-functions  compilation failed to produce executable
FAIL: gfortran.dg/proc_ptr_comp_pass_3.f90   -O3 -g  (test for excess errors)
UNRESOLVED: gfortran.dg/proc_ptr_comp_pass_3.f90   -O3 -g  compilation failed to produce executable
FAIL: gfortran.dg/proc_ptr_comp_pass_3.f90   -Os  (test for excess errors)
UNRESOLVED: gfortran.dg/proc_ptr_comp_pass_3.f90   -Os  compilation failed to produce executable
FAIL: gfortran.dg/proc_ptr_comp_pass_4.f90   -O   (test for errors, line 10)
FAIL: gfortran.dg/proc_ptr_comp_pass_4.f90   -O   (test for errors, line 15)
FAIL: gfortran.dg/proc_ptr_comp_pass_4.f90   -O   (test for errors, line 20)
FAIL: gfortran.dg/proc_ptr_comp_pass_4.f90   -O   (test for errors, line 25)
FAIL: gfortran.dg/proc_ptr_comp_pass_4.f90   -O   (test for errors, line 29)
FAIL: gfortran.dg/proc_ptr_comp_pass_4.f90   -O   (test for errors, line 30)
FAIL: gfortran.dg/proc_ptr_comp_pass_4.f90   -O   (test for errors, line 31)
FAIL: gfortran.dg/proc_ptr_comp_pass_4.f90   -O   (test for errors, line 35)
FAIL: gfortran.dg/proc_ptr_comp_pass_4.f90   -O   (test for errors, line 39)
FAIL: gfortran.dg/proc_ptr_comp_pass_4.f90   -O   (test for errors, line 40)
FAIL: gfortran.dg/proc_ptr_comp_pass_4.f90   -O  (test for excess errors)
FAIL: gfortran.dg/proc_ptr_comp_pass_5.f90   -O0  (test for excess errors)
UNRESOLVED: gfortran.dg/proc_ptr_comp_pass_5.f90   -O0  compilation failed to produce executable
FAIL: gfortran.dg/proc_ptr_comp_pass_5.f90   -O1  (test for excess errors)
UNRESOLVED: gfortran.dg/proc_ptr_comp_pass_5.f90   -O1  compilation failed to produce executable
FAIL: gfortran.dg/proc_ptr_comp_pass_5.f90   -O2  (test for excess errors)
UNRESOLVED: gfortran.dg/proc_ptr_comp_pass_5.f90   -O2  compilation failed to produce executable
FAIL: gfortran.dg/random_3.f90   -O0  (test for excess errors)
UNRESOLVED: gfortran.dg/random_3.f90   -O0  compilation failed to produce executable
FAIL: gfortran.dg/random_3.f90   -O1  (test for excess errors)
UNRESOLVED: gfortran.dg/random_3.f90   -O1  compilation failed to produce executable
FAIL: gfortran.dg/random_3.f90   -O2  (test for excess errors)
UNRESOLVED: gfortran.dg/random_3.f90   -O2  compilation failed to produce executable
FAIL: gfortran.dg/random_3.f90   -O3 -fomit-frame-pointer -funroll-loops -fpeel-loops -ftracer -finline-functions  (test for excess errors)
UNRESOLVED: gfortran.dg/random_3.f90   -O3 -fomit-frame-pointer -funroll-loops -fpeel-loops -ftracer -finline-functions  compilation failed to produce executable
FAIL: gfortran.dg/random_3.f90   -O3 -g  (test for excess errors)
UNRESOLVED: gfortran.dg/random_3.f90   -O3 -g  compilation failed to produce executable
FAIL: gfortran.dg/random_3.f90   -Os  (test for excess errors)
UNRESOLVED: gfortran.dg/random_3.f90   -Os  compilation failed to produce executable
FAIL: gfortran.dg/random_4.f90   -O0  (test for excess errors)
UNRESOLVED: gfortran.dg/random_4.f90   -O0  compilation failed to produce executable
FAIL: gfortran.dg/random_init_4.f90   -O1  execution test
FAIL: gfortran.dg/random_init_4.f90   -O2  (test for excess errors)
UNRESOLVED: gfortran.dg/random_init_4.f90   -O2  compilation failed to produce executable
FAIL: gfortran.dg/random_init_4.f90   -O3 -fomit-frame-pointer -funroll-loops -fpeel-loops -ftracer -finline-functions  (test for excess errors)
UNRESOLVED: gfortran.dg/random_init_4.f90   -O3 -fomit-frame-pointer -funroll-loops -fpeel-loops -ftracer -finline-functions  compilation failed to produce executable
FAIL: gfortran.dg/random_init_4.f90   -O3 -g  (test for excess errors)
UNRESOLVED: gfortran.dg/random_init_4.f90   -O3 -g  compilation failed to produce executable
FAIL: gfortran.dg/random_init_4.f90   -Os  (test for excess errors)
UNRESOLVED: gfortran.dg/random_init_4.f90   -Os  compilation failed to produce executable
FAIL: gfortran.dg/random_init_5.f90   -O0  (test for excess errors)
UNRESOLVED: gfortran.dg/random_init_5.f90   -O0  compilation failed to produce executable
FAIL: gfortran.dg/random_init_5.f90   -O1  (test for excess errors)
UNRESOLVED: gfortran.dg/random_init_5.f90   -O1  compilation failed to produce executable
FAIL: gfortran.dg/random_init_5.f90   -O2  (test for excess errors)
UNRESOLVED: gfortran.dg/random_init_5.f90   -O2  compilation failed to produce executable
FAIL: gfortran.dg/read_4.f90   -O1  (test for excess errors)
UNRESOLVED: gfortran.dg/read_4.f90   -O1  compilation failed to produce executable
FAIL: gfortran.dg/read_4.f90   -O2  (test for excess errors)
UNRESOLVED: gfortran.dg/read_4.f90   -O2  compilation failed to produce executable
FAIL: gfortran.dg/read_4.f90   -O3 -fomit-frame-pointer -funroll-loops -fpeel-loops -ftracer -finline-functions  (test for excess errors)
UNRESOLVED: gfortran.dg/read_4.f90   -O3 -fomit-frame-pointer -funroll-loops -fpeel-loops -ftracer -finline-functions  compilation failed to produce executable
FAIL: gfortran.dg/read_4.f90   -O3 -g  (test for excess errors)
UNRESOLVED: gfortran.dg/read_4.f90   -O3 -g  compilation failed to produce executable
FAIL: gfortran.dg/read_4.f90   -Os  (test for excess errors)
UNRESOLVED: gfortran.dg/read_4.f90   -Os  compilation failed to produce executable
FAIL: gfortran.dg/read_5.f90   -O0  (test for excess errors)
UNRESOLVED: gfortran.dg/read_5.f90   -O0  compilation failed to produce executable
FAIL: gfortran.dg/read_5.f90   -O1  (test for excess errors)
UNRESOLVED: gfortran.dg/read_5.f90   -O1  compilation failed to produce executable
FAIL: gfortran.dg/read_many_1.f   -O1  execution test
FAIL: gfortran.dg/read_many_1.f   -O2  (test for excess errors)
UNRESOLVED: gfortran.dg/read_many_1.f   -O2  compilation failed to produce executable
FAIL: gfortran.dg/read_many_1.f   -O3 -fomit-frame-pointer -funroll-loops -fpeel-loops -ftracer -finline-functions  (test for excess errors)
UNRESOLVED: gfortran.dg/read_many_1.f   -O3 -fomit-frame-pointer -funroll-loops -fpeel-loops -ftracer -finline-functions  compilation failed to produce executable
FAIL: gfortran.dg/read_many_1.f   -O3 -g  (test for excess errors)
UNRESOLVED: gfortran.dg/read_many_1.f   -O3 -g  compilation failed to produce executable
FAIL: gfortran.dg/read_many_1.f   -Os  (test for excess errors)
UNRESOLVED: gfortran.dg/read_many_1.f   -Os  compilation failed to produce executable
FAIL: gfortran.dg/read_no_eor.f90   -O0  (test for excess errors)
UNRESOLVED: gfortran.dg/read_no_eor.f90   -O0  compilation failed to produce executable
FAIL: gfortran.dg/read_no_eor.f90   -O1  (test for excess errors)
UNRESOLVED: gfortran.dg/read_no_eor.f90   -O1  compilation failed to produce executable
FAIL: gfortran.dg/read_no_eor.f90   -O2  (test for excess errors)
UNRESOLVED: gfortran.dg/read_no_eor.f90   -O2  compilation failed to produce executable
FAIL: gfortran.dg/typebound_call_20.f03   -O2  execution test
FAIL: gfortran.dg/typebound_call_20.f03   -O3 -fomit-frame-pointer -funroll-loops -fpeel-loops -ftracer -finline-functions  (test for excess errors)
UNRESOLVED: gfortran.dg/typebound_call_20.f03   -O3 -fomit-frame-pointer -funroll-loops -fpeel-loops -ftracer -finline-functions  compilation failed to produce executable
FAIL: gfortran.dg/typebound_call_20.f03   -O3 -g  (test for excess errors)
UNRESOLVED: gfortran.dg/typebound_call_20.f03   -O3 -g  compilation failed to produce executable
FAIL: gfortran.dg/typebound_call_20.f03   -Os  (test for excess errors)
UNRESOLVED: gfortran.dg/typebound_call_20.f03   -Os  compilation failed to produce executable
UNRESOLVED: gfortran.dg/typebound_call_21.f03   -O   scan-tree-dump-times original "_vptr->" 0
FAIL: gfortran.dg/typebound_call_21.f03   -O  (test for excess errors)
FAIL: gfortran.dg/typebound_operator_15.f90   -O3 -g  (test for excess errors)
FAIL: gfortran.dg/unlimited_polymorphic_21.f90   -O1  (test for excess errors)
UNRESOLVED: gfortran.dg/unlimited_polymorphic_21.f90   -O1  compilation failed to produce executable
FAIL: gfortran.dg/unlimited_polymorphic_21.f90   -O2  (test for excess errors)
UNRESOLVED: gfortran.dg/unlimited_polymorphic_21.f90   -O2  compilation failed to produce executable
FAIL: gfortran.dg/unlimited_polymorphic_21.f90   -O3 -fomit-frame-pointer -funroll-loops -fpeel-loops -ftracer -finline-functions  (test for excess errors)
UNRESOLVED: gfortran.dg/unlimited_polymorphic_21.f90   -O3 -fomit-frame-pointer -funroll-loops -fpeel-loops -ftracer -finline-functions  compilation failed to produce executable
FAIL: gfortran.dg/unlimited_polymorphic_21.f90   -O3 -g  (test for excess errors)
UNRESOLVED: gfortran.dg/unlimited_polymorphic_21.f90   -O3 -g  compilation failed to produce executable
FAIL: gfortran.dg/unlimited_polymorphic_21.f90   -Os  (test for excess errors)
UNRESOLVED: gfortran.dg/unlimited_polymorphic_21.f90   -Os  compilation failed to produce executable
FAIL: gfortran.dg/unlimited_polymorphic_22.f90   -O0  (test for excess errors)
UNRESOLVED: gfortran.dg/unlimited_polymorphic_22.f90   -O0  compilation failed to produce executable
FAIL: gfortran.dg/unlimited_polymorphic_22.f90   -O1  (test for excess errors)
UNRESOLVED: gfortran.dg/unlimited_polymorphic_22.f90   -O1  compilation failed to produce executable
FAIL: gfortran.dg/unlimited_polymorphic_22.f90   -O2  (test for excess errors)
UNRESOLVED: gfortran.dg/unlimited_polymorphic_22.f90   -O2  compilation failed to produce executable
FAIL: gfortran.dg/unlimited_polymorphic_22.f90   -O3 -fomit-frame-pointer -funroll-loops -fpeel-loops -ftracer -finline-functions  (test for excess errors)
UNRESOLVED: gfortran.dg/unlimited_polymorphic_22.f90   -O3 -fomit-frame-pointer -funroll-loops -fpeel-loops -ftracer -finline-functions  compilation failed to produce executable
FAIL: gfortran.dg/unlimited_polymorphic_22.f90   -O3 -g  (test for excess errors)
UNRESOLVED: gfortran.dg/unlimited_polymorphic_22.f90   -O3 -g  compilation failed to produce executable
FAIL: gfortran.dg/unlimited_polymorphic_22.f90   -Os  (test for excess errors)
UNRESOLVED: gfortran.dg/unlimited_polymorphic_22.f90   -Os  compilation failed to produce executable
FAIL: gfortran.dg/use_24.f90   -O3 -fomit-frame-pointer -funroll-loops -fpeel-loops -ftracer -finline-functions  execution test
FAIL: gfortran.dg/use_24.f90   -O3 -g  (test for excess errors)
UNRESOLVED: gfortran.dg/use_24.f90   -O3 -g  compilation failed to produce executable
FAIL: gfortran.dg/use_24.f90   -Os  (test for excess errors)
UNRESOLVED: gfortran.dg/use_24.f90   -Os  compilation failed to produce executable
FAIL: gfortran.dg/use_25.f90   -O  (test for excess errors)
FAIL: gfortran.dg/use_26.f90   -O  (test for excess errors)
FAIL: gfortran.dg/use_27.f90   -O0  (test for excess errors)
UNRESOLVED: gfortran.dg/use_27.f90   -O0  compilation failed to produce executable
FAIL: gfortran.dg/use_27.f90   -O1  (test for excess errors)
UNRESOLVED: gfortran.dg/use_27.f90   -O1  compilation failed to produce executable
FAIL: gfortran.dg/use_27.f90   -O2  (test for excess errors)
UNRESOLVED: gfortran.dg/use_27.f90   -O2  compilation failed to produce executable
FAIL: gfortran.dg/used_dummy_types_8.f90   -O  (test for excess errors)
FAIL: gfortran.dg/used_interface_ref.f90   -O0  (test for excess errors)
UNRESOLVED: gfortran.dg/used_interface_ref.f90   -O0  compilation failed to produce executable
FAIL: gfortran.dg/used_interface_ref.f90   -O1  (test for excess errors)
UNRESOLVED: gfortran.dg/used_interface_ref.f90   -O1  compilation failed to produce executable
FAIL: gfortran.dg/used_interface_ref.f90   -O2  (test for excess errors)
UNRESOLVED: gfortran.dg/used_interface_ref.f90   -O2  compilation failed to produce executable
FAIL: gfortran.dg/used_interface_ref.f90   -O3 -fomit-frame-pointer -funroll-loops -fpeel-loops -ftracer -finline-functions  (test for excess errors)
UNRESOLVED: gfortran.dg/used_interface_ref.f90   -O3 -fomit-frame-pointer -funroll-loops -fpeel-loops -ftracer -finline-functions  compilation failed to produce executable
FAIL: gfortran.dg/used_interface_ref.f90   -O3 -g  (test for excess errors)
UNRESOLVED: gfortran.dg/used_interface_ref.f90   -O3 -g  compilation failed to produce executable
FAIL: gfortran.dg/used_interface_ref.f90   -Os  (test for excess errors)
UNRESOLVED: gfortran.dg/used_interface_ref.f90   -Os  compilation failed to produce executable
FAIL: gfortran.dg/used_types_1.f90   -O  (test for excess errors)
FAIL: gfortran.dg/used_types_10.f90   -O  (test for excess errors)
FAIL: gfortran.dg/used_types_11.f90   -O  (test for excess errors)
FAIL: gfortran.dg/used_types_16.f90   -O  (test for excess errors)
FAIL: gfortran.dg/used_types_17.f90   -O  (test for excess errors)
FAIL: gfortran.dg/used_types_18.f90   -O  (test for excess errors)
FAIL: gfortran.dg/used_types_19.f90   -O  (test for excess errors)
FAIL: gfortran.dg/used_types_2.f90   -O  (test for excess errors)
FAIL: gfortran.dg/used_types_20.f90   -O  (test for excess errors)
FAIL: gfortran.dg/used_types_21.f90   -O  (test for excess errors)
FAIL: gfortran.dg/used_types_25.f90   -O   (test for errors, line 12)
FAIL: gfortran.dg/used_types_25.f90   -O   (test for errors, line 13)
FAIL: gfortran.dg/used_types_25.f90   -O  (test for excess errors)
FAIL: gfortran.dg/used_types_26.f90   -O   (test for errors, line 19)
FAIL: gfortran.dg/used_types_26.f90   -O  (test for excess errors)
FAIL: gfortran.dg/used_types_27.f90   -O   (test for errors, line 16)
FAIL: gfortran.dg/used_types_27.f90   -O  (test for excess errors)
FAIL: gfortran.dg/used_types_3.f90   -O  (test for excess errors)
FAIL: gfortran.dg/used_types_4.f90   -O  (test for excess errors)
FAIL: gfortran.dg/used_types_5.f90   -O  (test for excess errors)

		=== gfortran Summary ===

# of expected passes		47070
# of unexpected failures	110
# of expected failures		99
# of unresolved testcases	67
# of unsupported tests		83
/home/tcwg-buildslave/workspace/tcwg-buildfarm_2/tcwg-d05_64-build/_build/builds/aarch64-unknown-linux-gnu/aarch64-unknown-linux-gnu/gcc.git~master_rev_56749dad44c77d8779c04157a1c0076a8051750c-stage2/gcc/gfortran  version 9.0.0 20181026 (experimental) [master revision 265531] (GCC) 

		=== obj-c++ tests ===


Running target tcwg-local

		=== obj-c++ Summary ===

# of expected passes		1456
# of expected failures		10
# of unsupported tests		77
/home/tcwg-buildslave/workspace/tcwg-buildfarm_2/tcwg-d05_64-build/_build/builds/aarch64-unknown-linux-gnu/aarch64-unknown-linux-gnu/gcc.git~master_rev_56749dad44c77d8779c04157a1c0076a8051750c-stage2/gcc/xg++  version 9.0.0 20181026 (experimental) [master revision 265531] (GCC) 

		=== objc tests ===


Running target tcwg-local

		=== objc Summary ===

# of expected passes		2801
# of unsupported tests		69
/home/tcwg-buildslave/workspace/tcwg-buildfarm_2/tcwg-d05_64-build/_build/builds/aarch64-unknown-linux-gnu/aarch64-unknown-linux-gnu/gcc.git~master_rev_56749dad44c77d8779c04157a1c0076a8051750c-stage2/gcc/xgcc  version 9.0.0 20181026 (experimental) [master revision 265531] (GCC) 


Compiler version: 9.0.0 20181026 (experimental) [master revision 265531] (GCC) 
Platform: aarch64-unknown-linux-gnu
configure flags: SHELL=/bin/bash --with-mpc=/home/tcwg-buildslave/workspace/tcwg-buildfarm_2/tcwg-d05_64-build/_build/builds/destdir/aarch64-unknown-linux-gnu --with-mpfr=/home/tcwg-buildslave/workspace/tcwg-buildfarm_2/tcwg-d05_64-build/_build/builds/destdir/aarch64-unknown-linux-gnu --with-gmp=/home/tcwg-buildslave/workspace/tcwg-buildfarm_2/tcwg-d05_64-build/_build/builds/destdir/aarch64-unknown-linux-gnu --with-gnu-as --with-gnu-ld --disable-libmudflap --enable-lto --enable-shared --without-included-gettext --enable-nls --with-system-zlib --disable-sjlj-exceptions --enable-gnu-unique-object --enable-linker-build-id --disable-libstdcxx-pch --enable-c99 --enable-clocale=gnu --enable-libstdcxx-debug --enable-long-long --with-cloog=no --with-ppl=no --with-isl=no --disable-multilib --enable-fix-cortex-a53-835769 --enable-fix-cortex-a53-843419 --with-arch=armv8-a --enable-threads=posix --enable-multiarch --enable-libstdcxx-time=yes --enable-gnu-indirect-function --enable-checking=yes -
 -enable-bootstrap --enable-languages=c,c++,fortran,lto,objc,obj-c++ --build=aarch64-unknown-linux-gnu --host=aarch64-unknown-linux-gnu --target=aarch64-unknown-linux-gnu --prefix=/home/tcwg-buildslave/workspace/tcwg-buildfarm_2/tcwg-d05_64-build/_build/builds/destdir/aarch64-unknown-linux-gnu



More information about the Gcc-testresults mailing list