Results for 9.0.0 20181024 (experimental) [master revision 265463] (GCC) testsuite on armv8l-unknown-linux-gnueabihf

LINARO TCWG tcwg-buildslave@linaro.org
Thu Oct 25 12:41:00 GMT 2018


LAST_UPDATED: Thu Oct 25 09:07:38 UTC 2018 (revision 265463)

Native configuration is armv8l-unknown-linux-gnueabihf

		=== libatomic tests ===


Running target tcwg-local

		=== libatomic Summary ===

# of expected passes		44
# of unsupported tests		5
		=== libgomp tests ===


Running target tcwg-local
FAIL: libgomp.fortran/examples-4/task_dep-1.f90   -Os  (test for excess errors)
UNRESOLVED: libgomp.fortran/examples-4/task_dep-1.f90   -Os  compilation failed to produce executable
FAIL: libgomp.fortran/examples-4/task_dep-2.f90   -O0  (test for excess errors)
UNRESOLVED: libgomp.fortran/examples-4/task_dep-2.f90   -O0  compilation failed to produce executable
FAIL: libgomp.fortran/examples-4/task_dep-2.f90   -O1  (test for excess errors)
UNRESOLVED: libgomp.fortran/examples-4/task_dep-2.f90   -O1  compilation failed to produce executable
FAIL: libgomp.fortran/examples-4/task_dep-2.f90   -O2  (test for excess errors)
UNRESOLVED: libgomp.fortran/examples-4/task_dep-2.f90   -O2  compilation failed to produce executable
FAIL: libgomp.fortran/examples-4/task_dep-2.f90   -O3 -fomit-frame-pointer -funroll-loops -fpeel-loops -ftracer -finline-functions  (test for excess errors)
UNRESOLVED: libgomp.fortran/examples-4/task_dep-2.f90   -O3 -fomit-frame-pointer -funroll-loops -fpeel-loops -ftracer -finline-functions  compilation failed to produce executable
FAIL: libgomp.fortran/examples-4/task_dep-2.f90   -O3 -g  (test for excess errors)
UNRESOLVED: libgomp.fortran/examples-4/task_dep-2.f90   -O3 -g  compilation failed to produce executable
FAIL: libgomp.fortran/examples-4/task_dep-2.f90   -Os  (test for excess errors)
UNRESOLVED: libgomp.fortran/examples-4/task_dep-2.f90   -Os  compilation failed to produce executable
FAIL: libgomp.fortran/examples-4/task_dep-3.f90   -O0  (test for excess errors)
UNRESOLVED: libgomp.fortran/examples-4/task_dep-3.f90   -O0  compilation failed to produce executable
FAIL: libgomp.fortran/target7.f90   -O0  execution test
FAIL: libgomp.fortran/target7.f90   -O1  execution test
FAIL: libgomp.fortran/target7.f90   -O2  execution test
FAIL: libgomp.fortran/target7.f90   -O3 -fomit-frame-pointer -funroll-loops -fpeel-loops -ftracer -finline-functions  execution test
FAIL: libgomp.fortran/target7.f90   -O3 -g  execution test
FAIL: libgomp.fortran/target7.f90   -Os  execution test
FAIL: libgomp.fortran/target8.f90   -O0  execution test
FAIL: libgomp.fortran/target8.f90   -O1  execution test
FAIL: libgomp.fortran/target8.f90   -O2  execution test
FAIL: libgomp.fortran/target8.f90   -O3 -fomit-frame-pointer -funroll-loops -fpeel-loops -ftracer -finline-functions  execution test
FAIL: libgomp.fortran/target8.f90   -O3 -g  execution test
FAIL: libgomp.fortran/target8.f90   -Os  execution test

		=== libgomp Summary ===

# of expected passes		5914
# of unexpected failures	20
# of unresolved testcases	8
# of unsupported tests		395
		=== libitm tests ===


Running target tcwg-local

		=== libitm Summary ===

# of expected passes		42
# of expected failures		3
# of unsupported tests		1
		=== libstdc++ tests ===


Running target tcwg-local
FAIL: 17_intro/names.cc (test for excess errors)
FAIL: libstdc++-prettyprinters/whatis.cc whatis filebuf_holder
FAIL: libstdc++-prettyprinters/whatis.cc whatis filebuf_holder
FAIL: libstdc++-prettyprinters/whatis.cc whatis fstream_holder
FAIL: libstdc++-prettyprinters/whatis.cc whatis fstream_holder
FAIL: libstdc++-prettyprinters/whatis.cc whatis ifstream_holder
FAIL: libstdc++-prettyprinters/whatis.cc whatis ifstream_holder
FAIL: libstdc++-prettyprinters/whatis.cc whatis ios_holder
FAIL: libstdc++-prettyprinters/whatis.cc whatis ios_holder
FAIL: libstdc++-prettyprinters/whatis.cc whatis iostream_holder
FAIL: libstdc++-prettyprinters/whatis.cc whatis iostream_holder
FAIL: libstdc++-prettyprinters/whatis.cc whatis istream_holder
FAIL: libstdc++-prettyprinters/whatis.cc whatis istream_holder
FAIL: libstdc++-prettyprinters/whatis.cc whatis istringstream_holder
FAIL: libstdc++-prettyprinters/whatis.cc whatis istringstream_holder
FAIL: libstdc++-prettyprinters/whatis.cc whatis ofstream_holder
FAIL: libstdc++-prettyprinters/whatis.cc whatis ofstream_holder
FAIL: libstdc++-prettyprinters/whatis.cc whatis ostream_holder
FAIL: libstdc++-prettyprinters/whatis.cc whatis ostream_holder
FAIL: libstdc++-prettyprinters/whatis.cc whatis ostringstream_holder
FAIL: libstdc++-prettyprinters/whatis.cc whatis ostringstream_holder
FAIL: libstdc++-prettyprinters/whatis.cc whatis streambuf_holder
FAIL: libstdc++-prettyprinters/whatis.cc whatis streambuf_holder
FAIL: libstdc++-prettyprinters/whatis.cc whatis stringbuf_holder
FAIL: libstdc++-prettyprinters/whatis.cc whatis stringbuf_holder
FAIL: libstdc++-prettyprinters/whatis.cc whatis stringstream_holder
FAIL: libstdc++-prettyprinters/whatis.cc whatis stringstream_holder

		=== libstdc++ Summary ===

# of expected passes		11816
# of unexpected failures	27
# of expected failures		77
# of unsupported tests		674
		=== g++ tests ===


Running target tcwg-local
FAIL: g++.dg/asan/asan_test.C   -O2  AddressSanitizer_PthreadExitTest execution test
FAIL: g++.dg/asan/asan_test.C   -O2  AddressSanitizer_ThreadStackReuseTest execution test
FAIL: g++.dg/asan/deep-stack-uaf-1.C   -O0  output pattern test
FAIL: g++.dg/asan/deep-stack-uaf-1.C   -O1  output pattern test
FAIL: g++.dg/asan/deep-stack-uaf-1.C   -O2  output pattern test
FAIL: g++.dg/asan/deep-stack-uaf-1.C   -O3 -g  output pattern test
FAIL: g++.dg/asan/deep-stack-uaf-1.C   -Os  output pattern test
UNRESOLVED: g++.dg/ext/pr82625.C  -std=gnu++14  scan-tree-dump-times optimized "return 4096;" 1
UNRESOLVED: g++.dg/ext/pr82625.C  -std=gnu++14  scan-tree-dump-times optimized "return 8192;" 1
FAIL: g++.dg/ext/pr82625.C  -std=gnu++14 (test for excess errors)
UNRESOLVED: g++.dg/ext/pr82625.C  -std=gnu++17  scan-tree-dump-times optimized "return 4096;" 1
UNRESOLVED: g++.dg/ext/pr82625.C  -std=gnu++17  scan-tree-dump-times optimized "return 8192;" 1
FAIL: g++.dg/ext/pr82625.C  -std=gnu++17 (test for excess errors)
UNRESOLVED: g++.dg/ext/pr82625.C  -std=gnu++98  scan-tree-dump-times optimized "return 4096;" 1
UNRESOLVED: g++.dg/ext/pr82625.C  -std=gnu++98  scan-tree-dump-times optimized "return 8192;" 1
FAIL: g++.dg/ext/pr82625.C  -std=gnu++98 (test for excess errors)
FAIL: g++.dg/pr83239.C  -std=gnu++98 (test for excess errors)
FAIL: g++.dg/guality/pr67192.C   -O0  line 27 cnt == 5
FAIL: g++.dg/guality/pr67192.C   -O0  line 39 cnt == 10
FAIL: g++.dg/guality/pr67192.C   -O0  line 48 cnt == 15
FAIL: g++.dg/guality/pr67192.C   -O0  line 54 cnt == 15
FAIL: g++.dg/guality/pr67192.C   -O0  line 59 cnt == 20
FAIL: g++.dg/guality/pr67192.C   -O1  line 27 cnt == 5
FAIL: g++.dg/guality/pr67192.C   -O1  line 39 cnt == 10
FAIL: g++.dg/guality/pr67192.C   -O1  line 48 cnt == 15
FAIL: g++.dg/guality/pr67192.C   -O1  line 54 cnt == 15
FAIL: g++.dg/guality/pr67192.C   -O1  line 59 cnt == 20
FAIL: g++.dg/guality/pr67192.C   -O2  line 27 cnt == 5
FAIL: g++.dg/guality/pr67192.C   -O2  line 39 cnt == 10
FAIL: g++.dg/guality/pr67192.C   -O2  line 48 cnt == 15
FAIL: g++.dg/guality/pr67192.C   -O2  line 54 cnt == 15
FAIL: g++.dg/guality/pr67192.C   -O2  line 59 cnt == 20
FAIL: g++.dg/guality/pr67192.C   -O2 -flto -fno-use-linker-plugin -flto-partition=none  line 27 cnt == 5
FAIL: g++.dg/guality/pr67192.C   -O2 -flto -fno-use-linker-plugin -flto-partition=none  line 39 cnt == 10
FAIL: g++.dg/guality/pr67192.C   -O2 -flto -fno-use-linker-plugin -flto-partition=none  line 48 cnt == 15
FAIL: g++.dg/guality/pr67192.C   -O2 -flto -fno-use-linker-plugin -flto-partition=none  line 54 cnt == 15
FAIL: g++.dg/guality/pr67192.C   -O2 -flto -fno-use-linker-plugin -flto-partition=none  line 59 cnt == 20
FAIL: g++.dg/guality/pr67192.C   -O2 -flto -fuse-linker-plugin -fno-fat-lto-objects  line 27 cnt == 5
FAIL: g++.dg/guality/pr67192.C   -O2 -flto -fuse-linker-plugin -fno-fat-lto-objects  line 39 cnt == 10
FAIL: g++.dg/guality/pr67192.C   -O2 -flto -fuse-linker-plugin -fno-fat-lto-objects  line 48 cnt == 15
FAIL: g++.dg/guality/pr67192.C   -O2 -flto -fuse-linker-plugin -fno-fat-lto-objects  line 54 cnt == 15
FAIL: g++.dg/guality/pr67192.C   -O2 -flto -fuse-linker-plugin -fno-fat-lto-objects  line 59 cnt == 20
FAIL: g++.dg/guality/pr67192.C   -O3 -fomit-frame-pointer -funroll-loops -fpeel-loops -ftracer -finline-functions  line 27 cnt == 5
FAIL: g++.dg/guality/pr67192.C   -O3 -fomit-frame-pointer -funroll-loops -fpeel-loops -ftracer -finline-functions  line 39 cnt == 10
FAIL: g++.dg/guality/pr67192.C   -O3 -fomit-frame-pointer -funroll-loops -fpeel-loops -ftracer -finline-functions  line 48 cnt == 15
FAIL: g++.dg/guality/pr67192.C   -O3 -fomit-frame-pointer -funroll-loops -fpeel-loops -ftracer -finline-functions  line 54 cnt == 15
FAIL: g++.dg/guality/pr67192.C   -O3 -fomit-frame-pointer -funroll-loops -fpeel-loops -ftracer -finline-functions  line 59 cnt == 20
FAIL: g++.dg/guality/pr67192.C   -O3 -g  line 27 cnt == 5
FAIL: g++.dg/guality/pr67192.C   -O3 -g  line 39 cnt == 10
FAIL: g++.dg/guality/pr67192.C   -O3 -g  line 48 cnt == 15
FAIL: g++.dg/guality/pr67192.C   -O3 -g  line 54 cnt == 15
FAIL: g++.dg/guality/pr67192.C   -O3 -g  line 59 cnt == 20
FAIL: g++.dg/guality/pr67192.C   -Os  line 27 cnt == 5
FAIL: g++.dg/guality/pr67192.C   -Os  line 39 cnt == 10
FAIL: g++.dg/guality/pr67192.C   -Os  line 48 cnt == 15
FAIL: g++.dg/guality/pr67192.C   -Os  line 54 cnt == 15
FAIL: g++.dg/guality/pr67192.C   -Os  line 59 cnt == 20
FAIL: g++.dg/guality/pr67192.C  -Og  line 27 cnt == 5
FAIL: g++.dg/guality/pr67192.C  -Og  line 39 cnt == 10
FAIL: g++.dg/guality/pr67192.C  -Og  line 48 cnt == 15
FAIL: g++.dg/guality/pr67192.C  -Og  line 54 cnt == 15
FAIL: g++.dg/guality/pr67192.C  -Og  line 59 cnt == 20
FAIL: g++.dg/lto/pr65276 cp_lto_pr65276_0.o-cp_lto_pr65276_1.o link, -flto -O0 -std=c++11

		=== g++ Summary ===

# of expected passes		123882
# of unexpected failures	57
# of expected failures		536
# of unresolved testcases	6
# of unsupported tests		5938
/home/tcwg-buildslave/workspace/tcwg-buildfarm_2/tcwg-d05_32-build/_build/builds/armv8l-unknown-linux-gnueabihf/armv8l-unknown-linux-gnueabihf/gcc.git~master_rev_570c6c2ee57d1250468e5dde121d196f730732e1-stage2/gcc/xg++  version 9.0.0 20181024 (experimental) [master revision 265463] (GCC) 

		=== gcc tests ===


Running target tcwg-local
FAIL: gcc.c-torture/execute/builtins/memcpy-chk.c execution,  -O2 
FAIL: gcc.c-torture/execute/builtins/memcpy-chk.c execution,  -O2 -flto -fno-use-linker-plugin -flto-partition=none 
FAIL: gcc.c-torture/execute/builtins/memcpy-chk.c execution,  -O2 -flto -fuse-linker-plugin -fno-fat-lto-objects 
FAIL: gcc.c-torture/execute/builtins/memcpy-chk.c execution,  -O3 -fomit-frame-pointer -funroll-loops -fpeel-loops -ftracer -finline-functions 
FAIL: gcc.c-torture/execute/builtins/memcpy-chk.c execution,  -O3 -g 
FAIL: gcc.c-torture/execute/builtins/memmove-chk.c execution,  -O2 
FAIL: gcc.c-torture/execute/builtins/memmove-chk.c execution,  -O2 -flto -fno-use-linker-plugin -flto-partition=none 
FAIL: gcc.c-torture/execute/builtins/memmove-chk.c execution,  -O2 -flto -fuse-linker-plugin -fno-fat-lto-objects 
FAIL: gcc.c-torture/execute/builtins/memmove-chk.c execution,  -O3 -fomit-frame-pointer -funroll-loops -fpeel-loops -ftracer -finline-functions 
FAIL: gcc.c-torture/execute/builtins/memmove-chk.c execution,  -O3 -g 
FAIL: gcc.c-torture/execute/builtins/mempcpy-chk.c execution,  -O2 
FAIL: gcc.c-torture/execute/builtins/mempcpy-chk.c execution,  -O2 -flto -fno-use-linker-plugin -flto-partition=none 
FAIL: gcc.c-torture/execute/builtins/mempcpy-chk.c execution,  -O2 -flto -fuse-linker-plugin -fno-fat-lto-objects 
FAIL: gcc.c-torture/execute/builtins/mempcpy-chk.c execution,  -O3 -fomit-frame-pointer -funroll-loops -fpeel-loops -ftracer -finline-functions 
FAIL: gcc.c-torture/execute/builtins/mempcpy-chk.c execution,  -O3 -g 
FAIL: gcc.c-torture/execute/builtins/memset-chk.c execution,  -O2 
FAIL: gcc.c-torture/execute/builtins/memset-chk.c execution,  -O2 -flto -fno-use-linker-plugin -flto-partition=none 
FAIL: gcc.c-torture/execute/builtins/memset-chk.c execution,  -O2 -flto -fuse-linker-plugin -fno-fat-lto-objects 
FAIL: gcc.c-torture/execute/builtins/memset-chk.c execution,  -O3 -fomit-frame-pointer -funroll-loops -fpeel-loops -ftracer -finline-functions 
FAIL: gcc.c-torture/execute/builtins/memset-chk.c execution,  -O3 -g 
FAIL: gcc.c-torture/execute/builtins/snprintf-chk.c execution,  -O2 
FAIL: gcc.c-torture/execute/builtins/snprintf-chk.c execution,  -O2 -flto -fno-use-linker-plugin -flto-partition=none 
FAIL: gcc.c-torture/execute/builtins/snprintf-chk.c execution,  -O2 -flto -fuse-linker-plugin -fno-fat-lto-objects 
FAIL: gcc.c-torture/execute/builtins/snprintf-chk.c execution,  -O3 -fomit-frame-pointer -funroll-loops -fpeel-loops -ftracer -finline-functions 
FAIL: gcc.c-torture/execute/builtins/snprintf-chk.c execution,  -O3 -g 
FAIL: gcc.c-torture/execute/builtins/sprintf-chk.c execution,  -O2 
FAIL: gcc.c-torture/execute/builtins/sprintf-chk.c execution,  -O2 -flto -fno-use-linker-plugin -flto-partition=none 
FAIL: gcc.c-torture/execute/builtins/sprintf-chk.c execution,  -O2 -flto -fuse-linker-plugin -fno-fat-lto-objects 
FAIL: gcc.c-torture/execute/builtins/sprintf-chk.c execution,  -O3 -fomit-frame-pointer -funroll-loops -fpeel-loops -ftracer -finline-functions 
FAIL: gcc.c-torture/execute/builtins/sprintf-chk.c execution,  -O3 -g 
FAIL: gcc.c-torture/execute/builtins/stpcpy-chk.c execution,  -O2 
FAIL: gcc.c-torture/execute/builtins/stpcpy-chk.c execution,  -O2 -flto -fno-use-linker-plugin -flto-partition=none 
FAIL: gcc.c-torture/execute/builtins/stpcpy-chk.c execution,  -O2 -flto -fuse-linker-plugin -fno-fat-lto-objects 
FAIL: gcc.c-torture/execute/builtins/stpcpy-chk.c execution,  -O3 -fomit-frame-pointer -funroll-loops -fpeel-loops -ftracer -finline-functions 
FAIL: gcc.c-torture/execute/builtins/stpcpy-chk.c execution,  -O3 -g 
FAIL: gcc.c-torture/execute/builtins/stpncpy-chk.c execution,  -O2 
FAIL: gcc.c-torture/execute/builtins/stpncpy-chk.c execution,  -O2 -flto -fno-use-linker-plugin -flto-partition=none 
FAIL: gcc.c-torture/execute/builtins/stpncpy-chk.c execution,  -O2 -flto -fuse-linker-plugin -fno-fat-lto-objects 
FAIL: gcc.c-torture/execute/builtins/stpncpy-chk.c execution,  -O3 -fomit-frame-pointer -funroll-loops -fpeel-loops -ftracer -finline-functions 
FAIL: gcc.c-torture/execute/builtins/stpncpy-chk.c execution,  -O3 -g 
FAIL: gcc.c-torture/execute/builtins/strcat-chk.c execution,  -O2 
FAIL: gcc.c-torture/execute/builtins/strcat-chk.c execution,  -O2 -flto -fno-use-linker-plugin -flto-partition=none 
FAIL: gcc.c-torture/execute/builtins/strcat-chk.c execution,  -O2 -flto -fuse-linker-plugin -fno-fat-lto-objects 
FAIL: gcc.c-torture/execute/builtins/strcat-chk.c execution,  -O3 -fomit-frame-pointer -funroll-loops -fpeel-loops -ftracer -finline-functions 
FAIL: gcc.c-torture/execute/builtins/strcat-chk.c execution,  -O3 -g 
FAIL: gcc.c-torture/execute/builtins/strcpy-chk.c execution,  -O2 
FAIL: gcc.c-torture/execute/builtins/strcpy-chk.c execution,  -O2 -flto -fno-use-linker-plugin -flto-partition=none 
FAIL: gcc.c-torture/execute/builtins/strcpy-chk.c execution,  -O2 -flto -fuse-linker-plugin -fno-fat-lto-objects 
FAIL: gcc.c-torture/execute/builtins/strcpy-chk.c execution,  -O3 -fomit-frame-pointer -funroll-loops -fpeel-loops -ftracer -finline-functions 
FAIL: gcc.c-torture/execute/builtins/strcpy-chk.c execution,  -O3 -g 
FAIL: gcc.c-torture/execute/builtins/strncat-chk.c execution,  -O2 
FAIL: gcc.c-torture/execute/builtins/strncat-chk.c execution,  -O2 -flto -fno-use-linker-plugin -flto-partition=none 
FAIL: gcc.c-torture/execute/builtins/strncat-chk.c execution,  -O2 -flto -fuse-linker-plugin -fno-fat-lto-objects 
FAIL: gcc.c-torture/execute/builtins/strncat-chk.c execution,  -O3 -fomit-frame-pointer -funroll-loops -fpeel-loops -ftracer -finline-functions 
FAIL: gcc.c-torture/execute/builtins/strncat-chk.c execution,  -O3 -g 
FAIL: gcc.c-torture/execute/builtins/strncpy-chk.c execution,  -O2 
FAIL: gcc.c-torture/execute/builtins/strncpy-chk.c execution,  -O2 -flto -fno-use-linker-plugin -flto-partition=none 
FAIL: gcc.c-torture/execute/builtins/strncpy-chk.c execution,  -O2 -flto -fuse-linker-plugin -fno-fat-lto-objects 
FAIL: gcc.c-torture/execute/builtins/strncpy-chk.c execution,  -O3 -fomit-frame-pointer -funroll-loops -fpeel-loops -ftracer -finline-functions 
FAIL: gcc.c-torture/execute/builtins/strncpy-chk.c execution,  -O3 -g 
FAIL: gcc.c-torture/execute/builtins/vsnprintf-chk.c execution,  -O2 
FAIL: gcc.c-torture/execute/builtins/vsnprintf-chk.c execution,  -O2 -flto -fno-use-linker-plugin -flto-partition=none 
FAIL: gcc.c-torture/execute/builtins/vsnprintf-chk.c execution,  -O2 -flto -fuse-linker-plugin -fno-fat-lto-objects 
FAIL: gcc.c-torture/execute/builtins/vsnprintf-chk.c execution,  -O3 -fomit-frame-pointer -funroll-loops -fpeel-loops -ftracer -finline-functions 
FAIL: gcc.c-torture/execute/builtins/vsnprintf-chk.c execution,  -O3 -g 
FAIL: gcc.c-torture/execute/builtins/vsprintf-chk.c execution,  -O2 
FAIL: gcc.c-torture/execute/builtins/vsprintf-chk.c execution,  -O2 -flto -fno-use-linker-plugin -flto-partition=none 
FAIL: gcc.c-torture/execute/builtins/vsprintf-chk.c execution,  -O2 -flto -fuse-linker-plugin -fno-fat-lto-objects 
FAIL: gcc.c-torture/execute/builtins/vsprintf-chk.c execution,  -O3 -fomit-frame-pointer -funroll-loops -fpeel-loops -ftracer -finline-functions 
FAIL: gcc.c-torture/execute/builtins/vsprintf-chk.c execution,  -O3 -g 
FAIL: gcc.c-torture/execute/920428-2.c   -O2  execution test
FAIL: gcc.c-torture/execute/920428-2.c   -O2 -flto -fno-use-linker-plugin -flto-partition=none  execution test
FAIL: gcc.c-torture/execute/920428-2.c   -O2 -flto -fuse-linker-plugin -fno-fat-lto-objects  execution test
FAIL: gcc.c-torture/execute/920428-2.c   -O3 -g  execution test
FAIL: gcc.c-torture/execute/920501-7.c   -O2  execution test
FAIL: gcc.c-torture/execute/920501-7.c   -O2 -flto -fno-use-linker-plugin -flto-partition=none  execution test
FAIL: gcc.c-torture/execute/920501-7.c   -O2 -flto -fuse-linker-plugin -fno-fat-lto-objects  execution test
FAIL: gcc.c-torture/execute/920501-7.c   -O3 -g  execution test
FAIL: gcc.c-torture/execute/built-in-setjmp.c   -O2  execution test
FAIL: gcc.c-torture/execute/built-in-setjmp.c   -O2 -flto -fno-use-linker-plugin -flto-partition=none  execution test
FAIL: gcc.c-torture/execute/built-in-setjmp.c   -O2 -flto -fuse-linker-plugin -fno-fat-lto-objects  execution test
FAIL: gcc.c-torture/execute/built-in-setjmp.c   -O3 -fomit-frame-pointer -funroll-loops -fpeel-loops -ftracer -finline-functions  execution test
FAIL: gcc.c-torture/execute/built-in-setjmp.c   -O3 -g  execution test
FAIL: gcc.c-torture/execute/comp-goto-2.c   -O2  execution test
FAIL: gcc.c-torture/execute/comp-goto-2.c   -O2 -flto -fno-use-linker-plugin -flto-partition=none  execution test
FAIL: gcc.c-torture/execute/comp-goto-2.c   -O2 -flto -fuse-linker-plugin -fno-fat-lto-objects  execution test
FAIL: gcc.c-torture/execute/comp-goto-2.c   -O3 -g  execution test
FAIL: gcc.c-torture/execute/nestfunc-5.c   -O2  execution test
FAIL: gcc.c-torture/execute/nestfunc-5.c   -O2 -flto -fno-use-linker-plugin -flto-partition=none  execution test
FAIL: gcc.c-torture/execute/nestfunc-5.c   -O2 -flto -fuse-linker-plugin -fno-fat-lto-objects  execution test
FAIL: gcc.c-torture/execute/nestfunc-5.c   -O3 -g  execution test
FAIL: gcc.c-torture/execute/pr24135.c   -O2  execution test
FAIL: gcc.c-torture/execute/pr24135.c   -O2 -flto -fno-use-linker-plugin -flto-partition=none  execution test
FAIL: gcc.c-torture/execute/pr24135.c   -O2 -flto -fuse-linker-plugin -fno-fat-lto-objects  execution test
FAIL: gcc.c-torture/execute/pr24135.c   -O3 -fomit-frame-pointer -funroll-loops -fpeel-loops -ftracer -finline-functions  execution test
FAIL: gcc.c-torture/execute/pr24135.c   -O3 -g  execution test
FAIL: gcc.c-torture/execute/pr51447.c   -O2  execution test
FAIL: gcc.c-torture/execute/pr51447.c   -O2 -flto -fno-use-linker-plugin -flto-partition=none  execution test
FAIL: gcc.c-torture/execute/pr51447.c   -O2 -flto -fuse-linker-plugin -fno-fat-lto-objects  execution test
FAIL: gcc.c-torture/execute/pr51447.c   -O3 -g  execution test
FAIL: gcc.dg/asan/pr81186.c   -O2  execution test
FAIL: gcc.dg/asan/pr81186.c   -O2 -flto -fno-use-linker-plugin -flto-partition=none  execution test
FAIL: gcc.dg/asan/pr81186.c   -O2 -flto -fuse-linker-plugin -fno-fat-lto-objects  execution test
FAIL: gcc.dg/asan/pr81186.c   -O3 -g  execution test
FAIL: gcc.dg/atomic/c11-atomic-exec-5.c   -O2 -flto -fno-use-linker-plugin -flto-partition=none  (test for excess errors)
FAIL: gcc.dg/atomic/c11-atomic-exec-5.c   -O2 -flto -fno-use-linker-plugin -flto-partition=none  execution test
FAIL: gcc.dg/atomic/c11-atomic-exec-5.c   -O2 -flto -fuse-linker-plugin -fno-fat-lto-objects  (test for excess errors)
UNRESOLVED: gcc.dg/atomic/c11-atomic-exec-5.c   -O2 -flto -fuse-linker-plugin -fno-fat-lto-objects  compilation failed to produce executable
FAIL: gcc.dg/atomic/c11-atomic-exec-6.c   -O0  (test for excess errors)
UNRESOLVED: gcc.dg/atomic/c11-atomic-exec-6.c   -O0  compilation failed to produce executable
FAIL: gcc.dg/atomic/c11-atomic-exec-6.c   -O1  (test for excess errors)
UNRESOLVED: gcc.dg/atomic/c11-atomic-exec-6.c   -O1  compilation failed to produce executable
FAIL: gcc.dg/atomic/c11-atomic-exec-6.c   -O2  (test for excess errors)
UNRESOLVED: gcc.dg/atomic/c11-atomic-exec-6.c   -O2  compilation failed to produce executable
FAIL: gcc.dg/atomic/c11-atomic-exec-6.c   -O3 -fomit-frame-pointer -funroll-loops -fpeel-loops -ftracer -finline-functions  (test for excess errors)
UNRESOLVED: gcc.dg/atomic/c11-atomic-exec-6.c   -O3 -fomit-frame-pointer -funroll-loops -fpeel-loops -ftracer -finline-functions  compilation failed to produce executable
FAIL: gcc.dg/atomic/c11-atomic-exec-6.c   -O3 -g  (test for excess errors)
UNRESOLVED: gcc.dg/atomic/c11-atomic-exec-6.c   -O3 -g  compilation failed to produce executable
FAIL: gcc.dg/atomic/c11-atomic-exec-6.c   -Os  (test for excess errors)
UNRESOLVED: gcc.dg/atomic/c11-atomic-exec-6.c   -Os  compilation failed to produce executable
FAIL: gcc.dg/debug/const-2.c -gdwarf-2 -g3 -O (test for excess errors)
FAIL: gcc.dg/debug/const-2.c -gdwarf-2 -g3 -O3 (test for excess errors)
FAIL: gcc.dg/debug/const-2.c -gstabs (test for excess errors)
FAIL: gcc.dg/debug/const-2.c -gstabs -O (test for excess errors)
FAIL: gcc.dg/debug/const-2.c -gstabs1 (test for excess errors)
FAIL: gcc.dg/debug/const-2.c -gstabs1 -O (test for excess errors)
FAIL: gcc.dg/debug/const-2.c -gstabs1 -O3 (test for excess errors)
FAIL: gcc.dg/debug/pr33316.c -gdwarf-2 -g3 -O (test for excess errors)
FAIL: gcc.dg/debug/pr33316.c -gdwarf-2 -g3 -O3 (test for excess errors)
FAIL: gcc.dg/debug/pr33316.c -gstabs (test for excess errors)
FAIL: gcc.dg/debug/pr33316.c -gstabs -O (test for excess errors)
FAIL: gcc.dg/debug/pr33316.c -gstabs1 (test for excess errors)
FAIL: gcc.dg/debug/pr33316.c -gstabs1 -O (test for excess errors)
FAIL: gcc.dg/debug/pr33316.c -gstabs1 -O3 (test for excess errors)
FAIL: gcc.dg/debug/vta-3.c -gstabs+ -O (test for excess errors)
FAIL: gcc.dg/debug/vta-3.c -gstabs+ -O3 (test for excess errors)
FAIL: gcc.dg/debug/vta-3.c -gstabs+3 (test for excess errors)
FAIL: gcc.dg/debug/vta-3.c -gstabs+3 -O (test for excess errors)
FAIL: gcc.dg/debug/vta-3.c -gstabs+3 -O3 (test for excess errors)
FAIL: c-c++-common/dwarf2/pr43190.c (test for excess errors)
UNRESOLVED: c-c++-common/dwarf2/pr43190.c scan-assembler DW_TAG_structure_type[^\\\\r\\\\n]*[\\\\r\\\\n]+[^\\\\r\\\\n]*"S[^\\\\r\\\\n]*DW_AT_name
UNRESOLVED: c-c++-common/dwarf2/pr43190.c scan-assembler DW_TAG_typedef[^\\\\r\\\\n]*[\\\\r\\\\n]+[^\\\\r\\\\n]*"T[^\\\\r\\\\n]*DW_AT_name
FAIL: gcc.dg/debug/dwarf2/inline5.c scan-assembler-times DW_TAG_lexical_block\\\\)[^#/!]*[#/!] DW_AT_abstract_origin 2
FAIL: gcc.dg/debug/dwarf2/inline5.c scan-assembler-times DW_TAG_lexical_block\\\\)[^#/!]*[#/!] \\\\(DIE \\\\(0x[0-9a-f]*\\\\) DW_TAG_variable 1
FAIL: c-c++-common/rotate-6a.c  -Wc++-compat  (test for excess errors)
FAIL: gcc.dg/non-local-goto-1.c execution test
FAIL: gcc.dg/non-local-goto-2.c execution test
XPASS: gcc.dg/pr78973-2.c ilp32 (test for warnings, line 16)
FAIL: gcc.dg/fixed-point/convert-sat.c (test for excess errors)
UNRESOLVED: gcc.dg/fixed-point/convert-sat.c compilation failed to produce executable
FAIL: gcc.dg/fixed-point/define.c (test for excess errors)
FAIL: gcc.dg/fixed-point/func-array.c (test for excess errors)
UNRESOLVED: gcc.dg/fixed-point/func-array.c compilation failed to produce executable
FAIL: gcc.dg/fixed-point/func-mixed.c (test for excess errors)
UNRESOLVED: gcc.dg/fixed-point/func-mixed.c compilation failed to produce executable
FAIL: gcc.dg/fixed-point/keywords-c99.c  (test for errors, line 6)
FAIL: gcc.dg/fixed-point/keywords-c99.c  (test for errors, line 7)
FAIL: gcc.dg/fixed-point/keywords-c99.c  (test for errors, line 8)
FAIL: gcc.dg/fixed-point/keywords-c99.c  (test for errors, line 9)
FAIL: gcc.dg/fixed-point/keywords-c99.c (test for excess errors)
FAIL: gcc.dg/fixed-point/keywords-ignored-c99.c (test for excess errors)
FAIL: gcc.dg/fixed-point/keywords-pedantic.c  (test for warnings, line 6)
FAIL: gcc.dg/fixed-point/keywords-pedantic.c  (test for warnings, line 7)
FAIL: gcc.dg/fixed-point/keywords-pedantic.c  (test for warnings, line 8)
FAIL: gcc.dg/fixed-point/keywords-pedantic.c  (test for warnings, line 9)
FAIL: gcc.dg/fixed-point/keywords-pedantic.c (test for excess errors)
FAIL: gcc.dg/fixed-point/operator-logical.c (test for excess errors)
UNRESOLVED: gcc.dg/fixed-point/operator-logical.c compilation failed to produce executable
FAIL: gcc.dg/fixed-point/operator-unary.c (test for excess errors)
UNRESOLVED: gcc.dg/fixed-point/operator-unary.c compilation failed to produce executable
FAIL: gcc.dg/format/c90-printf-1.c   -DWIDE  %n with NULL (test for warnings, line 242)
FAIL: gcc.dg/format/c90-printf-1.c   -DWIDE  %n with const (test for warnings, line 240)
FAIL: gcc.dg/format/c90-printf-1.c   -DWIDE  %s with NULL (test for warnings, line 243)
FAIL: gcc.dg/format/c90-printf-1.c   -DWIDE  (test for excess errors)
FAIL: gcc.dg/format/c90-printf-1.c   -DWIDE  0 flag ignored with - flag (test for warnings, line 174)
FAIL: gcc.dg/format/c90-printf-1.c   -DWIDE  0 flag ignored with - flag (test for warnings, line 175)
FAIL: gcc.dg/format/c90-printf-1.c   -DWIDE  0 flag ignored with - flag (test for warnings, line 176)
FAIL: gcc.dg/format/c90-printf-1.c   -DWIDE  0 flag ignored with - flag (test for warnings, line 177)
FAIL: gcc.dg/format/c90-printf-1.c   -DWIDE  0 flag ignored with - flag (test for warnings, line 178)
FAIL: gcc.dg/format/c90-printf-1.c   -DWIDE  0 flag ignored with - flag (test for warnings, line 179)
FAIL: gcc.dg/format/c90-printf-1.c   -DWIDE  0 flag ignored with - flag (test for warnings, line 180)
FAIL: gcc.dg/format/c90-printf-1.c   -DWIDE  0 flag ignored with - flag (test for warnings, line 181)
FAIL: gcc.dg/format/c90-printf-1.c   -DWIDE  0 flag ignored with - flag (test for warnings, line 182)
FAIL: gcc.dg/format/c90-printf-1.c   -DWIDE  0 flag ignored with - flag (test for warnings, line 183)
FAIL: gcc.dg/format/c90-printf-1.c   -DWIDE  0 flag ignored with - flag (test for warnings, line 184)
FAIL: gcc.dg/format/c90-printf-1.c   -DWIDE  0 flag ignored with precision (test for warnings, line 166)
FAIL: gcc.dg/format/c90-printf-1.c   -DWIDE  0 flag ignored with precision (test for warnings, line 167)
FAIL: gcc.dg/format/c90-printf-1.c   -DWIDE  0 flag ignored with precision (test for warnings, line 168)
FAIL: gcc.dg/format/c90-printf-1.c   -DWIDE  0 flag ignored with precision (test for warnings, line 169)
FAIL: gcc.dg/format/c90-printf-1.c   -DWIDE  0 flag ignored with precision (test for warnings, line 170)
FAIL: gcc.dg/format/c90-printf-1.c   -DWIDE  0 flag ignored with precision (test for warnings, line 171)
FAIL: gcc.dg/format/c90-printf-1.c   -DWIDE  C90 bad use of %l (test for warnings, line 100)
FAIL: gcc.dg/format/c90-printf-1.c   -DWIDE  C90 bad use of %l (test for warnings, line 99)
FAIL: gcc.dg/format/c90-printf-1.c   -DWIDE  bad * argument types (test for warnings, line 187)
FAIL: gcc.dg/format/c90-printf-1.c   -DWIDE  bad * argument types (test for warnings, line 188)
FAIL: gcc.dg/format/c90-printf-1.c   -DWIDE  bad argument types (test for warnings, line 186)
FAIL: gcc.dg/format/c90-printf-1.c   -DWIDE  bad argument types (test for warnings, line 189)
FAIL: gcc.dg/format/c90-printf-1.c   -DWIDE  bad argument types (test for warnings, line 190)
FAIL: gcc.dg/format/c90-printf-1.c   -DWIDE  bad argument types (test for warnings, line 191)
FAIL: gcc.dg/format/c90-printf-1.c   -DWIDE  bad argument types (test for warnings, line 192)
FAIL: gcc.dg/format/c90-printf-1.c   -DWIDE  bad argument types (test for warnings, line 206)
FAIL: gcc.dg/format/c90-printf-1.c   -DWIDE  bad argument types (test for warnings, line 207)
FAIL: gcc.dg/format/c90-printf-1.c   -DWIDE  bad argument types (test for warnings, line 208)
FAIL: gcc.dg/format/c90-printf-1.c   -DWIDE  bad argument types (test for warnings, line 217)
FAIL: gcc.dg/format/c90-printf-1.c   -DWIDE  bad use of # flag (test for warnings, line 151)
FAIL: gcc.dg/format/c90-printf-1.c   -DWIDE  bad use of # flag (test for warnings, line 152)
FAIL: gcc.dg/format/c90-printf-1.c   -DWIDE  bad use of # flag (test for warnings, line 153)
FAIL: gcc.dg/format/c90-printf-1.c   -DWIDE  bad use of # flag (test for warnings, line 154)
FAIL: gcc.dg/format/c90-printf-1.c   -DWIDE  bad use of # flag (test for warnings, line 155)
FAIL: gcc.dg/format/c90-printf-1.c   -DWIDE  bad use of # flag (test for warnings, line 156)
FAIL: gcc.dg/format/c90-printf-1.c   -DWIDE  bad use of # flag (test for warnings, line 157)
FAIL: gcc.dg/format/c90-printf-1.c   -DWIDE  bad use of %-n (test for warnings, line 124)
FAIL: gcc.dg/format/c90-printf-1.c   -DWIDE  bad use of %L (test for warnings, line 108)
FAIL: gcc.dg/format/c90-printf-1.c   -DWIDE  bad use of %L (test for warnings, line 109)
FAIL: gcc.dg/format/c90-printf-1.c   -DWIDE  bad use of %L (test for warnings, line 110)
FAIL: gcc.dg/format/c90-printf-1.c   -DWIDE  bad use of %L (test for warnings, line 111)
FAIL: gcc.dg/format/c90-printf-1.c   -DWIDE  bad use of %L (test for warnings, line 112)
FAIL: gcc.dg/format/c90-printf-1.c   -DWIDE  bad use of %L (test for warnings, line 113)
FAIL: gcc.dg/format/c90-printf-1.c   -DWIDE  bad use of %L (test for warnings, line 114)
FAIL: gcc.dg/format/c90-printf-1.c   -DWIDE  bad use of %L (test for warnings, line 115)
FAIL: gcc.dg/format/c90-printf-1.c   -DWIDE  bad use of %L (test for warnings, line 116)
FAIL: gcc.dg/format/c90-printf-1.c   -DWIDE  bad use of %L (test for warnings, line 117)
FAIL: gcc.dg/format/c90-printf-1.c   -DWIDE  bad use of %h (test for warnings, line 77)
FAIL: gcc.dg/format/c90-printf-1.c   -DWIDE  bad use of %h (test for warnings, line 78)
FAIL: gcc.dg/format/c90-printf-1.c   -DWIDE  bad use of %h (test for warnings, line 79)
FAIL: gcc.dg/format/c90-printf-1.c   -DWIDE  bad use of %h (test for warnings, line 80)
FAIL: gcc.dg/format/c90-printf-1.c   -DWIDE  bad use of %h (test for warnings, line 81)
FAIL: gcc.dg/format/c90-printf-1.c   -DWIDE  bad use of %h (test for warnings, line 82)
FAIL: gcc.dg/format/c90-printf-1.c   -DWIDE  bad use of %h (test for warnings, line 83)
FAIL: gcc.dg/format/c90-printf-1.c   -DWIDE  bad use of %h (test for warnings, line 84)
FAIL: gcc.dg/format/c90-printf-1.c   -DWIDE  bad use of %l (test for warnings, line 89)
FAIL: gcc.dg/format/c90-printf-1.c   -DWIDE  bad use of %l (test for warnings, line 90)
FAIL: gcc.dg/format/c90-printf-1.c   -DWIDE  bad use of %l (test for warnings, line 91)
FAIL: gcc.dg/format/c90-printf-1.c   -DWIDE  bad use of %l (test for warnings, line 92)
FAIL: gcc.dg/format/c90-printf-1.c   -DWIDE  bad use of %l (test for warnings, line 93)
FAIL: gcc.dg/format/c90-printf-1.c   -DWIDE  bad use of %l (test for warnings, line 94)
FAIL: gcc.dg/format/c90-printf-1.c   -DWIDE  bad use of + flag (test for warnings, line 127)
FAIL: gcc.dg/format/c90-printf-1.c   -DWIDE  bad use of + flag (test for warnings, line 128)
FAIL: gcc.dg/format/c90-printf-1.c   -DWIDE  bad use of + flag (test for warnings, line 129)
FAIL: gcc.dg/format/c90-printf-1.c   -DWIDE  bad use of + flag (test for warnings, line 130)
FAIL: gcc.dg/format/c90-printf-1.c   -DWIDE  bad use of + flag (test for warnings, line 131)
FAIL: gcc.dg/format/c90-printf-1.c   -DWIDE  bad use of + flag (test for warnings, line 132)
FAIL: gcc.dg/format/c90-printf-1.c   -DWIDE  bad use of + flag (test for warnings, line 133)
FAIL: gcc.dg/format/c90-printf-1.c   -DWIDE  bad use of + flag (test for warnings, line 134)
FAIL: gcc.dg/format/c90-printf-1.c   -DWIDE  bad use of 0 flag (test for warnings, line 161)
FAIL: gcc.dg/format/c90-printf-1.c   -DWIDE  bad use of 0 flag (test for warnings, line 162)
FAIL: gcc.dg/format/c90-printf-1.c   -DWIDE  bad use of 0 flag (test for warnings, line 163)
FAIL: gcc.dg/format/c90-printf-1.c   -DWIDE  bad use of 0 flag (test for warnings, line 164)
FAIL: gcc.dg/format/c90-printf-1.c   -DWIDE  bad use of space flag (test for warnings, line 141)
FAIL: gcc.dg/format/c90-printf-1.c   -DWIDE  bad use of space flag (test for warnings, line 142)
FAIL: gcc.dg/format/c90-printf-1.c   -DWIDE  bad use of space flag (test for warnings, line 143)
FAIL: gcc.dg/format/c90-printf-1.c   -DWIDE  bad use of space flag (test for warnings, line 144)
FAIL: gcc.dg/format/c90-printf-1.c   -DWIDE  bad use of space flag (test for warnings, line 145)
FAIL: gcc.dg/format/c90-printf-1.c   -DWIDE  bad use of space flag (test for warnings, line 146)
FAIL: gcc.dg/format/c90-printf-1.c   -DWIDE  bad use of space flag (test for warnings, line 147)
FAIL: gcc.dg/format/c90-printf-1.c   -DWIDE  bad use of space flag (test for warnings, line 148)
FAIL: gcc.dg/format/c90-printf-1.c   -DWIDE  bare %h (test for warnings, line 85)
FAIL: gcc.dg/format/c90-printf-1.c   -DWIDE  bogus %% (test for warnings, line 56)
FAIL: gcc.dg/format/c90-printf-1.c   -DWIDE  bogus %% (test for warnings, line 58)
FAIL: gcc.dg/format/c90-printf-1.c   -DWIDE  bogus %% (test for warnings, line 60)
FAIL: gcc.dg/format/c90-printf-1.c   -DWIDE  bogus %% (test for warnings, line 60)
FAIL: gcc.dg/format/c90-printf-1.c   -DWIDE  bogus %% (test for warnings, line 62)
FAIL: gcc.dg/format/c90-printf-1.c   -DWIDE  bogus %% (test for warnings, line 62)
FAIL: gcc.dg/format/c90-printf-1.c   -DWIDE  bogus %% (test for warnings, line 64)
FAIL: gcc.dg/format/c90-printf-1.c   -DWIDE  bogus %% (test for warnings, line 64)
FAIL: gcc.dg/format/c90-printf-1.c   -DWIDE  bogus %h. (test for warnings, line 86)
FAIL: gcc.dg/format/c90-printf-1.c   -DWIDE  broken %.-*d format (test for warnings, line 46)
FAIL: gcc.dg/format/c90-printf-1.c   -DWIDE  missing type (test for warnings, line 56)
FAIL: gcc.dg/format/c90-printf-1.c   -DWIDE  missing type (test for warnings, line 58)
FAIL: gcc.dg/format/c90-printf-1.c   -DWIDE  negative precision warning (test for warnings, line 44)
FAIL: gcc.dg/format/c90-printf-1.c   -DWIDE  null format string warning (test for warnings, line 237)
FAIL: gcc.dg/format/c90-printf-1.c   -DWIDE  precision with %c (test for warnings, line 48)
FAIL: gcc.dg/format/c90-printf-1.c   -DWIDE  precision with %n (test for warnings, line 50)
FAIL: gcc.dg/format/c90-printf-1.c   -DWIDE  precision with %p (test for warnings, line 49)
FAIL: gcc.dg/format/c90-printf-1.c   -DWIDE  repeated flag warning (test for warnings, line 239)
FAIL: gcc.dg/format/c90-printf-1.c   -DWIDE  too many arguments (test for warnings, line 44)
FAIL: gcc.dg/format/c90-printf-1.c   -DWIDE  too many arguments (test for warnings, line 46)
FAIL: gcc.dg/format/c90-printf-1.c   -DWIDE  trailing % warning (test for warnings, line 238)
FAIL: gcc.dg/format/c90-printf-1.c   -DWIDE  use of space and + flags (test for warnings, line 138)
FAIL: gcc.dg/format/c90-printf-1.c   -DWIDE  use of space and + flags (test for warnings, line 139)
FAIL: gcc.dg/format/c90-printf-1.c   -DWIDE  warning for embedded NUL (test for warnings, line 234)
FAIL: gcc.dg/format/c90-printf-1.c   -DWIDE  warning for embedded NUL (test for warnings, line 235)
FAIL: gcc.dg/format/c90-printf-1.c   -DWIDE  warning for embedded NUL (test for warnings, line 236)
FAIL: gcc.dg/format/c90-printf-1.c   -DWIDE  warning for empty format (test for warnings, line 233)
FAIL: gcc.dg/format/c90-printf-1.c   -DWIDE  wide string (test for warnings, line 241)
FAIL: gcc.dg/format/c90-printf-1.c   -DWIDE  width with %n (test for warnings, line 246)
FAIL: gcc.dg/format/c90-printf-1.c   -DWIDE  width with %n (test for warnings, line 247)
FAIL: gcc.dg/format/c90-printf-1.c   -DWIDE  width with %n (test for warnings, line 37)
FAIL: gcc.dg/format/c90-printf-1.c   -DWIDE  wrong number of args (test for warnings, line 230)
FAIL: gcc.dg/format/c90-printf-1.c   -DWIDE  wrong number of args (test for warnings, line 231)
FAIL: gcc.dg/format/c90-printf-2.c    %A in C90 (test for warnings, line 23)
FAIL: gcc.dg/format/c90-printf-2.c    %F in C90 (test for warnings, line 21)
FAIL: gcc.dg/format/c90-printf-2.c    %a in C90 (test for warnings, line 22)
FAIL: gcc.dg/format/c90-printf-2.c    %hh in C90 (test for warnings, line 15)
FAIL: gcc.dg/format/c90-printf-2.c    %j in C90 (test for warnings, line 17)
FAIL: gcc.dg/format/c90-printf-2.c    %ll in C90 (test for warnings, line 16)
FAIL: gcc.dg/format/c90-printf-2.c    %t in C90 (test for warnings, line 19)
FAIL: gcc.dg/format/c90-printf-2.c    %z in C90 (test for warnings, line 18)
FAIL: gcc.dg/format/c90-printf-2.c    (test for excess errors)
FAIL: gcc.dg/format/c90-printf-2.c   -DWIDE  %A in C90 (test for warnings, line 23)
FAIL: gcc.dg/format/c90-printf-2.c   -DWIDE  %F in C90 (test for warnings, line 21)
FAIL: gcc.dg/format/c90-printf-2.c   -DWIDE  %a in C90 (test for warnings, line 22)
FAIL: gcc.dg/format/c90-printf-2.c   -DWIDE  %hh in C90 (test for warnings, line 15)
FAIL: gcc.dg/format/c90-printf-2.c   -DWIDE  %j in C90 (test for warnings, line 17)
FAIL: gcc.dg/format/c90-printf-2.c   -DWIDE  %ll in C90 (test for warnings, line 16)
FAIL: gcc.dg/format/c90-printf-2.c   -DWIDE  %t in C90 (test for warnings, line 19)
FAIL: gcc.dg/format/c90-printf-2.c   -DWIDE  %z in C90 (test for warnings, line 18)
FAIL: gcc.dg/format/c90-printf-2.c   -DWIDE  (test for excess errors)
FAIL: gcc.dg/format/c99-strftime-1.c    (test for excess errors)
FAIL: gcc.dg/format/c99-strftime-1.c    2-digit year (test for warnings, line 16)
FAIL: gcc.dg/format/c99-strftime-1.c    2-digit year (test for warnings, line 17)
FAIL: gcc.dg/format/c99-strftime-1.c    2-digit year (test for warnings, line 18)
FAIL: gcc.dg/format/c99-strftime-1.c    2-digit year (test for warnings, line 19)
FAIL: gcc.dg/format/c99-strftime-1.c    2-digit year (test for warnings, line 21)
FAIL: gcc.dg/format/c99-strftime-1.c    2-digit year (test for warnings, line 22)
FAIL: gcc.dg/format/c99-strftime-1.c    2-digit year (test for warnings, line 23)
FAIL: gcc.dg/format/c99-strftime-1.c    2-digit year (test for warnings, line 24)
FAIL: gcc.dg/format/c99-strftime-1.c    2-digit year (test for warnings, line 28)
FAIL: gcc.dg/format/c99-strftime-1.c    2-digit year (test for warnings, line 31)
FAIL: gcc.dg/format/c99-strftime-1.c    2-digit year (test for warnings, line 33)
FAIL: gcc.dg/format/c99-strftime-1.c    2-digit year (test for warnings, line 41)
FAIL: gcc.dg/format/c99-strftime-1.c    2-digit year (test for warnings, line 45)
FAIL: gcc.dg/format/c99-strftime-1.c    2-digit year (test for warnings, line 73)
FAIL: gcc.dg/format/c99-strftime-1.c    2-digit year (test for warnings, line 76)
FAIL: gcc.dg/format/c99-strftime-1.c    2-digit year (test for warnings, line 79)
FAIL: gcc.dg/format/c99-strftime-1.c    2-digit year (test for warnings, line 90)
FAIL: gcc.dg/format/c99-strftime-1.c    bad %E% (test for warnings, line 68)
FAIL: gcc.dg/format/c99-strftime-1.c    bad %EA (test for warnings, line 37)
FAIL: gcc.dg/format/c99-strftime-1.c    bad %EB (test for warnings, line 39)
FAIL: gcc.dg/format/c99-strftime-1.c    bad %ED (test for warnings, line 41)
FAIL: gcc.dg/format/c99-strftime-1.c    bad %EF (test for warnings, line 44)
FAIL: gcc.dg/format/c99-strftime-1.c    bad %EG (test for warnings, line 47)
FAIL: gcc.dg/format/c99-strftime-1.c    bad %EH (test for warnings, line 49)
FAIL: gcc.dg/format/c99-strftime-1.c    bad %EI (test for warnings, line 50)
FAIL: gcc.dg/format/c99-strftime-1.c    bad %EM (test for warnings, line 53)
FAIL: gcc.dg/format/c99-strftime-1.c    bad %ER (test for warnings, line 57)
FAIL: gcc.dg/format/c99-strftime-1.c    bad %ES (test for warnings, line 58)
FAIL: gcc.dg/format/c99-strftime-1.c    bad %ET (test for warnings, line 60)
FAIL: gcc.dg/format/c99-strftime-1.c    bad %EU (test for warnings, line 62)
FAIL: gcc.dg/format/c99-strftime-1.c    bad %EV (test for warnings, line 63)
FAIL: gcc.dg/format/c99-strftime-1.c    bad %EW (test for warnings, line 65)
FAIL: gcc.dg/format/c99-strftime-1.c    bad %EZ (test for warnings, line 67)
FAIL: gcc.dg/format/c99-strftime-1.c    bad %Ea (test for warnings, line 36)
FAIL: gcc.dg/format/c99-strftime-1.c    bad %Eb (test for warnings, line 38)
FAIL: gcc.dg/format/c99-strftime-1.c    bad %Ed (test for warnings, line 40)
FAIL: gcc.dg/format/c99-strftime-1.c    bad %Ee (test for warnings, line 43)
FAIL: gcc.dg/format/c99-strftime-1.c    bad %Eg (test for warnings, line 45)
FAIL: gcc.dg/format/c99-strftime-1.c    bad %Eh (test for warnings, line 48)
FAIL: gcc.dg/format/c99-strftime-1.c    bad %Ej (test for warnings, line 51)
FAIL: gcc.dg/format/c99-strftime-1.c    bad %Em (test for warnings, line 52)
FAIL: gcc.dg/format/c99-strftime-1.c    bad %En (test for warnings, line 54)
FAIL: gcc.dg/format/c99-strftime-1.c    bad %Ep (test for warnings, line 55)
FAIL: gcc.dg/format/c99-strftime-1.c    bad %Er (test for warnings, line 56)
FAIL: gcc.dg/format/c99-strftime-1.c    bad %Et (test for warnings, line 59)
FAIL: gcc.dg/format/c99-strftime-1.c    bad %Eu (test for warnings, line 61)
FAIL: gcc.dg/format/c99-strftime-1.c    bad %Ew (test for warnings, line 64)
FAIL: gcc.dg/format/c99-strftime-1.c    bad %Ez (test for warnings, line 66)
FAIL: gcc.dg/format/c99-strftime-1.c    bad %O% (test for warnings, line 96)
FAIL: gcc.dg/format/c99-strftime-1.c    bad %OA (test for warnings, line 70)
FAIL: gcc.dg/format/c99-strftime-1.c    bad %OB (test for warnings, line 72)
FAIL: gcc.dg/format/c99-strftime-1.c    bad %OC (test for warnings, line 75)
FAIL: gcc.dg/format/c99-strftime-1.c    bad %OD (test for warnings, line 76)
FAIL: gcc.dg/format/c99-strftime-1.c    bad %OF (test for warnings, line 78)
FAIL: gcc.dg/format/c99-strftime-1.c    bad %OG (test for warnings, line 81)
FAIL: gcc.dg/format/c99-strftime-1.c    bad %OR (test for warnings, line 87)
FAIL: gcc.dg/format/c99-strftime-1.c    bad %OT (test for warnings, line 89)
FAIL: gcc.dg/format/c99-strftime-1.c    bad %OX (test for warnings, line 92)
FAIL: gcc.dg/format/c99-strftime-1.c    bad %OY (test for warnings, line 93)
FAIL: gcc.dg/format/c99-strftime-1.c    bad %OZ (test for warnings, line 95)
FAIL: gcc.dg/format/c99-strftime-1.c    bad %Oa (test for warnings, line 69)
FAIL: gcc.dg/format/c99-strftime-1.c    bad %Ob (test for warnings, line 71)
FAIL: gcc.dg/format/c99-strftime-1.c    bad %Oc (test for warnings, line 73)
FAIL: gcc.dg/format/c99-strftime-1.c    bad %Og (test for warnings, line 79)
FAIL: gcc.dg/format/c99-strftime-1.c    bad %Oh (test for warnings, line 82)
FAIL: gcc.dg/format/c99-strftime-1.c    bad %Oj (test for warnings, line 83)
FAIL: gcc.dg/format/c99-strftime-1.c    bad %On (test for warnings, line 84)
FAIL: gcc.dg/format/c99-strftime-1.c    bad %Op (test for warnings, line 85)
FAIL: gcc.dg/format/c99-strftime-1.c    bad %Or (test for warnings, line 86)
FAIL: gcc.dg/format/c99-strftime-1.c    bad %Ot (test for warnings, line 88)
FAIL: gcc.dg/format/c99-strftime-1.c    bad %Ox (test for warnings, line 90)
FAIL: gcc.dg/format/c99-strftime-1.c    bad %Oz (test for warnings, line 94)
FAIL: gcc.dg/format/c99-strftime-1.c    multiple %E/%O (test for warnings, line 30)
FAIL: gcc.dg/format/c99-strftime-1.c    multiple %E/%O (test for warnings, line 31)
FAIL: gcc.dg/format/c99-strftime-1.c    multiple %E/%O (test for warnings, line 33)
FAIL: gcc.dg/format/c99-strftime-1.c    multiple %E/%O (test for warnings, line 35)
FAIL: gcc.dg/format/c99-strftime-1.c   -DWIDE  (test for excess errors)
FAIL: gcc.dg/format/c99-strftime-1.c   -DWIDE  2-digit year (test for warnings, line 16)
FAIL: gcc.dg/format/c99-strftime-1.c   -DWIDE  2-digit year (test for warnings, line 17)
FAIL: gcc.dg/format/c99-strftime-1.c   -DWIDE  2-digit year (test for warnings, line 18)
FAIL: gcc.dg/format/c99-strftime-1.c   -DWIDE  2-digit year (test for warnings, line 19)
FAIL: gcc.dg/format/c99-strftime-1.c   -DWIDE  2-digit year (test for warnings, line 21)
FAIL: gcc.dg/format/c99-strftime-1.c   -DWIDE  2-digit year (test for warnings, line 22)
FAIL: gcc.dg/format/c99-strftime-1.c   -DWIDE  2-digit year (test for warnings, line 23)
FAIL: gcc.dg/format/c99-strftime-1.c   -DWIDE  2-digit year (test for warnings, line 24)
FAIL: gcc.dg/format/c99-strftime-1.c   -DWIDE  2-digit year (test for warnings, line 28)
FAIL: gcc.dg/format/c99-strftime-1.c   -DWIDE  2-digit year (test for warnings, line 31)
FAIL: gcc.dg/format/c99-strftime-1.c   -DWIDE  2-digit year (test for warnings, line 33)
FAIL: gcc.dg/format/c99-strftime-1.c   -DWIDE  2-digit year (test for warnings, line 41)
FAIL: gcc.dg/format/c99-strftime-1.c   -DWIDE  2-digit year (test for warnings, line 45)
FAIL: gcc.dg/format/c99-strftime-1.c   -DWIDE  2-digit year (test for warnings, line 73)
FAIL: gcc.dg/format/c99-strftime-1.c   -DWIDE  2-digit year (test for warnings, line 76)
FAIL: gcc.dg/format/c99-strftime-1.c   -DWIDE  2-digit year (test for warnings, line 79)
FAIL: gcc.dg/format/c99-strftime-1.c   -DWIDE  2-digit year (test for warnings, line 90)
FAIL: gcc.dg/format/c99-strftime-1.c   -DWIDE  bad %E% (test for warnings, line 68)
FAIL: gcc.dg/format/c99-strftime-1.c   -DWIDE  bad %EA (test for warnings, line 37)
FAIL: gcc.dg/format/c99-strftime-1.c   -DWIDE  bad %EB (test for warnings, line 39)
FAIL: gcc.dg/format/c99-strftime-1.c   -DWIDE  bad %ED (test for warnings, line 41)
FAIL: gcc.dg/format/c99-strftime-1.c   -DWIDE  bad %EF (test for warnings, line 44)
FAIL: gcc.dg/format/c99-strftime-1.c   -DWIDE  bad %EG (test for warnings, line 47)
FAIL: gcc.dg/format/c99-strftime-1.c   -DWIDE  bad %EH (test for warnings, line 49)
FAIL: gcc.dg/format/c99-strftime-1.c   -DWIDE  bad %EI (test for warnings, line 50)
FAIL: gcc.dg/format/c99-strftime-1.c   -DWIDE  bad %EM (test for warnings, line 53)
FAIL: gcc.dg/format/c99-strftime-1.c   -DWIDE  bad %ER (test for warnings, line 57)
FAIL: gcc.dg/format/c99-strftime-1.c   -DWIDE  bad %ES (test for warnings, line 58)
FAIL: gcc.dg/format/c99-strftime-1.c   -DWIDE  bad %ET (test for warnings, line 60)
FAIL: gcc.dg/format/c99-strftime-1.c   -DWIDE  bad %EU (test for warnings, line 62)
FAIL: gcc.dg/format/c99-strftime-1.c   -DWIDE  bad %EV (test for warnings, line 63)
FAIL: gcc.dg/format/c99-strftime-1.c   -DWIDE  bad %EW (test for warnings, line 65)
FAIL: gcc.dg/format/c99-strftime-1.c   -DWIDE  bad %EZ (test for warnings, line 67)
FAIL: gcc.dg/format/c99-strftime-1.c   -DWIDE  bad %Ea (test for warnings, line 36)
FAIL: gcc.dg/format/c99-strftime-1.c   -DWIDE  bad %Eb (test for warnings, line 38)
FAIL: gcc.dg/format/c99-strftime-1.c   -DWIDE  bad %Ed (test for warnings, line 40)
FAIL: gcc.dg/format/c99-strftime-1.c   -DWIDE  bad %Ee (test for warnings, line 43)
FAIL: gcc.dg/format/c99-strftime-1.c   -DWIDE  bad %Eg (test for warnings, line 45)
FAIL: gcc.dg/format/c99-strftime-1.c   -DWIDE  bad %Eh (test for warnings, line 48)
FAIL: gcc.dg/format/c99-strftime-1.c   -DWIDE  bad %Ej (test for warnings, line 51)
FAIL: gcc.dg/format/c99-strftime-1.c   -DWIDE  bad %Em (test for warnings, line 52)
FAIL: gcc.dg/format/c99-strftime-1.c   -DWIDE  bad %En (test for warnings, line 54)
FAIL: gcc.dg/format/c99-strftime-1.c   -DWIDE  bad %Ep (test for warnings, line 55)
FAIL: gcc.dg/format/c99-strftime-1.c   -DWIDE  bad %Er (test for warnings, line 56)
FAIL: gcc.dg/format/c99-strftime-1.c   -DWIDE  bad %Et (test for warnings, line 59)
FAIL: gcc.dg/format/c99-strftime-1.c   -DWIDE  bad %Eu (test for warnings, line 61)
FAIL: gcc.dg/format/c99-strftime-1.c   -DWIDE  bad %Ew (test for warnings, line 64)
FAIL: gcc.dg/format/c99-strftime-1.c   -DWIDE  bad %Ez (test for warnings, line 66)
FAIL: gcc.dg/format/c99-strftime-1.c   -DWIDE  bad %O% (test for warnings, line 96)
FAIL: gcc.dg/format/c99-strftime-1.c   -DWIDE  bad %OA (test for warnings, line 70)
FAIL: gcc.dg/format/c99-strftime-1.c   -DWIDE  bad %OB (test for warnings, line 72)
FAIL: gcc.dg/format/c99-strftime-1.c   -DWIDE  bad %OC (test for warnings, line 75)
FAIL: gcc.dg/format/c99-strftime-1.c   -DWIDE  bad %OD (test for warnings, line 76)
FAIL: gcc.dg/format/c99-strftime-1.c   -DWIDE  bad %OF (test for warnings, line 78)
FAIL: gcc.dg/format/c99-strftime-1.c   -DWIDE  bad %OG (test for warnings, line 81)
FAIL: gcc.dg/format/c99-strftime-1.c   -DWIDE  bad %OR (test for warnings, line 87)
FAIL: gcc.dg/format/c99-strftime-1.c   -DWIDE  bad %OT (test for warnings, line 89)
FAIL: gcc.dg/format/c99-strftime-1.c   -DWIDE  bad %OX (test for warnings, line 92)
FAIL: gcc.dg/format/c99-strftime-1.c   -DWIDE  bad %OY (test for warnings, line 93)
FAIL: gcc.dg/format/c99-strftime-1.c   -DWIDE  bad %OZ (test for warnings, line 95)
FAIL: gcc.dg/format/c99-strftime-1.c   -DWIDE  bad %Oa (test for warnings, line 69)
FAIL: gcc.dg/format/c99-strftime-1.c   -DWIDE  bad %Ob (test for warnings, line 71)
FAIL: gcc.dg/format/c99-strftime-1.c   -DWIDE  bad %Oc (test for warnings, line 73)
FAIL: gcc.dg/format/c99-strftime-1.c   -DWIDE  bad %Og (test for warnings, line 79)
FAIL: gcc.dg/format/c99-strftime-1.c   -DWIDE  bad %Oh (test for warnings, line 82)
FAIL: gcc.dg/format/c99-strftime-1.c   -DWIDE  bad %Oj (test for warnings, line 83)
FAIL: gcc.dg/format/c99-strftime-1.c   -DWIDE  bad %On (test for warnings, line 84)
FAIL: gcc.dg/format/c99-strftime-1.c   -DWIDE  bad %Op (test for warnings, line 85)
FAIL: gcc.dg/format/c99-strftime-1.c   -DWIDE  bad %Or (test for warnings, line 86)
FAIL: gcc.dg/format/c99-strftime-1.c   -DWIDE  bad %Ot (test for warnings, line 88)
FAIL: gcc.dg/format/c99-strftime-1.c   -DWIDE  bad %Ox (test for warnings, line 90)
FAIL: gcc.dg/format/c99-strftime-1.c   -DWIDE  bad %Oz (test for warnings, line 94)
FAIL: gcc.dg/format/c99-strftime-1.c   -DWIDE  multiple %E/%O (test for warnings, line 30)
FAIL: gcc.dg/format/c99-strftime-1.c   -DWIDE  multiple %E/%O (test for warnings, line 31)
FAIL: gcc.dg/format/c99-strftime-1.c   -DWIDE  multiple %E/%O (test for warnings, line 33)
FAIL: gcc.dg/format/c99-strftime-1.c   -DWIDE  multiple %E/%O (test for warnings, line 35)
FAIL: gcc.dg/format/c99-strftime-2.c    (test for excess errors)
FAIL: gcc.dg/format/c99-strftime-2.c    strftime %P (test for warnings, line 12)
FAIL: gcc.dg/format/c99-strftime-2.c    strftime %k (test for warnings, line 14)
FAIL: gcc.dg/format/c99-strftime-2.c    strftime %l (test for warnings, line 16)
FAIL: gcc.dg/format/c99-strftime-2.c    strftime %s (test for warnings, line 18)
FAIL: gcc.dg/format/c99-strftime-2.c    strftime flags (test for warnings, line 22)
FAIL: gcc.dg/format/c99-strftime-2.c    strftime width (test for warnings, line 21)
FAIL: gcc.dg/format/c99-strftime-2.c   -DWIDE  (test for excess errors)
FAIL: gcc.dg/format/c99-strftime-2.c   -DWIDE  strftime %P (test for warnings, line 12)
FAIL: gcc.dg/format/c99-strftime-2.c   -DWIDE  strftime %k (test for warnings, line 14)
FAIL: gcc.dg/format/c99-strftime-2.c   -DWIDE  strftime %l (test for warnings, line 16)
FAIL: gcc.dg/format/c99-strftime-2.c   -DWIDE  strftime %s (test for warnings, line 18)
FAIL: gcc.dg/format/c99-strftime-2.c   -DWIDE  strftime flags (test for warnings, line 22)
FAIL: gcc.dg/format/c99-strftime-2.c   -DWIDE  strftime width (test for warnings, line 21)
FAIL: gcc.dg/format/cast-1.c     (test for warnings, line 13)
FAIL: gcc.dg/format/cast-1.c     (test for warnings, line 14)
FAIL: gcc.dg/format/cast-1.c     (test for warnings, line 15)
FAIL: gcc.dg/format/cast-1.c    (test for excess errors)
FAIL: gcc.dg/format/cast-1.c   -DWIDE   (test for warnings, line 13)
FAIL: gcc.dg/format/cast-1.c   -DWIDE   (test for warnings, line 14)
FAIL: gcc.dg/format/cast-1.c   -DWIDE   (test for warnings, line 15)
FAIL: gcc.dg/format/cast-1.c   -DWIDE  (test for excess errors)
FAIL: gcc.dg/format/nonlit-1.c    (test for excess errors)
FAIL: gcc.dg/format/opt-4.c    (test for excess errors)
FAIL: gcc.dg/format/opt-4.c    ignored (test for warnings, line )
FAIL: gcc.dg/format/opt-4.c   -DWIDE  (test for excess errors)
FAIL: gcc.dg/format/opt-4.c   -DWIDE  ignored (test for warnings, line )
FAIL: gcc.dg/format/opt-5.c    (test for excess errors)
FAIL: gcc.dg/format/opt-5.c    ignored (test for warnings, line )
FAIL: gcc.dg/format/opt-5.c   -DWIDE  (test for excess errors)
FAIL: gcc.dg/format/opt-5.c   -DWIDE  ignored (test for warnings, line )
FAIL: gcc.dg/format/opt-6.c    (test for excess errors)
FAIL: gcc.dg/format/opt-6.c    ignored (test for warnings, line )
FAIL: gcc.dg/format/opt-6.c   -DWIDE  (test for excess errors)
FAIL: gcc.dg/format/opt-6.c   -DWIDE  ignored (test for warnings, line )
FAIL: gcc.dg/format/pr78498.c    (test for excess errors)
FAIL: c-c++-common/goacc/asyncwait-1.c  (test for errors, line 100)
FAIL: c-c++-common/goacc/asyncwait-1.c  (test for errors, line 106)
FAIL: c-c++-common/goacc/asyncwait-1.c  (test for errors, line 112)
FAIL: c-c++-common/goacc/asyncwait-1.c  (test for errors, line 118)
FAIL: c-c++-common/goacc/asyncwait-1.c  (test for errors, line 12)
FAIL: c-c++-common/goacc/asyncwait-1.c  (test for errors, line 125)
FAIL: c-c++-common/goacc/asyncwait-1.c  (test for errors, line 131)
FAIL: c-c++-common/goacc/asyncwait-1.c  (test for errors, line 137)
FAIL: c-c++-common/goacc/asyncwait-1.c  (test for errors, line 143)
FAIL: c-c++-common/goacc/asyncwait-1.c  (test for errors, line 149)
FAIL: c-c++-common/goacc/asyncwait-1.c  (test for errors, line 161)
FAIL: c-c++-common/goacc/asyncwait-1.c  (test for errors, line 163)
FAIL: c-c++-common/goacc/asyncwait-1.c  (test for errors, line 165)
FAIL: c-c++-common/goacc/asyncwait-1.c  (test for errors, line 167)
FAIL: c-c++-common/goacc/asyncwait-1.c  (test for errors, line 169)
FAIL: c-c++-common/goacc/asyncwait-1.c  (test for errors, line 171)
FAIL: c-c++-common/goacc/asyncwait-1.c  (test for errors, line 173)
FAIL: c-c++-common/goacc/asyncwait-1.c  (test for errors, line 176)
FAIL: c-c++-common/goacc/asyncwait-1.c  (test for errors, line 178)
FAIL: c-c++-common/goacc/asyncwait-1.c  (test for errors, line 18)
FAIL: c-c++-common/goacc/asyncwait-1.c  (test for errors, line 180)
FAIL: c-c++-common/goacc/asyncwait-1.c  (test for errors, line 182)
FAIL: c-c++-common/goacc/asyncwait-1.c  (test for errors, line 184)
FAIL: c-c++-common/goacc/asyncwait-1.c  (test for errors, line 186)
FAIL: c-c++-common/goacc/asyncwait-1.c  (test for errors, line 188)
FAIL: c-c++-common/goacc/asyncwait-1.c  (test for errors, line 190)
FAIL: c-c++-common/goacc/asyncwait-1.c  (test for errors, line 192)
FAIL: c-c++-common/goacc/asyncwait-1.c  (test for errors, line 194)
FAIL: c-c++-common/goacc/asyncwait-1.c  (test for errors, line 196)
FAIL: c-c++-common/goacc/asyncwait-1.c  (test for errors, line 198)
FAIL: c-c++-common/goacc/asyncwait-1.c  (test for errors, line 200)
FAIL: c-c++-common/goacc/asyncwait-1.c  (test for errors, line 202)
FAIL: c-c++-common/goacc/asyncwait-1.c  (test for errors, line 204)
FAIL: c-c++-common/goacc/asyncwait-1.c  (test for errors, line 206)
FAIL: c-c++-common/goacc/asyncwait-1.c  (test for errors, line 210)
FAIL: c-c++-common/goacc/asyncwait-1.c  (test for errors, line 24)
FAIL: c-c++-common/goacc/asyncwait-1.c  (test for errors, line 30)
FAIL: c-c++-common/goacc/asyncwait-1.c  (test for errors, line 36)
FAIL: c-c++-common/goacc/asyncwait-1.c  (test for errors, line 42)
FAIL: c-c++-common/goacc/asyncwait-1.c  (test for errors, line 48)
FAIL: c-c++-common/goacc/asyncwait-1.c  (test for errors, line 54)
FAIL: c-c++-common/goacc/asyncwait-1.c  (test for errors, line 6)
FAIL: c-c++-common/goacc/asyncwait-1.c  (test for errors, line 62)
FAIL: c-c++-common/goacc/asyncwait-1.c  (test for errors, line 70)
FAIL: c-c++-common/goacc/asyncwait-1.c  (test for errors, line 82)
FAIL: c-c++-common/goacc/asyncwait-1.c  (test for errors, line 88)
FAIL: c-c++-common/goacc/asyncwait-1.c  (test for errors, line 94)
FAIL: c-c++-common/goacc/asyncwait-1.c (test for excess errors)
FAIL: c-c++-common/goacc/builtin-goacc-parlevel-id-size-2.c  (test for errors, line 12)
FAIL: c-c++-common/goacc/builtin-goacc-parlevel-id-size-2.c  (test for errors, line 20)
FAIL: c-c++-common/goacc/builtin-goacc-parlevel-id-size-2.c  (test for errors, line 23)
FAIL: c-c++-common/goacc/builtin-goacc-parlevel-id-size-2.c  (test for errors, line 26)
FAIL: c-c++-common/goacc/builtin-goacc-parlevel-id-size-2.c  (test for errors, line 29)
FAIL: c-c++-common/goacc/builtin-goacc-parlevel-id-size-2.c  (test for errors, line 32)
FAIL: c-c++-common/goacc/builtin-goacc-parlevel-id-size-2.c  (test for errors, line 35)
FAIL: c-c++-common/goacc/builtin-goacc-parlevel-id-size-2.c  (test for errors, line 9)
FAIL: c-c++-common/goacc/builtin-goacc-parlevel-id-size-2.c (test for excess errors)
FAIL: c-c++-common/goacc/builtin-goacc-parlevel-id-size.c (test for excess errors)
FAIL: c-c++-common/goacc/if-clause-1.c  (test for errors, line 7)
FAIL: c-c++-common/goacc/if-clause-1.c  (test for errors, line 9)
FAIL: c-c++-common/goacc/if-clause-1.c (test for excess errors)
FAIL: c-c++-common/goacc/kernels-default-2.c (test for excess errors)
UNRESOLVED: c-c++-common/goacc/kernels-default-2.c scan-tree-dump-times gimple "map\\\\(tofrom" 1
FAIL: c-c++-common/goacc/kernels-default.c (test for excess errors)
UNRESOLVED: c-c++-common/goacc/kernels-default.c scan-tree-dump-times gimple "map\\\\(force_tofrom" 1
FAIL: c-c++-common/goacc/kernels-double-reduction-n.c (test for excess errors)
UNRESOLVED: c-c++-common/goacc/kernels-double-reduction-n.c scan-tree-dump-not parloops1 "FAILED:"
UNRESOLVED: c-c++-common/goacc/kernels-double-reduction-n.c scan-tree-dump-times optimized "(?n);; Function .*foo.*._omp_fn.0" 1
UNRESOLVED: c-c++-common/goacc/kernels-double-reduction-n.c scan-tree-dump-times parloops1 "(?n)__attribute__\\\\(\\\\(oacc kernels parallelized, oacc function \\\\(, , \\\\), oacc kernels, omp target entrypoint, noclone, noinline\\\\)\\\\)" 1
UNRESOLVED: c-c++-common/goacc/kernels-double-reduction-n.c scan-tree-dump-times parloops1 "SUCCESS: may be parallelized" 1
UNRESOLVED: c-c++-common/goacc/kernels-double-reduction-n.c scan-tree-dump-times parloops1 "parallelizing outer loop" 1
FAIL: c-c++-common/goacc/kernels-double-reduction.c (test for excess errors)
UNRESOLVED: c-c++-common/goacc/kernels-double-reduction.c scan-tree-dump-not parloops1 "FAILED:"
UNRESOLVED: c-c++-common/goacc/kernels-double-reduction.c scan-tree-dump-times optimized "(?n);; Function .*foo.*._omp_fn.0" 1
UNRESOLVED: c-c++-common/goacc/kernels-double-reduction.c scan-tree-dump-times parloops1 "(?n)__attribute__\\\\(\\\\(oacc kernels parallelized, oacc function \\\\(, , \\\\), oacc kernels, omp target entrypoint, noclone, noinline\\\\)\\\\)" 1
UNRESOLVED: c-c++-common/goacc/kernels-double-reduction.c scan-tree-dump-times parloops1 "SUCCESS: may be parallelized" 1
UNRESOLVED: c-c++-common/goacc/kernels-double-reduction.c scan-tree-dump-times parloops1 "parallelizing outer loop" 1
FAIL: c-c++-common/goacc/kernels-loop-data-enter-exit.c (test for excess errors)
UNRESOLVED: c-c++-common/goacc/kernels-loop-data-enter-exit.c scan-tree-dump-not parloops1 "FAILED:"
UNRESOLVED: c-c++-common/goacc/kernels-loop-data-enter-exit.c scan-tree-dump-times optimized "(?n);; Function .*main._omp_fn.0" 1
UNRESOLVED: c-c++-common/goacc/kernels-loop-data-enter-exit.c scan-tree-dump-times optimized "(?n);; Function .*main._omp_fn.1" 1
UNRESOLVED: c-c++-common/goacc/kernels-loop-data-enter-exit.c scan-tree-dump-times optimized "(?n);; Function .*main._omp_fn.2" 1
UNRESOLVED: c-c++-common/goacc/kernels-loop-data-enter-exit.c scan-tree-dump-times parloops1 "(?n)__attribute__\\\\(\\\\(oacc kernels parallelized, oacc function \\\\(, , \\\\), oacc kernels, omp target entrypoint\\\\)\\\\)" 3
UNRESOLVED: c-c++-common/goacc/kernels-loop-data-enter-exit.c scan-tree-dump-times parloops1 "SUCCESS: may be parallelized" 3
FAIL: c-c++-common/goacc/kernels-loop-data-update.c (test for excess errors)
UNRESOLVED: c-c++-common/goacc/kernels-loop-data-update.c scan-tree-dump-not parloops1 "FAILED:"
UNRESOLVED: c-c++-common/goacc/kernels-loop-data-update.c scan-tree-dump-times optimized "(?n);; Function .*main._omp_fn.0" 1
UNRESOLVED: c-c++-common/goacc/kernels-loop-data-update.c scan-tree-dump-times optimized "(?n);; Function .*main._omp_fn.1" 1
UNRESOLVED: c-c++-common/goacc/kernels-loop-data-update.c scan-tree-dump-times parloops1 "(?n)__attribute__\\\\(\\\\(oacc kernels parallelized, oacc function \\\\(, , \\\\), oacc kernels, omp target entrypoint\\\\)\\\\)" 2
UNRESOLVED: c-c++-common/goacc/kernels-loop-data-update.c scan-tree-dump-times parloops1 "SUCCESS: may be parallelized" 2
FAIL: c-c++-common/goacc/kernels-loop-data.c (test for excess errors)
UNRESOLVED: c-c++-common/goacc/kernels-loop-data.c scan-tree-dump-not parloops1 "FAILED:"
UNRESOLVED: c-c++-common/goacc/kernels-loop-data.c scan-tree-dump-times optimized "(?n);; Function .*main._omp_fn.0" 1
UNRESOLVED: c-c++-common/goacc/kernels-loop-data.c scan-tree-dump-times optimized "(?n);; Function .*main._omp_fn.1" 1
UNRESOLVED: c-c++-common/goacc/kernels-loop-data.c scan-tree-dump-times optimized "(?n);; Function .*main._omp_fn.2" 1
UNRESOLVED: c-c++-common/goacc/kernels-loop-data.c scan-tree-dump-times parloops1 "(?n)__attribute__\\\\(\\\\(oacc kernels parallelized, oacc function \\\\(, , \\\\), oacc kernels, omp target entrypoint\\\\)\\\\)" 3
UNRESOLVED: c-c++-common/goacc/kernels-loop-data.c scan-tree-dump-times parloops1 "SUCCESS: may be parallelized" 3
FAIL: c-c++-common/goacc/kernels-loop-g.c (test for excess errors)
UNRESOLVED: c-c++-common/goacc/kernels-loop-g.c scan-tree-dump-not parloops1 "FAILED:"
UNRESOLVED: c-c++-common/goacc/kernels-loop-g.c scan-tree-dump-times optimized "(?n);; Function .*main._omp_fn.0" 1
UNRESOLVED: c-c++-common/goacc/kernels-loop-g.c scan-tree-dump-times parloops1 "(?n)__attribute__\\\\(\\\\(oacc kernels parallelized, oacc function \\\\(, , \\\\), oacc kernels, omp target entrypoint\\\\)\\\\)" 1
UNRESOLVED: c-c++-common/goacc/kernels-loop-g.c scan-tree-dump-times parloops1 "SUCCESS: may be parallelized" 1
FAIL: c-c++-common/goacc/kernels-loop-mod-not-zero.c (test for excess errors)
UNRESOLVED: c-c++-common/goacc/kernels-loop-mod-not-zero.c scan-tree-dump-not parloops1 "FAILED:"
UNRESOLVED: c-c++-common/goacc/kernels-loop-mod-not-zero.c scan-tree-dump-times optimized "(?n);; Function .*main._omp_fn.0" 1
UNRESOLVED: c-c++-common/goacc/kernels-loop-mod-not-zero.c scan-tree-dump-times parloops1 "(?n)__attribute__\\\\(\\\\(oacc kernels parallelized, oacc function \\\\(, , \\\\), oacc kernels, omp target entrypoint\\\\)\\\\)" 1
UNRESOLVED: c-c++-common/goacc/kernels-loop-mod-not-zero.c scan-tree-dump-times parloops1 "SUCCESS: may be parallelized" 1
FAIL: c-c++-common/goacc/kernels-loop-n.c (test for excess errors)
UNRESOLVED: c-c++-common/goacc/kernels-loop-n.c scan-tree-dump-not parloops1 "FAILED:"
UNRESOLVED: c-c++-common/goacc/kernels-loop-n.c scan-tree-dump-times optimized "(?n);; Function .*foo.*._omp_fn.0" 1
UNRESOLVED: c-c++-common/goacc/kernels-loop-n.c scan-tree-dump-times parloops1 "(?n)__attribute__\\\\(\\\\(oacc kernels parallelized, oacc function \\\\(, , \\\\), oacc kernels, omp target entrypoint\\\\)\\\\)" 1
UNRESOLVED: c-c++-common/goacc/kernels-loop-n.c scan-tree-dump-times parloops1 "SUCCESS: may be parallelized" 1
FAIL: c-c++-common/goacc/kernels-parallel-loop-data-enter-exit.c (test for excess errors)
UNRESOLVED: c-c++-common/goacc/kernels-parallel-loop-data-enter-exit.c scan-tree-dump-not parloops1 "FAILED:"
UNRESOLVED: c-c++-common/goacc/kernels-parallel-loop-data-enter-exit.c scan-tree-dump-times optimized "(?n);; Function .*main._omp_fn.0" 1
UNRESOLVED: c-c++-common/goacc/kernels-parallel-loop-data-enter-exit.c scan-tree-dump-times optimized "(?n);; Function .*main._omp_fn.1" 1
UNRESOLVED: c-c++-common/goacc/kernels-parallel-loop-data-enter-exit.c scan-tree-dump-times optimized "(?n);; Function .*main._omp_fn.2" 1
UNRESOLVED: c-c++-common/goacc/kernels-parallel-loop-data-enter-exit.c scan-tree-dump-times parloops1 "(?n)__attribute__\\\\(\\\\(oacc kernels parallelized, oacc function \\\\(, , \\\\), oacc kernels, omp target entrypoint\\\\)\\\\)" 2
UNRESOLVED: c-c++-common/goacc/kernels-parallel-loop-data-enter-exit.c scan-tree-dump-times parloops1 "SUCCESS: may be parallelized" 2
FAIL: c-c++-common/goacc/kernels-reduction.c (test for excess errors)
UNRESOLVED: c-c++-common/goacc/kernels-reduction.c scan-tree-dump-not parloops1 "FAILED:"
UNRESOLVED: c-c++-common/goacc/kernels-reduction.c scan-tree-dump-times optimized "(?n);; Function .*foo.*._omp_fn.0" 1
UNRESOLVED: c-c++-common/goacc/kernels-reduction.c scan-tree-dump-times parloops1 "(?n)__attribute__\\\\(\\\\(oacc kernels parallelized, oacc function \\\\(, , \\\\), oacc kernels, omp target entrypoint, noclone, noinline\\\\)\\\\)" 1
UNRESOLVED: c-c++-common/goacc/kernels-reduction.c scan-tree-dump-times parloops1 "SUCCESS: may be parallelized" 1
FAIL: c-c++-common/goacc/loop-1.c  (test for errors, line 16)
FAIL: c-c++-common/goacc/loop-1.c  (test for errors, line 18)
FAIL: c-c++-common/goacc/loop-1.c  (test for errors, line 23)
FAIL: c-c++-common/goacc/loop-1.c  (test for errors, line 29)
FAIL: c-c++-common/goacc/loop-1.c  (test for errors, line 34)
FAIL: c-c++-common/goacc/loop-1.c  (test for errors, line 39)
FAIL: c-c++-common/goacc/loop-1.c  (test for errors, line 41)
FAIL: c-c++-common/goacc/loop-1.c  (test for errors, line 44)
FAIL: c-c++-common/goacc/loop-1.c  (test for errors, line 48)
FAIL: c-c++-common/goacc/loop-1.c  (test for errors, line 56)
FAIL: c-c++-common/goacc/loop-1.c  (test for errors, line 9)
FAIL: c-c++-common/goacc/loop-1.c (test for excess errors)
FAIL: c-c++-common/goacc/loop-2-kernels.c  (test for errors, line 106)
FAIL: c-c++-common/goacc/loop-2-kernels.c  (test for errors, line 109)
FAIL: c-c++-common/goacc/loop-2-kernels.c  (test for errors, line 112)
FAIL: c-c++-common/goacc/loop-2-kernels.c  (test for errors, line 115)
FAIL: c-c++-common/goacc/loop-2-kernels.c  (test for errors, line 148)
FAIL: c-c++-common/goacc/loop-2-kernels.c  (test for errors, line 164)
FAIL: c-c++-common/goacc/loop-2-kernels.c  (test for errors, line 177)
FAIL: c-c++-common/goacc/loop-2-kernels.c  (test for errors, line 180)
FAIL: c-c++-common/goacc/loop-2-kernels.c  (test for errors, line 183)
FAIL: c-c++-common/goacc/loop-2-kernels.c  (test for errors, line 186)
FAIL: c-c++-common/goacc/loop-2-kernels.c  (test for errors, line 34)
FAIL: c-c++-common/goacc/loop-2-kernels.c  (test for errors, line 38)
FAIL: c-c++-common/goacc/loop-2-kernels.c  (test for errors, line 57)
FAIL: c-c++-common/goacc/loop-2-kernels.c  (test for errors, line 64)
FAIL: c-c++-common/goacc/loop-2-kernels.c  (test for errors, line 83)
FAIL: c-c++-common/goacc/loop-2-kernels.c  (test for errors, line 93)
FAIL: c-c++-common/goacc/loop-2-kernels.c (test for excess errors)
FAIL: c-c++-common/goacc/loop-2-parallel.c  (test for errors, line 118)
FAIL: c-c++-common/goacc/loop-2-parallel.c  (test for errors, line 126)
FAIL: c-c++-common/goacc/loop-2-parallel.c  (test for errors, line 137)
FAIL: c-c++-common/goacc/loop-2-parallel.c  (test for errors, line 150)
FAIL: c-c++-common/goacc/loop-2-parallel.c  (test for errors, line 153)
FAIL: c-c++-common/goacc/loop-2-parallel.c  (test for errors, line 156)
FAIL: c-c++-common/goacc/loop-2-parallel.c  (test for errors, line 159)
FAIL: c-c++-common/goacc/loop-2-parallel.c  (test for errors, line 28)
FAIL: c-c++-common/goacc/loop-2-parallel.c  (test for errors, line 32)
FAIL: c-c++-common/goacc/loop-2-parallel.c  (test for errors, line 45)
FAIL: c-c++-common/goacc/loop-2-parallel.c  (test for errors, line 48)
FAIL: c-c++-common/goacc/loop-2-parallel.c  (test for errors, line 52)
FAIL: c-c++-common/goacc/loop-2-parallel.c  (test for errors, line 67)
FAIL: c-c++-common/goacc/loop-2-parallel.c  (test for errors, line 70)
FAIL: c-c++-common/goacc/loop-2-parallel.c  (test for errors, line 73)
FAIL: c-c++-common/goacc/loop-2-parallel.c  (test for errors, line 77)
FAIL: c-c++-common/goacc/loop-2-parallel.c  (test for errors, line 90)
FAIL: c-c++-common/goacc/loop-2-parallel.c  (test for errors, line 93)
FAIL: c-c++-common/goacc/loop-2-parallel.c  (test for errors, line 96)
FAIL: c-c++-common/goacc/loop-2-parallel.c  (test for errors, line 99)
FAIL: c-c++-common/goacc/loop-2-parallel.c  (test for warnings, line 19)
FAIL: c-c++-common/goacc/loop-2-parallel.c (test for excess errors)
FAIL: c-c++-common/goacc/loop-2-parallel.c 2 (test for warnings, line 39)
FAIL: c-c++-common/goacc/loop-2-parallel.c 3 (test for warnings, line 64)
FAIL: c-c++-common/goacc/loop-3.c  (test for errors, line 11)
FAIL: c-c++-common/goacc/loop-3.c  (test for errors, line 15)
FAIL: c-c++-common/goacc/loop-3.c  (test for errors, line 19)
FAIL: c-c++-common/goacc/loop-3.c  (test for errors, line 23)
FAIL: c-c++-common/goacc/loop-3.c  (test for errors, line 27)
FAIL: c-c++-common/goacc/loop-3.c  (test for errors, line 38)
FAIL: c-c++-common/goacc/loop-3.c  (test for errors, line 41)
FAIL: c-c++-common/goacc/loop-3.c  (test for errors, line 45)
FAIL: c-c++-common/goacc/loop-3.c  (test for errors, line 48)
FAIL: c-c++-common/goacc/loop-3.c  (test for errors, line 52)
FAIL: c-c++-common/goacc/loop-3.c  (test for errors, line 55)
FAIL: c-c++-common/goacc/loop-3.c  (test for errors, line 7)
FAIL: c-c++-common/goacc/loop-3.c (test for excess errors)
FAIL: c-c++-common/goacc/loop-auto-1.c  (test for warnings, line 104)
FAIL: c-c++-common/goacc/loop-auto-1.c  (test for warnings, line 114)
FAIL: c-c++-common/goacc/loop-auto-1.c  (test for warnings, line 13)
FAIL: c-c++-common/goacc/loop-auto-1.c  (test for warnings, line 145)
FAIL: c-c++-common/goacc/loop-auto-1.c  (test for warnings, line 179)
FAIL: c-c++-common/goacc/loop-auto-1.c  (test for warnings, line 189)
FAIL: c-c++-common/goacc/loop-auto-1.c  (test for warnings, line 207)
FAIL: c-c++-common/goacc/loop-auto-1.c  (test for warnings, line 225)
FAIL: c-c++-common/goacc/loop-auto-1.c  (test for warnings, line 23)
FAIL: c-c++-common/goacc/loop-auto-1.c  (test for warnings, line 232)
FAIL: c-c++-common/goacc/loop-auto-1.c  (test for warnings, line 243)
FAIL: c-c++-common/goacc/loop-auto-1.c  (test for warnings, line 54)
FAIL: c-c++-common/goacc/loop-auto-1.c  (test for warnings, line 84)
FAIL: c-c++-common/goacc/loop-auto-1.c (test for excess errors)
FAIL: c-c++-common/goacc/pr70688.c (test for excess errors)
FAIL: c-c++-common/goacc/pr79428-1.c  (test for errors, line 6)
FAIL: c-c++-common/goacc/pr79428-1.c (test for excess errors)
FAIL: c-c++-common/goacc/pr84217.c (test for excess errors)
FAIL: c-c++-common/goacc/pr85782.c (test for excess errors)
FAIL: c-c++-common/goacc/routine-5.c  (test for errors, line 103)
FAIL: c-c++-common/goacc/routine-5.c  (test for errors, line 108)
FAIL: c-c++-common/goacc/routine-5.c  (test for errors, line 109)
FAIL: c-c++-common/goacc/routine-5.c  (test for errors, line 11)
FAIL: c-c++-common/goacc/routine-5.c  (test for errors, line 110)
FAIL: c-c++-common/goacc/routine-5.c  (test for errors, line 127)
FAIL: c-c++-common/goacc/routine-5.c  (test for errors, line 129)
FAIL: c-c++-common/goacc/routine-5.c  (test for errors, line 136)
FAIL: c-c++-common/goacc/routine-5.c  (test for errors, line 153)
FAIL: c-c++-common/goacc/routine-5.c  (test for errors, line 159)
FAIL: c-c++-common/goacc/routine-5.c  (test for errors, line 161)
FAIL: c-c++-common/goacc/routine-5.c  (test for errors, line 163)
FAIL: c-c++-common/goacc/routine-5.c  (test for errors, line 175)
FAIL: c-c++-common/goacc/routine-5.c  (test for errors, line 177)
FAIL: c-c++-common/goacc/routine-5.c  (test for errors, line 179)
FAIL: c-c++-common/goacc/routine-5.c  (test for errors, line 184)
FAIL: c-c++-common/goacc/routine-5.c  (test for errors, line 185)
FAIL: c-c++-common/goacc/routine-5.c  (test for errors, line 186)
FAIL: c-c++-common/goacc/routine-5.c  (test for errors, line 203)
FAIL: c-c++-common/goacc/routine-5.c  (test for errors, line 204)
FAIL: c-c++-common/goacc/routine-5.c  (test for errors, line 21)
FAIL: c-c++-common/goacc/routine-5.c  (test for errors, line 212)
FAIL: c-c++-common/goacc/routine-5.c  (test for errors, line 214)
FAIL: c-c++-common/goacc/routine-5.c  (test for errors, line 27)
FAIL: c-c++-common/goacc/routine-5.c  (test for errors, line 33)
FAIL: c-c++-common/goacc/routine-5.c  (test for errors, line 34)
FAIL: c-c++-common/goacc/routine-5.c  (test for errors, line 35)
FAIL: c-c++-common/goacc/routine-5.c  (test for errors, line 36)
FAIL: c-c++-common/goacc/routine-5.c  (test for errors, line 37)
FAIL: c-c++-common/goacc/routine-5.c  (test for errors, line 38)
FAIL: c-c++-common/goacc/routine-5.c  (test for errors, line 39)
FAIL: c-c++-common/goacc/routine-5.c  (test for errors, line 40)
FAIL: c-c++-common/goacc/routine-5.c  (test for errors, line 43)
FAIL: c-c++-common/goacc/routine-5.c  (test for errors, line 44)
FAIL: c-c++-common/goacc/routine-5.c  (test for errors, line 52)
FAIL: c-c++-common/goacc/routine-5.c  (test for errors, line 55)
FAIL: c-c++-common/goacc/routine-5.c  (test for errors, line 58)
FAIL: c-c++-common/goacc/routine-5.c  (test for errors, line 61)
FAIL: c-c++-common/goacc/routine-5.c  (test for errors, line 64)
FAIL: c-c++-common/goacc/routine-5.c  (test for errors, line 67)
FAIL: c-c++-common/goacc/routine-5.c  (test for errors, line 7)
FAIL: c-c++-common/goacc/routine-5.c  (test for errors, line 70)
FAIL: c-c++-common/goacc/routine-5.c  (test for errors, line 73)
FAIL: c-c++-common/goacc/routine-5.c  (test for errors, line 74)
FAIL: c-c++-common/goacc/routine-5.c  (test for errors, line 77)
FAIL: c-c++-common/goacc/routine-5.c  (test for errors, line 78)
FAIL: c-c++-common/goacc/routine-5.c  (test for errors, line 81)
FAIL: c-c++-common/goacc/routine-5.c  (test for errors, line 82)
FAIL: c-c++-common/goacc/routine-5.c  (test for errors, line 85)
FAIL: c-c++-common/goacc/routine-5.c  (test for errors, line 86)
FAIL: c-c++-common/goacc/routine-5.c  (test for errors, line 89)
FAIL: c-c++-common/goacc/routine-5.c  (test for errors, line 90)
FAIL: c-c++-common/goacc/routine-5.c  (test for errors, line 93)
FAIL: c-c++-common/goacc/routine-5.c  (test for errors, line 94)
FAIL: c-c++-common/goacc/routine-5.c  (test for errors, line 97)
FAIL: c-c++-common/goacc/routine-5.c (test for excess errors)
XPASS: c-c++-common/goacc/routine-5.c TODO (test for bogus messages, line 134)
XPASS: c-c++-common/goacc/routine-5.c TODO (test for bogus messages, line 14)
FAIL: c-c++-common/goacc/sb-1.c  (test for errors, line 11)
FAIL: c-c++-common/goacc/sb-1.c  (test for errors, line 13)
FAIL: c-c++-common/goacc/sb-1.c  (test for errors, line 14)
FAIL: c-c++-common/goacc/sb-1.c  (test for errors, line 16)
FAIL: c-c++-common/goacc/sb-1.c  (test for errors, line 18)
FAIL: c-c++-common/goacc/sb-1.c  (test for errors, line 24)
FAIL: c-c++-common/goacc/sb-1.c  (test for errors, line 30)
FAIL: c-c++-common/goacc/sb-1.c  (test for errors, line 36)
FAIL: c-c++-common/goacc/sb-1.c  (test for errors, line 37)
FAIL: c-c++-common/goacc/sb-1.c  (test for errors, line 67)
FAIL: c-c++-common/goacc/sb-1.c  (test for errors, line 9)
FAIL: c-c++-common/goacc/sb-1.c (test for excess errors)
FAIL: c-c++-common/goacc/sb-2.c  (test for errors, line 11)
FAIL: c-c++-common/goacc/sb-2.c  (test for errors, line 17)
FAIL: c-c++-common/goacc/sb-2.c  (test for errors, line 5)
FAIL: c-c++-common/goacc/sb-2.c  (test for warnings, line 13)
FAIL: c-c++-common/goacc/sb-2.c  (test for warnings, line 19)
FAIL: c-c++-common/goacc/sb-2.c  (test for warnings, line 7)
FAIL: c-c++-common/goacc/sb-2.c (test for excess errors)
FAIL: c-c++-common/goacc/sb-3.c  (test for errors, line 13)
FAIL: c-c++-common/goacc/sb-3.c  (test for errors, line 6)
FAIL: c-c++-common/goacc/sb-3.c  (test for errors, line 9)
FAIL: c-c++-common/goacc/sb-3.c (test for excess errors)
FAIL: c-c++-common/goacc/tile-2.c  (test for errors, line 11)
FAIL: c-c++-common/goacc/tile-2.c  (test for errors, line 7)
FAIL: c-c++-common/goacc/tile-2.c (test for excess errors)
FAIL: c-c++-common/goacc/tile.c  (test for errors, line 110)
FAIL: c-c++-common/goacc/tile.c  (test for errors, line 113)
FAIL: c-c++-common/goacc/tile.c  (test for errors, line 125)
FAIL: c-c++-common/goacc/tile.c  (test for errors, line 153)
FAIL: c-c++-common/goacc/tile.c  (test for errors, line 156)
FAIL: c-c++-common/goacc/tile.c  (test for errors, line 171)
FAIL: c-c++-common/goacc/tile.c  (test for errors, line 174)
FAIL: c-c++-common/goacc/tile.c  (test for errors, line 184)
FAIL: c-c++-common/goacc/tile.c  (test for errors, line 21)
FAIL: c-c++-common/goacc/tile.c  (test for errors, line 215)
FAIL: c-c++-common/goacc/tile.c  (test for errors, line 218)
FAIL: c-c++-common/goacc/tile.c  (test for errors, line 239)
FAIL: c-c++-common/goacc/tile.c  (test for errors, line 242)
FAIL: c-c++-common/goacc/tile.c  (test for errors, line 245)
FAIL: c-c++-common/goacc/tile.c  (test for errors, line 255)
FAIL: c-c++-common/goacc/tile.c  (test for errors, line 27)
FAIL: c-c++-common/goacc/tile.c  (test for errors, line 283)
FAIL: c-c++-common/goacc/tile.c  (test for errors, line 286)
FAIL: c-c++-common/goacc/tile.c  (test for errors, line 301)
FAIL: c-c++-common/goacc/tile.c  (test for errors, line 304)
FAIL: c-c++-common/goacc/tile.c  (test for errors, line 31)
FAIL: c-c++-common/goacc/tile.c  (test for errors, line 315)
FAIL: c-c++-common/goacc/tile.c  (test for errors, line 35)
FAIL: c-c++-common/goacc/tile.c  (test for errors, line 39)
FAIL: c-c++-common/goacc/tile.c  (test for errors, line 43)
FAIL: c-c++-common/goacc/tile.c  (test for errors, line 47)
FAIL: c-c++-common/goacc/tile.c  (test for errors, line 51)
FAIL: c-c++-common/goacc/tile.c  (test for errors, line 56)
FAIL: c-c++-common/goacc/tile.c  (test for errors, line 67)
FAIL: c-c++-common/goacc/tile.c  (test for errors, line 72)
FAIL: c-c++-common/goacc/tile.c  (test for errors, line 77)
FAIL: c-c++-common/goacc/tile.c  (test for errors, line 92)
FAIL: c-c++-common/goacc/tile.c  (test for errors, line 95)
FAIL: c-c++-common/goacc/tile.c (test for excess errors)
FAIL: c-c++-common/goacc/uninit-if-clause.c  (test for warnings, line 14)
FAIL: c-c++-common/goacc/uninit-if-clause.c  (test for warnings, line 17)
FAIL: c-c++-common/goacc/uninit-if-clause.c  (test for warnings, line 20)
FAIL: c-c++-common/goacc/uninit-if-clause.c  (test for warnings, line 23)
FAIL: c-c++-common/goacc/uninit-if-clause.c  (test for warnings, line 26)
FAIL: c-c++-common/goacc/uninit-if-clause.c  (test for warnings, line 29)
FAIL: c-c++-common/goacc/uninit-if-clause.c  (test for warnings, line 32)
FAIL: c-c++-common/goacc/uninit-if-clause.c  (test for warnings, line 35)
FAIL: c-c++-common/goacc/uninit-if-clause.c (test for excess errors)
FAIL: c-c++-common/goacc/update-1.c  (test for errors, line 14)
FAIL: c-c++-common/goacc/update-1.c  (test for errors, line 15)
FAIL: c-c++-common/goacc/update-1.c  (test for errors, line 16)
FAIL: c-c++-common/goacc/update-1.c  (test for errors, line 4)
FAIL: c-c++-common/goacc/update-1.c (test for excess errors)
FAIL: c-c++-common/goacc/update-if_present-1.c (test for excess errors)
UNRESOLVED: c-c++-common/goacc/update-if_present-1.c scan-tree-dump-times omplower "omp target oacc_update async.-1. map.force_to:b .len: 4.." 1
UNRESOLVED: c-c++-common/goacc/update-if_present-1.c scan-tree-dump-times omplower "omp target oacc_update if.... async.10. map.force_from:a .len: 4.. map.force_to:b .len: 4.. map.force_from:c .len: 40.." 1
UNRESOLVED: c-c++-common/goacc/update-if_present-1.c scan-tree-dump-times omplower "omp target oacc_update if_present async.-1. map.to:b .len: 4.." 1
UNRESOLVED: c-c++-common/goacc/update-if_present-1.c scan-tree-dump-times omplower "omp target oacc_update if_present if.... async.10. map.from:a .len: 4.. map.to:b .len: 4.. map.from:c .len: 40.." 1
UNRESOLVED: c-c++-common/goacc/update-if_present-1.c scan-tree-dump-times omplower "omp target oacc_update if_present map.from:a .len: 4.." 1
UNRESOLVED: c-c++-common/goacc/update-if_present-1.c scan-tree-dump-times omplower "omp target oacc_update if_present wait.4. map.from:c.1. .len: 12.." 1
UNRESOLVED: c-c++-common/goacc/update-if_present-1.c scan-tree-dump-times omplower "omp target oacc_update map.force_from:a .len: 4.." 1
UNRESOLVED: c-c++-common/goacc/update-if_present-1.c scan-tree-dump-times omplower "omp target oacc_update wait.4. map.force_from:c.1. .len: 12.." 1
FAIL: c-c++-common/goacc/update-if_present-2.c  (test for errors, line 10)
FAIL: c-c++-common/goacc/update-if_present-2.c  (test for errors, line 12)
FAIL: c-c++-common/goacc/update-if_present-2.c  (test for errors, line 16)
FAIL: c-c++-common/goacc/update-if_present-2.c  (test for errors, line 29)
FAIL: c-c++-common/goacc/update-if_present-2.c  (test for errors, line 3)
FAIL: c-c++-common/goacc/update-if_present-2.c  (test for errors, line 34)
FAIL: c-c++-common/goacc/update-if_present-2.c  (test for errors, line 38)
FAIL: c-c++-common/goacc/update-if_present-2.c  (test for errors, line 9)
FAIL: c-c++-common/goacc/update-if_present-2.c (test for excess errors)
FAIL: gcc.dg/goacc/acc_on_device-1.c (test for excess errors)
UNRESOLVED: gcc.dg/goacc/acc_on_device-1.c scan-rtl-dump-times expand "\\\\(call [^\\\\n]* acc_on_device" 4
FAIL: gcc.dg/goacc/loop-processing-1.c (test for excess errors)
UNRESOLVED: gcc.dg/goacc/loop-processing-1.c scan-tree-dump oaccdevlow "OpenACC loops.*Loop 0\\\\(0\\\\).*Loop 24\\\\(1\\\\).*\\\\.data_dep\\\\.[0-9_]+ = \\\\.UNIQUE \\\\(OACC_HEAD_MARK, 0, 1, 36\\\\);.*Head-0:.*\\\\.data_dep\\\\.[0-9_]+ = \\\\.UNIQUE \\\\(OACC_HEAD_MARK, 0, 1, 36\\\\);.*\\\\.data_dep\\\\.[0-9_]+ = \\\\.UNIQUE \\\\(OACC_FORK, \\\\.data_dep\\\\.[0-9_]+, 0\\\\);.*Tail-0:.*\\\\.data_dep\\\\.[0-9_]+ = \\\\.UNIQUE \\\\(OACC_TAIL_MARK, \\\\.data_dep\\\\.[0-9_]+, 1\\\\);.*\\\\.data_dep\\\\.[0-9_]+ = \\\\.UNIQUE \\\\(OACC_JOIN, \\\\.data_dep\\\\.[0-9_]+, 0\\\\);.*Loop 6\\\\(6\\\\).*\\\\.data_dep\\\\.[0-9_]+ = \\\\.UNIQUE \\\\(OACC_HEAD_MARK, 0, 2, 6\\\\);.*Head-0:.*\\\\.data_dep\\\\.[0-9_]+ = \\\\.UNIQUE \\\\(OACC_HEAD_MARK, 0, 2, 6\\\\);.*\\\\.data_dep\\\\.[0-9_]+ = \\\\.UNIQUE \\\\(OACC_FORK, \\\\.data_dep\\\\.[0-9_]+, 1\\\\);.*Head-1:.*\\\\.data_dep\\\\.[0-9_]+ = \\\\.UNIQUE \\\\(OACC_HEAD_MARK, \\\\.data_dep\\\\.[0-9_]+, 1\\\\);.*\\\\.data_dep\\\\.[0-9_]+ = \\\\.UNIQUE \
 \\\(OACC_FORK, \\\\.data_dep\\\\.[0-9_]+, 2\\\\);.*Tail-1:.*\\\\.data_dep\\\\.[0-9_]+ = \\\\.UNIQUE \\\\(OACC_TAIL_MARK, \\\\.data_dep\\\\.[0-9_]+, 2\\\\);.*\\\\.data_dep\\\\.[0-9_]+ = \\\\.UNIQUE \\\\(OACC_JOIN, \\\\.data_dep\\\\.[0-9_]+, 2\\\\);.*Tail-0:.*\\\\.data_dep\\\\.[0-9_]+ = \\\\.UNIQUE \\\\(OACC_TAIL_MARK, \\\\.data_dep\\\\.[0-9_]+, 1\\\\);.*\\\\.data_dep\\\\.[0-9_]+ = \\\\.UNIQUE \\\\(OACC_JOIN, \\\\.data_dep\\\\.[0-9_]+, 1\\\\);"
FAIL: gcc.dg/goacc/pr71373.c (test for excess errors)
FAIL: c-c++-common/gomp/Wparentheses-1.c  (test for warnings, line 104)
FAIL: c-c++-common/gomp/Wparentheses-1.c  (test for warnings, line 111)
FAIL: c-c++-common/gomp/Wparentheses-1.c  (test for warnings, line 118)
FAIL: c-c++-common/gomp/Wparentheses-1.c  (test for warnings, line 127)
FAIL: c-c++-common/gomp/Wparentheses-1.c  (test for warnings, line 13)
FAIL: c-c++-common/gomp/Wparentheses-1.c  (test for warnings, line 136)
FAIL: c-c++-common/gomp/Wparentheses-1.c  (test for warnings, line 143)
FAIL: c-c++-common/gomp/Wparentheses-1.c  (test for warnings, line 150)
FAIL: c-c++-common/gomp/Wparentheses-1.c  (test for warnings, line 21)
FAIL: c-c++-common/gomp/Wparentheses-1.c  (test for warnings, line 30)
FAIL: c-c++-common/gomp/Wparentheses-1.c  (test for warnings, line 307)
FAIL: c-c++-common/gomp/Wparentheses-1.c  (test for warnings, line 314)
FAIL: c-c++-common/gomp/Wparentheses-1.c  (test for warnings, line 42)
FAIL: c-c++-common/gomp/Wparentheses-1.c  (test for warnings, line 50)
FAIL: c-c++-common/gomp/Wparentheses-1.c  (test for warnings, line 63)
FAIL: c-c++-common/gomp/Wparentheses-1.c  (test for warnings, line 71)
FAIL: c-c++-common/gomp/Wparentheses-1.c  (test for warnings, line 80)
FAIL: c-c++-common/gomp/Wparentheses-1.c  (test for warnings, line 87)
FAIL: c-c++-common/gomp/Wparentheses-1.c  (test for warnings, line 96)
FAIL: c-c++-common/gomp/Wparentheses-1.c (test for excess errors)
FAIL: c-c++-common/gomp/Wparentheses-2.c  (test for warnings, line 107)
FAIL: c-c++-common/gomp/Wparentheses-2.c  (test for warnings, line 119)
FAIL: c-c++-common/gomp/Wparentheses-2.c  (test for warnings, line 127)
FAIL: c-c++-common/gomp/Wparentheses-2.c  (test for warnings, line 136)
FAIL: c-c++-common/gomp/Wparentheses-2.c  (test for warnings, line 143)
FAIL: c-c++-common/gomp/Wparentheses-2.c  (test for warnings, line 15)
FAIL: c-c++-common/gomp/Wparentheses-2.c  (test for warnings, line 151)
FAIL: c-c++-common/gomp/Wparentheses-2.c  (test for warnings, line 158)
FAIL: c-c++-common/gomp/Wparentheses-2.c  (test for warnings, line 165)
FAIL: c-c++-common/gomp/Wparentheses-2.c  (test for warnings, line 173)
FAIL: c-c++-common/gomp/Wparentheses-2.c  (test for warnings, line 23)
FAIL: c-c++-common/gomp/Wparentheses-2.c  (test for warnings, line 309)
FAIL: c-c++-common/gomp/Wparentheses-2.c  (test for warnings, line 318)
FAIL: c-c++-common/gomp/Wparentheses-2.c  (test for warnings, line 332)
FAIL: c-c++-common/gomp/Wparentheses-2.c  (test for warnings, line 340)
FAIL: c-c++-common/gomp/Wparentheses-2.c  (test for warnings, line 35)
FAIL: c-c++-common/gomp/Wparentheses-2.c  (test for warnings, line 350)
FAIL: c-c++-common/gomp/Wparentheses-2.c  (test for warnings, line 358)
FAIL: c-c++-common/gomp/Wparentheses-2.c  (test for warnings, line 43)
FAIL: c-c++-common/gomp/Wparentheses-2.c  (test for warnings, line 437)
FAIL: c-c++-common/gomp/Wparentheses-2.c  (test for warnings, line 99)
FAIL: c-c++-common/gomp/Wparentheses-2.c (test for excess errors)
FAIL: c-c++-common/gomp/Wparentheses-3.c  (test for warnings, line 104)
FAIL: c-c++-common/gomp/Wparentheses-3.c  (test for warnings, line 111)
FAIL: c-c++-common/gomp/Wparentheses-3.c  (test for warnings, line 118)
FAIL: c-c++-common/gomp/Wparentheses-3.c  (test for warnings, line 127)
FAIL: c-c++-common/gomp/Wparentheses-3.c  (test for warnings, line 13)
FAIL: c-c++-common/gomp/Wparentheses-3.c  (test for warnings, line 136)
FAIL: c-c++-common/gomp/Wparentheses-3.c  (test for warnings, line 143)
FAIL: c-c++-common/gomp/Wparentheses-3.c  (test for warnings, line 150)
FAIL: c-c++-common/gomp/Wparentheses-3.c  (test for warnings, line 21)
FAIL: c-c++-common/gomp/Wparentheses-3.c  (test for warnings, line 30)
FAIL: c-c++-common/gomp/Wparentheses-3.c  (test for warnings, line 307)
FAIL: c-c++-common/gomp/Wparentheses-3.c  (test for warnings, line 314)
FAIL: c-c++-common/gomp/Wparentheses-3.c  (test for warnings, line 42)
FAIL: c-c++-common/gomp/Wparentheses-3.c  (test for warnings, line 50)
FAIL: c-c++-common/gomp/Wparentheses-3.c  (test for warnings, line 63)
FAIL: c-c++-common/gomp/Wparentheses-3.c  (test for warnings, line 71)
FAIL: c-c++-common/gomp/Wparentheses-3.c  (test for warnings, line 80)
FAIL: c-c++-common/gomp/Wparentheses-3.c  (test for warnings, line 87)
FAIL: c-c++-common/gomp/Wparentheses-3.c  (test for warnings, line 96)
FAIL: c-c++-common/gomp/Wparentheses-3.c (test for excess errors)
FAIL: c-c++-common/gomp/Wparentheses-4.c  (test for warnings, line 107)
FAIL: c-c++-common/gomp/Wparentheses-4.c  (test for warnings, line 119)
FAIL: c-c++-common/gomp/Wparentheses-4.c  (test for warnings, line 127)
FAIL: c-c++-common/gomp/Wparentheses-4.c  (test for warnings, line 136)
FAIL: c-c++-common/gomp/Wparentheses-4.c  (test for warnings, line 143)
FAIL: c-c++-common/gomp/Wparentheses-4.c  (test for warnings, line 15)
FAIL: c-c++-common/gomp/Wparentheses-4.c  (test for warnings, line 151)
FAIL: c-c++-common/gomp/Wparentheses-4.c  (test for warnings, line 158)
FAIL: c-c++-common/gomp/Wparentheses-4.c  (test for warnings, line 165)
FAIL: c-c++-common/gomp/Wparentheses-4.c  (test for warnings, line 173)
FAIL: c-c++-common/gomp/Wparentheses-4.c  (test for warnings, line 23)
FAIL: c-c++-common/gomp/Wparentheses-4.c  (test for warnings, line 309)
FAIL: c-c++-common/gomp/Wparentheses-4.c  (test for warnings, line 318)
FAIL: c-c++-common/gomp/Wparentheses-4.c  (test for warnings, line 332)
FAIL: c-c++-common/gomp/Wparentheses-4.c  (test for warnings, line 340)
FAIL: c-c++-common/gomp/Wparentheses-4.c  (test for warnings, line 35)
FAIL: c-c++-common/gomp/Wparentheses-4.c  (test for warnings, line 350)
FAIL: c-c++-common/gomp/Wparentheses-4.c  (test for warnings, line 358)
FAIL: c-c++-common/gomp/Wparentheses-4.c  (test for warnings, line 43)
FAIL: c-c++-common/gomp/Wparentheses-4.c  (test for warnings, line 437)
FAIL: c-c++-common/gomp/Wparentheses-4.c  (test for warnings, line 99)
FAIL: c-c++-common/gomp/Wparentheses-4.c (test for excess errors)
FAIL: c-c++-common/gomp/atomic-1.c (test for excess errors)
FAIL: c-c++-common/gomp/atomic-12.c (test for excess errors)
UNRESOLVED: c-c++-common/gomp/atomic-12.c scan-tree-dump-not gimple "barrier[^#]*atomicvar"
FAIL: c-c++-common/gomp/atomic-13.c (test for excess errors)
UNRESOLVED: c-c++-common/gomp/atomic-13.c scan-tree-dump-not gimple "barrier[^#]*atomicvar"
FAIL: c-c++-common/gomp/atomic-14.c (test for excess errors)
FAIL: c-c++-common/gomp/atomic-15.c  (test for errors, line 11)
FAIL: c-c++-common/gomp/atomic-15.c  (test for errors, line 13)
FAIL: c-c++-common/gomp/atomic-15.c  (test for errors, line 15)
FAIL: c-c++-common/gomp/atomic-15.c  (test for errors, line 17)
FAIL: c-c++-common/gomp/atomic-15.c  (test for errors, line 19)
FAIL: c-c++-common/gomp/atomic-15.c  (test for errors, line 21)
FAIL: c-c++-common/gomp/atomic-15.c  (test for errors, line 35)
FAIL: c-c++-common/gomp/atomic-15.c  (test for errors, line 37)
FAIL: c-c++-common/gomp/atomic-15.c  (test for errors, line 39)
FAIL: c-c++-common/gomp/atomic-15.c  (test for errors, line 41)
FAIL: c-c++-common/gomp/atomic-15.c (test for excess errors)
FAIL: c-c++-common/gomp/atomic-16.c (test for excess errors)
FAIL: c-c++-common/gomp/atomic-2.c (test for excess errors)
FAIL: c-c++-common/gomp/atomic-8.c (test for excess errors)
FAIL: c-c++-common/gomp/cancel-1.c  (test for errors, line 10)
FAIL: c-c++-common/gomp/cancel-1.c  (test for errors, line 11)
FAIL: c-c++-common/gomp/cancel-1.c  (test for errors, line 115)
FAIL: c-c++-common/gomp/cancel-1.c  (test for errors, line 116)
FAIL: c-c++-common/gomp/cancel-1.c  (test for errors, line 12)
FAIL: c-c++-common/gomp/cancel-1.c  (test for errors, line 123)
FAIL: c-c++-common/gomp/cancel-1.c  (test for errors, line 124)
FAIL: c-c++-common/gomp/cancel-1.c  (test for errors, line 13)
FAIL: c-c++-common/gomp/cancel-1.c  (test for errors, line 134)
FAIL: c-c++-common/gomp/cancel-1.c  (test for errors, line 135)
FAIL: c-c++-common/gomp/cancel-1.c  (test for errors, line 14)
FAIL: c-c++-common/gomp/cancel-1.c  (test for errors, line 150)
FAIL: c-c++-common/gomp/cancel-1.c  (test for errors, line 152)
FAIL: c-c++-common/gomp/cancel-1.c  (test for errors, line 153)
FAIL: c-c++-common/gomp/cancel-1.c  (test for errors, line 154)
FAIL: c-c++-common/gomp/cancel-1.c  (test for errors, line 156)
FAIL: c-c++-common/gomp/cancel-1.c  (test for errors, line 157)
FAIL: c-c++-common/gomp/cancel-1.c  (test for errors, line 163)
FAIL: c-c++-common/gomp/cancel-1.c  (test for errors, line 164)
FAIL: c-c++-common/gomp/cancel-1.c  (test for errors, line 165)
FAIL: c-c++-common/gomp/cancel-1.c  (test for errors, line 166)
FAIL: c-c++-common/gomp/cancel-1.c  (test for errors, line 167)
FAIL: c-c++-common/gomp/cancel-1.c  (test for errors, line 168)
FAIL: c-c++-common/gomp/cancel-1.c  (test for errors, line 169)
FAIL: c-c++-common/gomp/cancel-1.c  (test for errors, line 170)
FAIL: c-c++-common/gomp/cancel-1.c  (test for errors, line 175)
FAIL: c-c++-common/gomp/cancel-1.c  (test for errors, line 176)
FAIL: c-c++-common/gomp/cancel-1.c  (test for errors, line 178)
FAIL: c-c++-common/gomp/cancel-1.c  (test for errors, line 179)
FAIL: c-c++-common/gomp/cancel-1.c  (test for errors, line 180)
FAIL: c-c++-common/gomp/cancel-1.c  (test for errors, line 182)
FAIL: c-c++-common/gomp/cancel-1.c  (test for errors, line 186)
FAIL: c-c++-common/gomp/cancel-1.c  (test for errors, line 187)
FAIL: c-c++-common/gomp/cancel-1.c  (test for errors, line 189)
FAIL: c-c++-common/gomp/cancel-1.c  (test for errors, line 190)
FAIL: c-c++-common/gomp/cancel-1.c  (test for errors, line 191)
FAIL: c-c++-common/gomp/cancel-1.c  (test for errors, line 193)
FAIL: c-c++-common/gomp/cancel-1.c  (test for errors, line 198)
FAIL: c-c++-common/gomp/cancel-1.c  (test for errors, line 199)
FAIL: c-c++-common/gomp/cancel-1.c  (test for errors, line 200)
FAIL: c-c++-common/gomp/cancel-1.c  (test for errors, line 201)
FAIL: c-c++-common/gomp/cancel-1.c  (test for errors, line 202)
FAIL: c-c++-common/gomp/cancel-1.c  (test for errors, line 203)
FAIL: c-c++-common/gomp/cancel-1.c  (test for errors, line 204)
FAIL: c-c++-common/gomp/cancel-1.c  (test for errors, line 205)
FAIL: c-c++-common/gomp/cancel-1.c  (test for errors, line 209)
FAIL: c-c++-common/gomp/cancel-1.c  (test for errors, line 210)
FAIL: c-c++-common/gomp/cancel-1.c  (test for errors, line 211)
FAIL: c-c++-common/gomp/cancel-1.c  (test for errors, line 212)
FAIL: c-c++-common/gomp/cancel-1.c  (test for errors, line 213)
FAIL: c-c++-common/gomp/cancel-1.c  (test for errors, line 214)
FAIL: c-c++-common/gomp/cancel-1.c  (test for errors, line 215)
FAIL: c-c++-common/gomp/cancel-1.c  (test for errors, line 216)
FAIL: c-c++-common/gomp/cancel-1.c  (test for errors, line 221)
FAIL: c-c++-common/gomp/cancel-1.c  (test for errors, line 222)
FAIL: c-c++-common/gomp/cancel-1.c  (test for errors, line 223)
FAIL: c-c++-common/gomp/cancel-1.c  (test for errors, line 224)
FAIL: c-c++-common/gomp/cancel-1.c  (test for errors, line 225)
FAIL: c-c++-common/gomp/cancel-1.c  (test for errors, line 226)
FAIL: c-c++-common/gomp/cancel-1.c  (test for errors, line 227)
FAIL: c-c++-common/gomp/cancel-1.c  (test for errors, line 228)
FAIL: c-c++-common/gomp/cancel-1.c  (test for errors, line 232)
FAIL: c-c++-common/gomp/cancel-1.c  (test for errors, line 233)
FAIL: c-c++-common/gomp/cancel-1.c  (test for errors, line 234)
FAIL: c-c++-common/gomp/cancel-1.c  (test for errors, line 235)
FAIL: c-c++-common/gomp/cancel-1.c  (test for errors, line 236)
FAIL: c-c++-common/gomp/cancel-1.c  (test for errors, line 237)
FAIL: c-c++-common/gomp/cancel-1.c  (test for errors, line 238)
FAIL: c-c++-common/gomp/cancel-1.c  (test for errors, line 239)
FAIL: c-c++-common/gomp/cancel-1.c  (test for errors, line 24)
FAIL: c-c++-common/gomp/cancel-1.c  (test for errors, line 243)
FAIL: c-c++-common/gomp/cancel-1.c  (test for errors, line 244)
FAIL: c-c++-common/gomp/cancel-1.c  (test for errors, line 245)
FAIL: c-c++-common/gomp/cancel-1.c  (test for errors, line 246)
FAIL: c-c++-common/gomp/cancel-1.c  (test for errors, line 247)
FAIL: c-c++-common/gomp/cancel-1.c  (test for errors, line 248)
FAIL: c-c++-common/gomp/cancel-1.c  (test for errors, line 249)
FAIL: c-c++-common/gomp/cancel-1.c  (test for errors, line 25)
FAIL: c-c++-common/gomp/cancel-1.c  (test for errors, line 250)
FAIL: c-c++-common/gomp/cancel-1.c  (test for errors, line 255)
FAIL: c-c++-common/gomp/cancel-1.c  (test for errors, line 256)
FAIL: c-c++-common/gomp/cancel-1.c  (test for errors, line 257)
FAIL: c-c++-common/gomp/cancel-1.c  (test for errors, line 258)
FAIL: c-c++-common/gomp/cancel-1.c  (test for errors, line 259)
FAIL: c-c++-common/gomp/cancel-1.c  (test for errors, line 26)
FAIL: c-c++-common/gomp/cancel-1.c  (test for errors, line 260)
FAIL: c-c++-common/gomp/cancel-1.c  (test for errors, line 261)
FAIL: c-c++-common/gomp/cancel-1.c  (test for errors, line 262)
FAIL: c-c++-common/gomp/cancel-1.c  (test for errors, line 267)
FAIL: c-c++-common/gomp/cancel-1.c  (test for errors, line 269)
FAIL: c-c++-common/gomp/cancel-1.c  (test for errors, line 270)
FAIL: c-c++-common/gomp/cancel-1.c  (test for errors, line 271)
FAIL: c-c++-common/gomp/cancel-1.c  (test for errors, line 273)
FAIL: c-c++-common/gomp/cancel-1.c  (test for errors, line 274)
FAIL: c-c++-common/gomp/cancel-1.c  (test for errors, line 28)
FAIL: c-c++-common/gomp/cancel-1.c  (test for errors, line 280)
FAIL: c-c++-common/gomp/cancel-1.c  (test for errors, line 281)
FAIL: c-c++-common/gomp/cancel-1.c  (test for errors, line 282)
FAIL: c-c++-common/gomp/cancel-1.c  (test for errors, line 283)
FAIL: c-c++-common/gomp/cancel-1.c  (test for errors, line 284)
FAIL: c-c++-common/gomp/cancel-1.c  (test for errors, line 285)
FAIL: c-c++-common/gomp/cancel-1.c  (test for errors, line 286)
FAIL: c-c++-common/gomp/cancel-1.c  (test for errors, line 287)
FAIL: c-c++-common/gomp/cancel-1.c  (test for errors, line 29)
FAIL: c-c++-common/gomp/cancel-1.c  (test for errors, line 293)
FAIL: c-c++-common/gomp/cancel-1.c  (test for errors, line 294)
FAIL: c-c++-common/gomp/cancel-1.c  (test for errors, line 295)
FAIL: c-c++-common/gomp/cancel-1.c  (test for errors, line 296)
FAIL: c-c++-common/gomp/cancel-1.c  (test for errors, line 297)
FAIL: c-c++-common/gomp/cancel-1.c  (test for errors, line 298)
FAIL: c-c++-common/gomp/cancel-1.c  (test for errors, line 299)
FAIL: c-c++-common/gomp/cancel-1.c  (test for errors, line 30)
FAIL: c-c++-common/gomp/cancel-1.c  (test for errors, line 300)
FAIL: c-c++-common/gomp/cancel-1.c  (test for errors, line 307)
FAIL: c-c++-common/gomp/cancel-1.c  (test for errors, line 308)
FAIL: c-c++-common/gomp/cancel-1.c  (test for errors, line 309)
FAIL: c-c++-common/gomp/cancel-1.c  (test for errors, line 310)
FAIL: c-c++-common/gomp/cancel-1.c  (test for errors, line 311)
FAIL: c-c++-common/gomp/cancel-1.c  (test for errors, line 312)
FAIL: c-c++-common/gomp/cancel-1.c  (test for errors, line 313)
FAIL: c-c++-common/gomp/cancel-1.c  (test for errors, line 314)
FAIL: c-c++-common/gomp/cancel-1.c  (test for errors, line 321)
FAIL: c-c++-common/gomp/cancel-1.c  (test for errors, line 322)
FAIL: c-c++-common/gomp/cancel-1.c  (test for errors, line 323)
FAIL: c-c++-common/gomp/cancel-1.c  (test for errors, line 324)
FAIL: c-c++-common/gomp/cancel-1.c  (test for errors, line 325)
FAIL: c-c++-common/gomp/cancel-1.c  (test for errors, line 326)
FAIL: c-c++-common/gomp/cancel-1.c  (test for errors, line 327)
FAIL: c-c++-common/gomp/cancel-1.c  (test for errors, line 328)
FAIL: c-c++-common/gomp/cancel-1.c  (test for errors, line 33)
FAIL: c-c++-common/gomp/cancel-1.c  (test for errors, line 333)
FAIL: c-c++-common/gomp/cancel-1.c  (test for errors, line 334)
FAIL: c-c++-common/gomp/cancel-1.c  (test for errors, line 336)
FAIL: c-c++-common/gomp/cancel-1.c  (test for errors, line 337)
FAIL: c-c++-common/gomp/cancel-1.c  (test for errors, line 338)
FAIL: c-c++-common/gomp/cancel-1.c  (test for errors, line 34)
FAIL: c-c++-common/gomp/cancel-1.c  (test for errors, line 340)
FAIL: c-c++-common/gomp/cancel-1.c  (test for errors, line 344)
FAIL: c-c++-common/gomp/cancel-1.c  (test for errors, line 345)
FAIL: c-c++-common/gomp/cancel-1.c  (test for errors, line 347)
FAIL: c-c++-common/gomp/cancel-1.c  (test for errors, line 348)
FAIL: c-c++-common/gomp/cancel-1.c  (test for errors, line 349)
FAIL: c-c++-common/gomp/cancel-1.c  (test for errors, line 35)
FAIL: c-c++-common/gomp/cancel-1.c  (test for errors, line 351)
FAIL: c-c++-common/gomp/cancel-1.c  (test for errors, line 358)
FAIL: c-c++-common/gomp/cancel-1.c  (test for errors, line 359)
FAIL: c-c++-common/gomp/cancel-1.c  (test for errors, line 36)
FAIL: c-c++-common/gomp/cancel-1.c  (test for errors, line 360)
FAIL: c-c++-common/gomp/cancel-1.c  (test for errors, line 361)
FAIL: c-c++-common/gomp/cancel-1.c  (test for errors, line 362)
FAIL: c-c++-common/gomp/cancel-1.c  (test for errors, line 363)
FAIL: c-c++-common/gomp/cancel-1.c  (test for errors, line 364)
FAIL: c-c++-common/gomp/cancel-1.c  (test for errors, line 365)
FAIL: c-c++-common/gomp/cancel-1.c  (test for errors, line 37)
FAIL: c-c++-common/gomp/cancel-1.c  (test for errors, line 370)
FAIL: c-c++-common/gomp/cancel-1.c  (test for errors, line 371)
FAIL: c-c++-common/gomp/cancel-1.c  (test for errors, line 372)
FAIL: c-c++-common/gomp/cancel-1.c  (test for errors, line 373)
FAIL: c-c++-common/gomp/cancel-1.c  (test for errors, line 374)
FAIL: c-c++-common/gomp/cancel-1.c  (test for errors, line 375)
FAIL: c-c++-common/gomp/cancel-1.c  (test for errors, line 376)
FAIL: c-c++-common/gomp/cancel-1.c  (test for errors, line 377)
FAIL: c-c++-common/gomp/cancel-1.c  (test for errors, line 38)
FAIL: c-c++-common/gomp/cancel-1.c  (test for errors, line 384)
FAIL: c-c++-common/gomp/cancel-1.c  (test for errors, line 385)
FAIL: c-c++-common/gomp/cancel-1.c  (test for errors, line 386)
FAIL: c-c++-common/gomp/cancel-1.c  (test for errors, line 387)
FAIL: c-c++-common/gomp/cancel-1.c  (test for errors, line 388)
FAIL: c-c++-common/gomp/cancel-1.c  (test for errors, line 389)
FAIL: c-c++-common/gomp/cancel-1.c  (test for errors, line 39)
FAIL: c-c++-common/gomp/cancel-1.c  (test for errors, line 390)
FAIL: c-c++-common/gomp/cancel-1.c  (test for errors, line 391)
FAIL: c-c++-common/gomp/cancel-1.c  (test for errors, line 396)
FAIL: c-c++-common/gomp/cancel-1.c  (test for errors, line 397)
FAIL: c-c++-common/gomp/cancel-1.c  (test for errors, line 398)
FAIL: c-c++-common/gomp/cancel-1.c  (test for errors, line 399)
FAIL: c-c++-common/gomp/cancel-1.c  (test for errors, line 40)
FAIL: c-c++-common/gomp/cancel-1.c  (test for errors, line 400)
FAIL: c-c++-common/gomp/cancel-1.c  (test for errors, line 401)
FAIL: c-c++-common/gomp/cancel-1.c  (test for errors, line 402)
FAIL: c-c++-common/gomp/cancel-1.c  (test for errors, line 403)
FAIL: c-c++-common/gomp/cancel-1.c  (test for errors, line 408)
FAIL: c-c++-common/gomp/cancel-1.c  (test for errors, line 409)
FAIL: c-c++-common/gomp/cancel-1.c  (test for errors, line 410)
FAIL: c-c++-common/gomp/cancel-1.c  (test for errors, line 412)
FAIL: c-c++-common/gomp/cancel-1.c  (test for errors, line 413)
FAIL: c-c++-common/gomp/cancel-1.c  (test for errors, line 414)
FAIL: c-c++-common/gomp/cancel-1.c  (test for errors, line 418)
FAIL: c-c++-common/gomp/cancel-1.c  (test for errors, line 419)
FAIL: c-c++-common/gomp/cancel-1.c  (test for errors, line 420)
FAIL: c-c++-common/gomp/cancel-1.c  (test for errors, line 421)
FAIL: c-c++-common/gomp/cancel-1.c  (test for errors, line 422)
FAIL: c-c++-common/gomp/cancel-1.c  (test for errors, line 423)
FAIL: c-c++-common/gomp/cancel-1.c  (test for errors, line 424)
FAIL: c-c++-common/gomp/cancel-1.c  (test for errors, line 425)
FAIL: c-c++-common/gomp/cancel-1.c  (test for errors, line 44)
FAIL: c-c++-common/gomp/cancel-1.c  (test for errors, line 45)
FAIL: c-c++-common/gomp/cancel-1.c  (test for errors, line 459)
FAIL: c-c++-common/gomp/cancel-1.c  (test for errors, line 46)
FAIL: c-c++-common/gomp/cancel-1.c  (test for errors, line 465)
FAIL: c-c++-common/gomp/cancel-1.c  (test for errors, line 467)
FAIL: c-c++-common/gomp/cancel-1.c  (test for errors, line 469)
FAIL: c-c++-common/gomp/cancel-1.c  (test for errors, line 47)
FAIL: c-c++-common/gomp/cancel-1.c  (test for errors, line 471)
FAIL: c-c++-common/gomp/cancel-1.c  (test for errors, line 48)
FAIL: c-c++-common/gomp/cancel-1.c  (test for errors, line 49)
FAIL: c-c++-common/gomp/cancel-1.c  (test for errors, line 50)
FAIL: c-c++-common/gomp/cancel-1.c  (test for errors, line 51)
FAIL: c-c++-common/gomp/cancel-1.c  (test for errors, line 55)
FAIL: c-c++-common/gomp/cancel-1.c  (test for errors, line 56)
FAIL: c-c++-common/gomp/cancel-1.c  (test for errors, line 57)
FAIL: c-c++-common/gomp/cancel-1.c  (test for errors, line 58)
FAIL: c-c++-common/gomp/cancel-1.c  (test for errors, line 59)
FAIL: c-c++-common/gomp/cancel-1.c  (test for errors, line 60)
FAIL: c-c++-common/gomp/cancel-1.c  (test for errors, line 61)
FAIL: c-c++-common/gomp/cancel-1.c  (test for errors, line 62)
FAIL: c-c++-common/gomp/cancel-1.c  (test for errors, line 66)
FAIL: c-c++-common/gomp/cancel-1.c  (test for errors, line 67)
FAIL: c-c++-common/gomp/cancel-1.c  (test for errors, line 68)
FAIL: c-c++-common/gomp/cancel-1.c  (test for errors, line 69)
FAIL: c-c++-common/gomp/cancel-1.c  (test for errors, line 7)
FAIL: c-c++-common/gomp/cancel-1.c  (test for errors, line 70)
FAIL: c-c++-common/gomp/cancel-1.c  (test for errors, line 71)
FAIL: c-c++-common/gomp/cancel-1.c  (test for errors, line 72)
FAIL: c-c++-common/gomp/cancel-1.c  (test for errors, line 73)
FAIL: c-c++-common/gomp/cancel-1.c  (test for errors, line 77)
FAIL: c-c++-common/gomp/cancel-1.c  (test for errors, line 78)
FAIL: c-c++-common/gomp/cancel-1.c  (test for errors, line 79)
FAIL: c-c++-common/gomp/cancel-1.c  (test for errors, line 8)
FAIL: c-c++-common/gomp/cancel-1.c  (test for errors, line 80)
FAIL: c-c++-common/gomp/cancel-1.c  (test for errors, line 81)
FAIL: c-c++-common/gomp/cancel-1.c  (test for errors, line 82)
FAIL: c-c++-common/gomp/cancel-1.c  (test for errors, line 83)
FAIL: c-c++-common/gomp/cancel-1.c  (test for errors, line 84)
FAIL: c-c++-common/gomp/cancel-1.c  (test for errors, line 89)
FAIL: c-c++-common/gomp/cancel-1.c  (test for errors, line 9)
FAIL: c-c++-common/gomp/cancel-1.c  (test for errors, line 90)
FAIL: c-c++-common/gomp/cancel-1.c  (test for errors, line 91)
FAIL: c-c++-common/gomp/cancel-1.c  (test for errors, line 93)
FAIL: c-c++-common/gomp/cancel-1.c  (test for errors, line 94)
FAIL: c-c++-common/gomp/cancel-1.c  (test for errors, line 95)
FAIL: c-c++-common/gomp/cancel-1.c  (test for warnings, line 437)
FAIL: c-c++-common/gomp/cancel-1.c  (test for warnings, line 442)
FAIL: c-c++-common/gomp/cancel-1.c  (test for warnings, line 446)
FAIL: c-c++-common/gomp/cancel-1.c  (test for warnings, line 452)
FAIL: c-c++-common/gomp/cancel-1.c (test for excess errors)
FAIL: c-c++-common/gomp/clauses-1.c (test for excess errors)
FAIL: c-c++-common/gomp/clauses-2.c  (test for errors, line 11)
FAIL: c-c++-common/gomp/clauses-2.c  (test for errors, line 13)
FAIL: c-c++-common/gomp/clauses-2.c  (test for errors, line 15)
FAIL: c-c++-common/gomp/clauses-2.c  (test for errors, line 17)
FAIL: c-c++-common/gomp/clauses-2.c  (test for errors, line 19)
FAIL: c-c++-common/gomp/clauses-2.c  (test for errors, line 21)
FAIL: c-c++-common/gomp/clauses-2.c  (test for errors, line 23)
FAIL: c-c++-common/gomp/clauses-2.c  (test for errors, line 25)
FAIL: c-c++-common/gomp/clauses-2.c  (test for errors, line 27)
FAIL: c-c++-common/gomp/clauses-2.c  (test for errors, line 29)
FAIL: c-c++-common/gomp/clauses-2.c  (test for errors, line 31)
FAIL: c-c++-common/gomp/clauses-2.c  (test for errors, line 33)
FAIL: c-c++-common/gomp/clauses-2.c  (test for errors, line 35)
FAIL: c-c++-common/gomp/clauses-2.c  (test for errors, line 37)
FAIL: c-c++-common/gomp/clauses-2.c  (test for errors, line 39)
FAIL: c-c++-common/gomp/clauses-2.c  (test for errors, line 41)
FAIL: c-c++-common/gomp/clauses-2.c  (test for errors, line 43)
FAIL: c-c++-common/gomp/clauses-2.c  (test for errors, line 49)
FAIL: c-c++-common/gomp/clauses-2.c  (test for errors, line 51)
FAIL: c-c++-common/gomp/clauses-2.c  (test for errors, line 51)
FAIL: c-c++-common/gomp/clauses-2.c  (test for errors, line 7)
FAIL: c-c++-common/gomp/clauses-2.c  (test for errors, line 9)
FAIL: c-c++-common/gomp/clauses-2.c (test for excess errors)
FAIL: c-c++-common/gomp/clauses-3.c (test for excess errors)
FAIL: c-c++-common/gomp/clauses-4.c  (test for errors, line 108)
FAIL: c-c++-common/gomp/clauses-4.c  (test for errors, line 17)
FAIL: c-c++-common/gomp/clauses-4.c  (test for errors, line 21)
FAIL: c-c++-common/gomp/clauses-4.c  (test for errors, line 25)
FAIL: c-c++-common/gomp/clauses-4.c  (test for errors, line 37)
FAIL: c-c++-common/gomp/clauses-4.c  (test for errors, line 41)
FAIL: c-c++-common/gomp/clauses-4.c  (test for errors, line 45)
FAIL: c-c++-common/gomp/clauses-4.c  (test for errors, line 48)
FAIL: c-c++-common/gomp/clauses-4.c  (test for errors, line 50)
FAIL: c-c++-common/gomp/clauses-4.c  (test for errors, line 53)
FAIL: c-c++-common/gomp/clauses-4.c  (test for errors, line 57)
FAIL: c-c++-common/gomp/clauses-4.c  (test for errors, line 60)
FAIL: c-c++-common/gomp/clauses-4.c  (test for errors, line 64)
FAIL: c-c++-common/gomp/clauses-4.c  (test for errors, line 71)
FAIL: c-c++-common/gomp/clauses-4.c  (test for errors, line 74)
FAIL: c-c++-common/gomp/clauses-4.c  (test for errors, line 78)
FAIL: c-c++-common/gomp/clauses-4.c  (test for errors, line 84)
FAIL: c-c++-common/gomp/clauses-4.c  (test for errors, line 87)
FAIL: c-c++-common/gomp/clauses-4.c  (test for errors, line 90)
FAIL: c-c++-common/gomp/clauses-4.c  (test for errors, line 99)
FAIL: c-c++-common/gomp/clauses-4.c (test for excess errors)
FAIL: c-c++-common/gomp/depend-1.c  (test for errors, line 17)
FAIL: c-c++-common/gomp/depend-1.c  (test for errors, line 21)
FAIL: c-c++-common/gomp/depend-1.c  (test for errors, line 23)
FAIL: c-c++-common/gomp/depend-1.c  (test for errors, line 25)
FAIL: c-c++-common/gomp/depend-1.c  (test for errors, line 27)
FAIL: c-c++-common/gomp/depend-1.c  (test for errors, line 29)
FAIL: c-c++-common/gomp/depend-1.c  (test for errors, line 31)
FAIL: c-c++-common/gomp/depend-1.c  (test for errors, line 33)
FAIL: c-c++-common/gomp/depend-1.c  (test for errors, line 35)
FAIL: c-c++-common/gomp/depend-1.c  (test for errors, line 37)
FAIL: c-c++-common/gomp/depend-1.c  (test for errors, line 39)
FAIL: c-c++-common/gomp/depend-1.c  (test for errors, line 41)
FAIL: c-c++-common/gomp/depend-1.c  (test for errors, line 43)
FAIL: c-c++-common/gomp/depend-1.c  (test for errors, line 45)
FAIL: c-c++-common/gomp/depend-1.c  (test for errors, line 47)
FAIL: c-c++-common/gomp/depend-1.c  (test for errors, line 49)
FAIL: c-c++-common/gomp/depend-1.c  (test for errors, line 51)
FAIL: c-c++-common/gomp/depend-1.c  (test for errors, line 53)
FAIL: c-c++-common/gomp/depend-1.c (test for excess errors)
FAIL: c-c++-common/gomp/depend-2.c (test for excess errors)
FAIL: c-c++-common/gomp/depend-3.c  (test for errors, line 11)
FAIL: c-c++-common/gomp/depend-3.c  (test for errors, line 13)
FAIL: c-c++-common/gomp/depend-3.c  (test for errors, line 15)
FAIL: c-c++-common/gomp/depend-3.c  (test for errors, line 17)
FAIL: c-c++-common/gomp/depend-3.c  (test for errors, line 19)
FAIL: c-c++-common/gomp/depend-3.c  (test for errors, line 9)
FAIL: c-c++-common/gomp/depend-3.c (test for excess errors)
FAIL: c-c++-common/gomp/depend-4.c  (test for errors, line 12)
FAIL: c-c++-common/gomp/depend-4.c  (test for errors, line 18)
FAIL: c-c++-common/gomp/depend-4.c  (test for errors, line 20)
FAIL: c-c++-common/gomp/depend-4.c  (test for errors, line 22)
FAIL: c-c++-common/gomp/depend-4.c  (test for errors, line 24)
FAIL: c-c++-common/gomp/depend-4.c  (test for errors, line 26)
FAIL: c-c++-common/gomp/depend-4.c  (test for errors, line 28)
FAIL: c-c++-common/gomp/depend-4.c  (test for errors, line 30)
FAIL: c-c++-common/gomp/depend-4.c  (test for errors, line 32)
FAIL: c-c++-common/gomp/depend-4.c  (test for errors, line 34)
FAIL: c-c++-common/gomp/depend-4.c  (test for errors, line 36)
FAIL: c-c++-common/gomp/depend-4.c  (test for errors, line 38)
FAIL: c-c++-common/gomp/depend-4.c  (test for errors, line 40)
FAIL: c-c++-common/gomp/depend-4.c  (test for errors, line 42)
FAIL: c-c++-common/gomp/depend-4.c (test for excess errors)
FAIL: c-c++-common/gomp/distribute-1.c  (test for errors, line 48)
FAIL: c-c++-common/gomp/distribute-1.c  (test for errors, line 51)
FAIL: c-c++-common/gomp/distribute-1.c (test for excess errors)
FAIL: c-c++-common/gomp/doacross-1.c  (test for errors, line 20)
FAIL: c-c++-common/gomp/doacross-1.c  (test for errors, line 24)
FAIL: c-c++-common/gomp/doacross-1.c  (test for errors, line 27)
FAIL: c-c++-common/gomp/doacross-1.c  (test for errors, line 32)
FAIL: c-c++-common/gomp/doacross-1.c  (test for errors, line 35)
FAIL: c-c++-common/gomp/doacross-1.c  (test for errors, line 36)
FAIL: c-c++-common/gomp/doacross-1.c  (test for errors, line 41)
FAIL: c-c++-common/gomp/doacross-1.c  (test for errors, line 46)
FAIL: c-c++-common/gomp/doacross-1.c (test for excess errors)
FAIL: c-c++-common/gomp/doacross-2.c  (test for errors, line 10)
FAIL: c-c++-common/gomp/doacross-2.c  (test for errors, line 16)
FAIL: c-c++-common/gomp/doacross-2.c  (test for errors, line 28)
FAIL: c-c++-common/gomp/doacross-2.c  (test for errors, line 29)
FAIL: c-c++-common/gomp/doacross-2.c  (test for errors, line 34)
FAIL: c-c++-common/gomp/doacross-2.c  (test for errors, line 35)
FAIL: c-c++-common/gomp/doacross-2.c  (test for errors, line 40)
FAIL: c-c++-common/gomp/doacross-2.c  (test for errors, line 46)
FAIL: c-c++-common/gomp/doacross-2.c (test for excess errors)
FAIL: c-c++-common/gomp/if-1.c (test for excess errors)
FAIL: c-c++-common/gomp/if-2.c  (test for errors, line 10)
FAIL: c-c++-common/gomp/if-2.c  (test for errors, line 12)
FAIL: c-c++-common/gomp/if-2.c  (test for errors, line 14)
FAIL: c-c++-common/gomp/if-2.c  (test for errors, line 16)
FAIL: c-c++-common/gomp/if-2.c  (test for errors, line 17)
FAIL: c-c++-common/gomp/if-2.c  (test for errors, line 19)
FAIL: c-c++-common/gomp/if-2.c  (test for errors, line 21)
FAIL: c-c++-common/gomp/if-2.c  (test for errors, line 28)
FAIL: c-c++-common/gomp/if-2.c  (test for errors, line 30)
FAIL: c-c++-common/gomp/if-2.c  (test for errors, line 33)
FAIL: c-c++-common/gomp/if-2.c  (test for errors, line 35)
FAIL: c-c++-common/gomp/if-2.c  (test for errors, line 38)
FAIL: c-c++-common/gomp/if-2.c  (test for errors, line 40)
FAIL: c-c++-common/gomp/if-2.c  (test for errors, line 41)
FAIL: c-c++-common/gomp/if-2.c  (test for errors, line 42)
FAIL: c-c++-common/gomp/if-2.c  (test for errors, line 8)
FAIL: c-c++-common/gomp/if-2.c (test for excess errors)
FAIL: c-c++-common/gomp/linear-1.c  (test for errors, line 15)
FAIL: c-c++-common/gomp/linear-1.c  (test for errors, line 21)
FAIL: c-c++-common/gomp/linear-1.c  (test for errors, line 27)
FAIL: c-c++-common/gomp/linear-1.c  (test for errors, line 33)
FAIL: c-c++-common/gomp/linear-1.c  (test for errors, line 39)
FAIL: c-c++-common/gomp/linear-1.c (test for excess errors)
FAIL: c-c++-common/gomp/map-1.c  (test for errors, line 101)
FAIL: c-c++-common/gomp/map-1.c  (test for errors, line 103)
FAIL: c-c++-common/gomp/map-1.c  (test for errors, line 105)
FAIL: c-c++-common/gomp/map-1.c  (test for errors, line 107)
FAIL: c-c++-common/gomp/map-1.c  (test for errors, line 12)
FAIL: c-c++-common/gomp/map-1.c  (test for errors, line 23)
FAIL: c-c++-common/gomp/map-1.c  (test for errors, line 25)
FAIL: c-c++-common/gomp/map-1.c  (test for errors, line 27)
FAIL: c-c++-common/gomp/map-1.c  (test for errors, line 29)
FAIL: c-c++-common/gomp/map-1.c  (test for errors, line 31)
FAIL: c-c++-common/gomp/map-1.c  (test for errors, line 33)
FAIL: c-c++-common/gomp/map-1.c  (test for errors, line 35)
FAIL: c-c++-common/gomp/map-1.c  (test for errors, line 37)
FAIL: c-c++-common/gomp/map-1.c  (test for errors, line 39)
FAIL: c-c++-common/gomp/map-1.c  (test for errors, line 41)
FAIL: c-c++-common/gomp/map-1.c  (test for errors, line 42)
FAIL: c-c++-common/gomp/map-1.c  (test for errors, line 43)
FAIL: c-c++-common/gomp/map-1.c  (test for errors, line 45)
FAIL: c-c++-common/gomp/map-1.c  (test for errors, line 47)
FAIL: c-c++-common/gomp/map-1.c  (test for errors, line 49)
FAIL: c-c++-common/gomp/map-1.c  (test for errors, line 51)
FAIL: c-c++-common/gomp/map-1.c  (test for errors, line 53)
FAIL: c-c++-common/gomp/map-1.c  (test for errors, line 55)
FAIL: c-c++-common/gomp/map-1.c  (test for errors, line 57)
FAIL: c-c++-common/gomp/map-1.c  (test for errors, line 59)
FAIL: c-c++-common/gomp/map-1.c  (test for errors, line 61)
FAIL: c-c++-common/gomp/map-1.c  (test for errors, line 63)
FAIL: c-c++-common/gomp/map-1.c  (test for errors, line 95)
FAIL: c-c++-common/gomp/map-1.c (test for excess errors)
FAIL: c-c++-common/gomp/map-2.c  (test for errors, line 12)
FAIL: c-c++-common/gomp/map-2.c  (test for errors, line 18)
FAIL: c-c++-common/gomp/map-2.c  (test for errors, line 20)
FAIL: c-c++-common/gomp/map-2.c  (test for errors, line 22)
FAIL: c-c++-common/gomp/map-2.c  (test for errors, line 24)
FAIL: c-c++-common/gomp/map-2.c  (test for errors, line 26)
FAIL: c-c++-common/gomp/map-2.c  (test for errors, line 28)
FAIL: c-c++-common/gomp/map-2.c  (test for errors, line 30)
FAIL: c-c++-common/gomp/map-2.c  (test for errors, line 32)
FAIL: c-c++-common/gomp/map-2.c  (test for errors, line 34)
FAIL: c-c++-common/gomp/map-2.c  (test for errors, line 36)
FAIL: c-c++-common/gomp/map-2.c  (test for errors, line 38)
FAIL: c-c++-common/gomp/map-2.c  (test for errors, line 40)
FAIL: c-c++-common/gomp/map-2.c  (test for errors, line 42)
FAIL: c-c++-common/gomp/map-2.c (test for excess errors)
FAIL: c-c++-common/gomp/ordered-1.c (test for excess errors)
UNRESOLVED: c-c++-common/gomp/ordered-1.c compilation failed to produce executable
FAIL: c-c++-common/gomp/ordered-2.c (test for excess errors)
UNRESOLVED: c-c++-common/gomp/ordered-2.c compilation failed to produce executable
FAIL: c-c++-common/gomp/ordered-3.c  (test for errors, line 101)
FAIL: c-c++-common/gomp/ordered-3.c  (test for errors, line 23)
FAIL: c-c++-common/gomp/ordered-3.c  (test for errors, line 35)
FAIL: c-c++-common/gomp/ordered-3.c  (test for errors, line 47)
FAIL: c-c++-common/gomp/ordered-3.c  (test for errors, line 47)
FAIL: c-c++-common/gomp/ordered-3.c  (test for errors, line 50)
FAIL: c-c++-common/gomp/ordered-3.c  (test for errors, line 53)
FAIL: c-c++-common/gomp/ordered-3.c  (test for errors, line 54)
FAIL: c-c++-common/gomp/ordered-3.c  (test for errors, line 56)
FAIL: c-c++-common/gomp/ordered-3.c  (test for errors, line 59)
FAIL: c-c++-common/gomp/ordered-3.c  (test for errors, line 60)
FAIL: c-c++-common/gomp/ordered-3.c  (test for errors, line 65)
FAIL: c-c++-common/gomp/ordered-3.c  (test for errors, line 66)
FAIL: c-c++-common/gomp/ordered-3.c  (test for errors, line 71)
FAIL: c-c++-common/gomp/ordered-3.c  (test for errors, line 72)
FAIL: c-c++-common/gomp/ordered-3.c  (test for errors, line 90)
FAIL: c-c++-common/gomp/ordered-3.c (test for excess errors)
FAIL: c-c++-common/gomp/pr58257.c (test for excess errors)
FAIL: c-c++-common/gomp/pr58472.c (test for excess errors)
FAIL: c-c++-common/gomp/pr58551.c (test for excess errors)
FAIL: c-c++-common/gomp/pr83977-3.c (test for excess errors)
FAIL: c-c++-common/gomp/pr84341.c  (test for errors, line 9)
FAIL: c-c++-common/gomp/pr84341.c (test for excess errors)
FAIL: c-c++-common/gomp/pr85696.c (test for excess errors)
FAIL: c-c++-common/gomp/simd1.c (test for excess errors)
FAIL: c-c++-common/gomp/sink-4.c (test for excess errors)
UNRESOLVED: c-c++-common/gomp/sink-4.c scan-tree-dump-times omplower "depend\\\\(sink:p\\\\+400\\\\)" 1
FAIL: gcc.dg/gomp/appendix-a/a.12.1.c (test for excess errors)
FAIL: gcc.dg/guality/pr41447-1.c   -O2 -flto -fno-use-linker-plugin -flto-partition=none  -DPREVENT_OPTIMIZATION execution test
FAIL: gcc.dg/guality/pr41447-1.c   -O2 -flto -fuse-linker-plugin -fno-fat-lto-objects  -DPREVENT_OPTIMIZATION execution test
FAIL: gcc.dg/guality/pr43077-1.c   -O0  line 11 varb == 2
FAIL: gcc.dg/guality/pr43077-1.c   -O0  line 19 varb == 3
FAIL: gcc.dg/guality/pr43077-1.c   -O0  line 42 varb == 2
FAIL: gcc.dg/guality/pr43077-1.c   -O1  -DPREVENT_OPTIMIZATION  line 11 varb == 2
FAIL: gcc.dg/guality/pr43077-1.c   -O1  -DPREVENT_OPTIMIZATION  line 19 varb == 3
FAIL: gcc.dg/guality/pr43077-1.c   -O1  -DPREVENT_OPTIMIZATION  line 42 varb == 2
FAIL: gcc.dg/guality/pr43077-1.c   -O2  -DPREVENT_OPTIMIZATION  line 11 varb == 2
FAIL: gcc.dg/guality/pr43077-1.c   -O2  -DPREVENT_OPTIMIZATION  line 19 varb == 3
FAIL: gcc.dg/guality/pr43077-1.c   -O2  -DPREVENT_OPTIMIZATION  line 42 varb == 2
FAIL: gcc.dg/guality/pr43077-1.c   -O2 -flto -fno-use-linker-plugin -flto-partition=none  -DPREVENT_OPTIMIZATION line 11 varb == 2
FAIL: gcc.dg/guality/pr43077-1.c   -O2 -flto -fno-use-linker-plugin -flto-partition=none  -DPREVENT_OPTIMIZATION line 19 varb == 3
FAIL: gcc.dg/guality/pr43077-1.c   -O2 -flto -fno-use-linker-plugin -flto-partition=none  -DPREVENT_OPTIMIZATION line 42 varb == 2
FAIL: gcc.dg/guality/pr43077-1.c   -O2 -flto -fuse-linker-plugin -fno-fat-lto-objects  -DPREVENT_OPTIMIZATION line 11 varb == 2
FAIL: gcc.dg/guality/pr43077-1.c   -O2 -flto -fuse-linker-plugin -fno-fat-lto-objects  -DPREVENT_OPTIMIZATION line 19 varb == 3
FAIL: gcc.dg/guality/pr43077-1.c   -O2 -flto -fuse-linker-plugin -fno-fat-lto-objects  -DPREVENT_OPTIMIZATION line 42 varb == 2
FAIL: gcc.dg/guality/pr43077-1.c   -O3 -g  -DPREVENT_OPTIMIZATION  line 11 varb == 2
FAIL: gcc.dg/guality/pr43077-1.c   -O3 -g  -DPREVENT_OPTIMIZATION  line 19 varb == 3
FAIL: gcc.dg/guality/pr43077-1.c   -O3 -g  -DPREVENT_OPTIMIZATION  line 42 varb == 2
FAIL: gcc.dg/guality/pr43077-1.c   -Os  -DPREVENT_OPTIMIZATION  line 11 varb == 2
FAIL: gcc.dg/guality/pr43077-1.c   -Os  -DPREVENT_OPTIMIZATION  line 19 varb == 3
FAIL: gcc.dg/guality/pr43077-1.c   -Os  -DPREVENT_OPTIMIZATION  line 42 varb == 2
FAIL: gcc.dg/guality/pr43077-1.c  -Og -DPREVENT_OPTIMIZATION  line 11 varb == 2
FAIL: gcc.dg/guality/pr43077-1.c  -Og -DPREVENT_OPTIMIZATION  line 19 varb == 3
FAIL: gcc.dg/guality/pr43077-1.c  -Og -DPREVENT_OPTIMIZATION  line 42 varb == 2
FAIL: gcc.dg/guality/pr67192.c   -O0  line 27 cnt == 5
FAIL: gcc.dg/guality/pr67192.c   -O0  line 39 cnt == 10
FAIL: gcc.dg/guality/pr67192.c   -O0  line 48 cnt == 15
FAIL: gcc.dg/guality/pr67192.c   -O0  line 54 cnt == 15
FAIL: gcc.dg/guality/pr67192.c   -O0  line 59 cnt == 20
FAIL: gcc.dg/guality/pr67192.c   -O1  -DPREVENT_OPTIMIZATION  line 27 cnt == 5
FAIL: gcc.dg/guality/pr67192.c   -O1  -DPREVENT_OPTIMIZATION  line 39 cnt == 10
FAIL: gcc.dg/guality/pr67192.c   -O1  -DPREVENT_OPTIMIZATION  line 48 cnt == 15
FAIL: gcc.dg/guality/pr67192.c   -O1  -DPREVENT_OPTIMIZATION  line 54 cnt == 15
FAIL: gcc.dg/guality/pr67192.c   -O1  -DPREVENT_OPTIMIZATION  line 59 cnt == 20
FAIL: gcc.dg/guality/pr67192.c   -O2  -DPREVENT_OPTIMIZATION  line 27 cnt == 5
FAIL: gcc.dg/guality/pr67192.c   -O2  -DPREVENT_OPTIMIZATION  line 39 cnt == 10
FAIL: gcc.dg/guality/pr67192.c   -O2  -DPREVENT_OPTIMIZATION  line 48 cnt == 15
FAIL: gcc.dg/guality/pr67192.c   -O2  -DPREVENT_OPTIMIZATION  line 54 cnt == 15
FAIL: gcc.dg/guality/pr67192.c   -O2  -DPREVENT_OPTIMIZATION  line 59 cnt == 20
FAIL: gcc.dg/guality/pr67192.c   -O2 -flto -fno-use-linker-plugin -flto-partition=none  -DPREVENT_OPTIMIZATION line 27 cnt == 5
FAIL: gcc.dg/guality/pr67192.c   -O2 -flto -fno-use-linker-plugin -flto-partition=none  -DPREVENT_OPTIMIZATION line 39 cnt == 10
FAIL: gcc.dg/guality/pr67192.c   -O2 -flto -fno-use-linker-plugin -flto-partition=none  -DPREVENT_OPTIMIZATION line 48 cnt == 15
FAIL: gcc.dg/guality/pr67192.c   -O2 -flto -fno-use-linker-plugin -flto-partition=none  -DPREVENT_OPTIMIZATION line 54 cnt == 15
FAIL: gcc.dg/guality/pr67192.c   -O2 -flto -fno-use-linker-plugin -flto-partition=none  -DPREVENT_OPTIMIZATION line 59 cnt == 20
FAIL: gcc.dg/guality/pr67192.c   -O2 -flto -fuse-linker-plugin -fno-fat-lto-objects  -DPREVENT_OPTIMIZATION line 27 cnt == 5
FAIL: gcc.dg/guality/pr67192.c   -O2 -flto -fuse-linker-plugin -fno-fat-lto-objects  -DPREVENT_OPTIMIZATION line 39 cnt == 10
FAIL: gcc.dg/guality/pr67192.c   -O2 -flto -fuse-linker-plugin -fno-fat-lto-objects  -DPREVENT_OPTIMIZATION line 48 cnt == 15
FAIL: gcc.dg/guality/pr67192.c   -O2 -flto -fuse-linker-plugin -fno-fat-lto-objects  -DPREVENT_OPTIMIZATION line 54 cnt == 15
FAIL: gcc.dg/guality/pr67192.c   -O2 -flto -fuse-linker-plugin -fno-fat-lto-objects  -DPREVENT_OPTIMIZATION line 59 cnt == 20
FAIL: gcc.dg/guality/pr67192.c   -O3 -fomit-frame-pointer -funroll-loops -fpeel-loops -ftracer -finline-functions  -DPREVENT_OPTIMIZATION  line 27 cnt == 5
FAIL: gcc.dg/guality/pr67192.c   -O3 -fomit-frame-pointer -funroll-loops -fpeel-loops -ftracer -finline-functions  -DPREVENT_OPTIMIZATION  line 39 cnt == 10
FAIL: gcc.dg/guality/pr67192.c   -O3 -fomit-frame-pointer -funroll-loops -fpeel-loops -ftracer -finline-functions  -DPREVENT_OPTIMIZATION  line 48 cnt == 15
FAIL: gcc.dg/guality/pr67192.c   -O3 -fomit-frame-pointer -funroll-loops -fpeel-loops -ftracer -finline-functions  -DPREVENT_OPTIMIZATION  line 54 cnt == 15
FAIL: gcc.dg/guality/pr67192.c   -O3 -fomit-frame-pointer -funroll-loops -fpeel-loops -ftracer -finline-functions  -DPREVENT_OPTIMIZATION  line 59 cnt == 20
FAIL: gcc.dg/guality/pr67192.c   -O3 -g  -DPREVENT_OPTIMIZATION  line 27 cnt == 5
FAIL: gcc.dg/guality/pr67192.c   -O3 -g  -DPREVENT_OPTIMIZATION  line 39 cnt == 10
FAIL: gcc.dg/guality/pr67192.c   -O3 -g  -DPREVENT_OPTIMIZATION  line 48 cnt == 15
FAIL: gcc.dg/guality/pr67192.c   -O3 -g  -DPREVENT_OPTIMIZATION  line 54 cnt == 15
FAIL: gcc.dg/guality/pr67192.c   -O3 -g  -DPREVENT_OPTIMIZATION  line 59 cnt == 20
FAIL: gcc.dg/guality/pr67192.c   -Os  -DPREVENT_OPTIMIZATION  line 27 cnt == 5
FAIL: gcc.dg/guality/pr67192.c   -Os  -DPREVENT_OPTIMIZATION  line 39 cnt == 10
FAIL: gcc.dg/guality/pr67192.c   -Os  -DPREVENT_OPTIMIZATION  line 48 cnt == 15
FAIL: gcc.dg/guality/pr67192.c   -Os  -DPREVENT_OPTIMIZATION  line 54 cnt == 15
FAIL: gcc.dg/guality/pr67192.c   -Os  -DPREVENT_OPTIMIZATION  line 59 cnt == 20
FAIL: gcc.dg/guality/pr67192.c  -Og -DPREVENT_OPTIMIZATION  line 27 cnt == 5
FAIL: gcc.dg/guality/pr67192.c  -Og -DPREVENT_OPTIMIZATION  line 39 cnt == 10
FAIL: gcc.dg/guality/pr67192.c  -Og -DPREVENT_OPTIMIZATION  line 48 cnt == 15
FAIL: gcc.dg/guality/pr67192.c  -Og -DPREVENT_OPTIMIZATION  line 54 cnt == 15
FAIL: gcc.dg/guality/pr67192.c  -Og -DPREVENT_OPTIMIZATION  line 59 cnt == 20
FAIL: gcc.dg/noncompile/920507-1.c   -O0   (test for errors, line 5)
FAIL: gcc.dg/noncompile/920507-1.c   -O0  (test for excess errors)
FAIL: gcc.dg/tree-prof/time-profiler-1.c scan-ipa-dump-times profile "Read tp_first_run: 1" 1
FAIL: gcc.dg/tree-prof/time-profiler-1.c scan-ipa-dump-times profile "Read tp_first_run: 1" 1
FAIL: gcc.dg/tree-prof/time-profiler-2.c scan-ipa-dump-times profile "Read tp_first_run: 1" 2
FAIL: gcc.dg/tree-prof/time-profiler-2.c scan-ipa-dump-times profile "Read tp_first_run: 1" 2
FAIL: gcc.dg/tree-prof/time-profiler-3.c scan-ipa-dump-times profile "Read tp_first_run: 1" 1
FAIL: gcc.dg/tree-prof/time-profiler-3.c scan-ipa-dump-times profile "Read tp_first_run: 1" 1
FAIL: gcc.dg/tree-ssa/builtin-sprintf-warn-18.c  (test for warnings, line 120)
FAIL: gcc.dg/tree-ssa/builtin-sprintf-warn-18.c  (test for warnings, line 122)
FAIL: gcc.dg/tree-ssa/pr84436-5.c (test for excess errors)
FAIL: gcc.dg/tree-ssa/pr84436-5.c execution test
FAIL: gcc.dg/tree-ssa/pr84436-5.c scan-tree-dump-times switchconv "40 *\\\\*" 1
XPASS: gcc.dg/vect/vect-24.c -flto -ffat-lto-objects  scan-tree-dump-times vect "vectorized 3 loops" 1
UNRESOLVED: gcc.target/aarch64/advsimd-intrinsics/vld1x2.c   -O0  compilation failed to produce executable
UNRESOLVED: gcc.target/aarch64/advsimd-intrinsics/vld1x2.c   -O1  compilation failed to produce executable
UNRESOLVED: gcc.target/aarch64/advsimd-intrinsics/vld1x2.c   -O2  compilation failed to produce executable
UNRESOLVED: gcc.target/aarch64/advsimd-intrinsics/vld1x2.c   -O2 -flto -fno-use-linker-plugin -flto-partition=none  compilation failed to produce executable
UNRESOLVED: gcc.target/aarch64/advsimd-intrinsics/vld1x2.c   -O2 -flto -fuse-linker-plugin -fno-fat-lto-objects  compilation failed to produce executable
UNRESOLVED: gcc.target/aarch64/advsimd-intrinsics/vld1x2.c   -O3 -fomit-frame-pointer -funroll-loops -fpeel-loops -ftracer -finline-functions  compilation failed to produce executable
UNRESOLVED: gcc.target/aarch64/advsimd-intrinsics/vld1x2.c   -O3 -g  compilation failed to produce executable
UNRESOLVED: gcc.target/aarch64/advsimd-intrinsics/vld1x2.c   -Og -g  compilation failed to produce executable
UNRESOLVED: gcc.target/aarch64/advsimd-intrinsics/vld1x2.c   -Os  compilation failed to produce executable
UNRESOLVED: gcc.target/aarch64/advsimd-intrinsics/vld1x3.c   -O0  compilation failed to produce executable
UNRESOLVED: gcc.target/aarch64/advsimd-intrinsics/vld1x3.c   -O1  compilation failed to produce executable
UNRESOLVED: gcc.target/aarch64/advsimd-intrinsics/vld1x3.c   -O2  compilation failed to produce executable
UNRESOLVED: gcc.target/aarch64/advsimd-intrinsics/vld1x3.c   -O2 -flto -fno-use-linker-plugin -flto-partition=none  compilation failed to produce executable
UNRESOLVED: gcc.target/aarch64/advsimd-intrinsics/vld1x3.c   -O2 -flto -fuse-linker-plugin -fno-fat-lto-objects  compilation failed to produce executable
UNRESOLVED: gcc.target/aarch64/advsimd-intrinsics/vld1x3.c   -O3 -fomit-frame-pointer -funroll-loops -fpeel-loops -ftracer -finline-functions  compilation failed to produce executable
UNRESOLVED: gcc.target/aarch64/advsimd-intrinsics/vld1x3.c   -O3 -g  compilation failed to produce executable
UNRESOLVED: gcc.target/aarch64/advsimd-intrinsics/vld1x3.c   -Og -g  compilation failed to produce executable
UNRESOLVED: gcc.target/aarch64/advsimd-intrinsics/vld1x3.c   -Os  compilation failed to produce executable
UNRESOLVED: gcc.target/aarch64/advsimd-intrinsics/vst1x2.c   -O0  compilation failed to produce executable
UNRESOLVED: gcc.target/aarch64/advsimd-intrinsics/vst1x2.c   -O1  compilation failed to produce executable
UNRESOLVED: gcc.target/aarch64/advsimd-intrinsics/vst1x2.c   -O2  compilation failed to produce executable
UNRESOLVED: gcc.target/aarch64/advsimd-intrinsics/vst1x2.c   -O2 -flto -fno-use-linker-plugin -flto-partition=none  compilation failed to produce executable
UNRESOLVED: gcc.target/aarch64/advsimd-intrinsics/vst1x2.c   -O2 -flto -fuse-linker-plugin -fno-fat-lto-objects  compilation failed to produce executable
UNRESOLVED: gcc.target/aarch64/advsimd-intrinsics/vst1x2.c   -O3 -fomit-frame-pointer -funroll-loops -fpeel-loops -ftracer -finline-functions  compilation failed to produce executable
UNRESOLVED: gcc.target/aarch64/advsimd-intrinsics/vst1x2.c   -O3 -g  compilation failed to produce executable
UNRESOLVED: gcc.target/aarch64/advsimd-intrinsics/vst1x2.c   -Og -g  compilation failed to produce executable
UNRESOLVED: gcc.target/aarch64/advsimd-intrinsics/vst1x2.c   -Os  compilation failed to produce executable
UNRESOLVED: gcc.target/aarch64/advsimd-intrinsics/vst1x3.c   -O0  compilation failed to produce executable
UNRESOLVED: gcc.target/aarch64/advsimd-intrinsics/vst1x3.c   -O1  compilation failed to produce executable
UNRESOLVED: gcc.target/aarch64/advsimd-intrinsics/vst1x3.c   -O2  compilation failed to produce executable
UNRESOLVED: gcc.target/aarch64/advsimd-intrinsics/vst1x3.c   -O2 -flto -fno-use-linker-plugin -flto-partition=none  compilation failed to produce executable
UNRESOLVED: gcc.target/aarch64/advsimd-intrinsics/vst1x3.c   -O2 -flto -fuse-linker-plugin -fno-fat-lto-objects  compilation failed to produce executable
UNRESOLVED: gcc.target/aarch64/advsimd-intrinsics/vst1x3.c   -O3 -fomit-frame-pointer -funroll-loops -fpeel-loops -ftracer -finline-functions  compilation failed to produce executable
UNRESOLVED: gcc.target/aarch64/advsimd-intrinsics/vst1x3.c   -O3 -g  compilation failed to produce executable
UNRESOLVED: gcc.target/aarch64/advsimd-intrinsics/vst1x3.c   -Og -g  compilation failed to produce executable
UNRESOLVED: gcc.target/aarch64/advsimd-intrinsics/vst1x3.c   -Os  compilation failed to produce executable
FAIL: gcc.target/arm/addr-modes-float.c scan-assembler vst3.8\\t{d[02468], d[02468], d[02468]}, \\\\[r[0-9]+\\\\]!
FAIL: gcc.target/arm/pr43920-2.c scan-assembler-times pop 2

		=== gcc Summary ===

# of expected passes		119652
# of unexpected failures	1424
# of unexpected successes	4
# of expected failures		507
# of unresolved testcases	116
# of unsupported tests		5906
/home/tcwg-buildslave/workspace/tcwg-buildfarm_2/tcwg-d05_32-build/_build/builds/armv8l-unknown-linux-gnueabihf/armv8l-unknown-linux-gnueabihf/gcc.git~master_rev_570c6c2ee57d1250468e5dde121d196f730732e1-stage2/gcc/xgcc  version 9.0.0 20181024 (experimental) [master revision 265463] (GCC) 

		=== gfortran tests ===


Running target tcwg-local
FAIL: gfortran.dg/actual_array_substr_2.f90   -O2  execution test
FAIL: gfortran.dg/actual_array_substr_2.f90   -O3 -fomit-frame-pointer -funroll-loops -fpeel-loops -ftracer -finline-functions  execution test
FAIL: gfortran.dg/actual_array_substr_2.f90   -O3 -g  execution test
FAIL: gfortran.dg/actual_array_substr_2.f90   -Os  execution test
FAIL: gfortran.dg/allocate_alloc_opt_3.f90   -O3 -fomit-frame-pointer -funroll-loops -fpeel-loops -ftracer -finline-functions  execution test
FAIL: gfortran.dg/elemental_subroutine_3.f90   -O1  (test for excess errors)
FAIL: gfortran.dg/elemental_subroutine_3.f90   -O2  (test for excess errors)
FAIL: gfortran.dg/elemental_subroutine_3.f90   -O3 -fomit-frame-pointer -funroll-loops -fpeel-loops -ftracer -finline-functions  (test for excess errors)
FAIL: gfortran.dg/elemental_subroutine_3.f90   -O3 -g  (test for excess errors)
FAIL: gfortran.dg/elemental_subroutine_3.f90   -Os  (test for excess errors)
FAIL: gfortran.dg/fmt_g.f   -O0  (test for excess errors)
UNRESOLVED: gfortran.dg/fmt_g.f   -O0  compilation failed to produce executable
FAIL: gfortran.dg/fmt_g.f   -O1  (test for excess errors)
UNRESOLVED: gfortran.dg/fmt_g.f   -O1  compilation failed to produce executable
FAIL: gfortran.dg/fmt_g.f   -O2  (test for excess errors)
UNRESOLVED: gfortran.dg/fmt_g.f   -O2  compilation failed to produce executable
FAIL: gfortran.dg/fmt_g.f   -O3 -fomit-frame-pointer -funroll-loops -fpeel-loops -ftracer -finline-functions  (test for excess errors)
UNRESOLVED: gfortran.dg/fmt_g.f   -O3 -fomit-frame-pointer -funroll-loops -fpeel-loops -ftracer -finline-functions  compilation failed to produce executable
FAIL: gfortran.dg/fmt_g.f   -O3 -g  (test for excess errors)
UNRESOLVED: gfortran.dg/fmt_g.f   -O3 -g  compilation failed to produce executable
FAIL: gfortran.dg/fmt_g.f   -Os  (test for excess errors)
UNRESOLVED: gfortran.dg/fmt_g.f   -Os  compilation failed to produce executable
FAIL: gfortran.dg/fmt_g0_1.f08   -O0  (test for excess errors)
UNRESOLVED: gfortran.dg/fmt_g0_1.f08   -O0  compilation failed to produce executable
FAIL: gfortran.dg/fmt_g0_1.f08   -O1  (test for excess errors)
UNRESOLVED: gfortran.dg/fmt_g0_1.f08   -O1  compilation failed to produce executable
FAIL: gfortran.dg/fmt_l.f90   -O2  execution test
FAIL: gfortran.dg/fmt_l.f90   -O3 -fomit-frame-pointer -funroll-loops -fpeel-loops -ftracer -finline-functions   (test for warnings, line 14)
FAIL: gfortran.dg/fmt_l.f90   -O3 -fomit-frame-pointer -funroll-loops -fpeel-loops -ftracer -finline-functions   (test for warnings, line 15)
FAIL: gfortran.dg/fmt_l.f90   -O3 -fomit-frame-pointer -funroll-loops -fpeel-loops -ftracer -finline-functions   (test for warnings, line 19)
FAIL: gfortran.dg/fmt_l.f90   -O3 -fomit-frame-pointer -funroll-loops -fpeel-loops -ftracer -finline-functions   (test for warnings, line 20)
FAIL: gfortran.dg/fmt_l.f90   -O3 -fomit-frame-pointer -funroll-loops -fpeel-loops -ftracer -finline-functions   (test for warnings, line 24)
FAIL: gfortran.dg/fmt_l.f90   -O3 -fomit-frame-pointer -funroll-loops -fpeel-loops -ftracer -finline-functions   (test for warnings, line 25)
FAIL: gfortran.dg/fmt_l.f90   -O3 -fomit-frame-pointer -funroll-loops -fpeel-loops -ftracer -finline-functions   (test for warnings, line 29)
FAIL: gfortran.dg/fmt_l.f90   -O3 -fomit-frame-pointer -funroll-loops -fpeel-loops -ftracer -finline-functions   (test for warnings, line 30)
FAIL: gfortran.dg/fmt_l.f90   -O3 -fomit-frame-pointer -funroll-loops -fpeel-loops -ftracer -finline-functions   (test for warnings, line 34)
FAIL: gfortran.dg/fmt_l.f90   -O3 -fomit-frame-pointer -funroll-loops -fpeel-loops -ftracer -finline-functions   (test for warnings, line 35)
FAIL: gfortran.dg/fmt_l.f90   -O3 -fomit-frame-pointer -funroll-loops -fpeel-loops -ftracer -finline-functions   (test for warnings, line 39)
FAIL: gfortran.dg/fmt_l.f90   -O3 -fomit-frame-pointer -funroll-loops -fpeel-loops -ftracer -finline-functions   (test for warnings, line 40)
FAIL: gfortran.dg/fmt_l.f90   -O3 -fomit-frame-pointer -funroll-loops -fpeel-loops -ftracer -finline-functions   (test for warnings, line 44)
FAIL: gfortran.dg/fmt_l.f90   -O3 -fomit-frame-pointer -funroll-loops -fpeel-loops -ftracer -finline-functions   (test for warnings, line 45)
FAIL: gfortran.dg/fmt_l.f90   -O3 -fomit-frame-pointer -funroll-loops -fpeel-loops -ftracer -finline-functions   (test for warnings, line 49)
FAIL: gfortran.dg/fmt_l.f90   -O3 -fomit-frame-pointer -funroll-loops -fpeel-loops -ftracer -finline-functions   (test for warnings, line 50)
FAIL: gfortran.dg/fmt_l.f90   -O3 -fomit-frame-pointer -funroll-loops -fpeel-loops -ftracer -finline-functions  (test for excess errors)
UNRESOLVED: gfortran.dg/fmt_l.f90   -O3 -fomit-frame-pointer -funroll-loops -fpeel-loops -ftracer -finline-functions  compilation failed to produce executable
FAIL: gfortran.dg/fmt_l.f90   -O3 -g   (test for warnings, line 14)
FAIL: gfortran.dg/fmt_l.f90   -O3 -g   (test for warnings, line 15)
FAIL: gfortran.dg/fmt_l.f90   -O3 -g   (test for warnings, line 19)
FAIL: gfortran.dg/fmt_l.f90   -O3 -g   (test for warnings, line 20)
FAIL: gfortran.dg/fmt_l.f90   -O3 -g   (test for warnings, line 24)
FAIL: gfortran.dg/fmt_l.f90   -O3 -g   (test for warnings, line 25)
FAIL: gfortran.dg/fmt_l.f90   -O3 -g   (test for warnings, line 29)
FAIL: gfortran.dg/fmt_l.f90   -O3 -g   (test for warnings, line 30)
FAIL: gfortran.dg/fmt_l.f90   -O3 -g   (test for warnings, line 34)
FAIL: gfortran.dg/fmt_l.f90   -O3 -g   (test for warnings, line 35)
FAIL: gfortran.dg/fmt_l.f90   -O3 -g   (test for warnings, line 39)
FAIL: gfortran.dg/fmt_l.f90   -O3 -g   (test for warnings, line 40)
FAIL: gfortran.dg/fmt_l.f90   -O3 -g   (test for warnings, line 44)
FAIL: gfortran.dg/fmt_l.f90   -O3 -g   (test for warnings, line 45)
FAIL: gfortran.dg/fmt_l.f90   -O3 -g   (test for warnings, line 49)
FAIL: gfortran.dg/fmt_l.f90   -O3 -g   (test for warnings, line 50)
FAIL: gfortran.dg/fmt_l.f90   -O3 -g  (test for excess errors)
UNRESOLVED: gfortran.dg/fmt_l.f90   -O3 -g  compilation failed to produce executable
FAIL: gfortran.dg/fmt_l.f90   -Os   (test for warnings, line 14)
FAIL: gfortran.dg/fmt_l.f90   -Os   (test for warnings, line 15)
FAIL: gfortran.dg/fmt_l.f90   -Os   (test for warnings, line 19)
FAIL: gfortran.dg/fmt_l.f90   -Os   (test for warnings, line 20)
FAIL: gfortran.dg/fmt_l.f90   -Os   (test for warnings, line 24)
FAIL: gfortran.dg/fmt_l.f90   -Os   (test for warnings, line 25)
FAIL: gfortran.dg/fmt_l.f90   -Os   (test for warnings, line 29)
FAIL: gfortran.dg/fmt_l.f90   -Os   (test for warnings, line 30)
FAIL: gfortran.dg/fmt_l.f90   -Os   (test for warnings, line 34)
FAIL: gfortran.dg/fmt_l.f90   -Os   (test for warnings, line 35)
FAIL: gfortran.dg/fmt_l.f90   -Os   (test for warnings, line 39)
FAIL: gfortran.dg/fmt_l.f90   -Os   (test for warnings, line 40)
FAIL: gfortran.dg/fmt_l.f90   -Os   (test for warnings, line 44)
FAIL: gfortran.dg/fmt_l.f90   -Os   (test for warnings, line 45)
FAIL: gfortran.dg/fmt_l.f90   -Os   (test for warnings, line 49)
FAIL: gfortran.dg/fmt_l.f90   -Os   (test for warnings, line 50)
FAIL: gfortran.dg/fmt_l.f90   -Os  (test for excess errors)
UNRESOLVED: gfortran.dg/fmt_l.f90   -Os  compilation failed to produce executable
FAIL: gfortran.dg/gnu_logical_1.F   -O0  execution test
FAIL: gfortran.dg/gnu_logical_1.F   -O1  (test for excess errors)
UNRESOLVED: gfortran.dg/gnu_logical_1.F   -O1  compilation failed to produce executable
FAIL: gfortran.dg/gnu_logical_1.F   -O2  (test for excess errors)
UNRESOLVED: gfortran.dg/gnu_logical_1.F   -O2  compilation failed to produce executable
FAIL: gfortran.dg/gnu_logical_1.F   -O3 -fomit-frame-pointer -funroll-loops -fpeel-loops -ftracer -finline-functions  (test for excess errors)
UNRESOLVED: gfortran.dg/gnu_logical_1.F   -O3 -fomit-frame-pointer -funroll-loops -fpeel-loops -ftracer -finline-functions  compilation failed to produce executable
FAIL: gfortran.dg/gnu_logical_1.F   -O3 -g  (test for excess errors)
UNRESOLVED: gfortran.dg/gnu_logical_1.F   -O3 -g  compilation failed to produce executable
FAIL: gfortran.dg/gnu_logical_1.F   -Os  (test for excess errors)
UNRESOLVED: gfortran.dg/gnu_logical_1.F   -Os  compilation failed to produce executable
FAIL: gfortran.dg/implicit_10.f90   -O2  (test for excess errors)
ERROR: gfortran.dg/implicit_pure_2.f90   -O : error executing dg-final: couldn't fork child process: resource temporarily unavailable
FAIL: gfortran.dg/implicit_pure_3.f90   -O  (test for excess errors)
ERROR: gfortran.dg/implicit_pure_3.f90   -O : error executing dg-final: couldn't fork child process: resource temporarily unavailable
FAIL: gfortran.dg/implicit_pure_4.f90   -O  (test for excess errors)
ERROR: gfortran.dg/implicit_pure_4.f90   -O : error executing dg-final: couldn't fork child process: resource temporarily unavailable
FAIL: gfortran.dg/implied_do_1.f90   -O0  (test for excess errors)
UNRESOLVED: gfortran.dg/implied_do_1.f90   -O0  compilation failed to produce executable
FAIL: gfortran.dg/implied_do_1.f90   -O1  (test for excess errors)
UNRESOLVED: gfortran.dg/implied_do_1.f90   -O1  compilation failed to produce executable
FAIL: gfortran.dg/implied_do_1.f90   -O2  (test for excess errors)
UNRESOLVED: gfortran.dg/implied_do_1.f90   -O2  compilation failed to produce executable
FAIL: gfortran.dg/implied_do_1.f90   -O3 -fomit-frame-pointer -funroll-loops -fpeel-loops -ftracer -finline-functions  (test for excess errors)
UNRESOLVED: gfortran.dg/implied_do_1.f90   -O3 -fomit-frame-pointer -funroll-loops -fpeel-loops -ftracer -finline-functions  compilation failed to produce executable
FAIL: gfortran.dg/implied_do_1.f90   -O3 -g  (test for excess errors)
UNRESOLVED: gfortran.dg/implied_do_1.f90   -O3 -g  compilation failed to produce executable
FAIL: gfortran.dg/import4.f90   -O3 -fomit-frame-pointer -funroll-loops -fpeel-loops -ftracer -finline-functions  execution test
FAIL: gfortran.dg/import4.f90   -O3 -g  (test for excess errors)
UNRESOLVED: gfortran.dg/import4.f90   -O3 -g  compilation failed to produce executable
FAIL: gfortran.dg/import4.f90   -Os  (test for excess errors)
UNRESOLVED: gfortran.dg/import4.f90   -Os  compilation failed to produce executable
FAIL: gfortran.dg/import5.f90   -O  (test for excess errors)
FAIL: gfortran.dg/import6.f90   -O  (test for excess errors)
FAIL: gfortran.dg/import7.f90   -O  (test for excess errors)
FAIL: gfortran.dg/import8.f90   -O   (test for errors, line 15)
FAIL: gfortran.dg/import8.f90   -O  (test for excess errors)
FAIL: gfortran.dg/init_flag_2.f90   -Os  execution test
FAIL: gfortran.dg/init_flag_3.f90   -O0  (test for excess errors)
UNRESOLVED: gfortran.dg/init_flag_3.f90   -O0  compilation failed to produce executable
FAIL: gfortran.dg/init_flag_3.f90   -O1  (test for excess errors)
UNRESOLVED: gfortran.dg/init_flag_3.f90   -O1  compilation failed to produce executable
FAIL: gfortran.dg/init_flag_3.f90   -O2  (test for excess errors)
UNRESOLVED: gfortran.dg/init_flag_3.f90   -O2  compilation failed to produce executable
FAIL: gfortran.dg/init_flag_3.f90   -O3 -fomit-frame-pointer -funroll-loops -fpeel-loops -ftracer -finline-functions  (test for excess errors)
UNRESOLVED: gfortran.dg/init_flag_3.f90   -O3 -fomit-frame-pointer -funroll-loops -fpeel-loops -ftracer -finline-functions  compilation failed to produce executable
FAIL: gfortran.dg/init_flag_3.f90   -O3 -g  (test for excess errors)
UNRESOLVED: gfortran.dg/init_flag_3.f90   -O3 -g  compilation failed to produce executable
FAIL: gfortran.dg/init_flag_3.f90   -Os  (test for excess errors)
UNRESOLVED: gfortran.dg/init_flag_3.f90   -Os  compilation failed to produce executable
FAIL: gfortran.dg/init_flag_4.f90   -O0  (test for excess errors)
UNRESOLVED: gfortran.dg/init_flag_4.f90   -O0  compilation failed to produce executable
FAIL: gfortran.dg/init_flag_9.f90   -Os  execution test
FAIL: gfortran.dg/initialization_1.f90   -O   (test for errors, line 13)
FAIL: gfortran.dg/initialization_1.f90   -O   (test for errors, line 27)
FAIL: gfortran.dg/initialization_1.f90   -O   (test for errors, line 30)
FAIL: gfortran.dg/initialization_1.f90   -O  (test for excess errors)
FAIL: gfortran.dg/initialization_11.f90   -O0  (test for excess errors)
UNRESOLVED: gfortran.dg/initialization_11.f90   -O0  compilation failed to produce executable
FAIL: gfortran.dg/initialization_11.f90   -O1  (test for excess errors)
UNRESOLVED: gfortran.dg/initialization_11.f90   -O1  compilation failed to produce executable
FAIL: gfortran.dg/initialization_11.f90   -O2  (test for excess errors)
UNRESOLVED: gfortran.dg/initialization_11.f90   -O2  compilation failed to produce executable
FAIL: gfortran.dg/initialization_11.f90   -O3 -fomit-frame-pointer -funroll-loops -fpeel-loops -ftracer -finline-functions  (test for excess errors)
UNRESOLVED: gfortran.dg/initialization_11.f90   -O3 -fomit-frame-pointer -funroll-loops -fpeel-loops -ftracer -finline-functions  compilation failed to produce executable
FAIL: gfortran.dg/initialization_11.f90   -O3 -g  (test for excess errors)
UNRESOLVED: gfortran.dg/initialization_11.f90   -O3 -g  compilation failed to produce executable
FAIL: gfortran.dg/initialization_26.f90   -O  (test for excess errors)
FAIL: gfortran.dg/initialization_27.f90   -O0  (test for excess errors)
UNRESOLVED: gfortran.dg/initialization_27.f90   -O0  compilation failed to produce executable
FAIL: gfortran.dg/initialization_9.f90   -O   (test for errors, line 8)
FAIL: gfortran.dg/initialization_9.f90   -O  (test for excess errors)
UNRESOLVED: gfortran.dg/inline_matmul_18.f90   -O   scan-tree-dump-times optimized "matmul_r4" 0
FAIL: gfortran.dg/inline_matmul_18.f90   -O  (test for excess errors)
UNRESOLVED: gfortran.dg/inline_matmul_18.f90   -O  compilation failed to produce executable
FAIL: gfortran.dg/inline_matmul_19.f90   -O  (test for excess errors)
UNRESOLVED: gfortran.dg/inline_matmul_19.f90   -O  compilation failed to produce executable
UNRESOLVED: gfortran.dg/inline_matmul_2.f90   -O   scan-tree-dump-times original "_gfortran_matmul" 8
FAIL: gfortran.dg/inline_matmul_2.f90   -O  (test for excess errors)
FAIL: gfortran.dg/inline_matmul_20.f90   -O  (test for excess errors)
UNRESOLVED: gfortran.dg/inline_matmul_20.f90   -O  compilation failed to produce executable
FAIL: gfortran.dg/namelist_61.f90   -O3 -fomit-frame-pointer -funroll-loops -fpeel-loops -ftracer -finline-functions  execution test
FAIL: gfortran.dg/unlimited_polymorphic_1.f03   -O3 -fomit-frame-pointer -funroll-loops -fpeel-loops -ftracer -finline-functions  execution test
FAIL: gfortran.dg/vect/pr48329.f90   -O   scan-tree-dump-times vect "vectorized 1 loops" 1

		=== gfortran Summary ===

# of expected passes		46536
# of unexpected failures	121
# of expected failures		99
# of unresolved testcases	41
# of unsupported tests		387
/home/tcwg-buildslave/workspace/tcwg-buildfarm_2/tcwg-d05_32-build/_build/builds/armv8l-unknown-linux-gnueabihf/armv8l-unknown-linux-gnueabihf/gcc.git~master_rev_570c6c2ee57d1250468e5dde121d196f730732e1-stage2/gcc/gfortran  version 9.0.0 20181024 (experimental) [master revision 265463] (GCC) 

		=== obj-c++ tests ===


Running target tcwg-local

		=== obj-c++ Summary ===

# of expected passes		1464
# of expected failures		2
# of unsupported tests		77
/home/tcwg-buildslave/workspace/tcwg-buildfarm_2/tcwg-d05_32-build/_build/builds/armv8l-unknown-linux-gnueabihf/armv8l-unknown-linux-gnueabihf/gcc.git~master_rev_570c6c2ee57d1250468e5dde121d196f730732e1-stage2/gcc/xg++  version 9.0.0 20181024 (experimental) [master revision 265463] (GCC) 

		=== objc tests ===


Running target tcwg-local

		=== objc Summary ===

# of expected passes		2803
# of unsupported tests		68
/home/tcwg-buildslave/workspace/tcwg-buildfarm_2/tcwg-d05_32-build/_build/builds/armv8l-unknown-linux-gnueabihf/armv8l-unknown-linux-gnueabihf/gcc.git~master_rev_570c6c2ee57d1250468e5dde121d196f730732e1-stage2/gcc/xgcc  version 9.0.0 20181024 (experimental) [master revision 265463] (GCC) 


Compiler version: 9.0.0 20181024 (experimental) [master revision 265463] (GCC) 
Platform: armv8l-unknown-linux-gnueabihf
configure flags: SHELL=/bin/bash --with-mpc=/home/tcwg-buildslave/workspace/tcwg-buildfarm_2/tcwg-d05_32-build/_build/builds/destdir/armv8l-unknown-linux-gnueabihf --with-mpfr=/home/tcwg-buildslave/workspace/tcwg-buildfarm_2/tcwg-d05_32-build/_build/builds/destdir/armv8l-unknown-linux-gnueabihf --with-gmp=/home/tcwg-buildslave/workspace/tcwg-buildfarm_2/tcwg-d05_32-build/_build/builds/destdir/armv8l-unknown-linux-gnueabihf --with-gnu-as --with-gnu-ld --disable-libmudflap --enable-lto --enable-shared --without-included-gettext --enable-nls --with-system-zlib --disable-sjlj-exceptions --enable-gnu-unique-object --enable-linker-build-id --disable-libstdcxx-pch --enable-c99 --enable-clocale=gnu --enable-libstdcxx-debug --enable-long-long --with-cloog=no --with-ppl=no --with-isl=no --disable-multilib --with-float=hard --with-fpu=neon-fp-armv8 --with-mode=thumb --with-arch=armv8-a --enable-threads=posix --enable-multiarch --enable-libstdcxx-time=yes --enable-gnu-indirect-function --enable-
 checking=yes --enable-bootstrap --enable-languages=c,c++,fortran,lto,objc,obj-c++ --build=armv8l-unknown-linux-gnueabihf --host=armv8l-unknown-linux-gnueabihf --target=armv8l-unknown-linux-gnueabihf --prefix=/home/tcwg-buildslave/workspace/tcwg-buildfarm_2/tcwg-d05_32-build/_build/builds/destdir/armv8l-unknown-linux-gnueabihf



More information about the Gcc-testresults mailing list