Results for 9.0.0 20181024 (experimental) [master revision 265463] (GCC) testsuite on aarch64-unknown-linux-gnu

LINARO TCWG tcwg-buildslave@linaro.org
Thu Oct 25 11:55:00 GMT 2018


LAST_UPDATED: Thu Oct 25 06:28:11 UTC 2018 (revision 265463)

Native configuration is aarch64-unknown-linux-gnu

		=== libatomic tests ===


Running target tcwg-local

		=== libatomic Summary ===

# of expected passes		54
		=== libgomp tests ===


Running target tcwg-local

		=== libgomp Summary ===

# of expected passes		5942
# of unsupported tests		395
		=== libitm tests ===


Running target tcwg-local

		=== libitm Summary ===

# of expected passes		42
# of expected failures		3
# of unsupported tests		1
		=== libstdc++ tests ===


Running target tcwg-local
FAIL: libstdc++-prettyprinters/80276.cc whatis p4
FAIL: libstdc++-prettyprinters/80276.cc whatis p4
FAIL: libstdc++-prettyprinters/cxx17.cc print p
FAIL: libstdc++-prettyprinters/cxx17.cc print p
FAIL: libstdc++-prettyprinters/cxx17.cc print q
FAIL: libstdc++-prettyprinters/cxx17.cc print q
FAIL: libstdc++-prettyprinters/cxx17.cc print wp
FAIL: libstdc++-prettyprinters/cxx17.cc print wp
FAIL: libstdc++-prettyprinters/cxx17.cc print wq
FAIL: libstdc++-prettyprinters/cxx17.cc print wq
FAIL: libstdc++-prettyprinters/shared_ptr.cc print sp1
FAIL: libstdc++-prettyprinters/shared_ptr.cc print sp1
FAIL: libstdc++-prettyprinters/shared_ptr.cc print wp1
FAIL: libstdc++-prettyprinters/shared_ptr.cc print wp1
FAIL: libstdc++-prettyprinters/shared_ptr.cc print wp2
FAIL: libstdc++-prettyprinters/shared_ptr.cc print wp2

		=== libstdc++ Summary ===

# of expected passes		12400
# of unexpected failures	16
# of expected failures		77
# of unsupported tests		639
		=== g++ tests ===


Running target tcwg-local
UNRESOLVED: g++.dg/ext/pr82625.C  -std=gnu++14  scan-tree-dump-times optimized "return 4096;" 1
UNRESOLVED: g++.dg/ext/pr82625.C  -std=gnu++14  scan-tree-dump-times optimized "return 8192;" 1
FAIL: g++.dg/ext/pr82625.C  -std=gnu++14 (test for excess errors)
UNRESOLVED: g++.dg/ext/pr82625.C  -std=gnu++17  scan-tree-dump-times optimized "return 4096;" 1
UNRESOLVED: g++.dg/ext/pr82625.C  -std=gnu++17  scan-tree-dump-times optimized "return 8192;" 1
FAIL: g++.dg/ext/pr82625.C  -std=gnu++17 (test for excess errors)
UNRESOLVED: g++.dg/ext/pr82625.C  -std=gnu++98  scan-tree-dump-times optimized "return 4096;" 1
UNRESOLVED: g++.dg/ext/pr82625.C  -std=gnu++98  scan-tree-dump-times optimized "return 8192;" 1
FAIL: g++.dg/ext/pr82625.C  -std=gnu++98 (test for excess errors)
FAIL: g++.dg/pr83239.C  -std=gnu++98 (test for excess errors)

		=== g++ Summary ===

# of expected passes		124570
# of unexpected failures	4
# of expected failures		542
# of unresolved testcases	6
# of unsupported tests		5843
/home/tcwg-buildslave/workspace/tcwg-buildfarm/tcwg-thx1_64-build/_build/builds/aarch64-unknown-linux-gnu/aarch64-unknown-linux-gnu/gcc.git~master_rev_570c6c2ee57d1250468e5dde121d196f730732e1-stage2/gcc/xg++  version 9.0.0 20181024 (experimental) [master revision 265463] (GCC) 

		=== gcc tests ===


Running target tcwg-local
FAIL: gcc.dg/debug/dwarf2/inline5.c scan-assembler-times DW_TAG_lexical_block\\\\)[^#/!]*[#/!] DW_AT_abstract_origin 2
FAIL: gcc.dg/debug/dwarf2/inline5.c scan-assembler-times DW_TAG_lexical_block\\\\)[^#/!]*[#/!] \\\\(DIE \\\\(0x[0-9a-f]*\\\\) DW_TAG_variable 1
FAIL: gcc.dg/ira-shrinkwrap-prep-1.c scan-rtl-dump ira "Split live-range of register"
FAIL: gcc.dg/ira-shrinkwrap-prep-2.c scan-rtl-dump ira "Split live-range of register"
FAIL: gcc.dg/torture/pr84682-2.c   -O0  (internal compiler error)
FAIL: gcc.dg/torture/pr84682-2.c   -O0  (test for excess errors)
FAIL: gcc.dg/torture/pr84682-2.c   -O1  (internal compiler error)
FAIL: gcc.dg/torture/pr84682-2.c   -O1  (test for excess errors)
FAIL: gcc.dg/torture/pr84682-2.c   -O2  (internal compiler error)
FAIL: gcc.dg/torture/pr84682-2.c   -O2  (test for excess errors)
FAIL: gcc.dg/torture/pr84682-2.c   -O2 -flto -fno-use-linker-plugin -flto-partition=none  (internal compiler error)
FAIL: gcc.dg/torture/pr84682-2.c   -O2 -flto -fno-use-linker-plugin -flto-partition=none  (test for excess errors)
FAIL: gcc.dg/torture/pr84682-2.c   -O3 -fomit-frame-pointer -funroll-loops -fpeel-loops -ftracer -finline-functions  (internal compiler error)
FAIL: gcc.dg/torture/pr84682-2.c   -O3 -fomit-frame-pointer -funroll-loops -fpeel-loops -ftracer -finline-functions  (test for excess errors)
FAIL: gcc.dg/torture/pr84682-2.c   -O3 -g  (internal compiler error)
FAIL: gcc.dg/torture/pr84682-2.c   -O3 -g  (test for excess errors)
FAIL: gcc.dg/torture/pr84682-2.c   -Os  (internal compiler error)
FAIL: gcc.dg/torture/pr84682-2.c   -Os  (test for excess errors)
FAIL: gcc.dg/tree-prof/time-profiler-1.c scan-ipa-dump-times profile "Read tp_first_run: 1" 1
FAIL: gcc.dg/tree-prof/time-profiler-2.c scan-ipa-dump-times profile "Read tp_first_run: 1" 2
FAIL: gcc.dg/tree-prof/time-profiler-3.c scan-ipa-dump-times profile "Read tp_first_run: 1" 1
FAIL: gcc.dg/tree-ssa/pr77445-2.c scan-tree-dump-not thread4 "not considered"
FAIL: gcc.dg/tree-ssa/pr84436-5.c (test for excess errors)
FAIL: gcc.dg/tree-ssa/pr84436-5.c execution test
FAIL: gcc.dg/tree-ssa/pr84436-5.c scan-tree-dump-times switchconv "40 *\\\\*" 1
FAIL: gcc.dg/tree-ssa/ssa-dom-thread-7.c scan-tree-dump-not dom3 "Jumps threaded"
FAIL: gcc.dg/tree-ssa/ssa-dom-thread-7.c scan-tree-dump-not vrp2 "Jumps threaded"
ERROR: child process exited abnormally
ERROR: child process exited abnormally
ERROR: child process exited abnormally
ERROR: child process exited abnormally
ERROR: child process exited abnormally
ERROR: child process exited abnormally
ERROR: child process exited abnormally
ERROR: child process exited abnormally
ERROR: child process exited abnormally
ERROR: child process exited abnormally
ERROR: child process exited abnormally
ERROR: child process exited abnormally
ERROR: child process exited abnormally
ERROR: child process exited abnormally
ERROR: child process exited abnormally
ERROR: child process exited abnormally
WARNING: program timed out
WARNING: program timed out
WARNING: program timed out
WARNING: program timed out
WARNING: program timed out
WARNING: program timed out
WARNING: program timed out
WARNING: program timed out
WARNING: program timed out
WARNING: program timed out
WARNING: program timed out
WARNING: program timed out
WARNING: program timed out
WARNING: program timed out
WARNING: program timed out
WARNING: program timed out
ERROR: tcl error sourcing /home/tcwg-buildslave/workspace/tcwg-buildfarm/tcwg-thx1_64-build/snapshots/gcc.git~master_rev_570c6c2ee57d1250468e5dde121d196f730732e1/gcc/testsuite/gcc.dg/tsan/tsan.exp.
ERROR: tcl error sourcing /home/tcwg-buildslave/workspace/tcwg-buildfarm/tcwg-thx1_64-build/snapshots/gcc.git~master_rev_570c6c2ee57d1250468e5dde121d196f730732e1/gcc/testsuite/gcc.dg/tsan/tsan.exp.
ERROR: tcl error sourcing /home/tcwg-buildslave/workspace/tcwg-buildfarm/tcwg-thx1_64-build/snapshots/gcc.git~master_rev_570c6c2ee57d1250468e5dde121d196f730732e1/gcc/testsuite/gcc.dg/tsan/tsan.exp.
ERROR: tcl error sourcing /home/tcwg-buildslave/workspace/tcwg-buildfarm/tcwg-thx1_64-build/snapshots/gcc.git~master_rev_570c6c2ee57d1250468e5dde121d196f730732e1/gcc/testsuite/gcc.dg/tsan/tsan.exp.
ERROR: tcl error sourcing /home/tcwg-buildslave/workspace/tcwg-buildfarm/tcwg-thx1_64-build/snapshots/gcc.git~master_rev_570c6c2ee57d1250468e5dde121d196f730732e1/gcc/testsuite/gcc.dg/tsan/tsan.exp.
ERROR: tcl error sourcing /home/tcwg-buildslave/workspace/tcwg-buildfarm/tcwg-thx1_64-build/snapshots/gcc.git~master_rev_570c6c2ee57d1250468e5dde121d196f730732e1/gcc/testsuite/gcc.dg/tsan/tsan.exp.
ERROR: tcl error sourcing /home/tcwg-buildslave/workspace/tcwg-buildfarm/tcwg-thx1_64-build/snapshots/gcc.git~master_rev_570c6c2ee57d1250468e5dde121d196f730732e1/gcc/testsuite/gcc.dg/tsan/tsan.exp.
ERROR: tcl error sourcing /home/tcwg-buildslave/workspace/tcwg-buildfarm/tcwg-thx1_64-build/snapshots/gcc.git~master_rev_570c6c2ee57d1250468e5dde121d196f730732e1/gcc/testsuite/gcc.dg/tsan/tsan.exp.
ERROR: tcl error sourcing /home/tcwg-buildslave/workspace/tcwg-buildfarm/tcwg-thx1_64-build/snapshots/gcc.git~master_rev_570c6c2ee57d1250468e5dde121d196f730732e1/gcc/testsuite/gcc.dg/tsan/tsan.exp.
ERROR: tcl error sourcing /home/tcwg-buildslave/workspace/tcwg-buildfarm/tcwg-thx1_64-build/snapshots/gcc.git~master_rev_570c6c2ee57d1250468e5dde121d196f730732e1/gcc/testsuite/gcc.dg/tsan/tsan.exp.
ERROR: tcl error sourcing /home/tcwg-buildslave/workspace/tcwg-buildfarm/tcwg-thx1_64-build/snapshots/gcc.git~master_rev_570c6c2ee57d1250468e5dde121d196f730732e1/gcc/testsuite/gcc.dg/tsan/tsan.exp.
ERROR: tcl error sourcing /home/tcwg-buildslave/workspace/tcwg-buildfarm/tcwg-thx1_64-build/snapshots/gcc.git~master_rev_570c6c2ee57d1250468e5dde121d196f730732e1/gcc/testsuite/gcc.dg/tsan/tsan.exp.
ERROR: tcl error sourcing /home/tcwg-buildslave/workspace/tcwg-buildfarm/tcwg-thx1_64-build/snapshots/gcc.git~master_rev_570c6c2ee57d1250468e5dde121d196f730732e1/gcc/testsuite/gcc.dg/tsan/tsan.exp.
ERROR: tcl error sourcing /home/tcwg-buildslave/workspace/tcwg-buildfarm/tcwg-thx1_64-build/snapshots/gcc.git~master_rev_570c6c2ee57d1250468e5dde121d196f730732e1/gcc/testsuite/gcc.dg/tsan/tsan.exp.
ERROR: tcl error sourcing /home/tcwg-buildslave/workspace/tcwg-buildfarm/tcwg-thx1_64-build/snapshots/gcc.git~master_rev_570c6c2ee57d1250468e5dde121d196f730732e1/gcc/testsuite/gcc.dg/tsan/tsan.exp.
ERROR: tcl error sourcing /home/tcwg-buildslave/workspace/tcwg-buildfarm/tcwg-thx1_64-build/snapshots/gcc.git~master_rev_570c6c2ee57d1250468e5dde121d196f730732e1/gcc/testsuite/gcc.dg/tsan/tsan.exp.
FAIL: c-c++-common/ubsan/unreachable-3.c   -O0   scan-tree-dump optimized "__builtin___ubsan_handle_builtin_unreachable"
FAIL: c-c++-common/ubsan/unreachable-3.c   -O2   scan-tree-dump optimized "__builtin___ubsan_handle_builtin_unreachable"
FAIL: gcc.dg/vect/bb-slp-20.c -flto -ffat-lto-objects  scan-tree-dump-times slp2 "basic block vectorized" 1
FAIL: gcc.dg/vect/bb-slp-20.c -flto -ffat-lto-objects  scan-tree-dump-times slp2 "vectorizing stmts using SLP" 2
FAIL: gcc.dg/vect/bb-slp-21.c -flto -ffat-lto-objects  scan-tree-dump-times slp2 "basic block vectorized" 1
FAIL: gcc.dg/vect/bb-slp-21.c -flto -ffat-lto-objects  scan-tree-dump-times slp2 "vectorizing stmts using SLP" 2
FAIL: gcc.dg/vect/bb-slp-22.c -flto -ffat-lto-objects  scan-tree-dump-times slp2 "basic block vectorized" 2
FAIL: gcc.dg/vect/bb-slp-23.c -flto -ffat-lto-objects  scan-tree-dump-times slp2 "basic block vectorized" 1
FAIL: gcc.dg/vect/bb-slp-24.c -flto -ffat-lto-objects  scan-tree-dump-times slp1 "basic block vectorized" 1
FAIL: gcc.dg/vect/bb-slp-25.c -flto -ffat-lto-objects  scan-tree-dump-times slp1 "basic block vectorized" 1
FAIL: gcc.dg/vect/bb-slp-26.c -flto -ffat-lto-objects  scan-tree-dump-times slp1 "basic block vectorized" 1
FAIL: gcc.dg/vect/bb-slp-27.c -flto -ffat-lto-objects  scan-tree-dump-times slp2 "basic block vectorized" 1
FAIL: gcc.dg/vect/bb-slp-28.c -flto -ffat-lto-objects  scan-tree-dump-times slp2 "basic block vectorized" 1
FAIL: gcc.dg/vect/bb-slp-29.c -flto -ffat-lto-objects  scan-tree-dump-times slp1 "basic block vectorized" 1
FAIL: gcc.dg/vect/bb-slp-subgroups-3.c scan-tree-dump-times slp2 "Basic block will be vectorized using SLP" 1
FAIL: gcc.dg/vect/bb-slp-subgroups-3.c scan-tree-dump-times slp2 "basic block vectorized" 1
FAIL: gcc.dg/vect/fast-math-ifcvt-1.c scan-tree-dump vect "vectorized 1 loops"
FAIL: gcc.dg/vect/no-scevccp-noreassoc-outer-5.c scan-tree-dump-times vect "OUTER LOOP VECTORIZED." 1
FAIL: gcc.dg/vect/no-scevccp-noreassoc-slp-reduc-7.c scan-tree-dump-times vect "vectorized 1 loops" 1
FAIL: gcc.dg/vect/no-scevccp-noreassoc-slp-reduc-7.c scan-tree-dump-times vect "vectorizing stmts using SLP" 1
FAIL: gcc.dg/vect/no-section-anchors-vect-69.c scan-tree-dump-times vect "vectorized 4 loops" 1
FAIL: gcc.dg/vect/no-section-anchors-vect-outer-4h.c scan-tree-dump-times vect "OUTER LOOP VECTORIZED" 1
FAIL: gcc.dg/vect/no-trapping-math-2.c scan-tree-dump-times vect "vectorized 1 loops" 1
FAIL: gcc.dg/vect/no-trapping-math-vect-ifcvt-11.c scan-tree-dump-times vect "vectorized 1 loops" 1
FAIL: gcc.dg/vect/no-trapping-math-vect-ifcvt-12.c scan-tree-dump-times vect "vectorized 1 loops" 1
FAIL: gcc.dg/vect/no-trapping-math-vect-ifcvt-13.c scan-tree-dump-times vect "vectorized 1 loops" 1
FAIL: gcc.dg/vect/no-trapping-math-vect-ifcvt-14.c scan-tree-dump-times vect "vectorized 1 loops" 1
FAIL: gcc.dg/vect/no-tree-pre-slp-29.c scan-tree-dump-times vect "vectorized 1 loops" 2
FAIL: gcc.dg/vect/no-tree-pre-slp-29.c scan-tree-dump-times vect "vectorizing stmts using SLP" 2
FAIL: gcc.dg/vect/no-vfa-vect-61.c scan-tree-dump-times vect "vectorized 1 loops" 1
FAIL: gcc.dg/vect/no-vfa-vect-79.c scan-tree-dump vect "can't determine dependence"
FAIL: gcc.dg/vect/no-vfa-vect-depend-1.c scan-tree-dump-times vect "dependence distance negative" 1
FAIL: gcc.dg/vect/no-vfa-vect-depend-1.c scan-tree-dump-times vect "vectorized 1 loops" 1
FAIL: gcc.dg/vect/no-vfa-vect-depend-2.c scan-tree-dump-times vect "dependence distance negative" 1
FAIL: gcc.dg/vect/no-vfa-vect-depend-2.c scan-tree-dump-times vect "vectorized 1 loops" 1
FAIL: gcc.dg/vect/no-vfa-vect-depend-3.c scan-tree-dump-times vect "dependence distance negative" 4
FAIL: gcc.dg/vect/no-vfa-vect-depend-3.c scan-tree-dump-times vect "vectorized 1 loops" 4
FAIL: gcc.dg/vect/nodump-vect-opt-info-1.c  (test for errors, line 9)
FAIL: gcc.dg/vect/nodump-vect-opt-info-1.c  (test for errors, line 9)
FAIL: gcc.dg/vect/nodump-vect-opt-info-2.c  (test for errors, line 10)
FAIL: gcc.dg/vect/nodump-vect-opt-info-2.c (test for excess errors)
FAIL: gcc.dg/vect/pr16105.c -flto -ffat-lto-objects  scan-tree-dump-times vect "vectorized 1 loops" 1
FAIL: gcc.dg/vect/pr16105.c scan-tree-dump-times vect "vectorized 1 loops" 1
FAIL: gcc.dg/vect/pr18400.c -flto -ffat-lto-objects  scan-tree-dump-times vect "vectorized 1 loops" 1
FAIL: gcc.dg/vect/pr18400.c scan-tree-dump-times vect "vectorized 1 loops" 1
FAIL: gcc.dg/vect/pr18425.c -flto -ffat-lto-objects  scan-tree-dump-times vect "vectorized 1 loops" 1
FAIL: gcc.dg/vect/pr18425.c scan-tree-dump-times vect "vectorized 1 loops" 1
FAIL: gcc.dg/vect/pr18536.c -flto -ffat-lto-objects  scan-tree-dump-times vect "vectorized 1 loops" 1
FAIL: gcc.dg/vect/pr18536.c scan-tree-dump-times vect "vectorized 1 loops" 1
FAIL: gcc.dg/vect/pr20122.c -flto -ffat-lto-objects  scan-tree-dump-times vect "vectorized 1 loops" 2
FAIL: gcc.dg/vect/pr20122.c scan-tree-dump-times vect "vectorized 1 loops" 2
FAIL: gcc.dg/vect/pr21591.c -flto -ffat-lto-objects  scan-tree-dump-times vect "vectorized 2 loops" 1
FAIL: gcc.dg/vect/pr21591.c scan-tree-dump-times vect "vectorized 2 loops" 1
FAIL: gcc.dg/vect/pr32824.c -flto -ffat-lto-objects  scan-tree-dump-times vect "vectorized 1 loops" 1
FAIL: gcc.dg/vect/pr32824.c scan-tree-dump-times vect "vectorized 1 loops" 1
FAIL: gcc.dg/vect/pr33707.c scan-tree-dump vect "vectorized 1 loops"
FAIL: gcc.dg/vect/pr33804.c scan-tree-dump-times vect "vectorized 1 loops" 1
FAIL: gcc.dg/vect/pr33804.c scan-tree-dump-times vect "vectorizing stmts using SLP" 1
FAIL: gcc.dg/vect/pr33866.c scan-tree-dump-times vect "vectorized 1 loops" 1
FAIL: gcc.dg/vect/pr33953.c scan-tree-dump-times vect "vectorized 1 loops" 1
FAIL: gcc.dg/vect/pr33953.c scan-tree-dump-times vect "vectorizing stmts using SLP" 1
FAIL: gcc.dg/vect/pr36630.c scan-tree-dump-times vect "vectorized 1 loops" 1
FAIL: gcc.dg/vect/pr37027.c scan-tree-dump-times vect "vectorized 1 loops" 1
FAIL: gcc.dg/vect/pr37027.c scan-tree-dump-times vect "vectorizing stmts using SLP" 1
FAIL: gcc.dg/vect/pr37539.c scan-tree-dump-times vect "vectorized 1 loops" 2
FAIL: gcc.dg/vect/pr56541.c -flto -ffat-lto-objects  scan-tree-dump-times vect "vectorized 1 loops" 1
FAIL: gcc.dg/vect/pr56625.c -flto -ffat-lto-objects  scan-tree-dump-times vect "vectorized 1 loops" 1
FAIL: gcc.dg/vect/pr56787.c -flto -ffat-lto-objects  scan-tree-dump vect "vectorized 1 loops"
FAIL: gcc.dg/vect/pr60092.c -flto -ffat-lto-objects  scan-tree-dump vect "LOOP VECTORIZED"
FAIL: gcc.dg/vect/pr61194.c -flto -ffat-lto-objects  scan-tree-dump-times vect "vectorized 1 loops" 1
FAIL: gcc.dg/vect/pr68445.c -flto -ffat-lto-objects  scan-tree-dump vect "vectorizing stmts using SLP"
FAIL: gcc.dg/vect/pr68482.c -flto -ffat-lto-objects  scan-tree-dump vect "vectorized 1 loops"
FAIL: gcc.dg/vect/pr69783.c -flto -ffat-lto-objects  scan-tree-dump vect "improved number of alias checks from [0-9]* to 2"
FAIL: gcc.dg/vect/pr80631-1.c -flto -ffat-lto-objects  scan-tree-dump-times vect "LOOP VECTORIZED" 5
FAIL: gcc.dg/vect/pr80631-1.c -flto -ffat-lto-objects  scan-tree-dump-times vect "condition expression based on integer induction." 10
FAIL: gcc.dg/vect/pr80631-2.c -flto -ffat-lto-objects  scan-tree-dump-times vect "LOOP VECTORIZED" 5
FAIL: gcc.dg/vect/pr80631-2.c -flto -ffat-lto-objects  scan-tree-dump-times vect "condition expression based on integer induction." 10
FAIL: gcc.dg/vect/pr87288-1.c -flto -ffat-lto-objects  scan-tree-dump-times vect "LOOP VECTORIZED" 1
FAIL: gcc.dg/vect/pr87288-2.c -flto -ffat-lto-objects  scan-tree-dump vect "LOOP VECTORIZED"
FAIL: gcc.dg/vect/pr87288-3.c -flto -ffat-lto-objects  scan-tree-dump vect "LOOP VECTORIZED"
FAIL: gcc.dg/vect/slp-12b.c scan-tree-dump-times vect "vectorized 1 loops" 1
FAIL: gcc.dg/vect/slp-12b.c scan-tree-dump-times vect "vectorizing stmts using SLP" 1
FAIL: gcc.dg/vect/slp-14.c scan-tree-dump-times vect "vectorized 1 loops" 1
FAIL: gcc.dg/vect/slp-14.c scan-tree-dump-times vect "vectorizing stmts using SLP" 2
FAIL: gcc.dg/vect/slp-15.c scan-tree-dump-times vect "vectorized 1 loops" 1
FAIL: gcc.dg/vect/slp-15.c scan-tree-dump-times vect "vectorizing stmts using SLP" 2
FAIL: gcc.dg/vect/slp-16.c scan-tree-dump-times vect "vectorized 1 loops" 1
FAIL: gcc.dg/vect/slp-16.c scan-tree-dump-times vect "vectorizing stmts using SLP" 2
FAIL: gcc.dg/vect/slp-17.c scan-tree-dump-times vect "vectorized 1 loops" 1
FAIL: gcc.dg/vect/slp-17.c scan-tree-dump-times vect "vectorizing stmts using SLP" 2
FAIL: gcc.dg/vect/slp-23.c scan-tree-dump-times vect "vectorized 2 loops" 1
FAIL: gcc.dg/vect/slp-23.c scan-tree-dump-times vect "vectorizing stmts using SLP" 2
FAIL: gcc.dg/vect/slp-44.c scan-tree-dump vect "vectorized 1 loops"
FAIL: gcc.dg/vect/slp-45.c scan-tree-dump-times vect "vectorized 1 loops" 13
FAIL: gcc.dg/vect/slp-6.c scan-tree-dump-times vect "vectorized 3 loops" 1
FAIL: gcc.dg/vect/slp-6.c scan-tree-dump-times vect "vectorizing stmts using SLP" 3
FAIL: gcc.dg/vect/slp-7.c scan-tree-dump-times vect "vectorized 3 loops" 1
FAIL: gcc.dg/vect/slp-7.c scan-tree-dump-times vect "vectorizing stmts using SLP" 3
FAIL: gcc.dg/vect/slp-9.c scan-tree-dump-times vect "vectorized 1 loops" 1
FAIL: gcc.dg/vect/slp-9.c scan-tree-dump-times vect "vectorizing stmts using SLP" 1
FAIL: gcc.dg/vect/slp-cond-1.c scan-tree-dump-times vect "vectorizing stmts using SLP" 3
FAIL: gcc.dg/vect/slp-cond-2-big-array.c scan-tree-dump-times vect "vectorizing stmts using SLP" 3
FAIL: gcc.dg/vect/slp-cond-2.c scan-tree-dump-times vect "vectorizing stmts using SLP" 3
FAIL: gcc.dg/vect/slp-multitypes-10.c -flto -ffat-lto-objects  scan-tree-dump-times vect "vectorized 1 loops" 1
FAIL: gcc.dg/vect/slp-multitypes-10.c -flto -ffat-lto-objects  scan-tree-dump-times vect "vectorizing stmts using SLP" 1
FAIL: gcc.dg/vect/slp-multitypes-11-big-array.c -flto -ffat-lto-objects  scan-tree-dump-times vect "vectorized 1 loops" 1
FAIL: gcc.dg/vect/slp-multitypes-11-big-array.c -flto -ffat-lto-objects  scan-tree-dump-times vect "vectorizing stmts using SLP" 1
FAIL: gcc.dg/vect/slp-multitypes-11.c -flto -ffat-lto-objects  scan-tree-dump-times vect "vectorized 1 loops" 1
FAIL: gcc.dg/vect/slp-multitypes-11.c -flto -ffat-lto-objects  scan-tree-dump-times vect "vectorizing stmts using SLP" 1
FAIL: gcc.dg/vect/slp-multitypes-3.c -flto -ffat-lto-objects  scan-tree-dump-times vect "vectorized 1 loops" 1
FAIL: gcc.dg/vect/slp-multitypes-3.c -flto -ffat-lto-objects  scan-tree-dump-times vect "vectorizing stmts using SLP" 2
FAIL: gcc.dg/vect/slp-multitypes-4.c -flto -ffat-lto-objects  scan-tree-dump-times vect "vectorized 1 loops" 1
FAIL: gcc.dg/vect/slp-multitypes-4.c -flto -ffat-lto-objects  scan-tree-dump-times vect "vectorizing stmts using SLP" 1
FAIL: gcc.dg/vect/vect-1-big-array.c -flto -ffat-lto-objects  scan-tree-dump-times vect "vectorized 6 loops" 1
FAIL: gcc.dg/vect/vect-1.c -flto -ffat-lto-objects  scan-tree-dump-times vect "vectorized 6 loops" 1
FAIL: gcc.dg/vect/vect-10-big-array.c -flto -ffat-lto-objects  scan-tree-dump-times vect "vectorized 1 loops" 1
FAIL: gcc.dg/vect/vect-10.c -flto -ffat-lto-objects  scan-tree-dump-times vect "vectorized 1 loops" 1
FAIL: gcc.dg/vect/vect-103.c -flto -ffat-lto-objects  scan-tree-dump-times vect "accesses have the same alignment" 1
FAIL: gcc.dg/vect/vect-103.c -flto -ffat-lto-objects  scan-tree-dump-times vect "vectorized 1 loops" 1
FAIL: gcc.dg/vect/vect-104.c -flto -ffat-lto-objects  scan-tree-dump vect "possible dependence between data-refs"
FAIL: gcc.dg/vect/vect-7.c -flto -ffat-lto-objects  scan-tree-dump-times vect "vectorized 2 loops" 1
FAIL: gcc.dg/vect/vect-72.c -flto -ffat-lto-objects  scan-tree-dump-times vect "Vectorizing an unaligned access" 1
FAIL: gcc.dg/vect/vect-72.c -flto -ffat-lto-objects  scan-tree-dump-times vect "vectorized 1 loops" 1
FAIL: gcc.dg/vect/vect-73-big-array.c -flto -ffat-lto-objects  scan-tree-dump-times vect "vectorized 1 loops" 1
FAIL: gcc.dg/vect/vect-73.c -flto -ffat-lto-objects  scan-tree-dump-times vect "vectorized 1 loops" 1
FAIL: gcc.dg/vect/vect-74-big-array.c -flto -ffat-lto-objects  scan-tree-dump-times vect "vectorized 1 loops" 1
FAIL: gcc.dg/vect/vect-97-big-array.c scan-tree-dump-times vect "vectorized 2 loops" 1
FAIL: gcc.dg/vect/vect-97.c scan-tree-dump-times vect "vectorized 2 loops" 1
XPASS: gcc.dg/vect/vect-98-big-array.c scan-tree-dump-times vect "vectorized 1 loops" 0
FAIL: gcc.dg/vect/vect-98-big-array.c scan-tree-dump-times vect "vectorized 1 loops" 1
XPASS: gcc.dg/vect/vect-98.c scan-tree-dump-times vect "vectorized 1 loops" 0
FAIL: gcc.dg/vect/vect-98.c scan-tree-dump-times vect "vectorized 1 loops" 1
FAIL: gcc.dg/vect/vect-99.c scan-tree-dump-times vect "vectorized 1 loops" 1
FAIL: gcc.dg/vect/vect-alias-check-1.c scan-tree-dump vect "improved number of alias checks from [0-9]* to 1"
FAIL: gcc.dg/vect/vect-avg-12.c -flto -ffat-lto-objects  scan-tree-dump vect "\\\\.AVG_FLOOR"
FAIL: gcc.dg/vect/vect-avg-12.c -flto -ffat-lto-objects  scan-tree-dump vect "vect_recog_average_pattern: detected"
FAIL: gcc.dg/vect/vect-avg-12.c -flto -ffat-lto-objects  scan-tree-dump-times vect "vectorized 1 loop" 1
FAIL: gcc.dg/vect/vect-avg-13.c -flto -ffat-lto-objects  scan-tree-dump vect "\\\\.AVG_CEIL"
FAIL: gcc.dg/vect/vect-avg-13.c -flto -ffat-lto-objects  scan-tree-dump vect "vect_recog_average_pattern: detected"
FAIL: gcc.dg/vect/vect-avg-13.c -flto -ffat-lto-objects  scan-tree-dump-times vect "vectorized 1 loop" 1
FAIL: gcc.dg/vect/vect-avg-14.c -flto -ffat-lto-objects  scan-tree-dump vect "\\\\.AVG_CEIL"
FAIL: gcc.dg/vect/vect-avg-14.c -flto -ffat-lto-objects  scan-tree-dump vect "vect_recog_average_pattern: detected"
FAIL: gcc.dg/vect/vect-avg-14.c -flto -ffat-lto-objects  scan-tree-dump-times vect "vectorized 1 loop" 1
FAIL: gcc.dg/vect/vect-avg-15.c -flto -ffat-lto-objects  scan-tree-dump vect "Loop contains only SLP stmts"
FAIL: gcc.dg/vect/vect-avg-15.c -flto -ffat-lto-objects  scan-tree-dump vect "\\\\.AVG_FLOOR"
FAIL: gcc.dg/vect/vect-avg-15.c -flto -ffat-lto-objects  scan-tree-dump vect "vect_recog_average_pattern: detected"
FAIL: gcc.dg/vect/vect-avg-15.c -flto -ffat-lto-objects  scan-tree-dump-times vect "vectorized 1 loop" 1
FAIL: gcc.dg/vect/vect-avg-16.c -flto -ffat-lto-objects  scan-tree-dump vect "Loop contains only SLP stmts"
FAIL: gcc.dg/vect/vect-avg-16.c -flto -ffat-lto-objects  scan-tree-dump vect "\\\\.AVG_FLOOR"
FAIL: gcc.dg/vect/vect-avg-16.c -flto -ffat-lto-objects  scan-tree-dump vect "vect_recog_average_pattern: detected"
FAIL: gcc.dg/vect/vect-avg-16.c -flto -ffat-lto-objects  scan-tree-dump-times vect "vectorized 1 loop" 1
FAIL: gcc.dg/vect/vect-avg-2.c -flto -ffat-lto-objects  scan-tree-dump vect "\\\\.AVG_FLOOR"
FAIL: gcc.dg/vect/vect-avg-2.c -flto -ffat-lto-objects  scan-tree-dump vect "vect_recog_average_pattern: detected"
FAIL: gcc.dg/vect/vect-avg-2.c -flto -ffat-lto-objects  scan-tree-dump-times vect "vectorized 1 loop" 1
FAIL: gcc.dg/vect/vect-avg-3.c -flto -ffat-lto-objects  scan-tree-dump vect "\\\\.AVG_CEIL"
FAIL: gcc.dg/vect/vect-avg-3.c -flto -ffat-lto-objects  scan-tree-dump vect "vect_recog_average_pattern: detected"
FAIL: gcc.dg/vect/vect-avg-3.c -flto -ffat-lto-objects  scan-tree-dump-times vect "vectorized 1 loop" 1
FAIL: gcc.dg/vect/vect-avg-4.c -flto -ffat-lto-objects  scan-tree-dump vect "\\\\.AVG_CEIL"
FAIL: gcc.dg/vect/vect-avg-4.c -flto -ffat-lto-objects  scan-tree-dump vect "vect_recog_average_pattern: detected"
FAIL: gcc.dg/vect/vect-avg-4.c -flto -ffat-lto-objects  scan-tree-dump-times vect "vectorized 1 loop" 1
FAIL: gcc.dg/vect/vect-avg-5.c -flto -ffat-lto-objects  scan-tree-dump vect "\\\\.AVG_FLOOR"
FAIL: gcc.dg/vect/vect-avg-5.c -flto -ffat-lto-objects  scan-tree-dump vect "vect_recog_average_pattern: detected"
FAIL: gcc.dg/vect/vect-avg-5.c -flto -ffat-lto-objects  scan-tree-dump-times vect "vectorized 1 loop" 1
FAIL: gcc.dg/vect/vect-avg-6.c -flto -ffat-lto-objects  scan-tree-dump vect "\\\\.AVG_FLOOR"
FAIL: gcc.dg/vect/vect-avg-6.c -flto -ffat-lto-objects  scan-tree-dump vect "vect_recog_average_pattern: detected"
FAIL: gcc.dg/vect/vect-avg-6.c -flto -ffat-lto-objects  scan-tree-dump-times vect "vectorized 1 loop" 1
FAIL: gcc.dg/vect/vect-double-reduc-6.c -flto -ffat-lto-objects  scan-tree-dump-times vect "OUTER LOOP VECTORIZED" 1
FAIL: gcc.dg/vect/vect-double-reduc-7.c -flto -ffat-lto-objects  scan-tree-dump-times vect "OUTER LOOP VECTORIZED" 3
FAIL: gcc.dg/vect/vect-float-extend-1.c -flto -ffat-lto-objects  scan-tree-dump-times vect "vectorized 1 loops" 1
FAIL: gcc.dg/vect/vect-fma-1.c -flto -ffat-lto-objects  scan-tree-dump-times vect "LOOP VECTORIZED" 8
FAIL: gcc.dg/vect/vect-iv-9.c scan-tree-dump-times vect "vectorized 1 loops" 2
FAIL: gcc.dg/vect/vect-ivdep-1.c  (test for warnings, line )
FAIL: gcc.dg/vect/vect-ivdep-2.c  (test for warnings, line )
FAIL: gcc.dg/vect/vect-live-1.c scan-tree-dump-times vect "vec_stmt_relevant_p: stmt live but not relevant" 1
FAIL: gcc.dg/vect/vect-live-1.c scan-tree-dump-times vect "vectorized 1 loops" 1
FAIL: gcc.dg/vect/vect-live-2.c scan-tree-dump-times vect "vec_stmt_relevant_p: stmt live but not relevant" 1
FAIL: gcc.dg/vect/vect-live-2.c scan-tree-dump-times vect "vectorized 1 loops" 1
FAIL: gcc.dg/vect/vect-live-3.c scan-tree-dump-times vect "vec_stmt_relevant_p: stmt live but not relevant" 2
FAIL: gcc.dg/vect/vect-live-3.c scan-tree-dump-times vect "vectorized 1 loops" 1
FAIL: gcc.dg/vect/vect-live-4.c scan-tree-dump-times vect "vec_stmt_relevant_p: stmt live but not relevant" 1
FAIL: gcc.dg/vect/vect-live-4.c scan-tree-dump-times vect "vectorized 1 loops" 1
FAIL: gcc.dg/vect/vect-live-5.c scan-tree-dump-times vect "vectorized 1 loops" 1
FAIL: gcc.dg/vect/vect-live-slp-1.c scan-tree-dump-times vect "vec_stmt_relevant_p: stmt live but not relevant" 4
FAIL: gcc.dg/vect/vect-live-slp-1.c scan-tree-dump-times vect "vectorized 1 loops" 4
FAIL: gcc.dg/vect/vect-live-slp-1.c scan-tree-dump-times vect "vectorizing stmts using SLP" 4
FAIL: gcc.dg/vect/vect-multitypes-1.c scan-tree-dump-times vect "Alignment of access forced using peeling" 2
FAIL: gcc.dg/vect/vect-multitypes-1.c scan-tree-dump-times vect "vectorized 1 loops" 2
FAIL: gcc.dg/vect/vect-multitypes-10.c -flto -ffat-lto-objects  scan-tree-dump-times vect "vectorized 1 loops" 2
FAIL: gcc.dg/vect/vect-multitypes-10.c scan-tree-dump-times vect "vectorized 1 loops" 2
FAIL: gcc.dg/vect/vect-multitypes-11.c -flto -ffat-lto-objects  scan-tree-dump-times vect "vectorized 1 loops" 2
FAIL: gcc.dg/vect/vect-multitypes-11.c scan-tree-dump-times vect "vectorized 1 loops" 2
FAIL: gcc.dg/vect/vect-multitypes-12.c -flto -ffat-lto-objects  scan-tree-dump-times vect "vectorized 1 loops" 2
FAIL: gcc.dg/vect/vect-multitypes-12.c scan-tree-dump-times vect "vectorized 1 loops" 2
FAIL: gcc.dg/vect/vect-multitypes-13.c -flto -ffat-lto-objects  scan-tree-dump-times vect "vectorized 1 loops" 2
FAIL: gcc.dg/vect/vect-multitypes-13.c scan-tree-dump-times vect "vectorized 1 loops" 2
FAIL: gcc.dg/vect/vect-multitypes-14.c -flto -ffat-lto-objects  scan-tree-dump-times vect "vectorized 1 loops" 1
FAIL: gcc.dg/vect/vect-multitypes-14.c scan-tree-dump-times vect "vectorized 1 loops" 1
FAIL: gcc.dg/vect/vect-multitypes-15.c -flto -ffat-lto-objects  scan-tree-dump-times vect "vectorized 1 loops" 1
FAIL: gcc.dg/vect/vect-multitypes-15.c scan-tree-dump-times vect "vectorized 1 loops" 1
FAIL: gcc.dg/vect/vect-multitypes-2.c -flto -ffat-lto-objects  scan-tree-dump-times vect "vectorized 1 loops" 1
FAIL: gcc.dg/vect/vect-multitypes-3.c -flto -ffat-lto-objects  scan-tree-dump-times vect "Vectorizing an unaligned access" 3
FAIL: gcc.dg/vect/vect-multitypes-3.c -flto -ffat-lto-objects  scan-tree-dump-times vect "vectorized 1 loops" 1
FAIL: gcc.dg/vect/vect-nop-move.c -flto -ffat-lto-objects  scan-rtl-dump combine "deleting noop move"
FAIL: gcc.dg/vect/vect-outer-1a-big-array.c scan-tree-dump-times vect "grouped access in outer loop" 1
FAIL: gcc.dg/vect/vect-outer-1a.c scan-tree-dump-times vect "grouped access in outer loop" 1
FAIL: gcc.dg/vect/vect-outer-1b-big-array.c scan-tree-dump-times vect "grouped access in outer loop" 1
FAIL: gcc.dg/vect/vect-outer-1b.c scan-tree-dump-times vect "grouped access in outer loop" 1
FAIL: gcc.dg/vect/vect-outer-2b.c scan-tree-dump-times vect "grouped access in outer loop" 1
FAIL: gcc.dg/vect/vect-outer-4a.c scan-tree-dump-times vect "OUTER LOOP VECTORIZED" 1
FAIL: gcc.dg/vect/vect-outer-4b-big-array.c scan-tree-dump-times vect "OUTER LOOP VECTORIZED" 1
FAIL: gcc.dg/vect/vect-outer-4b.c scan-tree-dump-times vect "OUTER LOOP VECTORIZED" 1
FAIL: gcc.dg/vect/vect-outer-4c-big-array.c scan-tree-dump-times vect "OUTER LOOP VECTORIZED" 1
FAIL: gcc.dg/vect/vect-outer-4c-big-array.c scan-tree-dump-times vect "zero step in outer loop." 1
FAIL: gcc.dg/vect/vect-outer-4c.c scan-tree-dump vect "zero step in outer loop."
FAIL: gcc.dg/vect/vect-outer-4c.c scan-tree-dump-times vect "OUTER LOOP VECTORIZED" 1
FAIL: gcc.dg/vect/vect-outer-4d-big-array.c scan-tree-dump-times vect "OUTER LOOP VECTORIZED" 1
FAIL: gcc.dg/vect/vect-outer-4d.c scan-tree-dump-times vect "OUTER LOOP VECTORIZED" 1
FAIL: gcc.dg/vect/vect-over-widen-14.c -flto -ffat-lto-objects  scan-tree-dump vect "Splitting statement"
FAIL: gcc.dg/vect/vect-over-widen-14.c -flto -ffat-lto-objects  scan-tree-dump vect "vect_recog_cast_forwprop_pattern: detected:[^\\\\n]* = \\\\(unsigned char\\\\)"
FAIL: gcc.dg/vect/vect-over-widen-14.c -flto -ffat-lto-objects  scan-tree-dump vect "vect_recog_over_widening_pattern: detected:[^\\\\n]* >> 1"
FAIL: gcc.dg/vect/vect-over-widen-14.c -flto -ffat-lto-objects  scan-tree-dump vect "vect_recog_over_widening_pattern: detected:[^\\\\n]* \\\\+"
FAIL: gcc.dg/vect/vect-over-widen-14.c -flto -ffat-lto-objects  scan-tree-dump-times vect "vectorized 1 loop" 1
FAIL: gcc.dg/vect/vect-over-widen-15.c -flto -ffat-lto-objects  scan-tree-dump vect "Splitting statement"
FAIL: gcc.dg/vect/vect-over-widen-15.c -flto -ffat-lto-objects  scan-tree-dump vect "vect_recog_over_widening_pattern: detected:[^\\\\n]* / 2"
FAIL: gcc.dg/vect/vect-over-widen-15.c -flto -ffat-lto-objects  scan-tree-dump vect "vect_recog_over_widening_pattern: detected:[^\\\\n]* \\\\+"
FAIL: gcc.dg/vect/vect-over-widen-15.c -flto -ffat-lto-objects  scan-tree-dump vect "vector[^ ]* int"
FAIL: gcc.dg/vect/vect-over-widen-15.c -flto -ffat-lto-objects  scan-tree-dump-times vect "vectorized 1 loop" 1
FAIL: gcc.dg/vect/vect-over-widen-16.c -flto -ffat-lto-objects  scan-tree-dump vect "Splitting statement"
FAIL: gcc.dg/vect/vect-over-widen-16.c -flto -ffat-lto-objects  scan-tree-dump vect "vect_recog_over_widening_pattern: detected:[^\\\\n]* >> 1"
FAIL: gcc.dg/vect/vect-over-widen-16.c -flto -ffat-lto-objects  scan-tree-dump vect "vect_recog_over_widening_pattern: detected:[^\\\\n]* \\\\+"
FAIL: gcc.dg/vect/vect-over-widen-16.c -flto -ffat-lto-objects  scan-tree-dump vect "vector[^ ]* int"
FAIL: gcc.dg/vect/vect-over-widen-16.c -flto -ffat-lto-objects  scan-tree-dump-times vect "vectorized 1 loop" 1
FAIL: gcc.dg/vect/vect-over-widen-17.c -flto -ffat-lto-objects  scan-tree-dump-times vect "vectorized 1 loop" 1
FAIL: gcc.dg/vect/vect-over-widen-18.c -flto -ffat-lto-objects  scan-tree-dump vect "vect_recog_over_widening_pattern: detected:[^\\\\n]* &"
FAIL: gcc.dg/vect/vect-over-widen-18.c -flto -ffat-lto-objects  scan-tree-dump vect "vect_recog_over_widening_pattern: detected:[^\\\\n]* <<"
FAIL: gcc.dg/vect/vect-over-widen-18.c -flto -ffat-lto-objects  scan-tree-dump vect "vector[^\\\\n]*char"
FAIL: gcc.dg/vect/vect-over-widen-18.c -flto -ffat-lto-objects  scan-tree-dump-times vect "vectorized 1 loop" 1
FAIL: gcc.dg/vect/vect-over-widen-19.c -flto -ffat-lto-objects  scan-tree-dump-times vect "vectorized 1 loop" 1
FAIL: gcc.dg/vect/vect-over-widen-2-big-array.c -flto -ffat-lto-objects  scan-tree-dump vect "vect_recog_over_widening_pattern: detected:[^\\\\n]* << 3"
FAIL: gcc.dg/vect/vect-over-widen-2-big-array.c -flto -ffat-lto-objects  scan-tree-dump vect "vect_recog_over_widening_pattern: detected:[^\\\\n]* << 8"
FAIL: gcc.dg/vect/vect-over-widen-2-big-array.c -flto -ffat-lto-objects  scan-tree-dump vect "vect_recog_over_widening_pattern: detected:[^\\\\n]* >> 3"
FAIL: gcc.dg/vect/vect-over-widen-2-big-array.c -flto -ffat-lto-objects  scan-tree-dump vect "vect_recog_over_widening_pattern: detected:[^\\\\n]* >> 5"
FAIL: gcc.dg/vect/vect-over-widen-2-big-array.c -flto -ffat-lto-objects  scan-tree-dump-times vect "vectorized 1 loops" 1
FAIL: gcc.dg/vect/vect-over-widen-2.c -flto -ffat-lto-objects  scan-tree-dump vect "vect_recog_over_widening_pattern: detected:[^\\\\n]* << 3"
FAIL: gcc.dg/vect/vect-over-widen-2.c -flto -ffat-lto-objects  scan-tree-dump vect "vect_recog_over_widening_pattern: detected:[^\\\\n]* << 8"
FAIL: gcc.dg/vect/vect-over-widen-2.c -flto -ffat-lto-objects  scan-tree-dump vect "vect_recog_over_widening_pattern: detected:[^\\\\n]* >> 3"
FAIL: gcc.dg/vect/vect-over-widen-2.c -flto -ffat-lto-objects  scan-tree-dump vect "vect_recog_over_widening_pattern: detected:[^\\\\n]* >> 5"
FAIL: gcc.dg/vect/vect-over-widen-2.c -flto -ffat-lto-objects  scan-tree-dump-times vect "vectorized 1 loops" 1
FAIL: gcc.dg/vect/vect-over-widen-20.c -flto -ffat-lto-objects  scan-tree-dump-times vect "vectorized 1 loop" 1
FAIL: gcc.dg/vect/vect-over-widen-21.c -flto -ffat-lto-objects  scan-tree-dump-times vect "vectorized 1 loop" 1
FAIL: gcc.dg/vect/vect-over-widen-8.c scan-tree-dump vect "Splitting statement"
FAIL: gcc.dg/vect/vect-over-widen-8.c scan-tree-dump vect "vect_recog_cast_forwprop_pattern: detected:[^\\\\n]* \\\\(unsigned char\\\\)"
FAIL: gcc.dg/vect/vect-over-widen-8.c scan-tree-dump vect "vect_recog_over_widening_pattern: detected:[^\\\\n]* >> 2"
FAIL: gcc.dg/vect/vect-over-widen-8.c scan-tree-dump vect "vect_recog_over_widening_pattern: detected:[^\\\\n]* \\\\+ "
FAIL: gcc.dg/vect/vect-over-widen-8.c scan-tree-dump-times vect "vectorized 1 loop" 1
FAIL: gcc.dg/vect/vect-over-widen-9.c scan-tree-dump vect "Splitting statement"
FAIL: gcc.dg/vect/vect-over-widen-9.c scan-tree-dump vect "vect_recog_cast_forwprop_pattern: detected:[^\\\\n]* \\\\(signed char\\\\)"
FAIL: gcc.dg/vect/vect-over-widen-9.c scan-tree-dump vect "vect_recog_over_widening_pattern: detected:[^\\\\n]* >> 1"
FAIL: gcc.dg/vect/vect-over-widen-9.c scan-tree-dump vect "vect_recog_over_widening_pattern: detected:[^\\\\n]* >> 2"
FAIL: gcc.dg/vect/vect-over-widen-9.c scan-tree-dump vect "vect_recog_over_widening_pattern: detected:[^\\\\n]* \\\\+ "
FAIL: gcc.dg/vect/vect-over-widen-9.c scan-tree-dump-times vect "vectorized 1 loop" 1
FAIL: gcc.dg/vect/vect-peel-1.c scan-tree-dump-times vect "Alignment of access forced using peeling" 1
FAIL: gcc.dg/vect/vect-peel-1.c scan-tree-dump-times vect "vectorized 1 loops" 1
FAIL: gcc.dg/vect/vect-peel-2.c scan-tree-dump-times vect "vectorized 1 loops" 1
FAIL: gcc.dg/vect/vect-peel-3.c scan-tree-dump-times vect "Alignment of access forced using peeling" 1
FAIL: gcc.dg/vect/vect-peel-3.c scan-tree-dump-times vect "Vectorizing an unaligned access" 1
FAIL: gcc.dg/vect/vect-peel-3.c scan-tree-dump-times vect "vectorized 1 loops" 1
FAIL: gcc.dg/vect/vect-peel-4.c scan-tree-dump-times vect "Vectorizing an unaligned access" 1
FAIL: gcc.dg/vect/vect-peel-4.c scan-tree-dump-times vect "vectorized 1 loops" 1
FAIL: gcc.dg/vect/vect-pr69848.c scan-tree-dump vect "vectorized 1 loops"
FAIL: gcc.dg/vect/vect-pre-interact.c scan-tree-dump-times vect "vectorized 1 loops" 1
FAIL: gcc.dg/vect/vect-profile-1.c scan-tree-dump vect "goto <bb [0-9]+>; \\\\[0+.0*%\\\\]"
FAIL: gcc.dg/vect/vect-reduc-1.c scan-tree-dump-times vect "vectorized 3 loops" 1
FAIL: gcc.dg/vect/vect-reduc-11.c -flto -ffat-lto-objects  scan-tree-dump-times vect "vectorized 1 loops" 1
FAIL: gcc.dg/vect/vect-reduc-11.c scan-tree-dump-times vect "vectorized 1 loops" 1
FAIL: gcc.dg/vect/vect-reduc-1char-big-array.c -flto -ffat-lto-objects  scan-tree-dump-times vect "vectorized 3 loops" 1
FAIL: gcc.dg/vect/vect-reduc-1char-big-array.c scan-tree-dump-times vect "vectorized 3 loops" 1
FAIL: gcc.dg/vect/vect-reduc-1char.c -flto -ffat-lto-objects  scan-tree-dump-times vect "vectorized 3 loops" 1
FAIL: gcc.dg/vect/vect-reduc-1char.c scan-tree-dump-times vect "vectorized 3 loops" 1
FAIL: gcc.dg/vect/vect-reduc-1short.c -flto -ffat-lto-objects  scan-tree-dump-times vect "vectorized 3 loops" 1
FAIL: gcc.dg/vect/vect-reduc-1short.c scan-tree-dump-times vect "vectorized 3 loops" 1
FAIL: gcc.dg/vect/vect-reduc-2.c -flto -ffat-lto-objects  scan-tree-dump-times vect "vectorized 3 loops" 1
FAIL: gcc.dg/vect/vect-reduc-2.c scan-tree-dump-times vect "vectorized 3 loops" 1
FAIL: gcc.dg/vect/vect-reduc-3.c -flto -ffat-lto-objects  scan-tree-dump-times vect "vectorized 1 loops" 1
FAIL: gcc.dg/vect/vect-reduc-dot-u16b.c scan-tree-dump-times vect "vect_recog_dot_prod_pattern: detected" 1
FAIL: gcc.dg/vect/vect-reduc-dot-u16b.c scan-tree-dump-times vect "vectorized 1 loops" 1
FAIL: gcc.dg/vect/vect-reduc-dot-u8b.c scan-tree-dump-times vect "vect_recog_dot_prod_pattern: detected" 1
FAIL: gcc.dg/vect/vect-reduc-dot-u8b.c scan-tree-dump-times vect "vectorized 1 loops" 1
FAIL: gcc.dg/vect/vect-reduc-in-order-1.c scan-tree-dump-times vect "using an in-order \\\\(fold-left\\\\) reduction" 2
FAIL: gcc.dg/vect/vect-reduc-in-order-2.c scan-tree-dump vect "in-order double reduction not supported"
FAIL: gcc.dg/vect/vect-reduc-in-order-3.c scan-tree-dump-times vect "using an in-order \\\\(fold-left\\\\) reduction" 1
FAIL: gcc.dg/vect/vect-reduc-in-order-3.c scan-tree-dump-times vect "vectorizing stmts using SLP" 1
FAIL: gcc.dg/vect/vect-reduc-in-order-4.c scan-tree-dump vect "in-order unchained SLP reductions not supported"
FAIL: gcc.dg/vect/vect-reduc-mul_1.c scan-tree-dump vect "Reduce using vector shifts"
FAIL: gcc.dg/vect/vect-reduc-or_1.c scan-tree-dump vect "Reduce using vector shifts"
FAIL: gcc.dg/vect/vect-reduc-pattern-1b-big-array.c -flto -ffat-lto-objects  scan-tree-dump-times vect "vect_recog_widen_sum_pattern: detected" 1
FAIL: gcc.dg/vect/vect-reduc-pattern-1b-big-array.c -flto -ffat-lto-objects  scan-tree-dump-times vect "vectorized 1 loops" 1
FAIL: gcc.dg/vect/vect-reduc-pattern-1b.c -flto -ffat-lto-objects  scan-tree-dump vect "vect_recog_widen_sum_pattern: detected"
FAIL: gcc.dg/vect/vect-reduc-pattern-1b.c -flto -ffat-lto-objects  scan-tree-dump-times vect "vectorized 1 loops" 1
FAIL: gcc.dg/vect/vect-reduc-pattern-1c-big-array.c -flto -ffat-lto-objects  scan-tree-dump-times vect "vect_recog_widen_sum_pattern: detected" 1
FAIL: gcc.dg/vect/vect-reduc-pattern-1c-big-array.c -flto -ffat-lto-objects  scan-tree-dump-times vect "vectorized 1 loops" 1
FAIL: gcc.dg/vect/vect-reduc-pattern-1c.c -flto -ffat-lto-objects  scan-tree-dump vect "vect_recog_widen_sum_pattern: detected"
FAIL: gcc.dg/vect/vect-reduc-pattern-1c.c -flto -ffat-lto-objects  scan-tree-dump-times vect "vectorized 1 loops" 1
FAIL: gcc.dg/vect/vect-reduc-pattern-2a.c -flto -ffat-lto-objects  scan-tree-dump-times vect "vect_recog_widen_sum_pattern: detected" 1
FAIL: gcc.dg/vect/vect-reduc-pattern-2a.c -flto -ffat-lto-objects  scan-tree-dump-times vect "vectorized 1 loops" 1
FAIL: gcc.dg/vect/vect-reduc-pattern-2b-big-array.c -flto -ffat-lto-objects  scan-tree-dump-times vect "vect_recog_widen_sum_pattern: detected" 1
FAIL: gcc.dg/vect/vect-reduc-pattern-2b.c -flto -ffat-lto-objects  scan-tree-dump vect "vect_recog_widen_sum_pattern: detected"
FAIL: gcc.dg/vect/vect-reduc-sad-1.c -flto -ffat-lto-objects  scan-tree-dump vect "vect_recog_sad_pattern: detected"
FAIL: gcc.dg/vect/vect-reduc-sad-1.c -flto -ffat-lto-objects  scan-tree-dump-times vect "vectorized 1 loop" 1
FAIL: gcc.dg/vect/vect-reduc-sad-1.c scan-tree-dump vect "vect_recog_sad_pattern: detected"
FAIL: gcc.dg/vect/vect-reduc-sad-1.c scan-tree-dump-times vect "vectorized 1 loop" 1
FAIL: gcc.dg/vect/vect-reduc-sad-2.c scan-tree-dump vect "vect_recog_sad_pattern: detected"
FAIL: gcc.dg/vect/vect-reduc-sad-3.c scan-tree-dump vect "vect_recog_sad_pattern: detected"
FAIL: gcc.dg/vect/vect-reduc-sad-4.c scan-tree-dump vect "vect_recog_sad_pattern: detected"
FAIL: gcc.dg/vect/vect-reduc-sad-5.c scan-tree-dump vect "vect_recog_sad_pattern: detected"
FAIL: gcc.dg/vect/vect-reduc-sad-6.c scan-tree-dump vect "vect_recog_sad_pattern: detected"
FAIL: gcc.dg/vect/vect-reduc-sad-7.c scan-tree-dump vect "vect_recog_sad_pattern: detected"
FAIL: gcc.dg/vect/vect-reduc-sad-8.c scan-tree-dump vect "vect_recog_sad_pattern: detected"
FAIL: gcc.dg/vect/vect-strided-a-u8-i8-gap2-big-array.c -flto -ffat-lto-objects  scan-tree-dump-times vect "vectorized 1 loops" 1
FAIL: gcc.dg/vect/vect-strided-a-u8-i8-gap2.c -flto -ffat-lto-objects  scan-tree-dump-times vect "vectorized 1 loops" 1
FAIL: gcc.dg/vect/vect-strided-a-u8-i8-gap7-big-array.c -flto -ffat-lto-objects  scan-tree-dump-times vect "vectorized 1 loops" 1
FAIL: gcc.dg/vect/vect-strided-a-u8-i8-gap7.c -flto -ffat-lto-objects  scan-tree-dump-times vect "vectorized 1 loops" 1
XPASS: gcc.dg/vect/vect-strided-float.c -flto -ffat-lto-objects  scan-tree-dump-times vect "vectorized 0 loops" 1
FAIL: gcc.dg/vect/vect-strided-float.c -flto -ffat-lto-objects  scan-tree-dump-times vect "vectorized 1 loops" 1
FAIL: gcc.dg/vect/vect-strided-mult-char-ls.c -flto -ffat-lto-objects  scan-tree-dump-times vect "vectorized 1 loops" 1
FAIL: gcc.dg/vect/vect-strided-mult.c -flto -ffat-lto-objects  scan-tree-dump-times vect "vectorized 1 loops" 1
FAIL: gcc.dg/vect/vect-strided-same-dr.c -flto -ffat-lto-objects  scan-tree-dump-times vect "vectorized 1 loops" 1
FAIL: gcc.dg/vect/vect-strided-shift-1.c -flto -ffat-lto-objects  scan-tree-dump-times vect "vectorized 1 loops in function" 1
FAIL: gcc.dg/vect/vect-strided-u8-i2.c -flto -ffat-lto-objects  scan-tree-dump-times vect "vectorized 1 loops" 1
FAIL: gcc.dg/vect/vect-strided-u8-i8-gap2-big-array.c -flto -ffat-lto-objects  scan-tree-dump-times vect "vectorized 1 loops" 1
FAIL: gcc.dg/vect/vect-strided-u8-i8-gap2.c -flto -ffat-lto-objects  scan-tree-dump-times vect "vectorized 1 loops" 1
FAIL: gcc.dg/vect/vect-strided-u8-i8-gap4-big-array.c -flto -ffat-lto-objects  scan-tree-dump-times vect "vectorized 2 loops" 1
FAIL: gcc.dg/vect/vect-strided-u8-i8-gap4-unknown.c -flto -ffat-lto-objects  scan-tree-dump-times vect "vectorized 1 loops" 1
FAIL: gcc.dg/vect/vect-strided-u8-i8-gap4.c -flto -ffat-lto-objects  scan-tree-dump-times vect "vectorized 2 loops" 1
FAIL: gcc.dg/vect/vect-strided-u8-i8-gap7-big-array.c -flto -ffat-lto-objects  scan-tree-dump-times vect "vectorized 1 loops" 1
FAIL: gcc.dg/vect/vect-strided-u8-i8-gap7.c -flto -ffat-lto-objects  scan-tree-dump-times vect "vectorized 1 loops" 1
FAIL: gcc.dg/vect/vect-strided-u8-i8.c -flto -ffat-lto-objects  scan-tree-dump-times vect "vectorized 1 loops" 1
ERROR: tcl error sourcing /home/tcwg-buildslave/workspace/tcwg-buildfarm/tcwg-thx1_64-build/snapshots/gcc.git~master_rev_570c6c2ee57d1250468e5dde121d196f730732e1/gcc/testsuite/gcc.misc-tests/i386-prefetch.exp.
ERROR: tcl error sourcing /home/tcwg-buildslave/workspace/tcwg-buildfarm/tcwg-thx1_64-build/snapshots/gcc.git~master_rev_570c6c2ee57d1250468e5dde121d196f730732e1/gcc/testsuite/gcc.misc-tests/i386-prefetch.exp.
ERROR: tcl error sourcing /home/tcwg-buildslave/workspace/tcwg-buildfarm/tcwg-thx1_64-build/snapshots/gcc.git~master_rev_570c6c2ee57d1250468e5dde121d196f730732e1/gcc/testsuite/gcc.misc-tests/i386-prefetch.exp.
ERROR: tcl error sourcing /home/tcwg-buildslave/workspace/tcwg-buildfarm/tcwg-thx1_64-build/snapshots/gcc.git~master_rev_570c6c2ee57d1250468e5dde121d196f730732e1/gcc/testsuite/gcc.misc-tests/i386-prefetch.exp.
ERROR: tcl error sourcing /home/tcwg-buildslave/workspace/tcwg-buildfarm/tcwg-thx1_64-build/snapshots/gcc.git~master_rev_570c6c2ee57d1250468e5dde121d196f730732e1/gcc/testsuite/gcc.misc-tests/i386-prefetch.exp.
ERROR: tcl error sourcing /home/tcwg-buildslave/workspace/tcwg-buildfarm/tcwg-thx1_64-build/snapshots/gcc.git~master_rev_570c6c2ee57d1250468e5dde121d196f730732e1/gcc/testsuite/gcc.misc-tests/i386-prefetch.exp.
ERROR: tcl error sourcing /home/tcwg-buildslave/workspace/tcwg-buildfarm/tcwg-thx1_64-build/snapshots/gcc.git~master_rev_570c6c2ee57d1250468e5dde121d196f730732e1/gcc/testsuite/gcc.misc-tests/i386-prefetch.exp.
ERROR: tcl error sourcing /home/tcwg-buildslave/workspace/tcwg-buildfarm/tcwg-thx1_64-build/snapshots/gcc.git~master_rev_570c6c2ee57d1250468e5dde121d196f730732e1/gcc/testsuite/gcc.misc-tests/i386-prefetch.exp.
ERROR: tcl error sourcing /home/tcwg-buildslave/workspace/tcwg-buildfarm/tcwg-thx1_64-build/snapshots/gcc.git~master_rev_570c6c2ee57d1250468e5dde121d196f730732e1/gcc/testsuite/gcc.misc-tests/i386-prefetch.exp.
ERROR: tcl error sourcing /home/tcwg-buildslave/workspace/tcwg-buildfarm/tcwg-thx1_64-build/snapshots/gcc.git~master_rev_570c6c2ee57d1250468e5dde121d196f730732e1/gcc/testsuite/gcc.misc-tests/i386-prefetch.exp.
ERROR: tcl error sourcing /home/tcwg-buildslave/workspace/tcwg-buildfarm/tcwg-thx1_64-build/snapshots/gcc.git~master_rev_570c6c2ee57d1250468e5dde121d196f730732e1/gcc/testsuite/gcc.misc-tests/i386-prefetch.exp.
ERROR: tcl error sourcing /home/tcwg-buildslave/workspace/tcwg-buildfarm/tcwg-thx1_64-build/snapshots/gcc.git~master_rev_570c6c2ee57d1250468e5dde121d196f730732e1/gcc/testsuite/gcc.misc-tests/i386-prefetch.exp.
ERROR: tcl error sourcing /home/tcwg-buildslave/workspace/tcwg-buildfarm/tcwg-thx1_64-build/snapshots/gcc.git~master_rev_570c6c2ee57d1250468e5dde121d196f730732e1/gcc/testsuite/gcc.misc-tests/i386-prefetch.exp.
ERROR: tcl error sourcing /home/tcwg-buildslave/workspace/tcwg-buildfarm/tcwg-thx1_64-build/snapshots/gcc.git~master_rev_570c6c2ee57d1250468e5dde121d196f730732e1/gcc/testsuite/gcc.misc-tests/i386-prefetch.exp.
ERROR: tcl error sourcing /home/tcwg-buildslave/workspace/tcwg-buildfarm/tcwg-thx1_64-build/snapshots/gcc.git~master_rev_570c6c2ee57d1250468e5dde121d196f730732e1/gcc/testsuite/gcc.misc-tests/i386-prefetch.exp.
ERROR: tcl error sourcing /home/tcwg-buildslave/workspace/tcwg-buildfarm/tcwg-thx1_64-build/snapshots/gcc.git~master_rev_570c6c2ee57d1250468e5dde121d196f730732e1/gcc/testsuite/gcc.misc-tests/i386-prefetch.exp.
ERROR: torture-init: torture_without_loops is not empty as expected
ERROR: torture-init: torture_without_loops is not empty as expected
ERROR: torture-init: torture_without_loops is not empty as expected
ERROR: torture-init: torture_without_loops is not empty as expected
ERROR: torture-init: torture_without_loops is not empty as expected
ERROR: torture-init: torture_without_loops is not empty as expected
ERROR: torture-init: torture_without_loops is not empty as expected
ERROR: torture-init: torture_without_loops is not empty as expected
ERROR: torture-init: torture_without_loops is not empty as expected
ERROR: torture-init: torture_without_loops is not empty as expected
ERROR: torture-init: torture_without_loops is not empty as expected
ERROR: torture-init: torture_without_loops is not empty as expected
ERROR: torture-init: torture_without_loops is not empty as expected
ERROR: torture-init: torture_without_loops is not empty as expected
ERROR: torture-init: torture_without_loops is not empty as expected
ERROR: torture-init: torture_without_loops is not empty as expected
ERROR: tcl error sourcing /home/tcwg-buildslave/workspace/tcwg-buildfarm/tcwg-thx1_64-build/snapshots/gcc.git~master_rev_570c6c2ee57d1250468e5dde121d196f730732e1/gcc/testsuite/gcc.target/aarch64/aapcs64/aapcs64.exp.
ERROR: tcl error sourcing /home/tcwg-buildslave/workspace/tcwg-buildfarm/tcwg-thx1_64-build/snapshots/gcc.git~master_rev_570c6c2ee57d1250468e5dde121d196f730732e1/gcc/testsuite/gcc.target/aarch64/aapcs64/aapcs64.exp.
ERROR: tcl error sourcing /home/tcwg-buildslave/workspace/tcwg-buildfarm/tcwg-thx1_64-build/snapshots/gcc.git~master_rev_570c6c2ee57d1250468e5dde121d196f730732e1/gcc/testsuite/gcc.target/aarch64/aapcs64/aapcs64.exp.
ERROR: tcl error sourcing /home/tcwg-buildslave/workspace/tcwg-buildfarm/tcwg-thx1_64-build/snapshots/gcc.git~master_rev_570c6c2ee57d1250468e5dde121d196f730732e1/gcc/testsuite/gcc.target/aarch64/aapcs64/aapcs64.exp.
ERROR: tcl error sourcing /home/tcwg-buildslave/workspace/tcwg-buildfarm/tcwg-thx1_64-build/snapshots/gcc.git~master_rev_570c6c2ee57d1250468e5dde121d196f730732e1/gcc/testsuite/gcc.target/aarch64/aapcs64/aapcs64.exp.
ERROR: tcl error sourcing /home/tcwg-buildslave/workspace/tcwg-buildfarm/tcwg-thx1_64-build/snapshots/gcc.git~master_rev_570c6c2ee57d1250468e5dde121d196f730732e1/gcc/testsuite/gcc.target/aarch64/aapcs64/aapcs64.exp.
ERROR: tcl error sourcing /home/tcwg-buildslave/workspace/tcwg-buildfarm/tcwg-thx1_64-build/snapshots/gcc.git~master_rev_570c6c2ee57d1250468e5dde121d196f730732e1/gcc/testsuite/gcc.target/aarch64/aapcs64/aapcs64.exp.
ERROR: tcl error sourcing /home/tcwg-buildslave/workspace/tcwg-buildfarm/tcwg-thx1_64-build/snapshots/gcc.git~master_rev_570c6c2ee57d1250468e5dde121d196f730732e1/gcc/testsuite/gcc.target/aarch64/aapcs64/aapcs64.exp.
ERROR: tcl error sourcing /home/tcwg-buildslave/workspace/tcwg-buildfarm/tcwg-thx1_64-build/snapshots/gcc.git~master_rev_570c6c2ee57d1250468e5dde121d196f730732e1/gcc/testsuite/gcc.target/aarch64/aapcs64/aapcs64.exp.
ERROR: tcl error sourcing /home/tcwg-buildslave/workspace/tcwg-buildfarm/tcwg-thx1_64-build/snapshots/gcc.git~master_rev_570c6c2ee57d1250468e5dde121d196f730732e1/gcc/testsuite/gcc.target/aarch64/aapcs64/aapcs64.exp.
ERROR: tcl error sourcing /home/tcwg-buildslave/workspace/tcwg-buildfarm/tcwg-thx1_64-build/snapshots/gcc.git~master_rev_570c6c2ee57d1250468e5dde121d196f730732e1/gcc/testsuite/gcc.target/aarch64/aapcs64/aapcs64.exp.
ERROR: tcl error sourcing /home/tcwg-buildslave/workspace/tcwg-buildfarm/tcwg-thx1_64-build/snapshots/gcc.git~master_rev_570c6c2ee57d1250468e5dde121d196f730732e1/gcc/testsuite/gcc.target/aarch64/aapcs64/aapcs64.exp.
ERROR: tcl error sourcing /home/tcwg-buildslave/workspace/tcwg-buildfarm/tcwg-thx1_64-build/snapshots/gcc.git~master_rev_570c6c2ee57d1250468e5dde121d196f730732e1/gcc/testsuite/gcc.target/aarch64/aapcs64/aapcs64.exp.
ERROR: tcl error sourcing /home/tcwg-buildslave/workspace/tcwg-buildfarm/tcwg-thx1_64-build/snapshots/gcc.git~master_rev_570c6c2ee57d1250468e5dde121d196f730732e1/gcc/testsuite/gcc.target/aarch64/aapcs64/aapcs64.exp.
ERROR: tcl error sourcing /home/tcwg-buildslave/workspace/tcwg-buildfarm/tcwg-thx1_64-build/snapshots/gcc.git~master_rev_570c6c2ee57d1250468e5dde121d196f730732e1/gcc/testsuite/gcc.target/aarch64/aapcs64/aapcs64.exp.
ERROR: tcl error sourcing /home/tcwg-buildslave/workspace/tcwg-buildfarm/tcwg-thx1_64-build/snapshots/gcc.git~master_rev_570c6c2ee57d1250468e5dde121d196f730732e1/gcc/testsuite/gcc.target/aarch64/aapcs64/aapcs64.exp.
ERROR: torture-init: torture_without_loops is not empty as expected
ERROR: torture-init: torture_without_loops is not empty as expected
ERROR: torture-init: torture_without_loops is not empty as expected
ERROR: torture-init: torture_without_loops is not empty as expected
ERROR: torture-init: torture_without_loops is not empty as expected
ERROR: torture-init: torture_without_loops is not empty as expected
ERROR: torture-init: torture_without_loops is not empty as expected
ERROR: torture-init: torture_without_loops is not empty as expected
ERROR: torture-init: torture_without_loops is not empty as expected
ERROR: torture-init: torture_without_loops is not empty as expected
ERROR: torture-init: torture_without_loops is not empty as expected
ERROR: torture-init: torture_without_loops is not empty as expected
ERROR: torture-init: torture_without_loops is not empty as expected
ERROR: torture-init: torture_without_loops is not empty as expected
ERROR: torture-init: torture_without_loops is not empty as expected
ERROR: torture-init: torture_without_loops is not empty as expected
FAIL: gcc.target/aarch64/combine_bfi_1.c scan-assembler-times \\\\tbfi\\\\t 5
FAIL: gcc.target/aarch64/combine_bfxil.c scan-assembler-times bfxil\\\\t 13
FAIL: gcc.target/aarch64/copysign-bsl.c scan-assembler b(sl|it|if)\\tv[0-9]
FAIL: gcc.target/aarch64/cvtf_1.c scan-assembler scvtf\\td[0-9]+, x[0-9]+
FAIL: gcc.target/aarch64/cvtf_1.c scan-assembler scvtf\\ts[0-9]+, w[0-9]+
FAIL: gcc.target/aarch64/cvtf_1.c scan-assembler ucvtf\\td[0-9]+, x[0-9]+
FAIL: gcc.target/aarch64/cvtf_1.c scan-assembler ucvtf\\ts[0-9]+, w[0-9]+
FAIL: gcc.target/aarch64/insv_1.c scan-assembler bfi\\tx[0-9]+, x[0-9]+, 0, 8
FAIL: gcc.target/aarch64/insv_1.c scan-assembler bfi\\tx[0-9]+, x[0-9]+, 16, 5
FAIL: gcc.target/aarch64/insv_1.c scan-assembler movk\\tx[0-9]+, 0x1d6b, lsl 32
FAIL: gcc.target/aarch64/pr62178.c scan-assembler ldr\\\\tq[0-9]+, \\\\[x[0-9]+\\\\], [0-9]+
FAIL: gcc.target/aarch64/pr62178.c scan-assembler ldr\\\\ts[0-9]+, \\\\[x[0-9]+, [0-9]+\\\\]!
FAIL: gcc.target/aarch64/pr62178.c scan-assembler mla\\\\tv[0-9]+.4s, v[0-9]+.4s, v[0-9]+.s\\\\[0\\\\]
FAIL: gcc.target/aarch64/pr64946.c scan-assembler-times abs\\tv[0-9]+.16b, v[0-9]+.16b 1
FAIL: gcc.target/aarch64/return_address_sign_1.c scan-assembler-times autiasp 4
FAIL: gcc.target/aarch64/return_address_sign_1.c scan-assembler-times paciasp 4
FAIL: gcc.target/aarch64/return_address_sign_2.c scan-assembler-times paciasp 1
FAIL: gcc.target/aarch64/return_address_sign_3.c scan-assembler-not autiasp
FAIL: gcc.target/aarch64/return_address_sign_3.c scan-assembler-not paciasp
FAIL: gcc.target/aarch64/saddw-1.c scan-assembler saddw2
FAIL: gcc.target/aarch64/saddw-2.c scan-assembler saddw2
FAIL: gcc.target/aarch64/stack-check-cfa-3.c scan-assembler-times \\\\.cfi_def_cfa_register 15 1
FAIL: gcc.target/aarch64/stack-check-cfa-3.c scan-assembler-times \\\\.cfi_escape 0xf,0xc,0x8f,0,0x92,0x2e,0,.* 1
FAIL: gcc.target/aarch64/stack-check-cfa-3.c scan-assembler-times mov\\\\tx15, sp 1
FAIL: gcc.target/aarch64/sync-comp-swap.c scan-assembler-times dmb\\tish 2
FAIL: gcc.target/aarch64/sync-comp-swap.c scan-assembler-times ldxr\\tw[0-9]+, \\\\[x[0-9]+\\\\] 2
FAIL: gcc.target/aarch64/sync-comp-swap.c scan-assembler-times stlxr\\tw[0-9]+, w[0-9]+, \\\\[x[0-9]+\\\\] 2
FAIL: gcc.target/aarch64/sync-op-acquire.c scan-assembler-times dmb\\tish 1
FAIL: gcc.target/aarch64/sync-op-acquire.c scan-assembler-times ldxr\\tw[0-9]+, \\\\[x[0-9]+\\\\] 1
FAIL: gcc.target/aarch64/sync-op-acquire.c scan-assembler-times stxr\\tw[0-9]+, w[0-9]+, \\\\[x[0-9]+\\\\] 1
FAIL: gcc.target/aarch64/sync-op-full.c scan-assembler-times dmb\\tish 12
FAIL: gcc.target/aarch64/sync-op-full.c scan-assembler-times ldxr\\tw[0-9]+, \\\\[x[0-9]+\\\\] 12
FAIL: gcc.target/aarch64/sync-op-full.c scan-assembler-times stlxr\\tw[0-9]+, w[0-9]+, \\\\[x[0-9]+\\\\] 12
FAIL: gcc.target/aarch64/sync-op-release.c scan-assembler-times stlr 1
FAIL: gcc.target/aarch64/tail_indirect_call_1.c scan-assembler-not blr\\t
FAIL: gcc.target/aarch64/tail_indirect_call_1.c scan-assembler-times br\\t 2
FAIL: gcc.target/aarch64/target_attr_1.c scan-assembler-not thunderx
FAIL: gcc.target/aarch64/test_frame_16.c scan-assembler-times sub\\tsp, sp, #[0-9]+ 2
FAIL: gcc.target/aarch64/tst_5.c scan-assembler tst\\t(x|w)[0-9]+,[ \\t]*255
FAIL: gcc.target/aarch64/tst_5.c scan-assembler tst\\t(x|w)[0-9]+,[ \\t]*65535
FAIL: gcc.target/aarch64/tst_6.c scan-assembler tst\\t(x|w)[0-9]+,[ \\t]*65535
FAIL: gcc.target/aarch64/va_arg_3.c scan-assembler-not x7
FAIL: gcc.target/aarch64/vdup_n_1.c scan-assembler-times dup\\\\tv[0-9]+.16b, w[0-9]+ 3
FAIL: gcc.target/aarch64/vdup_n_1.c scan-assembler-times dup\\\\tv[0-9]+.2d, x[0-9]+ 2
FAIL: gcc.target/aarch64/vdup_n_1.c scan-assembler-times dup\\\\tv[0-9]+.2s, w[0-9]+ 2
FAIL: gcc.target/aarch64/vdup_n_1.c scan-assembler-times dup\\\\tv[0-9]+.4h, w[0-9]+ 3
FAIL: gcc.target/aarch64/vdup_n_1.c scan-assembler-times dup\\\\tv[0-9]+.4s, w[0-9]+ 2
FAIL: gcc.target/aarch64/vdup_n_1.c scan-assembler-times dup\\\\tv[0-9]+.8b, w[0-9]+ 3
FAIL: gcc.target/aarch64/vdup_n_1.c scan-assembler-times dup\\\\tv[0-9]+.8h, w[0-9]+ 3
FAIL: gcc.target/aarch64/vect_combine_zeroes_1.c scan-assembler-not mov\\tv[0-9]+.8b, v[0-9]+.8b
ERROR: tcl error sourcing /home/tcwg-buildslave/workspace/tcwg-buildfarm/tcwg-thx1_64-build/snapshots/gcc.git~master_rev_570c6c2ee57d1250468e5dde121d196f730732e1/gcc/testsuite/gcc.target/aarch64/advsimd-intrinsics/advsimd-intrinsics.exp.
ERROR: tcl error sourcing /home/tcwg-buildslave/workspace/tcwg-buildfarm/tcwg-thx1_64-build/snapshots/gcc.git~master_rev_570c6c2ee57d1250468e5dde121d196f730732e1/gcc/testsuite/gcc.target/aarch64/advsimd-intrinsics/advsimd-intrinsics.exp.
ERROR: tcl error sourcing /home/tcwg-buildslave/workspace/tcwg-buildfarm/tcwg-thx1_64-build/snapshots/gcc.git~master_rev_570c6c2ee57d1250468e5dde121d196f730732e1/gcc/testsuite/gcc.target/aarch64/advsimd-intrinsics/advsimd-intrinsics.exp.
ERROR: tcl error sourcing /home/tcwg-buildslave/workspace/tcwg-buildfarm/tcwg-thx1_64-build/snapshots/gcc.git~master_rev_570c6c2ee57d1250468e5dde121d196f730732e1/gcc/testsuite/gcc.target/aarch64/advsimd-intrinsics/advsimd-intrinsics.exp.
ERROR: tcl error sourcing /home/tcwg-buildslave/workspace/tcwg-buildfarm/tcwg-thx1_64-build/snapshots/gcc.git~master_rev_570c6c2ee57d1250468e5dde121d196f730732e1/gcc/testsuite/gcc.target/aarch64/advsimd-intrinsics/advsimd-intrinsics.exp.
ERROR: tcl error sourcing /home/tcwg-buildslave/workspace/tcwg-buildfarm/tcwg-thx1_64-build/snapshots/gcc.git~master_rev_570c6c2ee57d1250468e5dde121d196f730732e1/gcc/testsuite/gcc.target/aarch64/advsimd-intrinsics/advsimd-intrinsics.exp.
ERROR: tcl error sourcing /home/tcwg-buildslave/workspace/tcwg-buildfarm/tcwg-thx1_64-build/snapshots/gcc.git~master_rev_570c6c2ee57d1250468e5dde121d196f730732e1/gcc/testsuite/gcc.target/aarch64/advsimd-intrinsics/advsimd-intrinsics.exp.
ERROR: tcl error sourcing /home/tcwg-buildslave/workspace/tcwg-buildfarm/tcwg-thx1_64-build/snapshots/gcc.git~master_rev_570c6c2ee57d1250468e5dde121d196f730732e1/gcc/testsuite/gcc.target/aarch64/advsimd-intrinsics/advsimd-intrinsics.exp.
ERROR: tcl error sourcing /home/tcwg-buildslave/workspace/tcwg-buildfarm/tcwg-thx1_64-build/snapshots/gcc.git~master_rev_570c6c2ee57d1250468e5dde121d196f730732e1/gcc/testsuite/gcc.target/aarch64/advsimd-intrinsics/advsimd-intrinsics.exp.
ERROR: tcl error sourcing /home/tcwg-buildslave/workspace/tcwg-buildfarm/tcwg-thx1_64-build/snapshots/gcc.git~master_rev_570c6c2ee57d1250468e5dde121d196f730732e1/gcc/testsuite/gcc.target/aarch64/advsimd-intrinsics/advsimd-intrinsics.exp.
ERROR: tcl error sourcing /home/tcwg-buildslave/workspace/tcwg-buildfarm/tcwg-thx1_64-build/snapshots/gcc.git~master_rev_570c6c2ee57d1250468e5dde121d196f730732e1/gcc/testsuite/gcc.target/aarch64/advsimd-intrinsics/advsimd-intrinsics.exp.
ERROR: tcl error sourcing /home/tcwg-buildslave/workspace/tcwg-buildfarm/tcwg-thx1_64-build/snapshots/gcc.git~master_rev_570c6c2ee57d1250468e5dde121d196f730732e1/gcc/testsuite/gcc.target/aarch64/advsimd-intrinsics/advsimd-intrinsics.exp.
ERROR: tcl error sourcing /home/tcwg-buildslave/workspace/tcwg-buildfarm/tcwg-thx1_64-build/snapshots/gcc.git~master_rev_570c6c2ee57d1250468e5dde121d196f730732e1/gcc/testsuite/gcc.target/aarch64/advsimd-intrinsics/advsimd-intrinsics.exp.
ERROR: tcl error sourcing /home/tcwg-buildslave/workspace/tcwg-buildfarm/tcwg-thx1_64-build/snapshots/gcc.git~master_rev_570c6c2ee57d1250468e5dde121d196f730732e1/gcc/testsuite/gcc.target/aarch64/advsimd-intrinsics/advsimd-intrinsics.exp.
ERROR: tcl error sourcing /home/tcwg-buildslave/workspace/tcwg-buildfarm/tcwg-thx1_64-build/snapshots/gcc.git~master_rev_570c6c2ee57d1250468e5dde121d196f730732e1/gcc/testsuite/gcc.target/aarch64/advsimd-intrinsics/advsimd-intrinsics.exp.
ERROR: tcl error sourcing /home/tcwg-buildslave/workspace/tcwg-buildfarm/tcwg-thx1_64-build/snapshots/gcc.git~master_rev_570c6c2ee57d1250468e5dde121d196f730732e1/gcc/testsuite/gcc.target/aarch64/advsimd-intrinsics/advsimd-intrinsics.exp.
ERROR: torture-init: torture_without_loops is not empty as expected
ERROR: torture-init: torture_without_loops is not empty as expected
ERROR: torture-init: torture_without_loops is not empty as expected
ERROR: torture-init: torture_without_loops is not empty as expected
ERROR: torture-init: torture_without_loops is not empty as expected
ERROR: torture-init: torture_without_loops is not empty as expected
ERROR: torture-init: torture_without_loops is not empty as expected
ERROR: torture-init: torture_without_loops is not empty as expected
ERROR: torture-init: torture_without_loops is not empty as expected
ERROR: torture-init: torture_without_loops is not empty as expected
ERROR: torture-init: torture_without_loops is not empty as expected
ERROR: torture-init: torture_without_loops is not empty as expected
ERROR: torture-init: torture_without_loops is not empty as expected
ERROR: torture-init: torture_without_loops is not empty as expected
ERROR: torture-init: torture_without_loops is not empty as expected
ERROR: torture-init: torture_without_loops is not empty as expected
FAIL: gcc.target/aarch64/sve/gather_load_3.c -march=armv8.2-a+sve  scan-assembler-times \\\\tld1d\\\\tz[0-9]+\\\\.d, p[0-7]/z, \\\\[x[0-9]+, z[0-9]+.d\\\\]\\\\n 3
FAIL: gcc.target/aarch64/sve/gather_load_3.c -march=armv8.2-a+sve  scan-assembler-times \\\\tld1w\\\\tz[0-9]+\\\\.s, p[0-7]/z, \\\\[x[0-9]+, z[0-9]+.s, sxtw\\\\]\\\\n 3
FAIL: gcc.target/aarch64/sve/gather_load_4.c -march=armv8.2-a+sve  scan-assembler-times \\\\tld1d\\\\tz[0-9]+\\\\.d, p[0-7]/z, \\\\[x[0-9]+, z[0-9]+.d\\\\]\\\\n 3
FAIL: gcc.target/aarch64/sve/gather_load_4.c -march=armv8.2-a+sve  scan-assembler-times \\\\tld1w\\\\tz[0-9]+\\\\.s, p[0-7]/z, \\\\[x[0-9]+, z[0-9]+.s, uxtw\\\\]\\\\n 3
FAIL: gcc.target/aarch64/sve/gather_load_5.c -march=armv8.2-a+sve  scan-assembler-times \\\\tld1d\\\\tz[0-9]+\\\\.d, p[0-7]/z, \\\\[z[0-9]+.d\\\\]\\\\n 3
FAIL: gcc.target/aarch64/sve/gather_load_6.c -march=armv8.2-a+sve  scan-assembler-times \\\\tld1d\\\\tz[0-9]+\\\\.d, p[0-7]/z, \\\\[x[0-9]+, z[0-9]+.d, lsl 3\\\\]\\\\n 6
FAIL: gcc.target/aarch64/sve/gather_load_6.c -march=armv8.2-a+sve  scan-assembler-times \\\\tld1w\\\\tz[0-9]+\\\\.s, p[0-7]/z, \\\\[x[0-9]+, z[0-9]+.s, sxtw 2\\\\]\\\\n 6
FAIL: gcc.target/aarch64/sve/gather_load_6.c -march=armv8.2-a+sve  scan-assembler-times \\\\tsunpkhi\\\\tz[0-9]+\\\\.d, z[0-9]+\\\\.s\\\\n 3
FAIL: gcc.target/aarch64/sve/gather_load_6.c -march=armv8.2-a+sve  scan-assembler-times \\\\tsunpkhi\\\\tz[0-9]+\\\\.s, z[0-9]+\\\\.h\\\\n 3
FAIL: gcc.target/aarch64/sve/gather_load_6.c -march=armv8.2-a+sve  scan-assembler-times \\\\tsunpklo\\\\tz[0-9]+\\\\.d, z[0-9]+\\\\.s\\\\n 3
FAIL: gcc.target/aarch64/sve/gather_load_6.c -march=armv8.2-a+sve  scan-assembler-times \\\\tsunpklo\\\\tz[0-9]+\\\\.s, z[0-9]+\\\\.h\\\\n 3
FAIL: gcc.target/aarch64/sve/gather_load_7.c -march=armv8.2-a+sve  scan-assembler-times \\\\tld1d\\\\tz[0-9]+\\\\.d, p[0-7]/z, \\\\[x[0-9]+, z[0-9]+.d, lsl 3\\\\]\\\\n 6
FAIL: gcc.target/aarch64/sve/gather_load_7.c -march=armv8.2-a+sve  scan-assembler-times \\\\tld1w\\\\tz[0-9]+\\\\.s, p[0-7]/z, \\\\[x[0-9]+, z[0-9]+.s, [us]xtw 2\\\\]\\\\n 6
FAIL: gcc.target/aarch64/sve/gather_load_7.c -march=armv8.2-a+sve  scan-assembler-times \\\\tuunpkhi\\\\tz[0-9]+\\\\.d, z[0-9]+\\\\.s\\\\n 3
FAIL: gcc.target/aarch64/sve/gather_load_7.c -march=armv8.2-a+sve  scan-assembler-times \\\\tuunpkhi\\\\tz[0-9]+\\\\.s, z[0-9]+\\\\.h\\\\n 3
FAIL: gcc.target/aarch64/sve/gather_load_7.c -march=armv8.2-a+sve  scan-assembler-times \\\\tuunpklo\\\\tz[0-9]+\\\\.d, z[0-9]+\\\\.s\\\\n 3
FAIL: gcc.target/aarch64/sve/gather_load_7.c -march=armv8.2-a+sve  scan-assembler-times \\\\tuunpklo\\\\tz[0-9]+\\\\.s, z[0-9]+\\\\.h\\\\n 3
FAIL: gcc.target/aarch64/sve/index_1.c -march=armv8.2-a+sve  scan-assembler-times \\\\tindex\\\\tz[0-9]+\\\\.b, #-16, #1\\\\n 1
FAIL: gcc.target/aarch64/sve/index_1.c -march=armv8.2-a+sve  scan-assembler-times \\\\tindex\\\\tz[0-9]+\\\\.b, #0, #-16\\\\n 1
FAIL: gcc.target/aarch64/sve/index_1.c -march=armv8.2-a+sve  scan-assembler-times \\\\tindex\\\\tz[0-9]+\\\\.b, #0, #-1\\\\n 1
FAIL: gcc.target/aarch64/sve/index_1.c -march=armv8.2-a+sve  scan-assembler-times \\\\tindex\\\\tz[0-9]+\\\\.b, #0, #15\\\\n 2
FAIL: gcc.target/aarch64/sve/index_1.c -march=armv8.2-a+sve  scan-assembler-times \\\\tindex\\\\tz[0-9]+\\\\.b, #0, #1\\\\n 2
FAIL: gcc.target/aarch64/sve/index_1.c -march=armv8.2-a+sve  scan-assembler-times \\\\tindex\\\\tz[0-9]+\\\\.b, #0, w[0-9]+\\\\n 3
FAIL: gcc.target/aarch64/sve/index_1.c -march=armv8.2-a+sve  scan-assembler-times \\\\tindex\\\\tz[0-9]+\\\\.b, #15, #1\\\\n 2
FAIL: gcc.target/aarch64/sve/index_1.c -march=armv8.2-a+sve  scan-assembler-times \\\\tindex\\\\tz[0-9]+\\\\.b, w[0-9]+, #1\\\\n 3
FAIL: gcc.target/aarch64/sve/index_1.c -march=armv8.2-a+sve  scan-assembler-times \\\\tindex\\\\tz[0-9]+\\\\.b, w[0-9]+, w[0-9]+\\\\n 3
FAIL: gcc.target/aarch64/sve/index_1.c -march=armv8.2-a+sve  scan-assembler-times \\\\tindex\\\\tz[0-9]+\\\\.d, #-16, #1\\\\n 1
FAIL: gcc.target/aarch64/sve/index_1.c -march=armv8.2-a+sve  scan-assembler-times \\\\tindex\\\\tz[0-9]+\\\\.d, #0, #-16\\\\n 1
FAIL: gcc.target/aarch64/sve/index_1.c -march=armv8.2-a+sve  scan-assembler-times \\\\tindex\\\\tz[0-9]+\\\\.d, #0, #-1\\\\n 1
FAIL: gcc.target/aarch64/sve/index_1.c -march=armv8.2-a+sve  scan-assembler-times \\\\tindex\\\\tz[0-9]+\\\\.d, #0, #15\\\\n 2
FAIL: gcc.target/aarch64/sve/index_1.c -march=armv8.2-a+sve  scan-assembler-times \\\\tindex\\\\tz[0-9]+\\\\.d, #0, #1\\\\n 2
FAIL: gcc.target/aarch64/sve/index_1.c -march=armv8.2-a+sve  scan-assembler-times \\\\tindex\\\\tz[0-9]+\\\\.d, #0, x[0-9]+\\\\n 3
FAIL: gcc.target/aarch64/sve/index_1.c -march=armv8.2-a+sve  scan-assembler-times \\\\tindex\\\\tz[0-9]+\\\\.d, #15, #1\\\\n 2
FAIL: gcc.target/aarch64/sve/index_1.c -march=armv8.2-a+sve  scan-assembler-times \\\\tindex\\\\tz[0-9]+\\\\.d, x[0-9]+, #1\\\\n 3
FAIL: gcc.target/aarch64/sve/index_1.c -march=armv8.2-a+sve  scan-assembler-times \\\\tindex\\\\tz[0-9]+\\\\.d, x[0-9]+, x[0-9]+\\\\n 3
FAIL: gcc.target/aarch64/sve/index_1.c -march=armv8.2-a+sve  scan-assembler-times \\\\tindex\\\\tz[0-9]+\\\\.h, #-16, #1\\\\n 1
FAIL: gcc.target/aarch64/sve/index_1.c -march=armv8.2-a+sve  scan-assembler-times \\\\tindex\\\\tz[0-9]+\\\\.h, #0, #-16\\\\n 1
FAIL: gcc.target/aarch64/sve/index_1.c -march=armv8.2-a+sve  scan-assembler-times \\\\tindex\\\\tz[0-9]+\\\\.h, #0, #-1\\\\n 1
FAIL: gcc.target/aarch64/sve/index_1.c -march=armv8.2-a+sve  scan-assembler-times \\\\tindex\\\\tz[0-9]+\\\\.h, #0, #15\\\\n 2
FAIL: gcc.target/aarch64/sve/index_1.c -march=armv8.2-a+sve  scan-assembler-times \\\\tindex\\\\tz[0-9]+\\\\.h, #0, #1\\\\n 2
FAIL: gcc.target/aarch64/sve/index_1.c -march=armv8.2-a+sve  scan-assembler-times \\\\tindex\\\\tz[0-9]+\\\\.h, #0, w[0-9]+\\\\n 3
FAIL: gcc.target/aarch64/sve/index_1.c -march=armv8.2-a+sve  scan-assembler-times \\\\tindex\\\\tz[0-9]+\\\\.h, #15, #1\\\\n 2
FAIL: gcc.target/aarch64/sve/index_1.c -march=armv8.2-a+sve  scan-assembler-times \\\\tindex\\\\tz[0-9]+\\\\.h, w[0-9]+, #1\\\\n 3
FAIL: gcc.target/aarch64/sve/index_1.c -march=armv8.2-a+sve  scan-assembler-times \\\\tindex\\\\tz[0-9]+\\\\.h, w[0-9]+, w[0-9]+\\\\n 3
FAIL: gcc.target/aarch64/sve/index_1.c -march=armv8.2-a+sve  scan-assembler-times \\\\tindex\\\\tz[0-9]+\\\\.s, #-16, #1\\\\n 1
FAIL: gcc.target/aarch64/sve/index_1.c -march=armv8.2-a+sve  scan-assembler-times \\\\tindex\\\\tz[0-9]+\\\\.s, #0, #-16\\\\n 1
FAIL: gcc.target/aarch64/sve/index_1.c -march=armv8.2-a+sve  scan-assembler-times \\\\tindex\\\\tz[0-9]+\\\\.s, #0, #-1\\\\n 1
FAIL: gcc.target/aarch64/sve/index_1.c -march=armv8.2-a+sve  scan-assembler-times \\\\tindex\\\\tz[0-9]+\\\\.s, #0, #15\\\\n 2
FAIL: gcc.target/aarch64/sve/index_1.c -march=armv8.2-a+sve  scan-assembler-times \\\\tindex\\\\tz[0-9]+\\\\.s, #0, #1\\\\n 2
FAIL: gcc.target/aarch64/sve/index_1.c -march=armv8.2-a+sve  scan-assembler-times \\\\tindex\\\\tz[0-9]+\\\\.s, #0, w[0-9]+\\\\n 3
FAIL: gcc.target/aarch64/sve/index_1.c -march=armv8.2-a+sve  scan-assembler-times \\\\tindex\\\\tz[0-9]+\\\\.s, #15, #1\\\\n 2
FAIL: gcc.target/aarch64/sve/index_1.c -march=armv8.2-a+sve  scan-assembler-times \\\\tindex\\\\tz[0-9]+\\\\.s, w[0-9]+, #1\\\\n 3
FAIL: gcc.target/aarch64/sve/index_1.c -march=armv8.2-a+sve  scan-assembler-times \\\\tindex\\\\tz[0-9]+\\\\.s, w[0-9]+, w[0-9]+\\\\n 3
FAIL: gcc.target/aarch64/sve/index_offset_1.c -march=armv8.2-a+sve  scan-assembler-times ld1b\\\\tz[0-9]+.b, p[0-9]+/z, \\\\[x[0-9]+, x[0-9]+\\\\] 16
FAIL: gcc.target/aarch64/sve/index_offset_1.c -march=armv8.2-a+sve  scan-assembler-times ld1d\\\\tz[0-9]+.d, p[0-9]+/z, \\\\[x[0-9]+, x[0-9]+, lsl 3\\\\] 16
FAIL: gcc.target/aarch64/sve/index_offset_1.c -march=armv8.2-a+sve  scan-assembler-times ld1h\\\\tz[0-9]+.h, p[0-9]+/z, \\\\[x[0-9]+, x[0-9]+, lsl 1\\\\] 16
FAIL: gcc.target/aarch64/sve/index_offset_1.c -march=armv8.2-a+sve  scan-assembler-times ld1w\\\\tz[0-9]+.s, p[0-9]+/z, \\\\[x[0-9]+, x[0-9]+, lsl 2\\\\] 16
FAIL: gcc.target/aarch64/sve/index_offset_1.c -march=armv8.2-a+sve  scan-assembler-times st1b\\\\tz[0-9]+.b, p[0-9]+, \\\\[x[0-9]+, x[0-9]+\\\\] 16
FAIL: gcc.target/aarch64/sve/index_offset_1.c -march=armv8.2-a+sve  scan-assembler-times st1d\\\\tz[0-9]+.d, p[0-9]+, \\\\[x[0-9]+, x[0-9]+, lsl 3\\\\] 16
FAIL: gcc.target/aarch64/sve/index_offset_1.c -march=armv8.2-a+sve  scan-assembler-times st1h\\\\tz[0-9]+.h, p[0-9]+, \\\\[x[0-9]+, x[0-9]+, lsl 1\\\\] 16
FAIL: gcc.target/aarch64/sve/index_offset_1.c -march=armv8.2-a+sve  scan-assembler-times st1w\\\\tz[0-9]+.s, p[0-9]+, \\\\[x[0-9]+, x[0-9]+, lsl 2\\\\] 16
FAIL: gcc.target/aarch64/sve/ld1r_1.c -march=armv8.2-a+sve  scan-assembler \\\\tld1rb\\\\tz[0-9]+\\\\.b, p[0-7]/z, \\\\[x1, 63\\\\]\\\\n
FAIL: gcc.target/aarch64/sve/ld1r_1.c -march=armv8.2-a+sve  scan-assembler \\\\tld1rb\\\\tz[0-9]+\\\\.b, p[0-7]/z, \\\\[x1\\\\]\\\\n
FAIL: gcc.target/aarch64/sve/ld1r_1.c -march=armv8.2-a+sve  scan-assembler \\\\tld1rd\\\\tz[0-9]+\\\\.d, p[0-7]/z, \\\\[x1, 504\\\\]\\\\n
FAIL: gcc.target/aarch64/sve/ld1r_1.c -march=armv8.2-a+sve  scan-assembler \\\\tld1rd\\\\tz[0-9]+\\\\.d, p[0-7]/z, \\\\[x1\\\\]\\\\n
FAIL: gcc.target/aarch64/sve/ld1r_1.c -march=armv8.2-a+sve  scan-assembler \\\\tld1rh\\\\tz[0-9]+\\\\.h, p[0-7]/z, \\\\[x1, 126\\\\]\\\\n
FAIL: gcc.target/aarch64/sve/ld1r_1.c -march=armv8.2-a+sve  scan-assembler \\\\tld1rh\\\\tz[0-9]+\\\\.h, p[0-7]/z, \\\\[x1\\\\]\\\\n
FAIL: gcc.target/aarch64/sve/ld1r_1.c -march=armv8.2-a+sve  scan-assembler \\\\tld1rw\\\\tz[0-9]+\\\\.s, p[0-7]/z, \\\\[x1, 252\\\\]\\\\n
FAIL: gcc.target/aarch64/sve/ld1r_1.c -march=armv8.2-a+sve  scan-assembler \\\\tld1rw\\\\tz[0-9]+\\\\.s, p[0-7]/z, \\\\[x1\\\\]\\\\n
FAIL: gcc.target/aarch64/sve/struct_vect_15.c -march=armv8.2-a+sve  scan-assembler-times \\\\tld2b\\\\t{z[0-9]+.b - z[0-9]+.b}, p[0-7]/z, \\\\[x[0-9]+\\\\]\\\\n 1
FAIL: gcc.target/aarch64/sve/struct_vect_15.c -march=armv8.2-a+sve  scan-assembler-times \\\\tld2d\\\\t{z[0-9]+.d - z[0-9]+.d}, p[0-7]/z, \\\\[x[0-9]+\\\\]\\\\n 2
FAIL: gcc.target/aarch64/sve/struct_vect_15.c -march=armv8.2-a+sve  scan-assembler-times \\\\tld2h\\\\t{z[0-9]+.h - z[0-9]+.h}, p[0-7]/z, \\\\[x[0-9]+\\\\]\\\\n 2
FAIL: gcc.target/aarch64/sve/struct_vect_15.c -march=armv8.2-a+sve  scan-assembler-times \\\\tld2w\\\\t{z[0-9]+.s - z[0-9]+.s}, p[0-7]/z, \\\\[x[0-9]+\\\\]\\\\n 2
FAIL: gcc.target/aarch64/sve/struct_vect_15.c -march=armv8.2-a+sve  scan-assembler-times \\\\tld3b\\\\t{z[0-9]+.b - z[0-9]+.b}, p[0-7]/z, \\\\[x[0-9]+\\\\]\\\\n 1
FAIL: gcc.target/aarch64/sve/struct_vect_15.c -march=armv8.2-a+sve  scan-assembler-times \\\\tld3d\\\\t{z[0-9]+.d - z[0-9]+.d}, p[0-7]/z, \\\\[x[0-9]+\\\\]\\\\n 2
FAIL: gcc.target/aarch64/sve/struct_vect_15.c -march=armv8.2-a+sve  scan-assembler-times \\\\tld3h\\\\t{z[0-9]+.h - z[0-9]+.h}, p[0-7]/z, \\\\[x[0-9]+\\\\]\\\\n 2
FAIL: gcc.target/aarch64/sve/struct_vect_15.c -march=armv8.2-a+sve  scan-assembler-times \\\\tld3w\\\\t{z[0-9]+.s - z[0-9]+.s}, p[0-7]/z, \\\\[x[0-9]+\\\\]\\\\n 2
FAIL: gcc.target/aarch64/sve/struct_vect_15.c -march=armv8.2-a+sve  scan-assembler-times \\\\tld4b\\\\t{z[0-9]+.b - z[0-9]+.b}, p[0-7]/z, \\\\[x[0-9]+\\\\]\\\\n 1
FAIL: gcc.target/aarch64/sve/struct_vect_15.c -march=armv8.2-a+sve  scan-assembler-times \\\\tld4d\\\\t{z[0-9]+.d - z[0-9]+.d}, p[0-7]/z, \\\\[x[0-9]+\\\\]\\\\n 2
FAIL: gcc.target/aarch64/sve/struct_vect_15.c -march=armv8.2-a+sve  scan-assembler-times \\\\tld4h\\\\t{z[0-9]+.h - z[0-9]+.h}, p[0-7]/z, \\\\[x[0-9]+\\\\]\\\\n 2
FAIL: gcc.target/aarch64/sve/struct_vect_15.c -march=armv8.2-a+sve  scan-assembler-times \\\\tld4w\\\\t{z[0-9]+.s - z[0-9]+.s}, p[0-7]/z, \\\\[x[0-9]+\\\\]\\\\n 2
FAIL: gcc.target/aarch64/sve/struct_vect_15.c -march=armv8.2-a+sve  scan-assembler-times \\\\tst2b\\\\t{z[0-9]+.b - z[0-9]+.b}, p[0-7], \\\\[x[0-9]+\\\\]\\\\n 1
FAIL: gcc.target/aarch64/sve/struct_vect_15.c -march=armv8.2-a+sve  scan-assembler-times \\\\tst2d\\\\t{z[0-9]+.d - z[0-9]+.d}, p[0-7], \\\\[x[0-9]+\\\\]\\\\n 2
FAIL: gcc.target/aarch64/sve/struct_vect_15.c -march=armv8.2-a+sve  scan-assembler-times \\\\tst2h\\\\t{z[0-9]+.h - z[0-9]+.h}, p[0-7], \\\\[x[0-9]+\\\\]\\\\n 2
FAIL: gcc.target/aarch64/sve/struct_vect_15.c -march=armv8.2-a+sve  scan-assembler-times \\\\tst2w\\\\t{z[0-9]+.s - z[0-9]+.s}, p[0-7], \\\\[x[0-9]+\\\\]\\\\n 2
FAIL: gcc.target/aarch64/sve/struct_vect_15.c -march=armv8.2-a+sve  scan-assembler-times \\\\tst3b\\\\t{z[0-9]+.b - z[0-9]+.b}, p[0-7], \\\\[x[0-9]+\\\\]\\\\n 1
FAIL: gcc.target/aarch64/sve/struct_vect_15.c -march=armv8.2-a+sve  scan-assembler-times \\\\tst3d\\\\t{z[0-9]+.d - z[0-9]+.d}, p[0-7], \\\\[x[0-9]+\\\\]\\\\n 2
FAIL: gcc.target/aarch64/sve/struct_vect_15.c -march=armv8.2-a+sve  scan-assembler-times \\\\tst3h\\\\t{z[0-9]+.h - z[0-9]+.h}, p[0-7], \\\\[x[0-9]+\\\\]\\\\n 2
FAIL: gcc.target/aarch64/sve/struct_vect_15.c -march=armv8.2-a+sve  scan-assembler-times \\\\tst3w\\\\t{z[0-9]+.s - z[0-9]+.s}, p[0-7], \\\\[x[0-9]+\\\\]\\\\n 2
FAIL: gcc.target/aarch64/sve/struct_vect_15.c -march=armv8.2-a+sve  scan-assembler-times \\\\tst4b\\\\t{z[0-9]+.b - z[0-9]+.b}, p[0-7], \\\\[x[0-9]+\\\\]\\\\n 1
FAIL: gcc.target/aarch64/sve/struct_vect_15.c -march=armv8.2-a+sve  scan-assembler-times \\\\tst4d\\\\t{z[0-9]+.d - z[0-9]+.d}, p[0-7], \\\\[x[0-9]+\\\\]\\\\n 2
FAIL: gcc.target/aarch64/sve/struct_vect_15.c -march=armv8.2-a+sve  scan-assembler-times \\\\tst4h\\\\t{z[0-9]+.h - z[0-9]+.h}, p[0-7], \\\\[x[0-9]+\\\\]\\\\n 2
FAIL: gcc.target/aarch64/sve/struct_vect_15.c -march=armv8.2-a+sve  scan-assembler-times \\\\tst4w\\\\t{z[0-9]+.s - z[0-9]+.s}, p[0-7], \\\\[x[0-9]+\\\\]\\\\n 2
FAIL: gcc.target/aarch64/sve/struct_vect_16.c -march=armv8.2-a+sve  scan-assembler-times \\\\tld2b\\\\t{z[0-9]+.b - z[0-9]+.b}, p[0-7]/z, \\\\[x[0-9]+\\\\]\\\\n 1
FAIL: gcc.target/aarch64/sve/struct_vect_16.c -march=armv8.2-a+sve  scan-assembler-times \\\\tld2d\\\\t{z[0-9]+.d - z[0-9]+.d}, p[0-7]/z, \\\\[x[0-9]+\\\\]\\\\n 2
FAIL: gcc.target/aarch64/sve/struct_vect_16.c -march=armv8.2-a+sve  scan-assembler-times \\\\tld2h\\\\t{z[0-9]+.h - z[0-9]+.h}, p[0-7]/z, \\\\[x[0-9]+\\\\]\\\\n 2
FAIL: gcc.target/aarch64/sve/struct_vect_16.c -march=armv8.2-a+sve  scan-assembler-times \\\\tld2w\\\\t{z[0-9]+.s - z[0-9]+.s}, p[0-7]/z, \\\\[x[0-9]+\\\\]\\\\n 2
FAIL: gcc.target/aarch64/sve/struct_vect_16.c -march=armv8.2-a+sve  scan-assembler-times \\\\tld3b\\\\t{z[0-9]+.b - z[0-9]+.b}, p[0-7]/z, \\\\[x[0-9]+\\\\]\\\\n 1
FAIL: gcc.target/aarch64/sve/struct_vect_16.c -march=armv8.2-a+sve  scan-assembler-times \\\\tld3d\\\\t{z[0-9]+.d - z[0-9]+.d}, p[0-7]/z, \\\\[x[0-9]+\\\\]\\\\n 2
FAIL: gcc.target/aarch64/sve/struct_vect_16.c -march=armv8.2-a+sve  scan-assembler-times \\\\tld3h\\\\t{z[0-9]+.h - z[0-9]+.h}, p[0-7]/z, \\\\[x[0-9]+\\\\]\\\\n 2
FAIL: gcc.target/aarch64/sve/struct_vect_16.c -march=armv8.2-a+sve  scan-assembler-times \\\\tld3w\\\\t{z[0-9]+.s - z[0-9]+.s}, p[0-7]/z, \\\\[x[0-9]+\\\\]\\\\n 2
FAIL: gcc.target/aarch64/sve/struct_vect_16.c -march=armv8.2-a+sve  scan-assembler-times \\\\tld4b\\\\t{z[0-9]+.b - z[0-9]+.b}, p[0-7]/z, \\\\[x[0-9]+\\\\]\\\\n 1
FAIL: gcc.target/aarch64/sve/struct_vect_16.c -march=armv8.2-a+sve  scan-assembler-times \\\\tld4d\\\\t{z[0-9]+.d - z[0-9]+.d}, p[0-7]/z, \\\\[x[0-9]+\\\\]\\\\n 2
FAIL: gcc.target/aarch64/sve/struct_vect_16.c -march=armv8.2-a+sve  scan-assembler-times \\\\tld4h\\\\t{z[0-9]+.h - z[0-9]+.h}, p[0-7]/z, \\\\[x[0-9]+\\\\]\\\\n 2
FAIL: gcc.target/aarch64/sve/struct_vect_16.c -march=armv8.2-a+sve  scan-assembler-times \\\\tld4w\\\\t{z[0-9]+.s - z[0-9]+.s}, p[0-7]/z, \\\\[x[0-9]+\\\\]\\\\n 2
FAIL: gcc.target/aarch64/sve/struct_vect_16.c -march=armv8.2-a+sve  scan-assembler-times \\\\tst2b\\\\t{z[0-9]+.b - z[0-9]+.b}, p[0-7], \\\\[x[0-9]+\\\\]\\\\n 1
FAIL: gcc.target/aarch64/sve/struct_vect_16.c -march=armv8.2-a+sve  scan-assembler-times \\\\tst2d\\\\t{z[0-9]+.d - z[0-9]+.d}, p[0-7], \\\\[x[0-9]+\\\\]\\\\n 2
FAIL: gcc.target/aarch64/sve/struct_vect_16.c -march=armv8.2-a+sve  scan-assembler-times \\\\tst2h\\\\t{z[0-9]+.h - z[0-9]+.h}, p[0-7], \\\\[x[0-9]+\\\\]\\\\n 2
FAIL: gcc.target/aarch64/sve/struct_vect_16.c -march=armv8.2-a+sve  scan-assembler-times \\\\tst2w\\\\t{z[0-9]+.s - z[0-9]+.s}, p[0-7], \\\\[x[0-9]+\\\\]\\\\n 2
FAIL: gcc.target/aarch64/sve/struct_vect_16.c -march=armv8.2-a+sve  scan-assembler-times \\\\tst3b\\\\t{z[0-9]+.b - z[0-9]+.b}, p[0-7], \\\\[x[0-9]+\\\\]\\\\n 1
FAIL: gcc.target/aarch64/sve/struct_vect_16.c -march=armv8.2-a+sve  scan-assembler-times \\\\tst3d\\\\t{z[0-9]+.d - z[0-9]+.d}, p[0-7], \\\\[x[0-9]+\\\\]\\\\n 2
FAIL: gcc.target/aarch64/sve/struct_vect_16.c -march=armv8.2-a+sve  scan-assembler-times \\\\tst3h\\\\t{z[0-9]+.h - z[0-9]+.h}, p[0-7], \\\\[x[0-9]+\\\\]\\\\n 2
FAIL: gcc.target/aarch64/sve/struct_vect_16.c -march=armv8.2-a+sve  scan-assembler-times \\\\tst3w\\\\t{z[0-9]+.s - z[0-9]+.s}, p[0-7], \\\\[x[0-9]+\\\\]\\\\n 2
FAIL: gcc.target/aarch64/sve/struct_vect_16.c -march=armv8.2-a+sve  scan-assembler-times \\\\tst4b\\\\t{z[0-9]+.b - z[0-9]+.b}, p[0-7], \\\\[x[0-9]+\\\\]\\\\n 1
FAIL: gcc.target/aarch64/sve/struct_vect_16.c -march=armv8.2-a+sve  scan-assembler-times \\\\tst4d\\\\t{z[0-9]+.d - z[0-9]+.d}, p[0-7], \\\\[x[0-9]+\\\\]\\\\n 2
FAIL: gcc.target/aarch64/sve/struct_vect_16.c -march=armv8.2-a+sve  scan-assembler-times \\\\tst4h\\\\t{z[0-9]+.h - z[0-9]+.h}, p[0-7], \\\\[x[0-9]+\\\\]\\\\n 2
FAIL: gcc.target/aarch64/sve/struct_vect_16.c -march=armv8.2-a+sve  scan-assembler-times \\\\tst4w\\\\t{z[0-9]+.s - z[0-9]+.s}, p[0-7], \\\\[x[0-9]+\\\\]\\\\n 2
FAIL: gcc.target/aarch64/sve/struct_vect_17.c -march=armv8.2-a+sve  scan-assembler-times \\\\tld2b\\\\t{z[0-9]+.b - z[0-9]+.b}, p[0-7]/z, \\\\[x[0-9]+\\\\]\\\\n 1
FAIL: gcc.target/aarch64/sve/struct_vect_17.c -march=armv8.2-a+sve  scan-assembler-times \\\\tld2d\\\\t{z[0-9]+.d - z[0-9]+.d}, p[0-7]/z, \\\\[x[0-9]+\\\\]\\\\n 2
FAIL: gcc.target/aarch64/sve/struct_vect_17.c -march=armv8.2-a+sve  scan-assembler-times \\\\tld2h\\\\t{z[0-9]+.h - z[0-9]+.h}, p[0-7]/z, \\\\[x[0-9]+\\\\]\\\\n 2
FAIL: gcc.target/aarch64/sve/struct_vect_17.c -march=armv8.2-a+sve  scan-assembler-times \\\\tld2w\\\\t{z[0-9]+.s - z[0-9]+.s}, p[0-7]/z, \\\\[x[0-9]+\\\\]\\\\n 2
FAIL: gcc.target/aarch64/sve/struct_vect_17.c -march=armv8.2-a+sve  scan-assembler-times \\\\tld3b\\\\t{z[0-9]+.b - z[0-9]+.b}, p[0-7]/z, \\\\[x[0-9]+\\\\]\\\\n 1
FAIL: gcc.target/aarch64/sve/struct_vect_17.c -march=armv8.2-a+sve  scan-assembler-times \\\\tld3d\\\\t{z[0-9]+.d - z[0-9]+.d}, p[0-7]/z, \\\\[x[0-9]+\\\\]\\\\n 2
FAIL: gcc.target/aarch64/sve/struct_vect_17.c -march=armv8.2-a+sve  scan-assembler-times \\\\tld3h\\\\t{z[0-9]+.h - z[0-9]+.h}, p[0-7]/z, \\\\[x[0-9]+\\\\]\\\\n 2
FAIL: gcc.target/aarch64/sve/struct_vect_17.c -march=armv8.2-a+sve  scan-assembler-times \\\\tld3w\\\\t{z[0-9]+.s - z[0-9]+.s}, p[0-7]/z, \\\\[x[0-9]+\\\\]\\\\n 2
FAIL: gcc.target/aarch64/sve/struct_vect_17.c -march=armv8.2-a+sve  scan-assembler-times \\\\tld4b\\\\t{z[0-9]+.b - z[0-9]+.b}, p[0-7]/z, \\\\[x[0-9]+\\\\]\\\\n 1
FAIL: gcc.target/aarch64/sve/struct_vect_17.c -march=armv8.2-a+sve  scan-assembler-times \\\\tld4d\\\\t{z[0-9]+.d - z[0-9]+.d}, p[0-7]/z, \\\\[x[0-9]+\\\\]\\\\n 2
FAIL: gcc.target/aarch64/sve/struct_vect_17.c -march=armv8.2-a+sve  scan-assembler-times \\\\tld4h\\\\t{z[0-9]+.h - z[0-9]+.h}, p[0-7]/z, \\\\[x[0-9]+\\\\]\\\\n 2
FAIL: gcc.target/aarch64/sve/struct_vect_17.c -march=armv8.2-a+sve  scan-assembler-times \\\\tld4w\\\\t{z[0-9]+.s - z[0-9]+.s}, p[0-7]/z, \\\\[x[0-9]+\\\\]\\\\n 2
FAIL: gcc.target/aarch64/sve/struct_vect_17.c -march=armv8.2-a+sve  scan-assembler-times \\\\tst2b\\\\t{z[0-9]+.b - z[0-9]+.b}, p[0-7], \\\\[x[0-9]+\\\\]\\\\n 1
FAIL: gcc.target/aarch64/sve/struct_vect_17.c -march=armv8.2-a+sve  scan-assembler-times \\\\tst2d\\\\t{z[0-9]+.d - z[0-9]+.d}, p[0-7], \\\\[x[0-9]+\\\\]\\\\n 2
FAIL: gcc.target/aarch64/sve/struct_vect_17.c -march=armv8.2-a+sve  scan-assembler-times \\\\tst2h\\\\t{z[0-9]+.h - z[0-9]+.h}, p[0-7], \\\\[x[0-9]+\\\\]\\\\n 2
FAIL: gcc.target/aarch64/sve/struct_vect_17.c -march=armv8.2-a+sve  scan-assembler-times \\\\tst2w\\\\t{z[0-9]+.s - z[0-9]+.s}, p[0-7], \\\\[x[0-9]+\\\\]\\\\n 2
FAIL: gcc.target/aarch64/sve/struct_vect_17.c -march=armv8.2-a+sve  scan-assembler-times \\\\tst3b\\\\t{z[0-9]+.b - z[0-9]+.b}, p[0-7], \\\\[x[0-9]+\\\\]\\\\n 1
FAIL: gcc.target/aarch64/sve/struct_vect_17.c -march=armv8.2-a+sve  scan-assembler-times \\\\tst3d\\\\t{z[0-9]+.d - z[0-9]+.d}, p[0-7], \\\\[x[0-9]+\\\\]\\\\n 2
FAIL: gcc.target/aarch64/sve/struct_vect_17.c -march=armv8.2-a+sve  scan-assembler-times \\\\tst3h\\\\t{z[0-9]+.h - z[0-9]+.h}, p[0-7], \\\\[x[0-9]+\\\\]\\\\n 2
FAIL: gcc.target/aarch64/sve/struct_vect_17.c -march=armv8.2-a+sve  scan-assembler-times \\\\tst3w\\\\t{z[0-9]+.s - z[0-9]+.s}, p[0-7], \\\\[x[0-9]+\\\\]\\\\n 2
FAIL: gcc.target/aarch64/sve/struct_vect_17.c -march=armv8.2-a+sve  scan-assembler-times \\\\tst4b\\\\t{z[0-9]+.b - z[0-9]+.b}, p[0-7], \\\\[x[0-9]+\\\\]\\\\n 1
FAIL: gcc.target/aarch64/sve/struct_vect_17.c -march=armv8.2-a+sve  scan-assembler-times \\\\tst4d\\\\t{z[0-9]+.d - z[0-9]+.d}, p[0-7], \\\\[x[0-9]+\\\\]\\\\n 2
FAIL: gcc.target/aarch64/sve/struct_vect_17.c -march=armv8.2-a+sve  scan-assembler-times \\\\tst4h\\\\t{z[0-9]+.h - z[0-9]+.h}, p[0-7], \\\\[x[0-9]+\\\\]\\\\n 2
FAIL: gcc.target/aarch64/sve/struct_vect_17.c -march=armv8.2-a+sve  scan-assembler-times \\\\tst4w\\\\t{z[0-9]+.s - z[0-9]+.s}, p[0-7], \\\\[x[0-9]+\\\\]\\\\n 2
FAIL: gcc.target/aarch64/sve/struct_vect_18.c -march=armv8.2-a+sve  scan-assembler-times \\\\tb[a-z]+\\\\t 4
FAIL: gcc.target/aarch64/sve/struct_vect_18.c -march=armv8.2-a+sve  scan-assembler-times \\\\tld1b\\\\t 1
FAIL: gcc.target/aarch64/sve/struct_vect_18.c -march=armv8.2-a+sve  scan-assembler-times \\\\tld1d\\\\t 1
FAIL: gcc.target/aarch64/sve/struct_vect_18.c -march=armv8.2-a+sve  scan-assembler-times \\\\tld1h\\\\t 1
FAIL: gcc.target/aarch64/sve/struct_vect_18.c -march=armv8.2-a+sve  scan-assembler-times \\\\tld1w\\\\t 1
FAIL: gcc.target/aarch64/sve/struct_vect_18.c -march=armv8.2-a+sve  scan-assembler-times \\\\tld3b\\\\t 1
FAIL: gcc.target/aarch64/sve/struct_vect_18.c -march=armv8.2-a+sve  scan-assembler-times \\\\tld3d\\\\t 1
FAIL: gcc.target/aarch64/sve/struct_vect_18.c -march=armv8.2-a+sve  scan-assembler-times \\\\tld3h\\\\t 1
FAIL: gcc.target/aarch64/sve/struct_vect_18.c -march=armv8.2-a+sve  scan-assembler-times \\\\tld3w\\\\t 1
FAIL: gcc.target/aarch64/sve/struct_vect_18.c -march=armv8.2-a+sve  scan-assembler-times \\\\tldr\\\\td 2
FAIL: gcc.target/aarch64/sve/struct_vect_18.c -march=armv8.2-a+sve  scan-assembler-times \\\\tst1b\\\\t 1
FAIL: gcc.target/aarch64/sve/struct_vect_18.c -march=armv8.2-a+sve  scan-assembler-times \\\\tst1d\\\\t 1
FAIL: gcc.target/aarch64/sve/struct_vect_18.c -march=armv8.2-a+sve  scan-assembler-times \\\\tst1h\\\\t 1
FAIL: gcc.target/aarch64/sve/struct_vect_18.c -march=armv8.2-a+sve  scan-assembler-times \\\\tst1w\\\\t 1
FAIL: gcc.target/aarch64/sve/struct_vect_18.c -march=armv8.2-a+sve  scan-assembler-times \\\\tstr\\\\td 1
FAIL: gcc.target/aarch64/sve/struct_vect_19.c -march=armv8.2-a+sve  scan-assembler-times \\\\tb[a-z]+\\\\t 12
FAIL: gcc.target/aarch64/sve/struct_vect_19.c -march=armv8.2-a+sve  scan-assembler-times \\\\tld1b\\\\t 1
FAIL: gcc.target/aarch64/sve/struct_vect_19.c -march=armv8.2-a+sve  scan-assembler-times \\\\tld1d\\\\t 1
FAIL: gcc.target/aarch64/sve/struct_vect_19.c -march=armv8.2-a+sve  scan-assembler-times \\\\tld1h\\\\t 1
FAIL: gcc.target/aarch64/sve/struct_vect_19.c -march=armv8.2-a+sve  scan-assembler-times \\\\tld1w\\\\t 1
FAIL: gcc.target/aarch64/sve/struct_vect_19.c -march=armv8.2-a+sve  scan-assembler-times \\\\tld3b\\\\t 1
FAIL: gcc.target/aarch64/sve/struct_vect_19.c -march=armv8.2-a+sve  scan-assembler-times \\\\tld3d\\\\t 1
FAIL: gcc.target/aarch64/sve/struct_vect_19.c -march=armv8.2-a+sve  scan-assembler-times \\\\tld3h\\\\t 1
FAIL: gcc.target/aarch64/sve/struct_vect_19.c -march=armv8.2-a+sve  scan-assembler-times \\\\tld3w\\\\t 1
FAIL: gcc.target/aarch64/sve/struct_vect_19.c -march=armv8.2-a+sve  scan-assembler-times \\\\tldr\\\\td 2
FAIL: gcc.target/aarch64/sve/struct_vect_19.c -march=armv8.2-a+sve  scan-assembler-times \\\\tst1b\\\\t 1
FAIL: gcc.target/aarch64/sve/struct_vect_19.c -march=armv8.2-a+sve  scan-assembler-times \\\\tst1d\\\\t 1
FAIL: gcc.target/aarch64/sve/struct_vect_19.c -march=armv8.2-a+sve  scan-assembler-times \\\\tst1h\\\\t 1
FAIL: gcc.target/aarch64/sve/struct_vect_19.c -march=armv8.2-a+sve  scan-assembler-times \\\\tst1w\\\\t 1
FAIL: gcc.target/aarch64/sve/struct_vect_19.c -march=armv8.2-a+sve  scan-assembler-times \\\\tstr\\\\td 1
FAIL: gcc.target/aarch64/sve/struct_vect_2.c -march=armv8.2-a+sve  scan-assembler \\\\tld2h\\\\t{z[0-9]+.h - z[0-9]+.h}, p[0-7]/z, \\\\[x[0-9]+\\\\]\\\\n
FAIL: gcc.target/aarch64/sve/struct_vect_2.c -march=armv8.2-a+sve  scan-assembler \\\\tld3h\\\\t{z[0-9]+.h - z[0-9]+.h}, p[0-7]/z, \\\\[x[0-9]+\\\\]\\\\n
FAIL: gcc.target/aarch64/sve/struct_vect_2.c -march=armv8.2-a+sve  scan-assembler \\\\tld4h\\\\t{z[0-9]+.h - z[0-9]+.h}, p[0-7]/z, \\\\[x[0-9]+\\\\]\\\\n
FAIL: gcc.target/aarch64/sve/struct_vect_2.c -march=armv8.2-a+sve  scan-assembler \\\\tst2h\\\\t{z[0-9]+.h - z[0-9]+.h}, p[0-7], \\\\[x[0-9]+\\\\]\\\\n
FAIL: gcc.target/aarch64/sve/struct_vect_2.c -march=armv8.2-a+sve  scan-assembler \\\\tst3h\\\\t{z[0-9]+.h - z[0-9]+.h}, p[0-7], \\\\[x[0-9]+\\\\]\\\\n
FAIL: gcc.target/aarch64/sve/struct_vect_2.c -march=armv8.2-a+sve  scan-assembler \\\\tst4h\\\\t{z[0-9]+.h - z[0-9]+.h}, p[0-7], \\\\[x[0-9]+\\\\]\\\\n
FAIL: gcc.target/aarch64/sve/struct_vect_20.c -march=armv8.2-a+sve  scan-assembler-times \\\\tb[a-z]+\\\\t 4
FAIL: gcc.target/aarch64/sve/struct_vect_20.c -march=armv8.2-a+sve  scan-assembler-times \\\\tld1b\\\\t 1
FAIL: gcc.target/aarch64/sve/struct_vect_20.c -march=armv8.2-a+sve  scan-assembler-times \\\\tld1d\\\\t 1
FAIL: gcc.target/aarch64/sve/struct_vect_20.c -march=armv8.2-a+sve  scan-assembler-times \\\\tld1h\\\\t 1
FAIL: gcc.target/aarch64/sve/struct_vect_20.c -march=armv8.2-a+sve  scan-assembler-times \\\\tld1w\\\\t 1
FAIL: gcc.target/aarch64/sve/struct_vect_20.c -march=armv8.2-a+sve  scan-assembler-times \\\\tld2b\\\\t 1
FAIL: gcc.target/aarch64/sve/struct_vect_20.c -march=armv8.2-a+sve  scan-assembler-times \\\\tld2d\\\\t 1
FAIL: gcc.target/aarch64/sve/struct_vect_20.c -march=armv8.2-a+sve  scan-assembler-times \\\\tld2h\\\\t 1
FAIL: gcc.target/aarch64/sve/struct_vect_20.c -march=armv8.2-a+sve  scan-assembler-times \\\\tld2w\\\\t 1
FAIL: gcc.target/aarch64/sve/struct_vect_20.c -march=armv8.2-a+sve  scan-assembler-times \\\\tldr\\\\td 2
FAIL: gcc.target/aarch64/sve/struct_vect_20.c -march=armv8.2-a+sve  scan-assembler-times \\\\tst1b\\\\t 1
FAIL: gcc.target/aarch64/sve/struct_vect_20.c -march=armv8.2-a+sve  scan-assembler-times \\\\tst1d\\\\t 1
FAIL: gcc.target/aarch64/sve/struct_vect_20.c -march=armv8.2-a+sve  scan-assembler-times \\\\tst1h\\\\t 1
FAIL: gcc.target/aarch64/sve/struct_vect_20.c -march=armv8.2-a+sve  scan-assembler-times \\\\tst1w\\\\t 1
FAIL: gcc.target/aarch64/sve/struct_vect_20.c -march=armv8.2-a+sve  scan-assembler-times \\\\tstr\\\\td 1
FAIL: gcc.target/aarch64/sve/tls_preserve_1.c -march=armv8.2-a+sve  scan-assembler-not \\\\tst[rp]\\\\t[dqv]
FAIL: gcc.target/aarch64/sve/var_stride_4.c -march=armv8.2-a+sve  scan-assembler \\\\tcmp\\\\t
FAIL: gcc.target/aarch64/sve/var_stride_4.c -march=armv8.2-a+sve  scan-assembler \\\\tcmp\\\\tw2, 0
FAIL: gcc.target/aarch64/sve/var_stride_4.c -march=armv8.2-a+sve  scan-assembler \\\\tcmp\\\\tw3, 0
FAIL: gcc.target/aarch64/sve/var_stride_4.c -march=armv8.2-a+sve  scan-assembler \\\\tld1w\\\\tz[0-9]+
FAIL: gcc.target/aarch64/sve/var_stride_4.c -march=armv8.2-a+sve  scan-assembler \\\\tst1w\\\\tz[0-9]+
FAIL: gcc.target/aarch64/sve/var_stride_4.c -march=armv8.2-a+sve  scan-assembler-times \\\\tccmp\\\\t 2
FAIL: gcc.target/aarch64/sve/var_stride_4.c -march=armv8.2-a+sve  scan-assembler-times \\\\tcsel\\\\tx[0-9]+ 4
FAIL: gcc.target/aarch64/sve/var_stride_4.c -march=armv8.2-a+sve  scan-assembler-times \\\\tsbfiz\\\\tx[0-9]+, x2, 10, 32\\\\n 1
FAIL: gcc.target/aarch64/sve/var_stride_4.c -march=armv8.2-a+sve  scan-assembler-times \\\\tsbfiz\\\\tx[0-9]+, x3, 10, 32\\\\n 1
FAIL: gcc.target/aarch64/sve/var_stride_5.c -march=armv8.2-a+sve  scan-assembler \\\\tcmp\\\\t
FAIL: gcc.target/aarch64/sve/var_stride_5.c -march=armv8.2-a+sve  scan-assembler \\\\tcmp\\\\tx[0-9]+, 0
FAIL: gcc.target/aarch64/sve/var_stride_5.c -march=armv8.2-a+sve  scan-assembler \\\\tld1d\\\\tz[0-9]+
FAIL: gcc.target/aarch64/sve/var_stride_5.c -march=armv8.2-a+sve  scan-assembler \\\\tst1d\\\\tz[0-9]+
FAIL: gcc.target/aarch64/sve/var_stride_5.c -march=armv8.2-a+sve  scan-assembler-times \\\\tccmp\\\\t 2
FAIL: gcc.target/aarch64/sve/var_stride_5.c -march=armv8.2-a+sve  scan-assembler-times \\\\tcsel\\\\tx[0-9]+ 2
FAIL: gcc.target/aarch64/sve/var_stride_6.c -march=armv8.2-a+sve  scan-assembler \\\\tcmp\\\\t
FAIL: gcc.target/aarch64/sve/var_stride_6.c -march=armv8.2-a+sve  scan-assembler \\\\tcmp\\\\tx[0-9]+, 0
FAIL: gcc.target/aarch64/sve/var_stride_6.c -march=armv8.2-a+sve  scan-assembler \\\\tld1d\\\\tz[0-9]+
FAIL: gcc.target/aarch64/sve/var_stride_6.c -march=armv8.2-a+sve  scan-assembler \\\\tst1d\\\\tz[0-9]+
FAIL: gcc.target/aarch64/sve/var_stride_6.c -march=armv8.2-a+sve  scan-assembler-times \\\\tccmp\\\\t 2
FAIL: gcc.target/aarch64/sve/var_stride_6.c -march=armv8.2-a+sve  scan-assembler-times \\\\tcsel\\\\tx[0-9]+ 4
FAIL: gcc.target/aarch64/sve/var_stride_6.c -march=armv8.2-a+sve  scan-assembler-times lsl\\\\tx[0-9]+, x[0-9]+, 11 2
FAIL: gcc.target/aarch64/sve/var_stride_7.c -march=armv8.2-a+sve  scan-assembler \\\\tcmp\\\\tx[0-9]+, 0
FAIL: gcc.target/aarch64/sve/var_stride_7.c -march=armv8.2-a+sve  scan-assembler \\\\tld1d\\\\tz[0-9]+
FAIL: gcc.target/aarch64/sve/var_stride_7.c -march=armv8.2-a+sve  scan-assembler \\\\tst1d\\\\tz[0-9]+
FAIL: gcc.target/aarch64/sve/var_stride_7.c -march=armv8.2-a+sve  scan-assembler-times \\\\tadd\\\\tx[0-9]+, x1, 2048 1
FAIL: gcc.target/aarch64/sve/var_stride_7.c -march=armv8.2-a+sve  scan-assembler-times \\\\tccmp\\\\t 2
FAIL: gcc.target/aarch64/sve/var_stride_7.c -march=armv8.2-a+sve  scan-assembler-times \\\\tcsel\\\\tx[0-9]+ 2
FAIL: gcc.target/aarch64/sve/var_stride_7.c -march=armv8.2-a+sve  scan-assembler-times lsl\\\\tx[0-9]+, x[0-9]+, 11 1
FAIL: gcc.target/aarch64/sve/var_stride_8.c -march=armv8.2-a+sve  scan-assembler \\\\tcmp\\\\tx[0-9]+, 0
FAIL: gcc.target/aarch64/sve/var_stride_8.c -march=armv8.2-a+sve  scan-assembler \\\\tld1d\\\\tz[0-9]+
FAIL: gcc.target/aarch64/sve/var_stride_8.c -march=armv8.2-a+sve  scan-assembler \\\\tst1d\\\\tz[0-9]+
FAIL: gcc.target/aarch64/sve/var_stride_8.c -march=armv8.2-a+sve  scan-assembler-times \\\\tadd\\\\tx[0-9]+, x0, 2048 1
FAIL: gcc.target/aarch64/sve/var_stride_8.c -march=armv8.2-a+sve  scan-assembler-times \\\\tccmp\\\\t 1
FAIL: gcc.target/aarch64/sve/var_stride_8.c -march=armv8.2-a+sve  scan-assembler-times \\\\tcsel\\\\tx[0-9]+ 2
FAIL: gcc.target/aarch64/sve/var_stride_8.c -march=armv8.2-a+sve  scan-assembler-times lsl\\\\tx[0-9]+, x[0-9]+, 11 1
FAIL: gcc.target/aarch64/sve/vcond_15.c -march=armv8.2-a+sve  scan-assembler-times \\\\tfmla\\\\tz[0-9]+\\\\.d, 2
FAIL: gcc.target/aarch64/sve/vcond_15.c -march=armv8.2-a+sve  scan-assembler-times \\\\tfmla\\\\tz[0-9]+\\\\.h, 2
FAIL: gcc.target/aarch64/sve/vcond_15.c -march=armv8.2-a+sve  scan-assembler-times \\\\tfmla\\\\tz[0-9]+\\\\.s, 2
FAIL: gcc.target/aarch64/sve/vcond_15.c -march=armv8.2-a+sve  scan-assembler-times \\\\tfmls\\\\tz[0-9]+\\\\.d, 2
FAIL: gcc.target/aarch64/sve/vcond_15.c -march=armv8.2-a+sve  scan-assembler-times \\\\tfmls\\\\tz[0-9]+\\\\.h, 2
FAIL: gcc.target/aarch64/sve/vcond_15.c -march=armv8.2-a+sve  scan-assembler-times \\\\tfmls\\\\tz[0-9]+\\\\.s, 2
FAIL: gcc.target/aarch64/sve/vcond_15.c -march=armv8.2-a+sve  scan-assembler-times \\\\tfnmla\\\\tz[0-9]+\\\\.d, 2
FAIL: gcc.target/aarch64/sve/vcond_15.c -march=armv8.2-a+sve  scan-assembler-times \\\\tfnmla\\\\tz[0-9]+\\\\.h, 2
FAIL: gcc.target/aarch64/sve/vcond_15.c -march=armv8.2-a+sve  scan-assembler-times \\\\tfnmla\\\\tz[0-9]+\\\\.s, 2
FAIL: gcc.target/aarch64/sve/vcond_15.c -march=armv8.2-a+sve  scan-assembler-times \\\\tfnmls\\\\tz[0-9]+\\\\.d, 2
FAIL: gcc.target/aarch64/sve/vcond_15.c -march=armv8.2-a+sve  scan-assembler-times \\\\tfnmls\\\\tz[0-9]+\\\\.h, 2
FAIL: gcc.target/aarch64/sve/vcond_15.c -march=armv8.2-a+sve  scan-assembler-times \\\\tfnmls\\\\tz[0-9]+\\\\.s, 2
FAIL: gcc.target/aarch64/sve/vcond_16.c -march=armv8.2-a+sve  scan-assembler-times \\\\tfmla\\\\tz[0-9]+\\\\.d, 2
FAIL: gcc.target/aarch64/sve/vcond_16.c -march=armv8.2-a+sve  scan-assembler-times \\\\tfmla\\\\tz[0-9]+\\\\.h, 2
FAIL: gcc.target/aarch64/sve/vcond_16.c -march=armv8.2-a+sve  scan-assembler-times \\\\tfmla\\\\tz[0-9]+\\\\.s, 2
FAIL: gcc.target/aarch64/sve/vcond_16.c -march=armv8.2-a+sve  scan-assembler-times \\\\tfmls\\\\tz[0-9]+\\\\.d, 2
FAIL: gcc.target/aarch64/sve/vcond_16.c -march=armv8.2-a+sve  scan-assembler-times \\\\tfmls\\\\tz[0-9]+\\\\.h, 2
FAIL: gcc.target/aarch64/sve/vcond_16.c -march=armv8.2-a+sve  scan-assembler-times \\\\tfmls\\\\tz[0-9]+\\\\.s, 2
FAIL: gcc.target/aarch64/sve/vcond_16.c -march=armv8.2-a+sve  scan-assembler-times \\\\tfnmla\\\\tz[0-9]+\\\\.d, 2
FAIL: gcc.target/aarch64/sve/vcond_16.c -march=armv8.2-a+sve  scan-assembler-times \\\\tfnmla\\\\tz[0-9]+\\\\.h, 2
FAIL: gcc.target/aarch64/sve/vcond_16.c -march=armv8.2-a+sve  scan-assembler-times \\\\tfnmla\\\\tz[0-9]+\\\\.s, 2
FAIL: gcc.target/aarch64/sve/vcond_16.c -march=armv8.2-a+sve  scan-assembler-times \\\\tfnmls\\\\tz[0-9]+\\\\.d, 2
FAIL: gcc.target/aarch64/sve/vcond_16.c -march=armv8.2-a+sve  scan-assembler-times \\\\tfnmls\\\\tz[0-9]+\\\\.h, 2
FAIL: gcc.target/aarch64/sve/vcond_16.c -march=armv8.2-a+sve  scan-assembler-times \\\\tfnmls\\\\tz[0-9]+\\\\.s, 2
FAIL: gcc.target/aarch64/sve/vcond_16.c -march=armv8.2-a+sve  scan-assembler-times \\\\tsel\\\\t 24
FAIL: gcc.target/aarch64/sve/vcond_2.c -march=armv8.2-a+sve  scan-assembler-times \\\\tcmpeq\\\\tp[0-7]\\\\.b, p[0-7]/z, z[0-9]+\\\\.b, #-16\\\\n 2
FAIL: gcc.target/aarch64/sve/vcond_2.c -march=armv8.2-a+sve  scan-assembler-times \\\\tcmpeq\\\\tp[0-7]\\\\.b, p[0-7]/z, z[0-9]+\\\\.b, #0\\\\n 1
FAIL: gcc.target/aarch64/sve/vcond_2.c -march=armv8.2-a+sve  scan-assembler-times \\\\tcmpeq\\\\tp[0-7]\\\\.b, p[0-7]/z, z[0-9]+\\\\.b, #15\\\\n 2
FAIL: gcc.target/aarch64/sve/vcond_2.c -march=armv8.2-a+sve  scan-assembler-times \\\\tcmpeq\\\\tp[0-7]\\\\.b, p[0-7]/z, z[0-9]+\\\\.b, z[0-9]+\\\\.b\\\\n 6
FAIL: gcc.target/aarch64/sve/vcond_2.c -march=armv8.2-a+sve  scan-assembler-times \\\\tcmpeq\\\\tp[0-7]\\\\.d, p[0-7]/z, z[0-9]+\\\\.d, #-16\\\\n 4
FAIL: gcc.target/aarch64/sve/vcond_2.c -march=armv8.2-a+sve  scan-assembler-times \\\\tcmpeq\\\\tp[0-7]\\\\.d, p[0-7]/z, z[0-9]+\\\\.d, #0\\\\n 2
FAIL: gcc.target/aarch64/sve/vcond_2.c -march=armv8.2-a+sve  scan-assembler-times \\\\tcmpeq\\\\tp[0-7]\\\\.d, p[0-7]/z, z[0-9]+\\\\.d, #15\\\\n 4
FAIL: gcc.target/aarch64/sve/vcond_2.c -march=armv8.2-a+sve  scan-assembler-times \\\\tcmpeq\\\\tp[0-7]\\\\.d, p[0-7]/z, z[0-9]+\\\\.d, z[0-9]+\\\\.d\\\\n 12
FAIL: gcc.target/aarch64/sve/vcond_2.c -march=armv8.2-a+sve  scan-assembler-times \\\\tcmpeq\\\\tp[0-7]\\\\.h, p[0-7]/z, z[0-9]+\\\\.h, #-16\\\\n 4
FAIL: gcc.target/aarch64/sve/vcond_2.c -march=armv8.2-a+sve  scan-assembler-times \\\\tcmpeq\\\\tp[0-7]\\\\.h, p[0-7]/z, z[0-9]+\\\\.h, #0\\\\n 2
FAIL: gcc.target/aarch64/sve/vcond_2.c -march=armv8.2-a+sve  scan-assembler-times \\\\tcmpeq\\\\tp[0-7]\\\\.h, p[0-7]/z, z[0-9]+\\\\.h, #15\\\\n 4
FAIL: gcc.target/aarch64/sve/vcond_2.c -march=armv8.2-a+sve  scan-assembler-times \\\\tcmpeq\\\\tp[0-7]\\\\.h, p[0-7]/z, z[0-9]+\\\\.h, z[0-9]+\\\\.h\\\\n 12
FAIL: gcc.target/aarch64/sve/vcond_2.c -march=armv8.2-a+sve  scan-assembler-times \\\\tcmpeq\\\\tp[0-7]\\\\.s, p[0-7]/z, z[0-9]+\\\\.s, #-16\\\\n 4
FAIL: gcc.target/aarch64/sve/vcond_2.c -march=armv8.2-a+sve  scan-assembler-times \\\\tcmpeq\\\\tp[0-7]\\\\.s, p[0-7]/z, z[0-9]+\\\\.s, #0\\\\n 2
FAIL: gcc.target/aarch64/sve/vcond_2.c -march=armv8.2-a+sve  scan-assembler-times \\\\tcmpeq\\\\tp[0-7]\\\\.s, p[0-7]/z, z[0-9]+\\\\.s, #15\\\\n 4
FAIL: gcc.target/aarch64/sve/vcond_2.c -march=armv8.2-a+sve  scan-assembler-times \\\\tcmpeq\\\\tp[0-7]\\\\.s, p[0-7]/z, z[0-9]+\\\\.s, z[0-9]+\\\\.s\\\\n 12
FAIL: gcc.target/aarch64/sve/vcond_2.c -march=armv8.2-a+sve  scan-assembler-times \\\\tcmpge\\\\tp[0-7]\\\\.b, p[0-7]/z, z[0-9]+\\\\.b, #-15\\\\n 1
FAIL: gcc.target/aarch64/sve/vcond_2.c -march=armv8.2-a+sve  scan-assembler-times \\\\tcmpge\\\\tp[0-7]\\\\.b, p[0-7]/z, z[0-9]+\\\\.b, #-16\\\\n 2
FAIL: gcc.target/aarch64/sve/vcond_2.c -march=armv8.2-a+sve  scan-assembler-times \\\\tcmpge\\\\tp[0-7]\\\\.b, p[0-7]/z, z[0-9]+\\\\.b, z[0-9]+\\\\.b\\\\n 2
FAIL: gcc.target/aarch64/sve/vcond_2.c -march=armv8.2-a+sve  scan-assembler-times \\\\tcmpge\\\\tp[0-7]\\\\.d, p[0-7]/z, z[0-9]+\\\\.d, #-15\\\\n 2
FAIL: gcc.target/aarch64/sve/vcond_2.c -march=armv8.2-a+sve  scan-assembler-times \\\\tcmpge\\\\tp[0-7]\\\\.d, p[0-7]/z, z[0-9]+\\\\.d, #-16\\\\n 4
FAIL: gcc.target/aarch64/sve/vcond_2.c -march=armv8.2-a+sve  scan-assembler-times \\\\tcmpge\\\\tp[0-7]\\\\.d, p[0-7]/z, z[0-9]+\\\\.d, z[0-9]+\\\\.d\\\\n 4
FAIL: gcc.target/aarch64/sve/vcond_2.c -march=armv8.2-a+sve  scan-assembler-times \\\\tcmpge\\\\tp[0-7]\\\\.h, p[0-7]/z, z[0-9]+\\\\.h, #-15\\\\n 2
FAIL: gcc.target/aarch64/sve/vcond_2.c -march=armv8.2-a+sve  scan-assembler-times \\\\tcmpge\\\\tp[0-7]\\\\.h, p[0-7]/z, z[0-9]+\\\\.h, #-16\\\\n 4
FAIL: gcc.target/aarch64/sve/vcond_2.c -march=armv8.2-a+sve  scan-assembler-times \\\\tcmpge\\\\tp[0-7]\\\\.h, p[0-7]/z, z[0-9]+\\\\.h, z[0-9]+\\\\.h\\\\n 4
FAIL: gcc.target/aarch64/sve/vcond_2.c -march=armv8.2-a+sve  scan-assembler-times \\\\tcmpge\\\\tp[0-7]\\\\.s, p[0-7]/z, z[0-9]+\\\\.s, #-15\\\\n 2
FAIL: gcc.target/aarch64/sve/vcond_2.c -march=armv8.2-a+sve  scan-assembler-times \\\\tcmpge\\\\tp[0-7]\\\\.s, p[0-7]/z, z[0-9]+\\\\.s, #-16\\\\n 4
FAIL: gcc.target/aarch64/sve/vcond_2.c -march=armv8.2-a+sve  scan-assembler-times \\\\tcmpge\\\\tp[0-7]\\\\.s, p[0-7]/z, z[0-9]+\\\\.s, z[0-9]+\\\\.s\\\\n 4
FAIL: gcc.target/aarch64/sve/vcond_2.c -march=armv8.2-a+sve  scan-assembler-times \\\\tcmpgt\\\\tp[0-7]\\\\.b, p[0-7]/z, z[0-9]+\\\\.b, #14\\\\n 1
FAIL: gcc.target/aarch64/sve/vcond_2.c -march=armv8.2-a+sve  scan-assembler-times \\\\tcmpgt\\\\tp[0-7]\\\\.b, p[0-7]/z, z[0-9]+\\\\.b, #15\\\\n 2
FAIL: gcc.target/aarch64/sve/vcond_2.c -march=armv8.2-a+sve  scan-assembler-times \\\\tcmpgt\\\\tp[0-7]\\\\.b, p[0-7]/z, z[0-9]+\\\\.b, z[0-9]+\\\\.b\\\\n 2
FAIL: gcc.target/aarch64/sve/vcond_2.c -march=armv8.2-a+sve  scan-assembler-times \\\\tcmpgt\\\\tp[0-7]\\\\.d, p[0-7]/z, z[0-9]+\\\\.d, #14\\\\n 2
FAIL: gcc.target/aarch64/sve/vcond_2.c -march=armv8.2-a+sve  scan-assembler-times \\\\tcmpgt\\\\tp[0-7]\\\\.d, p[0-7]/z, z[0-9]+\\\\.d, #15\\\\n 4
FAIL: gcc.target/aarch64/sve/vcond_2.c -march=armv8.2-a+sve  scan-assembler-times \\\\tcmpgt\\\\tp[0-7]\\\\.d, p[0-7]/z, z[0-9]+\\\\.d, z[0-9]+\\\\.d\\\\n 4
FAIL: gcc.target/aarch64/sve/vcond_2.c -march=armv8.2-a+sve  scan-assembler-times \\\\tcmpgt\\\\tp[0-7]\\\\.h, p[0-7]/z, z[0-9]+\\\\.h, #14\\\\n 2
FAIL: gcc.target/aarch64/sve/vcond_2.c -march=armv8.2-a+sve  scan-assembler-times \\\\tcmpgt\\\\tp[0-7]\\\\.h, p[0-7]/z, z[0-9]+\\\\.h, #15\\\\n 4
FAIL: gcc.target/aarch64/sve/vcond_2.c -march=armv8.2-a+sve  scan-assembler-times \\\\tcmpgt\\\\tp[0-7]\\\\.h, p[0-7]/z, z[0-9]+\\\\.h, z[0-9]+\\\\.h\\\\n 4
FAIL: gcc.target/aarch64/sve/vcond_2.c -march=armv8.2-a+sve  scan-assembler-times \\\\tcmpgt\\\\tp[0-7]\\\\.s, p[0-7]/z, z[0-9]+\\\\.s, #14\\\\n 2
FAIL: gcc.target/aarch64/sve/vcond_2.c -march=armv8.2-a+sve  scan-assembler-times \\\\tcmpgt\\\\tp[0-7]\\\\.s, p[0-7]/z, z[0-9]+\\\\.s, #15\\\\n 4
FAIL: gcc.target/aarch64/sve/vcond_2.c -march=armv8.2-a+sve  scan-assembler-times \\\\tcmpgt\\\\tp[0-7]\\\\.s, p[0-7]/z, z[0-9]+\\\\.s, z[0-9]+\\\\.s\\\\n 4
FAIL: gcc.target/aarch64/sve/vcond_2.c -march=armv8.2-a+sve  scan-assembler-times \\\\tcmphi\\\\tp[0-7]\\\\.b, p[0-7]/z, z[0-9]+\\\\.b, #126\\\\n 1
FAIL: gcc.target/aarch64/sve/vcond_2.c -march=armv8.2-a+sve  scan-assembler-times \\\\tcmphi\\\\tp[0-7]\\\\.b, p[0-7]/z, z[0-9]+\\\\.b, z[0-9]+\\\\.b\\\\n 2
FAIL: gcc.target/aarch64/sve/vcond_2.c -march=armv8.2-a+sve  scan-assembler-times \\\\tcmphi\\\\tp[0-7]\\\\.d, p[0-7]/z, z[0-9]+\\\\.d, #126\\\\n 2
FAIL: gcc.target/aarch64/sve/vcond_2.c -march=armv8.2-a+sve  scan-assembler-times \\\\tcmphi\\\\tp[0-7]\\\\.d, p[0-7]/z, z[0-9]+\\\\.d, #127\\\\n 4
FAIL: gcc.target/aarch64/sve/vcond_2.c -march=armv8.2-a+sve  scan-assembler-times \\\\tcmphi\\\\tp[0-7]\\\\.d, p[0-7]/z, z[0-9]+\\\\.d, z[0-9]+\\\\.d\\\\n 4
FAIL: gcc.target/aarch64/sve/vcond_2.c -march=armv8.2-a+sve  scan-assembler-times \\\\tcmphi\\\\tp[0-7]\\\\.h, p[0-7]/z, z[0-9]+\\\\.h, #126\\\\n 2
FAIL: gcc.target/aarch64/sve/vcond_2.c -march=armv8.2-a+sve  scan-assembler-times \\\\tcmphi\\\\tp[0-7]\\\\.h, p[0-7]/z, z[0-9]+\\\\.h, #127\\\\n 4
FAIL: gcc.target/aarch64/sve/vcond_2.c -march=armv8.2-a+sve  scan-assembler-times \\\\tcmphi\\\\tp[0-7]\\\\.h, p[0-7]/z, z[0-9]+\\\\.h, z[0-9]+\\\\.h\\\\n 4
FAIL: gcc.target/aarch64/sve/vcond_2.c -march=armv8.2-a+sve  scan-assembler-times \\\\tcmphi\\\\tp[0-7]\\\\.s, p[0-7]/z, z[0-9]+\\\\.s, #126\\\\n 2
FAIL: gcc.target/aarch64/sve/vcond_2.c -march=armv8.2-a+sve  scan-assembler-times \\\\tcmphi\\\\tp[0-7]\\\\.s, p[0-7]/z, z[0-9]+\\\\.s, #127\\\\n 4
FAIL: gcc.target/aarch64/sve/vcond_2.c -march=armv8.2-a+sve  scan-assembler-times \\\\tcmphi\\\\tp[0-7]\\\\.s, p[0-7]/z, z[0-9]+\\\\.s, z[0-9]+\\\\.s\\\\n 4
FAIL: gcc.target/aarch64/sve/vcond_2.c -march=armv8.2-a+sve  scan-assembler-times \\\\tcmphs\\\\tp[0-7]\\\\.b, p[0-7]/z, z[0-9]+\\\\.b, z[0-9]+\\\\.b\\\\n 1
FAIL: gcc.target/aarch64/sve/vcond_2.c -march=armv8.2-a+sve  scan-assembler-times \\\\tcmphs\\\\tp[0-7]\\\\.d, p[0-7]/z, z[0-9]+\\\\.d, z[0-9]+\\\\.d\\\\n 2
FAIL: gcc.target/aarch64/sve/vcond_2.c -march=armv8.2-a+sve  scan-assembler-times \\\\tcmphs\\\\tp[0-7]\\\\.h, p[0-7]/z, z[0-9]+\\\\.h, z[0-9]+\\\\.h\\\\n 2
FAIL: gcc.target/aarch64/sve/vcond_2.c -march=armv8.2-a+sve  scan-assembler-times \\\\tcmphs\\\\tp[0-7]\\\\.s, p[0-7]/z, z[0-9]+\\\\.s, z[0-9]+\\\\.s\\\\n 2
FAIL: gcc.target/aarch64/sve/vcond_2.c -march=armv8.2-a+sve  scan-assembler-times \\\\tcmple\\\\tp[0-7]\\\\.b, p[0-7]/z, z[0-9]+\\\\.b, #14\\\\n 1
FAIL: gcc.target/aarch64/sve/vcond_2.c -march=armv8.2-a+sve  scan-assembler-times \\\\tcmple\\\\tp[0-7]\\\\.b, p[0-7]/z, z[0-9]+\\\\.b, #15\\\\n 2
FAIL: gcc.target/aarch64/sve/vcond_2.c -march=armv8.2-a+sve  scan-assembler-times \\\\tcmple\\\\tp[0-7]\\\\.b, p[0-7]/z, z[0-9]+\\\\.b, z[0-9]+\\\\.b\\\\n 2
FAIL: gcc.target/aarch64/sve/vcond_2.c -march=armv8.2-a+sve  scan-assembler-times \\\\tcmple\\\\tp[0-7]\\\\.d, p[0-7]/z, z[0-9]+\\\\.d, #14\\\\n 2
FAIL: gcc.target/aarch64/sve/vcond_2.c -march=armv8.2-a+sve  scan-assembler-times \\\\tcmple\\\\tp[0-7]\\\\.d, p[0-7]/z, z[0-9]+\\\\.d, #15\\\\n 4
FAIL: gcc.target/aarch64/sve/vcond_2.c -march=armv8.2-a+sve  scan-assembler-times \\\\tcmple\\\\tp[0-7]\\\\.d, p[0-7]/z, z[0-9]+\\\\.d, z[0-9]+\\\\.d\\\\n 4
FAIL: gcc.target/aarch64/sve/vcond_2.c -march=armv8.2-a+sve  scan-assembler-times \\\\tcmple\\\\tp[0-7]\\\\.h, p[0-7]/z, z[0-9]+\\\\.h, #14\\\\n 2
FAIL: gcc.target/aarch64/sve/vcond_2.c -march=armv8.2-a+sve  scan-assembler-times \\\\tcmple\\\\tp[0-7]\\\\.h, p[0-7]/z, z[0-9]+\\\\.h, #15\\\\n 4
FAIL: gcc.target/aarch64/sve/vcond_2.c -march=armv8.2-a+sve  scan-assembler-times \\\\tcmple\\\\tp[0-7]\\\\.h, p[0-7]/z, z[0-9]+\\\\.h, z[0-9]+\\\\.h\\\\n 4
FAIL: gcc.target/aarch64/sve/vcond_2.c -march=armv8.2-a+sve  scan-assembler-times \\\\tcmple\\\\tp[0-7]\\\\.s, p[0-7]/z, z[0-9]+\\\\.s, #14\\\\n 2
FAIL: gcc.target/aarch64/sve/vcond_2.c -march=armv8.2-a+sve  scan-assembler-times \\\\tcmple\\\\tp[0-7]\\\\.s, p[0-7]/z, z[0-9]+\\\\.s, #15\\\\n 4
FAIL: gcc.target/aarch64/sve/vcond_2.c -march=armv8.2-a+sve  scan-assembler-times \\\\tcmple\\\\tp[0-7]\\\\.s, p[0-7]/z, z[0-9]+\\\\.s, z[0-9]+\\\\.s\\\\n 4
FAIL: gcc.target/aarch64/sve/vcond_2.c -march=armv8.2-a+sve  scan-assembler-times \\\\tcmplo\\\\tp[0-7]\\\\.b, p[0-7]/z, z[0-9]+\\\\.b, z[0-9]+\\\\.b\\\\n 1
FAIL: gcc.target/aarch64/sve/vcond_2.c -march=armv8.2-a+sve  scan-assembler-times \\\\tcmplo\\\\tp[0-7]\\\\.d, p[0-7]/z, z[0-9]+\\\\.d, z[0-9]+\\\\.d\\\\n 2
FAIL: gcc.target/aarch64/sve/vcond_2.c -march=armv8.2-a+sve  scan-assembler-times \\\\tcmplo\\\\tp[0-7]\\\\.h, p[0-7]/z, z[0-9]+\\\\.h, z[0-9]+\\\\.h\\\\n 2
FAIL: gcc.target/aarch64/sve/vcond_2.c -march=armv8.2-a+sve  scan-assembler-times \\\\tcmplo\\\\tp[0-7]\\\\.s, p[0-7]/z, z[0-9]+\\\\.s, z[0-9]+\\\\.s\\\\n 2
FAIL: gcc.target/aarch64/sve/vcond_2.c -march=armv8.2-a+sve  scan-assembler-times \\\\tcmpls\\\\tp[0-7]\\\\.b, p[0-7]/z, z[0-9]+\\\\.b, #126\\\\n 1
FAIL: gcc.target/aarch64/sve/vcond_2.c -march=armv8.2-a+sve  scan-assembler-times \\\\tcmpls\\\\tp[0-7]\\\\.b, p[0-7]/z, z[0-9]+\\\\.b, z[0-9]+\\\\.b\\\\n 2
FAIL: gcc.target/aarch64/sve/vcond_2.c -march=armv8.2-a+sve  scan-assembler-times \\\\tcmpls\\\\tp[0-7]\\\\.d, p[0-7]/z, z[0-9]+\\\\.d, #126\\\\n 2
FAIL: gcc.target/aarch64/sve/vcond_2.c -march=armv8.2-a+sve  scan-assembler-times \\\\tcmpls\\\\tp[0-7]\\\\.d, p[0-7]/z, z[0-9]+\\\\.d, #127\\\\n 4
FAIL: gcc.target/aarch64/sve/vcond_2.c -march=armv8.2-a+sve  scan-assembler-times \\\\tcmpls\\\\tp[0-7]\\\\.d, p[0-7]/z, z[0-9]+\\\\.d, z[0-9]+\\\\.d\\\\n 4
FAIL: gcc.target/aarch64/sve/vcond_2.c -march=armv8.2-a+sve  scan-assembler-times \\\\tcmpls\\\\tp[0-7]\\\\.h, p[0-7]/z, z[0-9]+\\\\.h, #126\\\\n 2
FAIL: gcc.target/aarch64/sve/vcond_2.c -march=armv8.2-a+sve  scan-assembler-times \\\\tcmpls\\\\tp[0-7]\\\\.h, p[0-7]/z, z[0-9]+\\\\.h, #127\\\\n 4
FAIL: gcc.target/aarch64/sve/vcond_2.c -march=armv8.2-a+sve  scan-assembler-times \\\\tcmpls\\\\tp[0-7]\\\\.h, p[0-7]/z, z[0-9]+\\\\.h, z[0-9]+\\\\.h\\\\n 4
FAIL: gcc.target/aarch64/sve/vcond_2.c -march=armv8.2-a+sve  scan-assembler-times \\\\tcmpls\\\\tp[0-7]\\\\.s, p[0-7]/z, z[0-9]+\\\\.s, #126\\\\n 2
FAIL: gcc.target/aarch64/sve/vcond_2.c -march=armv8.2-a+sve  scan-assembler-times \\\\tcmpls\\\\tp[0-7]\\\\.s, p[0-7]/z, z[0-9]+\\\\.s, #127\\\\n 4
FAIL: gcc.target/aarch64/sve/vcond_2.c -march=armv8.2-a+sve  scan-assembler-times \\\\tcmpls\\\\tp[0-7]\\\\.s, p[0-7]/z, z[0-9]+\\\\.s, z[0-9]+\\\\.s\\\\n 4
FAIL: gcc.target/aarch64/sve/vcond_2.c -march=armv8.2-a+sve  scan-assembler-times \\\\tcmplt\\\\tp[0-7]\\\\.b, p[0-7]/z, z[0-9]+\\\\.b, #-15\\\\n 1
FAIL: gcc.target/aarch64/sve/vcond_2.c -march=armv8.2-a+sve  scan-assembler-times \\\\tcmplt\\\\tp[0-7]\\\\.b, p[0-7]/z, z[0-9]+\\\\.b, #-16\\\\n 2
FAIL: gcc.target/aarch64/sve/vcond_2.c -march=armv8.2-a+sve  scan-assembler-times \\\\tcmplt\\\\tp[0-7]\\\\.b, p[0-7]/z, z[0-9]+\\\\.b, z[0-9]+\\\\.b\\\\n 2
FAIL: gcc.target/aarch64/sve/vcond_2.c -march=armv8.2-a+sve  scan-assembler-times \\\\tcmplt\\\\tp[0-7]\\\\.d, p[0-7]/z, z[0-9]+\\\\.d, #-15\\\\n 2
FAIL: gcc.target/aarch64/sve/vcond_2.c -march=armv8.2-a+sve  scan-assembler-times \\\\tcmplt\\\\tp[0-7]\\\\.d, p[0-7]/z, z[0-9]+\\\\.d, #-16\\\\n 4
FAIL: gcc.target/aarch64/sve/vcond_2.c -march=armv8.2-a+sve  scan-assembler-times \\\\tcmplt\\\\tp[0-7]\\\\.d, p[0-7]/z, z[0-9]+\\\\.d, z[0-9]+\\\\.d\\\\n 4
FAIL: gcc.target/aarch64/sve/vcond_2.c -march=armv8.2-a+sve  scan-assembler-times \\\\tcmplt\\\\tp[0-7]\\\\.h, p[0-7]/z, z[0-9]+\\\\.h, #-15\\\\n 2
FAIL: gcc.target/aarch64/sve/vcond_2.c -march=armv8.2-a+sve  scan-assembler-times \\\\tcmplt\\\\tp[0-7]\\\\.h, p[0-7]/z, z[0-9]+\\\\.h, #-16\\\\n 4
FAIL: gcc.target/aarch64/sve/vcond_2.c -march=armv8.2-a+sve  scan-assembler-times \\\\tcmplt\\\\tp[0-7]\\\\.h, p[0-7]/z, z[0-9]+\\\\.h, z[0-9]+\\\\.h\\\\n 4
FAIL: gcc.target/aarch64/sve/vcond_2.c -march=armv8.2-a+sve  scan-assembler-times \\\\tcmplt\\\\tp[0-7]\\\\.s, p[0-7]/z, z[0-9]+\\\\.s, #-15\\\\n 2
FAIL: gcc.target/aarch64/sve/vcond_2.c -march=armv8.2-a+sve  scan-assembler-times \\\\tcmplt\\\\tp[0-7]\\\\.s, p[0-7]/z, z[0-9]+\\\\.s, #-16\\\\n 4
FAIL: gcc.target/aarch64/sve/vcond_2.c -march=armv8.2-a+sve  scan-assembler-times \\\\tcmplt\\\\tp[0-7]\\\\.s, p[0-7]/z, z[0-9]+\\\\.s, z[0-9]+\\\\.s\\\\n 4
FAIL: gcc.target/aarch64/sve/vcond_2.c -march=armv8.2-a+sve  scan-assembler-times \\\\tcmpne\\\\tp[0-7]\\\\.b, p[0-7]/z, z[0-9]+\\\\.b, #-16\\\\n 2
FAIL: gcc.target/aarch64/sve/vcond_2.c -march=armv8.2-a+sve  scan-assembler-times \\\\tcmpne\\\\tp[0-7]\\\\.b, p[0-7]/z, z[0-9]+\\\\.b, #0\\\\n 1
FAIL: gcc.target/aarch64/sve/vcond_2.c -march=armv8.2-a+sve  scan-assembler-times \\\\tcmpne\\\\tp[0-7]\\\\.b, p[0-7]/z, z[0-9]+\\\\.b, #15\\\\n 2
FAIL: gcc.target/aarch64/sve/vcond_2.c -march=armv8.2-a+sve  scan-assembler-times \\\\tcmpne\\\\tp[0-7]\\\\.b, p[0-7]/z, z[0-9]+\\\\.b, z[0-9]+\\\\.b\\\\n 6
FAIL: gcc.target/aarch64/sve/vcond_2.c -march=armv8.2-a+sve  scan-assembler-times \\\\tcmpne\\\\tp[0-7]\\\\.d, p[0-7]/z, z[0-9]+\\\\.d, #-16\\\\n 4
FAIL: gcc.target/aarch64/sve/vcond_2.c -march=armv8.2-a+sve  scan-assembler-times \\\\tcmpne\\\\tp[0-7]\\\\.d, p[0-7]/z, z[0-9]+\\\\.d, #0\\\\n 2
FAIL: gcc.target/aarch64/sve/vcond_2.c -march=armv8.2-a+sve  scan-assembler-times \\\\tcmpne\\\\tp[0-7]\\\\.d, p[0-7]/z, z[0-9]+\\\\.d, #15\\\\n 4
FAIL: gcc.target/aarch64/sve/vcond_2.c -march=armv8.2-a+sve  scan-assembler-times \\\\tcmpne\\\\tp[0-7]\\\\.d, p[0-7]/z, z[0-9]+\\\\.d, z[0-9]+\\\\.d\\\\n 12
FAIL: gcc.target/aarch64/sve/vcond_2.c -march=armv8.2-a+sve  scan-assembler-times \\\\tcmpne\\\\tp[0-7]\\\\.h, p[0-7]/z, z[0-9]+\\\\.h, #-16\\\\n 4
FAIL: gcc.target/aarch64/sve/vcond_2.c -march=armv8.2-a+sve  scan-assembler-times \\\\tcmpne\\\\tp[0-7]\\\\.h, p[0-7]/z, z[0-9]+\\\\.h, #0\\\\n 2
FAIL: gcc.target/aarch64/sve/vcond_2.c -march=armv8.2-a+sve  scan-assembler-times \\\\tcmpne\\\\tp[0-7]\\\\.h, p[0-7]/z, z[0-9]+\\\\.h, #15\\\\n 4
FAIL: gcc.target/aarch64/sve/vcond_2.c -march=armv8.2-a+sve  scan-assembler-times \\\\tcmpne\\\\tp[0-7]\\\\.h, p[0-7]/z, z[0-9]+\\\\.h, z[0-9]+\\\\.h\\\\n 12
FAIL: gcc.target/aarch64/sve/vcond_2.c -march=armv8.2-a+sve  scan-assembler-times \\\\tcmpne\\\\tp[0-7]\\\\.s, p[0-7]/z, z[0-9]+\\\\.s, #-16\\\\n 4
FAIL: gcc.target/aarch64/sve/vcond_2.c -march=armv8.2-a+sve  scan-assembler-times \\\\tcmpne\\\\tp[0-7]\\\\.s, p[0-7]/z, z[0-9]+\\\\.s, #0\\\\n 2
FAIL: gcc.target/aarch64/sve/vcond_2.c -march=armv8.2-a+sve  scan-assembler-times \\\\tcmpne\\\\tp[0-7]\\\\.s, p[0-7]/z, z[0-9]+\\\\.s, #15\\\\n 4
FAIL: gcc.target/aarch64/sve/vcond_2.c -march=armv8.2-a+sve  scan-assembler-times \\\\tcmpne\\\\tp[0-7]\\\\.s, p[0-7]/z, z[0-9]+\\\\.s, z[0-9]+\\\\.s\\\\n 12
FAIL: gcc.target/aarch64/sve/vcond_2.c -march=armv8.2-a+sve  scan-assembler-times \\\\tsel\\\\tz[0-9]+\\\\.b, p[0-7], z[0-9]+\\\\.b, z[0-9]+\\\\.b\\\\n 66
FAIL: gcc.target/aarch64/sve/vcond_2.c -march=armv8.2-a+sve  scan-assembler-times \\\\tsel\\\\tz[0-9]+\\\\.d, p[0-7], z[0-9]+\\\\.d, z[0-9]+\\\\.d\\\\n 132
FAIL: gcc.target/aarch64/sve/vcond_2.c -march=armv8.2-a+sve  scan-assembler-times \\\\tsel\\\\tz[0-9]+\\\\.h, p[0-7], z[0-9]+\\\\.h, z[0-9]+\\\\.h\\\\n 132
FAIL: gcc.target/aarch64/sve/vcond_2.c -march=armv8.2-a+sve  scan-assembler-times \\\\tsel\\\\tz[0-9]+\\\\.s, p[0-7], z[0-9]+\\\\.s, z[0-9]+\\\\.s\\\\n 132
FAIL: gcc.target/aarch64/sve/vcond_3.c -march=armv8.2-a+sve  scan-assembler-times \\\\tmov\\\\tz[0-9]+\\\\.[hsd], p[0-7]/z, #-127\\\\n 3
FAIL: gcc.target/aarch64/sve/vcond_3.c -march=armv8.2-a+sve  scan-assembler-times \\\\tmov\\\\tz[0-9]+\\\\.[hsd], p[0-7]/z, #-128\\\\n 3
FAIL: gcc.target/aarch64/sve/vcond_3.c -march=armv8.2-a+sve  scan-assembler-times \\\\tmov\\\\tz[0-9]+\\\\.[hsd], p[0-7]/z, #-256\\\\n 3
FAIL: gcc.target/aarch64/sve/vcond_3.c -march=armv8.2-a+sve  scan-assembler-times \\\\tmov\\\\tz[0-9]+\\\\.[hsd], p[0-7]/z, #-32512\\\\n 3
FAIL: gcc.target/aarch64/sve/vcond_3.c -march=armv8.2-a+sve  scan-assembler-times \\\\tmov\\\\tz[0-9]+\\\\.[hsd], p[0-7]/z, #-32768\\\\n 3
FAIL: gcc.target/aarch64/sve/vcond_3.c -march=armv8.2-a+sve  scan-assembler-times \\\\tmov\\\\tz[0-9]+\\\\.[hsd], p[0-7]/z, #127\\\\n 3
FAIL: gcc.target/aarch64/sve/vcond_3.c -march=armv8.2-a+sve  scan-assembler-times \\\\tmov\\\\tz[0-9]+\\\\.[hsd], p[0-7]/z, #256\\\\n 3
FAIL: gcc.target/aarch64/sve/vcond_3.c -march=armv8.2-a+sve  scan-assembler-times \\\\tmov\\\\tz[0-9]+\\\\.[hsd], p[0-7]/z, #2\\\\n 3
FAIL: gcc.target/aarch64/sve/vcond_3.c -march=armv8.2-a+sve  scan-assembler-times \\\\tmov\\\\tz[0-9]+\\\\.[hsd], p[0-7]/z, #32512\\\\n 3
FAIL: gcc.target/aarch64/sve/vcond_3.c -march=armv8.2-a+sve  scan-assembler-times \\\\tmov\\\\tz[0-9]+\\\\.b, p[0-7]/z, #-127\\\\n 1
FAIL: gcc.target/aarch64/sve/vcond_3.c -march=armv8.2-a+sve  scan-assembler-times \\\\tmov\\\\tz[0-9]+\\\\.b, p[0-7]/z, #-128\\\\n 1
FAIL: gcc.target/aarch64/sve/vcond_3.c -march=armv8.2-a+sve  scan-assembler-times \\\\tmov\\\\tz[0-9]+\\\\.b, p[0-7]/z, #127\\\\n 1
FAIL: gcc.target/aarch64/sve/vcond_3.c -march=armv8.2-a+sve  scan-assembler-times \\\\tmov\\\\tz[0-9]+\\\\.b, p[0-7]/z, #2\\\\n 1

		=== gcc Summary ===

# of expected passes		124681
# of unexpected failures	792
# of unexpected successes	3
# of expected failures		567
# of unsupported tests		3320
/home/tcwg-buildslave/workspace/tcwg-buildfarm/tcwg-thx1_64-build/_build/builds/aarch64-unknown-linux-gnu/aarch64-unknown-linux-gnu/gcc.git~master_rev_570c6c2ee57d1250468e5dde121d196f730732e1-stage2/gcc/xgcc  version 9.0.0 20181024 (experimental) [master revision 265463] (GCC) 

		=== gfortran tests ===


Running target tcwg-local
FAIL: gfortran.fortran-torture/execute/where_1.f90,  -O3 -g  (internal compiler error)
FAIL: gfortran.fortran-torture/execute/where_6.f90,  -O3 -g  (internal compiler error)

		=== gfortran Summary ===

# of expected passes		47230
# of unexpected failures	2
# of expected failures		99
# of unsupported tests		83
/home/tcwg-buildslave/workspace/tcwg-buildfarm/tcwg-thx1_64-build/_build/builds/aarch64-unknown-linux-gnu/aarch64-unknown-linux-gnu/gcc.git~master_rev_570c6c2ee57d1250468e5dde121d196f730732e1-stage2/gcc/gfortran  version 9.0.0 20181024 (experimental) [master revision 265463] (GCC) 

		=== obj-c++ tests ===


Running target tcwg-local

		=== obj-c++ Summary ===

# of expected passes		1456
# of expected failures		10
# of unsupported tests		77
/home/tcwg-buildslave/workspace/tcwg-buildfarm/tcwg-thx1_64-build/_build/builds/aarch64-unknown-linux-gnu/aarch64-unknown-linux-gnu/gcc.git~master_rev_570c6c2ee57d1250468e5dde121d196f730732e1-stage2/gcc/xg++  version 9.0.0 20181024 (experimental) [master revision 265463] (GCC) 

		=== objc tests ===


Running target tcwg-local

		=== objc Summary ===

# of expected passes		2801
# of unsupported tests		69
/home/tcwg-buildslave/workspace/tcwg-buildfarm/tcwg-thx1_64-build/_build/builds/aarch64-unknown-linux-gnu/aarch64-unknown-linux-gnu/gcc.git~master_rev_570c6c2ee57d1250468e5dde121d196f730732e1-stage2/gcc/xgcc  version 9.0.0 20181024 (experimental) [master revision 265463] (GCC) 


Compiler version: 9.0.0 20181024 (experimental) [master revision 265463] (GCC) 
Platform: aarch64-unknown-linux-gnu
configure flags: SHELL=/bin/bash --with-mpc=/home/tcwg-buildslave/workspace/tcwg-buildfarm/tcwg-thx1_64-build/_build/builds/destdir/aarch64-unknown-linux-gnu --with-mpfr=/home/tcwg-buildslave/workspace/tcwg-buildfarm/tcwg-thx1_64-build/_build/builds/destdir/aarch64-unknown-linux-gnu --with-gmp=/home/tcwg-buildslave/workspace/tcwg-buildfarm/tcwg-thx1_64-build/_build/builds/destdir/aarch64-unknown-linux-gnu --with-gnu-as --with-gnu-ld --disable-libmudflap --enable-lto --enable-shared --without-included-gettext --enable-nls --with-system-zlib --disable-sjlj-exceptions --enable-gnu-unique-object --enable-linker-build-id --disable-libstdcxx-pch --enable-c99 --enable-clocale=gnu --enable-libstdcxx-debug --enable-long-long --with-cloog=no --with-ppl=no --with-isl=no --disable-multilib --enable-fix-cortex-a53-835769 --enable-fix-cortex-a53-843419 --with-arch=armv8-a --enable-threads=posix --enable-multiarch --enable-libstdcxx-time=yes --enable-gnu-indirect-function --enable-checking=yes --en
 able-bootstrap --enable-languages=c,c++,fortran,lto,objc,obj-c++ --build=aarch64-unknown-linux-gnu --host=aarch64-unknown-linux-gnu --target=aarch64-unknown-linux-gnu --prefix=/home/tcwg-buildslave/workspace/tcwg-buildfarm/tcwg-thx1_64-build/_build/builds/destdir/aarch64-unknown-linux-gnu



More information about the Gcc-testresults mailing list