Results for 7.3.1 20181019 [gcc-7-branch revision 265318] (GCC) testsuite on armv7-unknown-freebsd12.0

Andreas Tobler andreast.dev@gmail.com
Sat Oct 20 13:52:00 GMT 2018


LAST_UPDATED: Fri Oct 19 18:25:30 UTC 2018 (revision 265318)

Native configuration is armv7-unknown-freebsd12.0

		=== libatomic tests ===


Running target unix

		=== libatomic Summary ===

# of expected passes		44
# of unsupported tests		5
		=== libgomp tests ===


Running target unix
FAIL: libgomp.oacc-c/../libgomp.oacc-c-c++-common/loop-dim-default.c -DACC_DEVICE_TYPE_host=1 -DACC_MEM_SHARED=1  -O2  (test for excess errors)
UNRESOLVED: libgomp.oacc-c/../libgomp.oacc-c-c++-common/loop-dim-default.c -DACC_DEVICE_TYPE_host=1 -DACC_MEM_SHARED=1  -O2  compilation failed to produce executable
FAIL: libgomp.oacc-c++/../libgomp.oacc-c-c++-common/loop-dim-default.c -DACC_DEVICE_TYPE_host=1 -DACC_MEM_SHARED=1  -O2  (test for excess errors)
UNRESOLVED: libgomp.oacc-c++/../libgomp.oacc-c-c++-common/loop-dim-default.c -DACC_DEVICE_TYPE_host=1 -DACC_MEM_SHARED=1  -O2  compilation failed to produce executable

		=== libgomp Summary ===

# of expected passes		5060
# of unexpected failures	2
# of unresolved testcases	2
# of unsupported tests		399
		=== libitm tests ===


Running target unix
FAIL: libitm.c/priv-1.c execution test

		=== libitm Summary ===

# of expected passes		41
# of unexpected failures	1
# of expected failures		3
# of unsupported tests		1
		=== libstdc++ tests ===


Running target unix
ERROR: tcl error sourcing /export/devel/net/src/gcc/branch/gcc-7/gcc/libstdc++-v3/testsuite/libstdc++-abi/abi.exp.
ERROR: could not compile testsuite_character.cc
ERROR: tcl error sourcing /export/devel/net/src/gcc/branch/gcc-7/gcc/libstdc++-v3/testsuite/libstdc++-dg/conformance.exp.
ERROR: could not compile testsuite_character.cc
ERROR: tcl error sourcing /export/devel/net/src/gcc/branch/gcc-7/gcc/libstdc++-v3/testsuite/libstdc++-prettyprinters/prettyprinters.exp.
ERROR: could not compile testsuite_character.cc
ERROR: tcl error sourcing /export/devel/net/src/gcc/branch/gcc-7/gcc/libstdc++-v3/testsuite/libstdc++-xmethods/xmethods.exp.
ERROR: could not compile testsuite_character.cc

		=== libstdc++ Summary ===


		=== libstdc++ Summary ===

		=== g++ tests ===


Running target unix
FAIL: g++.dg/ext/arm-fp16/arm-fp16-ops-3.C  -std=gnu++98 (test for excess errors)
UNRESOLVED: g++.dg/ext/arm-fp16/arm-fp16-ops-3.C  -std=gnu++98 compilation failed to produce executable
FAIL: g++.dg/ext/arm-fp16/arm-fp16-ops-3.C  -std=gnu++11 (test for excess errors)
UNRESOLVED: g++.dg/ext/arm-fp16/arm-fp16-ops-3.C  -std=gnu++11 compilation failed to produce executable
FAIL: g++.dg/ext/arm-fp16/arm-fp16-ops-3.C  -std=gnu++14 (test for excess errors)
UNRESOLVED: g++.dg/ext/arm-fp16/arm-fp16-ops-3.C  -std=gnu++14 compilation failed to produce executable
FAIL: g++.dg/ext/arm-fp16/arm-fp16-ops-4.C  -std=gnu++98 (test for excess errors)
UNRESOLVED: g++.dg/ext/arm-fp16/arm-fp16-ops-4.C  -std=gnu++98 compilation failed to produce executable
FAIL: g++.dg/ext/arm-fp16/arm-fp16-ops-4.C  -std=gnu++11 (test for excess errors)
UNRESOLVED: g++.dg/ext/arm-fp16/arm-fp16-ops-4.C  -std=gnu++11 compilation failed to produce executable
FAIL: g++.dg/ext/arm-fp16/arm-fp16-ops-4.C  -std=gnu++14 (test for excess errors)
UNRESOLVED: g++.dg/ext/arm-fp16/arm-fp16-ops-4.C  -std=gnu++14 compilation failed to produce executable
FAIL: g++.dg/gcov/pr16855-priority.C  -std=gnu++98  line 22: is #####:should be 1
FAIL: g++.dg/gcov/pr16855-priority.C  -std=gnu++98  gcov: 1 failures in line counts, 0 in branch percentages, 0 in return percentages, 0 in intermediate format
FAIL: g++.dg/gcov/pr16855-priority.C  -std=gnu++11  line 22: is #####:should be 1
FAIL: g++.dg/gcov/pr16855-priority.C  -std=gnu++11  gcov: 1 failures in line counts, 0 in branch percentages, 0 in return percentages, 0 in intermediate format
FAIL: g++.dg/gcov/pr16855-priority.C  -std=gnu++14  line 22: is #####:should be 1
FAIL: g++.dg/gcov/pr16855-priority.C  -std=gnu++14  gcov: 1 failures in line counts, 0 in branch percentages, 0 in return percentages, 0 in intermediate format
FAIL: g++.dg/gcov/pr16855.C  -std=gnu++98  line 21: is #####:should be 1
FAIL: g++.dg/gcov/pr16855.C  -std=gnu++98  gcov: 1 failures in line counts, 0 in branch percentages, 0 in return percentages, 0 in intermediate format
FAIL: g++.dg/gcov/pr16855.C  -std=gnu++11  line 21: is #####:should be 1
FAIL: g++.dg/gcov/pr16855.C  -std=gnu++11  gcov: 1 failures in line counts, 0 in branch percentages, 0 in return percentages, 0 in intermediate format
FAIL: g++.dg/gcov/pr16855.C  -std=gnu++14  line 21: is #####:should be 1
FAIL: g++.dg/gcov/pr16855.C  -std=gnu++14  gcov: 1 failures in line counts, 0 in branch percentages, 0 in return percentages, 0 in intermediate format
FAIL: g++.dg/lto/pr65276 cp_lto_pr65276_0.o-cp_lto_pr65276_1.o link, -flto -O0 -std=c++11
UNRESOLVED: g++.dg/lto/pr65276 cp_lto_pr65276_0.o-cp_lto_pr65276_1.o execute -flto -O0 -std=c++11
FAIL: g++.dg/pch/array-1.C  -g -I. -Dwith_PCH (internal compiler error)
FAIL: g++.dg/pch/array-1.C  -g -I. -Dwith_PCH (test for excess errors)
FAIL: g++.dg/pch/array-1.C  -g assembly comparison
FAIL: g++.dg/pch/array-1.C  -O2 -g -I. -Dwith_PCH (internal compiler error)
FAIL: g++.dg/pch/array-1.C  -O2 -g -I. -Dwith_PCH (test for excess errors)
FAIL: g++.dg/pch/array-1.C  -O2 -g assembly comparison
FAIL: g++.dg/pch/array-1.C  -O2 -I. -Dwith_PCH (internal compiler error)
FAIL: g++.dg/pch/array-1.C  -O2 -I. -Dwith_PCH (test for excess errors)
FAIL: g++.dg/pch/array-1.C  -O2 assembly comparison
FAIL: g++.dg/pch/empty.C  -g -I. -Dwith_PCH (internal compiler error)
FAIL: g++.dg/pch/empty.C  -g -I. -Dwith_PCH (test for excess errors)
FAIL: g++.dg/pch/empty.C  -g assembly comparison
FAIL: g++.dg/pch/empty.C  -O2 -g -I. -Dwith_PCH (test for excess errors)
FAIL: g++.dg/pch/empty.C -O2 -g assembly comparison
FAIL: g++.dg/pch/empty.C  -O2 -I. -Dwith_PCH (internal compiler error)
FAIL: g++.dg/pch/empty.C  -O2 -I. -Dwith_PCH (test for excess errors)
FAIL: g++.dg/pch/empty.C  -O2 assembly comparison
FAIL: g++.dg/pch/externc-1.C  -g -I. -Dwith_PCH (internal compiler error)
FAIL: g++.dg/pch/externc-1.C  -g -I. -Dwith_PCH (test for excess errors)
FAIL: g++.dg/pch/externc-1.C  -g assembly comparison
FAIL: g++.dg/pch/externc-1.C  -O2 -g -I. -Dwith_PCH (internal compiler error)
FAIL: g++.dg/pch/externc-1.C  -O2 -g -I. -Dwith_PCH (test for excess errors)
FAIL: g++.dg/pch/externc-1.C  -O2 -g assembly comparison
FAIL: g++.dg/pch/externc-1.C  -O2 -I. -Dwith_PCH (internal compiler error)
FAIL: g++.dg/pch/externc-1.C  -O2 -I. -Dwith_PCH (test for excess errors)
FAIL: g++.dg/pch/externc-1.C  -O2 assembly comparison
FAIL: g++.dg/pch/local-1.C  -g -I. -Dwith_PCH (internal compiler error)
FAIL: g++.dg/pch/local-1.C  -g -I. -Dwith_PCH (test for excess errors)
FAIL: g++.dg/pch/local-1.C  -g assembly comparison
FAIL: g++.dg/pch/local-1.C  -O2 -g -I. -Dwith_PCH (internal compiler error)
FAIL: g++.dg/pch/local-1.C  -O2 -g -I. -Dwith_PCH (test for excess errors)
FAIL: g++.dg/pch/local-1.C  -O2 -g assembly comparison
FAIL: g++.dg/pch/local-1.C  -O2 -I. -Dwith_PCH (internal compiler error)
FAIL: g++.dg/pch/local-1.C  -O2 -I. -Dwith_PCH (test for excess errors)
FAIL: g++.dg/pch/local-1.C  -O2 assembly comparison
FAIL: g++.dg/pch/pch.C  -g -I. -Dwith_PCH (internal compiler error)
FAIL: g++.dg/pch/pch.C  -g -I. -Dwith_PCH (test for excess errors)
FAIL: g++.dg/pch/pch.C -g assembly comparison
FAIL: g++.dg/pch/pch.C  -O2 -g -I. -Dwith_PCH (internal compiler error)
FAIL: g++.dg/pch/pch.C  -O2 -g -I. -Dwith_PCH (test for excess errors)
FAIL: g++.dg/pch/pch.C -O2 -g assembly comparison
FAIL: g++.dg/pch/pch.C  -O2 -I. -Dwith_PCH (internal compiler error)
FAIL: g++.dg/pch/pch.C  -O2 -I. -Dwith_PCH (test for excess errors)
FAIL: g++.dg/pch/pch.C -O2 assembly comparison
FAIL: g++.dg/pch/static-1.C  -g -I. -Dwith_PCH (test for excess errors)
FAIL: g++.dg/pch/static-1.C -g assembly comparison
FAIL: g++.dg/pch/static-1.C  -O2 -g -I. -Dwith_PCH (test for excess errors)
FAIL: g++.dg/pch/static-1.C -O2 -g assembly comparison
FAIL: g++.dg/pch/static-1.C  -O2 -I. -Dwith_PCH (internal compiler error)
FAIL: g++.dg/pch/static-1.C  -O2 -I. -Dwith_PCH (test for excess errors)
FAIL: g++.dg/pch/static-1.C  -O2 assembly comparison
FAIL: g++.dg/pch/system-1.C  -g -I. -Dwith_PCH (internal compiler error)
FAIL: g++.dg/pch/system-1.C  -g -I. -Dwith_PCH (test for excess errors)
FAIL: g++.dg/pch/system-1.C  -g assembly comparison
FAIL: g++.dg/pch/system-1.C  -O2 -g -I. -Dwith_PCH (internal compiler error)
FAIL: g++.dg/pch/system-1.C  -O2 -g -I. -Dwith_PCH (test for excess errors)
FAIL: g++.dg/pch/system-1.C  -O2 -g assembly comparison
FAIL: g++.dg/pch/system-1.C  -O2 -I. -Dwith_PCH (internal compiler error)
FAIL: g++.dg/pch/system-1.C  -O2 -I. -Dwith_PCH (test for excess errors)
FAIL: g++.dg/pch/system-1.C  -O2 assembly comparison
FAIL: g++.dg/pch/system-2.C  -g -I. -Dwith_PCH (internal compiler error)
FAIL: g++.dg/pch/system-2.C  -g -I. -Dwith_PCH (test for excess errors)
FAIL: g++.dg/pch/system-2.C  -g assembly comparison
FAIL: g++.dg/pch/system-2.C  -O2 -g -I. -Dwith_PCH (internal compiler error)
FAIL: g++.dg/pch/system-2.C  -O2 -g -I. -Dwith_PCH (test for excess errors)
FAIL: g++.dg/pch/system-2.C  -O2 -g assembly comparison
FAIL: g++.dg/pch/system-2.C  -O2 -I. -Dwith_PCH (internal compiler error)
FAIL: g++.dg/pch/system-2.C  -O2 -I. -Dwith_PCH (test for excess errors)
FAIL: g++.dg/pch/system-2.C  -O2 assembly comparison
FAIL: g++.dg/pch/template-1.C  -g -I. -Dwith_PCH (internal compiler error)
FAIL: g++.dg/pch/template-1.C  -g -I. -Dwith_PCH (test for excess errors)
FAIL: g++.dg/pch/template-1.C  -g assembly comparison
FAIL: g++.dg/pch/template-1.C  -O2 -g -I. -Dwith_PCH (internal compiler error)
FAIL: g++.dg/pch/template-1.C  -O2 -g -I. -Dwith_PCH (test for excess errors)
FAIL: g++.dg/pch/template-1.C  -O2 -g assembly comparison
FAIL: g++.dg/pch/template-1.C  -O2 -I. -Dwith_PCH (internal compiler error)
FAIL: g++.dg/pch/template-1.C  -O2 -I. -Dwith_PCH (test for excess errors)
FAIL: g++.dg/pch/template-1.C  -O2 assembly comparison
FAIL: g++.dg/pch/uninst.C  -g -I. -Dwith_PCH (internal compiler error)
FAIL: g++.dg/pch/uninst.C  -g -I. -Dwith_PCH (test for excess errors)
FAIL: g++.dg/pch/uninst.C  -g assembly comparison
FAIL: g++.dg/pch/uninst.C  -O2 -g -I. -Dwith_PCH (internal compiler error)
FAIL: g++.dg/pch/uninst.C  -O2 -g -I. -Dwith_PCH (test for excess errors)
FAIL: g++.dg/pch/uninst.C  -O2 -g assembly comparison
FAIL: g++.dg/pch/uninst.C  -O2 -I. -Dwith_PCH (internal compiler error)
FAIL: g++.dg/pch/uninst.C  -O2 -I. -Dwith_PCH (test for excess errors)
FAIL: g++.dg/pch/uninst.C  -O2 assembly comparison
FAIL: g++.dg/pch/wchar-1.C  -g -I. -Dwith_PCH (internal compiler error)
FAIL: g++.dg/pch/wchar-1.C  -g -I. -Dwith_PCH (test for excess errors)
FAIL: g++.dg/pch/wchar-1.C  -g assembly comparison
FAIL: g++.dg/pch/wchar-1.C  -O2 -g -I. -Dwith_PCH (internal compiler error)
FAIL: g++.dg/pch/wchar-1.C  -O2 -g -I. -Dwith_PCH (test for excess errors)
FAIL: g++.dg/pch/wchar-1.C  -O2 -g assembly comparison
FAIL: g++.dg/pch/wchar-1.C  -O2 -I. -Dwith_PCH (internal compiler error)
FAIL: g++.dg/pch/wchar-1.C  -O2 -I. -Dwith_PCH (test for excess errors)
FAIL: g++.dg/pch/wchar-1.C  -O2 assembly comparison
FAIL: g++.old-deja/g++.other/init18.C  -std=c++98 execution test
FAIL: g++.old-deja/g++.other/init18.C  -std=c++11 execution test
FAIL: g++.old-deja/g++.other/init18.C  -std=c++14 execution test
FAIL: g++.old-deja/g++.other/init19.C  -std=c++98 execution test
FAIL: g++.old-deja/g++.other/init19.C  -std=c++11 execution test
FAIL: g++.old-deja/g++.other/init19.C  -std=c++14 execution test

		=== g++ Summary ===

# of expected passes		102087
# of unexpected failures	121
# of expected failures		385
# of unresolved testcases	7
# of unsupported tests		4570
/build/gcc/branch/gcc-7.0/objdir/gcc/xg++  version 7.3.1 20181019 [gcc-7-branch revision 265318] (GCC) 

		=== gcc tests ===


Running target unix
FAIL: gcc.c-torture/compile/limits-exprparen.c   -O0  (internal compiler error)
FAIL: gcc.c-torture/compile/limits-exprparen.c   -O0  (test for excess errors)
FAIL: gcc.c-torture/compile/limits-exprparen.c   -O1  (internal compiler error)
FAIL: gcc.c-torture/compile/limits-exprparen.c   -O1  (test for excess errors)
FAIL: gcc.c-torture/compile/limits-exprparen.c   -O2  (internal compiler error)
FAIL: gcc.c-torture/compile/limits-exprparen.c   -O2  (test for excess errors)
FAIL: gcc.c-torture/compile/limits-exprparen.c   -O3 -g  (internal compiler error)
FAIL: gcc.c-torture/compile/limits-exprparen.c   -O3 -g  (test for excess errors)
FAIL: gcc.c-torture/compile/limits-exprparen.c   -Os  (internal compiler error)
FAIL: gcc.c-torture/compile/limits-exprparen.c   -Os  (test for excess errors)
FAIL: gcc.c-torture/compile/limits-exprparen.c   -O2 -flto -fno-use-linker-plugin -flto-partition=none  (internal compiler error)
FAIL: gcc.c-torture/compile/limits-exprparen.c   -O2 -flto -fno-use-linker-plugin -flto-partition=none  (test for excess errors)
FAIL: gcc.c-torture/compile/limits-exprparen.c   -O2 -flto -fuse-linker-plugin -fno-fat-lto-objects  (internal compiler error)
FAIL: gcc.c-torture/compile/limits-exprparen.c   -O2 -flto -fuse-linker-plugin -fno-fat-lto-objects  (test for excess errors)
FAIL: gcc.c-torture/execute/20000822-1.c   -O1  execution test
FAIL: gcc.c-torture/execute/20000822-1.c   -O2  execution test
FAIL: gcc.c-torture/execute/20000822-1.c   -O3 -g  execution test
FAIL: gcc.c-torture/execute/20000822-1.c   -Os  execution test
FAIL: gcc.c-torture/execute/20000822-1.c   -O2 -flto -fno-use-linker-plugin -flto-partition=none  execution test
FAIL: gcc.c-torture/execute/20000822-1.c   -O2 -flto -fuse-linker-plugin -fno-fat-lto-objects  execution test
FAIL: gcc.c-torture/execute/20030125-1.c   -O1  execution test
FAIL: gcc.c-torture/execute/20030125-1.c   -Os  execution test
FAIL: gcc.dg/builtins-58.c scan-assembler-not pow\\\\M
FAIL: gcc.dg/builtins-59.c scan-tree-dump gimple "__builtin_cexpi"
FAIL: gcc.dg/builtins-59.c scan-tree-dump-not gimple "sincos"
FAIL: gcc.dg/builtins-61.c scan-tree-dump optimized "cexpi"
FAIL: gcc.dg/builtins-61.c scan-tree-dump optimized "sin"
FAIL: gcc.dg/builtins-61.c scan-tree-dump optimized "cos"
FAIL: gcc.dg/builtins-61.c scan-tree-dump optimized "return 0.0"
FAIL: gcc.dg/builtins-62.c scan-tree-dump-times optimized "cexpi" 3
FAIL: gcc.dg/builtins-65.c (test for excess errors)
FAIL: gcc.dg/c99-stdint-5.c (test for excess errors)
FAIL: gcc.dg/c99-stdint-6.c (test for excess errors)
FAIL: gcc.dg/c99-stdint-7.c (test for excess errors)
FAIL: gcc.dg/gimplefe-26.c (internal compiler error)
FAIL: gcc.dg/gimplefe-26.c (test for excess errors)
FAIL: gcc.dg/utf-array-short-wchar.c  (test for errors, line 41)
FAIL: gcc.dg/utf-array-short-wchar.c (test for excess errors)
FAIL: gcc.dg/lto/20110201-1 c_lto_20110201-1_0.o-c_lto_20110201-1_0.o link, -O0 -flto -fno-math-errno -mfloat-abi=softfp -mfpu=neon-vfpv4
UNRESOLVED: gcc.dg/lto/20110201-1 c_lto_20110201-1_0.o-c_lto_20110201-1_0.o execute -O0 -flto -fno-math-errno -mfloat-abi=softfp -mfpu=neon-vfpv4
FAIL: gcc.dg/pch/largefile.c -O0 -g assembly comparison
FAIL: gcc.dg/pch/largefile.c  -O0  assembly comparison
FAIL: gcc.dg/pch/largefile.c  -O1  assembly comparison
FAIL: gcc.dg/pch/largefile.c  -O2  assembly comparison
FAIL: gcc.dg/pch/largefile.c  -O3 -g  assembly comparison
FAIL: gcc.dg/pch/largefile.c  -Os  assembly comparison
FAIL: gcc.dg/pch/pr66343-1.c  -O0 -g -I. -Dwith_PCH (internal compiler error)
FAIL: gcc.dg/pch/pr66343-1.c  -O0 -g -I. -Dwith_PCH (test for excess errors)
FAIL: gcc.dg/pch/pr66343-1.c   -O0  -I. -Dwith_PCH (internal compiler error)
FAIL: gcc.dg/pch/pr66343-1.c   -O0  -I. -Dwith_PCH (test for excess errors)
FAIL: gcc.dg/pch/pr66343-1.c   -O1  -I. -Dwith_PCH (internal compiler error)
FAIL: gcc.dg/pch/pr66343-1.c   -O1  -I. -Dwith_PCH (test for excess errors)
FAIL: gcc.dg/pch/pr66343-1.c   -O2  -I. -Dwith_PCH (internal compiler error)
FAIL: gcc.dg/pch/pr66343-1.c   -O2  -I. -Dwith_PCH (test for excess errors)
FAIL: gcc.dg/pch/pr66343-1.c   -O3 -g  -I. -Dwith_PCH (internal compiler error)
FAIL: gcc.dg/pch/pr66343-1.c   -O3 -g  -I. -Dwith_PCH (test for excess errors)
FAIL: gcc.dg/pch/pr66343-1.c   -Os  -I. -Dwith_PCH (internal compiler error)
FAIL: gcc.dg/pch/pr66343-1.c   -Os  -I. -Dwith_PCH (test for excess errors)
FAIL: gcc.dg/pch/pr66343-2.c  -O0 -g -I. -Dwith_PCH (internal compiler error)
FAIL: gcc.dg/pch/pr66343-2.c  -O0 -g -I. -Dwith_PCH (test for excess errors)
FAIL: gcc.dg/pch/pr66343-2.c  -O0 -g assembly comparison
FAIL: gcc.dg/pch/pr66343-2.c   -O0  -I. -Dwith_PCH (internal compiler error)
FAIL: gcc.dg/pch/pr66343-2.c   -O0  -I. -Dwith_PCH (test for excess errors)
FAIL: gcc.dg/pch/pr66343-2.c   -O0  assembly comparison
FAIL: gcc.dg/pch/pr66343-2.c   -O1  -I. -Dwith_PCH (internal compiler error)
FAIL: gcc.dg/pch/pr66343-2.c   -O1  -I. -Dwith_PCH (test for excess errors)
FAIL: gcc.dg/pch/pr66343-2.c   -O1  assembly comparison
FAIL: gcc.dg/pch/pr66343-2.c   -O2  -I. -Dwith_PCH (internal compiler error)
FAIL: gcc.dg/pch/pr66343-2.c   -O2  -I. -Dwith_PCH (test for excess errors)
FAIL: gcc.dg/pch/pr66343-2.c   -O2  assembly comparison
FAIL: gcc.dg/pch/pr66343-2.c   -O3 -g  -I. -Dwith_PCH (internal compiler error)
FAIL: gcc.dg/pch/pr66343-2.c   -O3 -g  -I. -Dwith_PCH (test for excess errors)
FAIL: gcc.dg/pch/pr66343-2.c   -O3 -g  assembly comparison
FAIL: gcc.dg/pch/pr66343-2.c   -Os  -I. -Dwith_PCH (internal compiler error)
FAIL: gcc.dg/pch/pr66343-2.c   -Os  -I. -Dwith_PCH (test for excess errors)
FAIL: gcc.dg/pch/pr66343-2.c   -Os  assembly comparison
FAIL: gcc.dg/pch/system-1.c  -O0 -g -I. -Dwith_PCH (internal compiler error)
FAIL: gcc.dg/pch/system-1.c  -O0 -g -I. -Dwith_PCH (test for excess errors)
FAIL: gcc.dg/pch/system-1.c  -O0 -g assembly comparison
FAIL: gcc.dg/pch/system-1.c   -O0  -I. -Dwith_PCH (internal compiler error)
FAIL: gcc.dg/pch/system-1.c   -O0  -I. -Dwith_PCH (test for excess errors)
FAIL: gcc.dg/pch/system-1.c   -O0  assembly comparison
FAIL: gcc.dg/pch/system-1.c   -O1  -I. -Dwith_PCH (internal compiler error)
FAIL: gcc.dg/pch/system-1.c   -O1  -I. -Dwith_PCH (test for excess errors)
FAIL: gcc.dg/pch/system-1.c   -O1  assembly comparison
FAIL: gcc.dg/pch/system-1.c   -O2  -I. -Dwith_PCH (internal compiler error)
FAIL: gcc.dg/pch/system-1.c   -O2  -I. -Dwith_PCH (test for excess errors)
FAIL: gcc.dg/pch/system-1.c   -O2  assembly comparison
FAIL: gcc.dg/pch/system-1.c   -O3 -g  -I. -Dwith_PCH (internal compiler error)
FAIL: gcc.dg/pch/system-1.c   -O3 -g  -I. -Dwith_PCH (test for excess errors)
FAIL: gcc.dg/pch/system-1.c   -O3 -g  assembly comparison
FAIL: gcc.dg/pch/system-1.c   -Os  -I. -Dwith_PCH (internal compiler error)
FAIL: gcc.dg/pch/system-1.c   -Os  -I. -Dwith_PCH (test for excess errors)
FAIL: gcc.dg/pch/system-1.c   -Os  assembly comparison
FAIL: gcc.dg/torture/arm-fp16-int-convert-alt.c   -O0  (test for excess errors)
UNRESOLVED: gcc.dg/torture/arm-fp16-int-convert-alt.c   -O0  compilation failed to produce executable
FAIL: gcc.dg/torture/arm-fp16-int-convert-alt.c   -O1  (test for excess errors)
UNRESOLVED: gcc.dg/torture/arm-fp16-int-convert-alt.c   -O1  compilation failed to produce executable
FAIL: gcc.dg/torture/arm-fp16-int-convert-alt.c   -O2  (test for excess errors)
UNRESOLVED: gcc.dg/torture/arm-fp16-int-convert-alt.c   -O2  compilation failed to produce executable
FAIL: gcc.dg/torture/arm-fp16-int-convert-alt.c   -O3 -g  (test for excess errors)
UNRESOLVED: gcc.dg/torture/arm-fp16-int-convert-alt.c   -O3 -g  compilation failed to produce executable
FAIL: gcc.dg/torture/arm-fp16-int-convert-alt.c   -Os  (test for excess errors)
UNRESOLVED: gcc.dg/torture/arm-fp16-int-convert-alt.c   -Os  compilation failed to produce executable
FAIL: gcc.dg/torture/arm-fp16-int-convert-alt.c   -O2 -flto -fno-use-linker-plugin -flto-partition=none  (test for excess errors)
UNRESOLVED: gcc.dg/torture/arm-fp16-int-convert-alt.c   -O2 -flto -fno-use-linker-plugin -flto-partition=none  compilation failed to produce executable
FAIL: gcc.dg/torture/arm-fp16-int-convert-alt.c   -O2 -flto -fuse-linker-plugin -fno-fat-lto-objects  (test for excess errors)
UNRESOLVED: gcc.dg/torture/arm-fp16-int-convert-alt.c   -O2 -flto -fuse-linker-plugin -fno-fat-lto-objects  compilation failed to produce executable
FAIL: gcc.dg/torture/arm-fp16-ops-3.c   -O0  (test for excess errors)
UNRESOLVED: gcc.dg/torture/arm-fp16-ops-3.c   -O0  compilation failed to produce executable
FAIL: gcc.dg/torture/arm-fp16-ops-3.c   -O1  (test for excess errors)
UNRESOLVED: gcc.dg/torture/arm-fp16-ops-3.c   -O1  compilation failed to produce executable
FAIL: gcc.dg/torture/arm-fp16-ops-3.c   -O2  (test for excess errors)
UNRESOLVED: gcc.dg/torture/arm-fp16-ops-3.c   -O2  compilation failed to produce executable
FAIL: gcc.dg/torture/arm-fp16-ops-3.c   -O3 -g  (test for excess errors)
UNRESOLVED: gcc.dg/torture/arm-fp16-ops-3.c   -O3 -g  compilation failed to produce executable
FAIL: gcc.dg/torture/arm-fp16-ops-3.c   -Os  (test for excess errors)
UNRESOLVED: gcc.dg/torture/arm-fp16-ops-3.c   -Os  compilation failed to produce executable
FAIL: gcc.dg/torture/arm-fp16-ops-3.c   -O2 -flto -fno-use-linker-plugin -flto-partition=none  (test for excess errors)
UNRESOLVED: gcc.dg/torture/arm-fp16-ops-3.c   -O2 -flto -fno-use-linker-plugin -flto-partition=none  compilation failed to produce executable
FAIL: gcc.dg/torture/arm-fp16-ops-3.c   -O2 -flto -fuse-linker-plugin -fno-fat-lto-objects  (test for excess errors)
UNRESOLVED: gcc.dg/torture/arm-fp16-ops-3.c   -O2 -flto -fuse-linker-plugin -fno-fat-lto-objects  compilation failed to produce executable
FAIL: gcc.dg/torture/arm-fp16-ops-4.c   -O0  (test for excess errors)
UNRESOLVED: gcc.dg/torture/arm-fp16-ops-4.c   -O0  compilation failed to produce executable
FAIL: gcc.dg/torture/arm-fp16-ops-4.c   -O1  (test for excess errors)
UNRESOLVED: gcc.dg/torture/arm-fp16-ops-4.c   -O1  compilation failed to produce executable
FAIL: gcc.dg/torture/arm-fp16-ops-4.c   -O2  (test for excess errors)
UNRESOLVED: gcc.dg/torture/arm-fp16-ops-4.c   -O2  compilation failed to produce executable
FAIL: gcc.dg/torture/arm-fp16-ops-4.c   -O3 -g  (test for excess errors)
UNRESOLVED: gcc.dg/torture/arm-fp16-ops-4.c   -O3 -g  compilation failed to produce executable
FAIL: gcc.dg/torture/arm-fp16-ops-4.c   -Os  (test for excess errors)
UNRESOLVED: gcc.dg/torture/arm-fp16-ops-4.c   -Os  compilation failed to produce executable
FAIL: gcc.dg/torture/arm-fp16-ops-4.c   -O2 -flto -fno-use-linker-plugin -flto-partition=none  (test for excess errors)
UNRESOLVED: gcc.dg/torture/arm-fp16-ops-4.c   -O2 -flto -fno-use-linker-plugin -flto-partition=none  compilation failed to produce executable
FAIL: gcc.dg/torture/arm-fp16-ops-4.c   -O2 -flto -fuse-linker-plugin -fno-fat-lto-objects  (test for excess errors)
UNRESOLVED: gcc.dg/torture/arm-fp16-ops-4.c   -O2 -flto -fuse-linker-plugin -fno-fat-lto-objects  compilation failed to produce executable
FAIL: gcc.dg/torture/builtin-convert-1.c   -O1  (test for excess errors)
FAIL: gcc.dg/torture/builtin-convert-1.c   -O2  (test for excess errors)
FAIL: gcc.dg/torture/builtin-convert-1.c   -O3 -g  (test for excess errors)
FAIL: gcc.dg/torture/builtin-convert-1.c   -Os  (test for excess errors)
FAIL: gcc.dg/torture/builtin-convert-1.c   -O2 -flto -fno-use-linker-plugin -flto-partition=none  (test for excess errors)
FAIL: gcc.dg/torture/builtin-convert-2.c   -O1  (test for excess errors)
FAIL: gcc.dg/torture/builtin-convert-2.c   -O2  (test for excess errors)
FAIL: gcc.dg/torture/builtin-convert-2.c   -O3 -g  (test for excess errors)
FAIL: gcc.dg/torture/builtin-convert-2.c   -Os  (test for excess errors)
FAIL: gcc.dg/torture/builtin-convert-2.c   -O2 -flto -fno-use-linker-plugin -flto-partition=none  (test for excess errors)
FAIL: gcc.dg/torture/pr68264.c   -O0  execution test
FAIL: gcc.dg/torture/pr68264.c   -O1  execution test
FAIL: gcc.dg/torture/pr68264.c   -O2  execution test
FAIL: gcc.dg/torture/pr68264.c   -O3 -g  execution test
FAIL: gcc.dg/torture/pr68264.c   -Os  execution test
FAIL: gcc.dg/torture/pr68264.c   -O2 -flto -fno-use-linker-plugin -flto-partition=none  execution test
FAIL: gcc.dg/torture/pr68264.c   -O2 -flto -fuse-linker-plugin -fno-fat-lto-objects  execution test
FAIL: gcc.dg/torture/pr69951.c   -O0  (test for excess errors)
FAIL: gcc.dg/torture/pr69951.c   -O1  (test for excess errors)
FAIL: gcc.dg/torture/pr69951.c   -O2  (test for excess errors)
FAIL: gcc.dg/torture/pr69951.c   -O3 -g  (test for excess errors)
FAIL: gcc.dg/torture/pr69951.c   -Os  (test for excess errors)
FAIL: gcc.dg/torture/pr69951.c   -O2 -flto -fno-use-linker-plugin -flto-partition=none  (test for excess errors)
FAIL: gcc.dg/torture/pr69951.c   -O2 -flto -fuse-linker-plugin -fno-fat-lto-objects  (test for excess errors)
FAIL: gcc.dg/torture/stackalign/nested-5.c   -O1 -fpic execution test
FAIL: gcc.dg/torture/stackalign/nested-6.c   -O0  execution test
FAIL: gcc.dg/torture/stackalign/nested-6.c   -O0 -fpic execution test
FAIL: gcc.dg/torture/stackalign/nested-6.c   -O3 -g  execution test
FAIL: gcc.dg/torture/stackalign/nested-6.c   -O3 -g -fpic execution test
FAIL: gcc.dg/torture/stackalign/nested-6.c   -O2 -flto -fno-use-linker-plugin -flto-partition=none -fpic execution test
FAIL: gcc.dg/torture/stackalign/nested-6.c   -O2 -flto -fuse-linker-plugin -fno-fat-lto-objects  execution test
FAIL: gcc.dg/torture/stackalign/nested-6.c   -O2 -flto -fuse-linker-plugin -fno-fat-lto-objects -fpic execution test
FAIL: gcc.dg/tree-ssa/minmax-2.c scan-tree-dump optimized "__builtin_fmin"
FAIL: gcc.dg/tree-ssa/pr71078-1-double.c scan-tree-dump forwprop1 "__builtin_copysign"
FAIL: gcc.dg/tree-ssa/pr71078-1.c scan-tree-dump forwprop1 "__builtin_copysignf"
FAIL: gcc.dg/tree-ssa/pr71078-2-double.c scan-tree-dump forwprop1 "__builtin_copysign"
FAIL: gcc.dg/tree-ssa/pr71078-2.c scan-tree-dump forwprop1 "__builtin_copysignf"
FAIL: gcc.dg/tree-ssa/pr71078-3.c scan-tree-dump forwprop1 "__builtin_copysign"
XPASS: gcc.dg/vect/vect-24.c -flto -ffat-lto-objects  scan-tree-dump-times vect "vectorized 3 loops" 1
XPASS: gcc.dg/vect/vect-24.c scan-tree-dump-times vect "vectorized 3 loops" 1
FAIL: gcc.target/arm/aapcs/vfp22.c (test for excess errors)
UNRESOLVED: gcc.target/arm/aapcs/vfp22.c compilation failed to produce executable
FAIL: gcc.target/arm/aapcs/vfp23.c (test for excess errors)
UNRESOLVED: gcc.target/arm/aapcs/vfp23.c compilation failed to produce executable
FAIL: gcc.target/arm/aapcs/vfp24.c (test for excess errors)
UNRESOLVED: gcc.target/arm/aapcs/vfp24.c compilation failed to produce executable
FAIL: gcc.target/arm/aapcs/vfp25.c (test for excess errors)
UNRESOLVED: gcc.target/arm/aapcs/vfp25.c compilation failed to produce executable
FAIL: gcc.target/arm/copysign_softfloat_1.c (test for excess errors)
UNRESOLVED: gcc.target/arm/copysign_softfloat_1.c compilation failed to produce executable
FAIL: gcc.target/arm/fp16-rounding-alt-1.c (test for excess errors)
UNRESOLVED: gcc.target/arm/fp16-rounding-alt-1.c compilation failed to produce executable
UNRESOLVED: gcc.target/arm/ivopts.c object-size text <= 36
FAIL: gcc.target/arm/pr42575.c scan-assembler-not mov
UNRESOLVED: gcc.target/arm/pr43597.c object-size text <= 30
FAIL: gcc.target/arm/pr43920-2.c (test for excess errors)
FAIL: gcc.target/arm/pr43920-2.c scan-assembler-times pop 2
FAIL: gcc.target/arm/pr43920-2.c scan-assembler-times beq 3
UNRESOLVED: gcc.target/arm/pr43920-2.c object-size text <= 54
FAIL: gcc.target/arm/pr70278.c (test for excess errors)
FAIL: object-readelf Tag_ABI_enum_size size is incorrect.

		=== gcc Summary ===

# of expected passes		106795
# of unexpected failures	164
# of unexpected successes	2
# of expected failures		316
# of unresolved testcases	31
# of unsupported tests		3991
/build/gcc/branch/gcc-7.0/objdir/gcc/xgcc  version 7.3.1 20181019 [gcc-7-branch revision 265318] (GCC) 

		=== gfortran tests ===


Running target unix
FAIL: gfortran.dg/default_format_denormal_1.f90   -O0  execution test
FAIL: gfortran.dg/default_format_denormal_1.f90   -O1  execution test
FAIL: gfortran.dg/default_format_denormal_1.f90   -O2  execution test
FAIL: gfortran.dg/default_format_denormal_1.f90   -O3 -fomit-frame-pointer -funroll-loops -fpeel-loops -ftracer -finline-functions  execution test
FAIL: gfortran.dg/default_format_denormal_1.f90   -O3 -g  execution test
FAIL: gfortran.dg/default_format_denormal_1.f90   -Os  execution test
FAIL: gfortran.dg/elemental_dependency_4.f90   -O0  execution test
FAIL: gfortran.dg/internal_dummy_3.f08   -O0  execution test
FAIL: gfortran.dg/internal_dummy_3.f08   -O2  execution test
FAIL: gfortran.dg/internal_dummy_3.f08   -O3 -fomit-frame-pointer -funroll-loops -fpeel-loops -ftracer -finline-functions  execution test
FAIL: gfortran.dg/internal_dummy_3.f08   -O3 -g  execution test
FAIL: gfortran.dg/internal_dummy_3.f08   -Os  execution test
FAIL: gfortran.dg/proc_ptr_comp_11.f90   -O0  execution test
FAIL: gfortran.dg/proc_ptr_comp_18.f90   -O0  execution test
FAIL: gfortran.dg/proc_ptr_comp_19.f90   -O0  execution test
FAIL: gfortran.dg/proc_ptr_comp_34.f90   -O0  execution test
FAIL: gfortran.dg/proc_ptr_comp_5.f90   -O0  execution test
FAIL: gfortran.dg/proc_ptr_comp_9.f90   -O0  execution test
FAIL: gfortran.dg/proc_ptr_result_7.f90   -O0  execution test
FAIL: gfortran.dg/structure_constructor_11.f90   -O2  execution test
FAIL: gfortran.dg/structure_constructor_11.f90   -O3 -fomit-frame-pointer -funroll-loops -fpeel-loops -ftracer -finline-functions  execution test
FAIL: gfortran.dg/structure_constructor_11.f90   -O3 -g  execution test
FAIL: gfortran.dg/structure_constructor_11.f90   -Os  execution test
FAIL: gfortran.dg/ieee/ieee_6.f90   -O0  execution test
FAIL: gfortran.dg/ieee/ieee_6.f90   -O1  execution test
FAIL: gfortran.dg/ieee/ieee_6.f90   -O2  execution test
FAIL: gfortran.dg/ieee/ieee_6.f90   -O3 -fomit-frame-pointer -funroll-loops -fpeel-loops -ftracer -finline-functions  execution test
FAIL: gfortran.dg/ieee/ieee_6.f90   -O3 -g  execution test
FAIL: gfortran.dg/ieee/ieee_6.f90   -Os  execution test
FAIL: gfortran.dg/vect/pr48329.f90   -O   scan-tree-dump-times vect "vectorized 1 loops" 1

		=== gfortran Summary ===

# of expected passes		44494
# of unexpected failures	30
# of expected failures		83
# of unsupported tests		353
/build/gcc/branch/gcc-7.0/objdir/gcc/gfortran  version 7.3.1 20181019 [gcc-7-branch revision 265318] (GCC) 

		=== objc tests ===


Running target unix

		=== objc Summary ===

# of expected passes		2803
# of unsupported tests		68
/build/gcc/branch/gcc-7.0/objdir/gcc/xgcc  version 7.3.1 20181019 [gcc-7-branch revision 265318] (GCC) 


Compiler version: 7.3.1 20181019 [gcc-7-branch revision 265318] (GCC) 
Platform: armv7-unknown-freebsd12.0
configure flags: --with-gmp=/usr/local --disable-nls --with-ld=/usr/local/bin/ld --with-as=/usr/local/bin/as --prefix=/build/gcc/branch/gcc-7.0/testbin --enable-languages=c,c++,fortran,lto,objc



More information about the Gcc-testresults mailing list