Results for 9.0.0 20181019 (experimental) (GCC) gcc testsuite on moxie-unknown-elf

Anthony Green green@moxielogic.com
Sat Oct 20 02:25:00 GMT 2018


Target is moxie-unknown-elf
Host   is x86_64-pc-linux-gnu

		=== gcc tests ===


Running target moxie-sim
FAIL: gcc.c-torture/execute/pr56982.c   -O0  execution test
FAIL: gcc.c-torture/execute/pr56982.c   -O1  execution test
FAIL: gcc.c-torture/execute/pr56982.c   -Os  execution test
FAIL: gcc.c-torture/execute/pr56982.c   -O2 -flto -fuse-linker-plugin -fno-fat-lto-objects  execution test
FAIL: gcc.c-torture/unsorted/dump-noaddr.c.*i.lto-stream-out,  -O2 -flto -fno-use-linker-plugin -flto-partition=none  comparison
FAIL: gcc.dg/binop-xor1.c scan-tree-dump-times optimized "\\\\^" 1
FAIL: gcc.dg/builtin-apply2.c execution test
FAIL: gcc.dg/cleanup-12.c execution test
FAIL: gcc.dg/cleanup-13.c execution test
FAIL: gcc.dg/cleanup-5.c execution test
FAIL: gcc.dg/ifcvt-4.c scan-rtl-dump ce1 "2 true changes made"
FAIL: gcc.dg/loop-8.c scan-rtl-dump-times loop2_invariant "Decided" 1
FAIL: gcc.dg/loop-8.c scan-rtl-dump-not loop2_invariant "without introducing a new temporary register"
FAIL: gcc.dg/pr21643.c scan-tree-dump-times reassoc1 "Optimizing range tests c_[0-9]*.D. -.0, 31. and -.32, 32.[\\n\\r]* into" 6
FAIL: gcc.dg/pr46309.c scan-tree-dump-times reassoc2 "Optimizing range tests [^\\r\\n]*_[0-9]* -.0, 0. and -.128, 128.[\\n\\r]* into" 1
FAIL: gcc.dg/pr69973.c (internal compiler error)
FAIL: gcc.dg/pr69973.c (test for excess errors)
FAIL: gcc.dg/sibcall-10.c execution test
FAIL: gcc.dg/sibcall-9.c execution test
FAIL: gcc.dg/sinatan-1.c execution test
FAIL: c-c++-common/spec-barrier-1.c  -Wc++-compat  (test for excess errors)
FAIL: gcc.dg/plugin/must-tail-call-1.c -fplugin=./must_tail_call_plugin.so (test for excess errors)
FAIL: gcc.dg/torture/pr37868.c   -O0  execution test
FAIL: gcc.dg/torture/pr48542.c   -O0  execution test
FAIL: gcc.dg/torture/pr48542.c   -O1  execution test
FAIL: gcc.dg/torture/pr48542.c   -O2  execution test
FAIL: gcc.dg/torture/pr48542.c   -O3 -fomit-frame-pointer -funroll-loops -fpeel-loops -ftracer -finline-functions  execution test
FAIL: gcc.dg/torture/pr48542.c   -O3 -g  execution test
FAIL: gcc.dg/torture/pr48542.c   -Os  execution test
FAIL: gcc.dg/torture/pr48542.c   -O2 -flto -fno-use-linker-plugin -flto-partition=none  execution test
FAIL: gcc.dg/torture/pr48542.c   -O2 -flto -fuse-linker-plugin -fno-fat-lto-objects  execution test
FAIL: gcc.dg/torture/stackalign/builtin-apply-2.c   -O0  execution test
FAIL: gcc.dg/torture/stackalign/builtin-apply-2.c   -O0 -fpic execution test
FAIL: gcc.dg/torture/stackalign/builtin-apply-2.c   -O1 -fpic execution test
FAIL: gcc.dg/torture/stackalign/builtin-apply-2.c   -O2 -fpic execution test
FAIL: gcc.dg/torture/stackalign/builtin-apply-2.c   -O3 -g -fpic execution test
FAIL: gcc.dg/torture/stackalign/builtin-apply-2.c   -Os -fpic execution test
FAIL: gcc.dg/torture/stackalign/builtin-apply-2.c   -O2 -flto -fno-use-linker-plugin -flto-partition=none -fpic execution test
FAIL: gcc.dg/tree-ssa/builtin-sprintf.c execution test
FAIL: gcc.dg/tree-ssa/loop-1.c scan-assembler-times foo 5
FAIL: gcc.dg/tree-ssa/loop-interchange-1.c execution test
FAIL: gcc.dg/tree-ssa/loop-interchange-1b.c execution test
FAIL: gcc.dg/tree-ssa/phi-opt-11.c scan-tree-dump-times optimized "if" 0
FAIL: gcc.dg/tree-ssa/pr77445-2.c scan-tree-dump-not thread4 "not considered"
FAIL: gcc.dg/tree-ssa/pr84859.c  (test for bogus messages, line 18)
FAIL: gcc.dg/tree-ssa/pr84859.c scan-tree-dump phiopt1 "MIN_EXPR"
FAIL: gcc.dg/tree-ssa/ssa-dom-thread-11.c scan-tree-dump-times dom2 "Threaded" 1
FAIL: gcc.dg/tree-ssa/ssa-dom-thread-14.c scan-tree-dump-times dom2 "Threaded" 1
FAIL: gcc.dg/tree-ssa/ssa-dom-thread-16.c scan-tree-dump-times dom2 "Threaded" 1
FAIL: gcc.dg/tree-ssa/ssa-dom-thread-4.c scan-tree-dump-times vrp1 "Threaded" 3
FAIL: gcc.dg/tree-ssa/ssa-dom-thread-7.c scan-tree-dump-not dom3 "Jumps threaded"
FAIL: gcc.dg/tree-ssa/ssa-dom-thread-7.c scan-tree-dump-not vrp2 "Jumps threaded"
FAIL: gcc.dg/tree-ssa/vrp47.c scan-tree-dump-times vrp1 "[xy][^ ]* !=" 0
FAIL: gcc.dg/tree-ssa/vrp47.c scan-tree-dump-times vrp1 "x[^ ]* [|] y" 1

		=== gcc Summary ===

# of expected passes		95384
# of unexpected failures	54
# of expected failures		268
# of unsupported tests		2714
/root/build/gcc/xgcc  version 9.0.0 20181019 (experimental) (GCC) 


Compiler version: 9.0.0 20181019 (experimental) (GCC) gcc 
Platform: moxie-unknown-elf
configure flags: --prefix=/opt/moxielogic --target=moxie-elf --enable-languages=c --disable-libquadmath --disable-libssp --with-newlib --with-headers=/opt/moxielogic/moxie-elf/include



More information about the Gcc-testresults mailing list