Results for 7.3.1 20181015 [gcc-7-branch revision 265163] (GCC) testsuite on x86_64-w64-mingw32

Rainer Emrich rainer@emrich-ebersheim.de
Thu Oct 18 09:31:00 GMT 2018


LAST_UPDATED: Mon Oct 15 13:18:58 UTC 2018 (revision 265163)

		=== acats tests ===
FAIL:	c23003b
FAIL:	c23003g
FAIL:	c23003i
FAIL:	c250002
FAIL:	c380004

		=== acats Summary ===
# of expected passes		2315
# of unexpected failures	5
Native configuration is x86_64-w64-mingw32

		=== g++ tests ===


Running target unix
FAIL: g++.dg/compat/eh/new1 cp_compat_x_tst.o-cp_compat_y_tst.o execute
FAIL: g++.dg/debug/dwarf2/lineno-simple1.C  -std=gnu++98  scan-assembler
_ZN1CC[12]Ev:[^\\\\t]*(\\\\t.(fnstart|frame|mask|file)[^\\\\t]*)*\\\\t[^:]+:4\\\\n
FAIL: g++.dg/debug/dwarf2/lineno-simple1.C  -std=gnu++98  scan-assembler
_ZN1C3fooEv:[^\\\\t]*(\\\\t.(fnstart|frame|mask|file)[^\\\\t]*)*\\\\t[^:]+:7\\\\n
FAIL: g++.dg/debug/dwarf2/lineno-simple1.C  -std=gnu++98  scan-assembler
main:[^\\\\t]*(\\\\t.(fnstart|frame|mask|file)[^\\\\t]*)*\\\\t[^:]+:13\\\\n
FAIL: g++.dg/debug/dwarf2/lineno-simple1.C  -std=gnu++11  scan-assembler
_ZN1CC[12]Ev:[^\\\\t]*(\\\\t.(fnstart|frame|mask|file)[^\\\\t]*)*\\\\t[^:]+:4\\\\n
FAIL: g++.dg/debug/dwarf2/lineno-simple1.C  -std=gnu++11  scan-assembler
_ZN1C3fooEv:[^\\\\t]*(\\\\t.(fnstart|frame|mask|file)[^\\\\t]*)*\\\\t[^:]+:7\\\\n
FAIL: g++.dg/debug/dwarf2/lineno-simple1.C  -std=gnu++11  scan-assembler
main:[^\\\\t]*(\\\\t.(fnstart|frame|mask|file)[^\\\\t]*)*\\\\t[^:]+:13\\\\n
FAIL: g++.dg/debug/dwarf2/lineno-simple1.C  -std=gnu++14  scan-assembler
_ZN1CC[12]Ev:[^\\\\t]*(\\\\t.(fnstart|frame|mask|file)[^\\\\t]*)*\\\\t[^:]+:4\\\\n
FAIL: g++.dg/debug/dwarf2/lineno-simple1.C  -std=gnu++14  scan-assembler
_ZN1C3fooEv:[^\\\\t]*(\\\\t.(fnstart|frame|mask|file)[^\\\\t]*)*\\\\t[^:]+:7\\\\n
FAIL: g++.dg/debug/dwarf2/lineno-simple1.C  -std=gnu++14  scan-assembler
main:[^\\\\t]*(\\\\t.(fnstart|frame|mask|file)[^\\\\t]*)*\\\\t[^:]+:13\\\\n
FAIL: g++.dg/debug/dwarf2/nested-4.C  -std=gnu++98  scan-assembler-times
debug_types 2
FAIL: g++.dg/debug/dwarf2/nested-4.C  -std=gnu++11  scan-assembler-times
debug_types 2
FAIL: g++.dg/debug/dwarf2/nested-4.C  -std=gnu++14  scan-assembler-times
debug_types 2
FAIL: g++.dg/debug/dwarf2/pr44641.C  -std=gnu++98  scan-assembler
_ZN12MisplacedDbgI4FullEC[12]Ev:[^\\\\t]*(\\\\t.(fnstart|frame|mask|file)[^\\\\t]*)*\\\\t[^:]+:22\\\\n
FAIL: g++.dg/debug/dwarf2/pr44641.C  -std=gnu++98  scan-assembler
_ZN12MisplacedDbgI4FullED0Ev:[^\\\\t]*(\\\\t.(fnstart|frame|mask|file)[^\\\\t]*)*\\\\t[^:]+:22\\\\n
FAIL: g++.dg/debug/dwarf2/pr44641.C  -std=gnu++98  scan-assembler
_ZN12MisplacedDbgIP3ArgEC[12]Ev:[^\\\\t]*(\\\\t.(fnstart|frame|mask|file)[^\\\\t]*)*\\\\t[^:]+:29\\\\n
FAIL: g++.dg/debug/dwarf2/pr44641.C  -std=gnu++98  scan-assembler
_ZN12MisplacedDbgIP3ArgED0Ev:[^\\\\t]*(\\\\t.(fnstart|frame|mask|file)[^\\\\t]*)*\\\\t[^:]+:29\\\\n
FAIL: g++.dg/debug/dwarf2/pr44641.C  -std=gnu++98  scan-assembler
_ZN12MisplacedDbgI3ArgEC[12]Ev:[^\\\\t]*(\\\\t.(fnstart|frame|mask|file)[^\\\\t]*)*\\\\t[^:]+:35\\\\n
FAIL: g++.dg/debug/dwarf2/pr44641.C  -std=gnu++98  scan-assembler
_ZN12MisplacedDbgI3ArgED0Ev:[^\\\\t]*(\\\\t.(fnstart|frame|mask|file)[^\\\\t]*)*\\\\t[^:]+:35\\\\n
FAIL: g++.dg/debug/dwarf2/pr44641.C  -std=gnu++11  scan-assembler
_ZN12MisplacedDbgI4FullEC[12]Ev:[^\\\\t]*(\\\\t.(fnstart|frame|mask|file)[^\\\\t]*)*\\\\t[^:]+:22\\\\n
FAIL: g++.dg/debug/dwarf2/pr44641.C  -std=gnu++11  scan-assembler
_ZN12MisplacedDbgI4FullED0Ev:[^\\\\t]*(\\\\t.(fnstart|frame|mask|file)[^\\\\t]*)*\\\\t[^:]+:22\\\\n
FAIL: g++.dg/debug/dwarf2/pr44641.C  -std=gnu++11  scan-assembler
_ZN12MisplacedDbgIP3ArgEC[12]Ev:[^\\\\t]*(\\\\t.(fnstart|frame|mask|file)[^\\\\t]*)*\\\\t[^:]+:29\\\\n
FAIL: g++.dg/debug/dwarf2/pr44641.C  -std=gnu++11  scan-assembler
_ZN12MisplacedDbgIP3ArgED0Ev:[^\\\\t]*(\\\\t.(fnstart|frame|mask|file)[^\\\\t]*)*\\\\t[^:]+:29\\\\n
FAIL: g++.dg/debug/dwarf2/pr44641.C  -std=gnu++11  scan-assembler
_ZN12MisplacedDbgI3ArgEC[12]Ev:[^\\\\t]*(\\\\t.(fnstart|frame|mask|file)[^\\\\t]*)*\\\\t[^:]+:35\\\\n
FAIL: g++.dg/debug/dwarf2/pr44641.C  -std=gnu++11  scan-assembler
_ZN12MisplacedDbgI3ArgED0Ev:[^\\\\t]*(\\\\t.(fnstart|frame|mask|file)[^\\\\t]*)*\\\\t[^:]+:35\\\\n
FAIL: g++.dg/debug/dwarf2/pr44641.C  -std=gnu++14  scan-assembler
_ZN12MisplacedDbgI4FullEC[12]Ev:[^\\\\t]*(\\\\t.(fnstart|frame|mask|file)[^\\\\t]*)*\\\\t[^:]+:22\\\\n
FAIL: g++.dg/debug/dwarf2/pr44641.C  -std=gnu++14  scan-assembler
_ZN12MisplacedDbgI4FullED0Ev:[^\\\\t]*(\\\\t.(fnstart|frame|mask|file)[^\\\\t]*)*\\\\t[^:]+:22\\\\n
FAIL: g++.dg/debug/dwarf2/pr44641.C  -std=gnu++14  scan-assembler
_ZN12MisplacedDbgIP3ArgEC[12]Ev:[^\\\\t]*(\\\\t.(fnstart|frame|mask|file)[^\\\\t]*)*\\\\t[^:]+:29\\\\n
FAIL: g++.dg/debug/dwarf2/pr44641.C  -std=gnu++14  scan-assembler
_ZN12MisplacedDbgIP3ArgED0Ev:[^\\\\t]*(\\\\t.(fnstart|frame|mask|file)[^\\\\t]*)*\\\\t[^:]+:29\\\\n
FAIL: g++.dg/debug/dwarf2/pr44641.C  -std=gnu++14  scan-assembler
_ZN12MisplacedDbgI3ArgEC[12]Ev:[^\\\\t]*(\\\\t.(fnstart|frame|mask|file)[^\\\\t]*)*\\\\t[^:]+:35\\\\n
FAIL: g++.dg/debug/dwarf2/pr44641.C  -std=gnu++14  scan-assembler
_ZN12MisplacedDbgI3ArgED0Ev:[^\\\\t]*(\\\\t.(fnstart|frame|mask|file)[^\\\\t]*)*\\\\t[^:]+:35\\\\n
FAIL: g++.dg/debug/dwarf2/pr46527.C  -std=gnu++98  scan-assembler
_ZN6StructIdE13defined_laterEv:[^\\\\t]*(\\\\t.(fnstart|frame|mask|file)[^\\\\t]*)*\\\\t[^:]+:12\\\\n
FAIL: g++.dg/debug/dwarf2/pr46527.C  -std=gnu++11  scan-assembler
_ZN6StructIdE13defined_laterEv:[^\\\\t]*(\\\\t.(fnstart|frame|mask|file)[^\\\\t]*)*\\\\t[^:]+:12\\\\n
FAIL: g++.dg/debug/dwarf2/pr46527.C  -std=gnu++14  scan-assembler
_ZN6StructIdE13defined_laterEv:[^\\\\t]*(\\\\t.(fnstart|frame|mask|file)[^\\\\t]*)*\\\\t[^:]+:12\\\\n
FAIL: g++.dg/abi/anon2.C  -std=c++11  scan-assembler
.weak(_definition)?[ \\t]_?_ZN2N11D1C3fn1ENS0_1BE
FAIL: g++.dg/abi/anon2.C  -std=c++11  scan-assembler
.weak(_definition)?[ \\t]_?_ZN2N11D1C3fn2ES1_
FAIL: g++.dg/abi/anon2.C  -std=c++11  scan-assembler
.weak(_definition)?[ \\t]_?_ZN2N31D1CIiE3fn1ENS0_1BE
FAIL: g++.dg/abi/anon2.C  -std=c++11  scan-assembler
.weak(_definition)?[ \\t]_?_ZN2N31D1CIiE3fn2ES2_
FAIL: g++.dg/abi/anon2.C  -std=c++14  scan-assembler
.weak(_definition)?[ \\t]_?_ZN2N11D1C3fn1ENS0_1BE
FAIL: g++.dg/abi/anon2.C  -std=c++14  scan-assembler
.weak(_definition)?[ \\t]_?_ZN2N11D1C3fn2ES1_
FAIL: g++.dg/abi/anon2.C  -std=c++14  scan-assembler
.weak(_definition)?[ \\t]_?_ZN2N31D1CIiE3fn1ENS0_1BE
FAIL: g++.dg/abi/anon2.C  -std=c++14  scan-assembler
.weak(_definition)?[ \\t]_?_ZN2N31D1CIiE3fn2ES2_
FAIL: g++.dg/abi/anon3.C  -std=c++98  scan-assembler
.weak(_definition)?[ \\t]_?_ZN4Heya4blahEv
FAIL: g++.dg/abi/anon3.C  -std=c++98  scan-assembler
.weak(_definition)?[ \\t]_?_ZTI4Heya
FAIL: g++.dg/abi/anon3.C  -std=c++98  scan-assembler
.weak(_definition)?[ \\t]_?_ZTV4Heya
FAIL: g++.dg/abi/anon3.C  -std=c++98  scan-assembler
.weak(_definition)?[ \\t]_?_ZN4Heya1A1fEv
FAIL: g++.dg/abi/anon3.C  -std=c++98  scan-assembler
.weak(_definition)?[ \\t]_?_ZTIN4Heya1AE
FAIL: g++.dg/abi/anon3.C  -std=c++98  scan-assembler
.weak(_definition)?[ \\t]_?_ZTVN4Heya1AE
FAIL: g++.dg/abi/anon3.C  -std=c++11  scan-assembler
.weak(_definition)?[ \\t]_?_ZN4Heya4blahEv
FAIL: g++.dg/abi/anon3.C  -std=c++11  scan-assembler
.weak(_definition)?[ \\t]_?_ZTI4Heya
FAIL: g++.dg/abi/anon3.C  -std=c++11  scan-assembler
.weak(_definition)?[ \\t]_?_ZTV4Heya
FAIL: g++.dg/abi/anon3.C  -std=c++11  scan-assembler
.weak(_definition)?[ \\t]_?_ZN4Heya1A1fEv
FAIL: g++.dg/abi/anon3.C  -std=c++11  scan-assembler
.weak(_definition)?[ \\t]_?_ZTIN4Heya1AE
FAIL: g++.dg/abi/anon3.C  -std=c++11  scan-assembler
.weak(_definition)?[ \\t]_?_ZTVN4Heya1AE
FAIL: g++.dg/abi/anon3.C  -std=c++14  scan-assembler
.weak(_definition)?[ \\t]_?_ZN4Heya4blahEv
FAIL: g++.dg/abi/anon3.C  -std=c++14  scan-assembler
.weak(_definition)?[ \\t]_?_ZTI4Heya
FAIL: g++.dg/abi/anon3.C  -std=c++14  scan-assembler
.weak(_definition)?[ \\t]_?_ZTV4Heya
FAIL: g++.dg/abi/anon3.C  -std=c++14  scan-assembler
.weak(_definition)?[ \\t]_?_ZN4Heya1A1fEv
FAIL: g++.dg/abi/anon3.C  -std=c++14  scan-assembler
.weak(_definition)?[ \\t]_?_ZTIN4Heya1AE
FAIL: g++.dg/abi/anon3.C  -std=c++14  scan-assembler
.weak(_definition)?[ \\t]_?_ZTVN4Heya1AE
FAIL: g++.dg/abi/rtti1.C  -std=c++98  scan-assembler-dem-not
\\\\ntypeinfo for A[: \\\\t\\\\n]
FAIL: g++.dg/abi/rtti1.C  -std=c++11  scan-assembler-dem-not
\\\\ntypeinfo for A[: \\\\t\\\\n]
FAIL: g++.dg/abi/rtti1.C  -std=c++14  scan-assembler-dem-not
\\\\ntypeinfo for A[: \\\\t\\\\n]
FAIL: g++.dg/abi/thunk5.C  -std=c++98  scan-assembler weak.*ZTv
FAIL: g++.dg/abi/thunk5.C  -std=c++11  scan-assembler weak.*ZTv
FAIL: g++.dg/abi/thunk5.C  -std=c++14  scan-assembler weak.*ZTv
FAIL: g++.dg/cpp0x/addressof2.C  -std=c++11  (test for errors, line 23)
FAIL: g++.dg/cpp0x/addressof2.C  -std=c++11 (test for excess errors)
FAIL: g++.dg/cpp0x/addressof2.C  -std=c++14  (test for errors, line 23)
FAIL: g++.dg/cpp0x/addressof2.C  -std=c++14 (test for excess errors)
FAIL: g++.dg/cpp0x/auto27.C  -std=c++98 no type (test for errors, line 3)
FAIL: g++.dg/cpp0x/constexpr-invisiref1.C  -std=c++11 (test for excess
errors)
FAIL: g++.dg/cpp0x/constexpr-invisiref1.C  -std=c++14 (test for excess
errors)
FAIL: g++.dg/cpp0x/decltype31.C  -std=c++11  (test for errors, line 11)
FAIL: g++.dg/cpp0x/decltype31.C  -std=c++14  (test for errors, line 11)
FAIL: g++.dg/cpp0x/decltype50.C  -std=c++11  (test for errors, line 7)
FAIL: g++.dg/cpp0x/decltype50.C  -std=c++11  (test for errors, line 9)
FAIL: g++.dg/cpp0x/decltype50.C  -std=c++11  (test for errors, line 12)
FAIL: g++.dg/cpp0x/decltype50.C  -std=c++11  (test for errors, line 16)
FAIL: g++.dg/cpp0x/decltype50.C  -std=c++11 (test for excess errors)
FAIL: g++.dg/cpp0x/decltype50.C  -std=c++14  (test for errors, line 7)
FAIL: g++.dg/cpp0x/decltype50.C  -std=c++14  (test for errors, line 9)
FAIL: g++.dg/cpp0x/decltype50.C  -std=c++14  (test for errors, line 12)
FAIL: g++.dg/cpp0x/decltype50.C  -std=c++14  (test for errors, line 16)
FAIL: g++.dg/cpp0x/decltype50.C  -std=c++14 (test for excess errors)
FAIL: g++.dg/cpp0x/lambda/lambda-58566.C  -std=c++11  (test for errors,
line 8)
FAIL: g++.dg/cpp0x/lambda/lambda-58566.C  -std=c++11 (test for excess
errors)
FAIL: g++.dg/cpp0x/lambda/lambda-58566.C  -std=c++14  (test for errors,
line 8)
FAIL: g++.dg/cpp0x/lambda/lambda-58566.C  -std=c++14 (test for excess
errors)
FAIL: g++.dg/cpp0x/lambda/lambda-eh2.C  -std=gnu++11 (test for excess
errors)
UNRESOLVED: g++.dg/cpp0x/lambda/lambda-eh2.C  -std=gnu++11 compilation
failed to produce executable
FAIL: g++.dg/cpp0x/lambda/lambda-eh2.C  -std=gnu++14 (test for excess
errors)
UNRESOLVED: g++.dg/cpp0x/lambda/lambda-eh2.C  -std=gnu++14 compilation
failed to produce executable
FAIL: g++.dg/cpp0x/lambda/lambda-ice15.C  -std=c++11  (test for errors,
line 8)
FAIL: g++.dg/cpp0x/lambda/lambda-ice15.C  -std=c++11 (test for excess
errors)
FAIL: g++.dg/cpp0x/lambda/lambda-ice15.C  -std=c++14  (test for errors,
line 8)
FAIL: g++.dg/cpp0x/lambda/lambda-ice15.C  -std=c++14 (test for excess
errors)
FAIL: g++.dg/cpp0x/pr66130.C  -std=c++11  (test for errors, line 11)
FAIL: g++.dg/cpp0x/pr66130.C  -std=c++14  (test for errors, line 11)
FAIL: g++.dg/cpp0x/static_assert9.C  -std=gnu++11  (test for errors, line 9)
FAIL: g++.dg/cpp0x/static_assert9.C  -std=gnu++14  (test for errors, line 9)
FAIL: g++.dg/cpp0x/stddef.C  -std=c++11 (test for excess errors)
FAIL: g++.dg/cpp0x/stddef.C  -std=c++14 (test for excess errors)
FAIL: g++.dg/diagnostic/bitfld2.C  -std=c++98 declaration (test for
errors, line 6)
FAIL: g++.dg/diagnostic/bitfld2.C  -std=c++11 declaration (test for
errors, line 6)
FAIL: g++.dg/diagnostic/bitfld2.C  -std=c++14 declaration (test for
errors, line 6)
FAIL: g++.dg/eh/delete1.C  -std=c++98 execution test
FAIL: g++.dg/eh/delete1.C  -std=c++11 execution test
FAIL: g++.dg/eh/delete1.C  -std=c++14 execution test
FAIL: g++.dg/eh/forced1.C  -std=c++98 execution test
FAIL: g++.dg/eh/forced1.C  -std=c++11 execution test
FAIL: g++.dg/eh/forced1.C  -std=c++14 execution test
FAIL: g++.dg/eh/new1.C  -std=c++14 execution test
FAIL: g++.dg/expr/bound-mem-fun.C  -std=c++98  (test for errors, line 16)
FAIL: g++.dg/expr/bound-mem-fun.C  -std=c++98 (test for excess errors)
FAIL: g++.dg/expr/bound-mem-fun.C  -std=c++11  (test for errors, line 16)
FAIL: g++.dg/expr/bound-mem-fun.C  -std=c++11 (test for excess errors)
FAIL: g++.dg/expr/bound-mem-fun.C  -std=c++14  (test for errors, line 16)
FAIL: g++.dg/expr/bound-mem-fun.C  -std=c++14 (test for excess errors)
FAIL: g++.dg/expr/pmf-1.C  -std=c++98  (test for warnings, line 10)
FAIL: g++.dg/expr/pmf-1.C  -std=c++98  (test for errors, line 16)
FAIL: g++.dg/expr/pmf-1.C  -std=c++98  (test for errors, line 17)
FAIL: g++.dg/expr/pmf-1.C  -std=c++11  (test for warnings, line 10)
FAIL: g++.dg/expr/pmf-1.C  -std=c++11  (test for errors, line 16)
FAIL: g++.dg/expr/pmf-1.C  -std=c++11  (test for errors, line 17)
FAIL: g++.dg/expr/pmf-1.C  -std=c++14  (test for warnings, line 10)
FAIL: g++.dg/expr/pmf-1.C  -std=c++14  (test for errors, line 16)
FAIL: g++.dg/expr/pmf-1.C  -std=c++14  (test for errors, line 17)
FAIL: g++.dg/expr/ptrmem5.C  -std=c++98 (internal compiler error)
FAIL: g++.dg/expr/ptrmem5.C  -std=c++98  (test for errors, line 7)
FAIL: g++.dg/expr/ptrmem5.C  -std=c++98 (test for excess errors)
FAIL: g++.dg/expr/ptrmem5.C  -std=c++11 (internal compiler error)
FAIL: g++.dg/expr/ptrmem5.C  -std=c++11  (test for errors, line 7)
FAIL: g++.dg/expr/ptrmem5.C  -std=c++11 (test for excess errors)
FAIL: g++.dg/expr/ptrmem5.C  -std=c++14 (internal compiler error)
FAIL: g++.dg/expr/ptrmem5.C  -std=c++14  (test for errors, line 7)
FAIL: g++.dg/expr/ptrmem5.C  -std=c++14 (test for excess errors)
FAIL: g++.dg/ext/dllexport1.C  -std=gnu++98  scan-assembler
-export:[\\\\\\\\"]*_ZN3Bar10inline_barEi
FAIL: g++.dg/ext/dllexport1.C  -std=gnu++11  scan-assembler
-export:[\\\\\\\\"]*_ZN3Bar10inline_barEi
FAIL: g++.dg/ext/dllexport1.C  -std=gnu++14  scan-assembler
-export:[\\\\\\\\"]*_ZN3Bar10inline_barEi
XPASS: g++.dg/ext/dllexport4.C  -std=gnu++98 (test for excess errors)
XPASS: g++.dg/ext/dllexport4.C  -std=gnu++11 (test for excess errors)
XPASS: g++.dg/ext/dllexport4.C  -std=gnu++14 (test for excess errors)
FAIL: g++.dg/ext/dllimport7.C  -std=c++98 (test for excess errors)
FAIL: g++.dg/ext/dllimport7.C  -std=c++11 (test for excess errors)
FAIL: g++.dg/ext/dllimport7.C  -std=c++14 (test for excess errors)
FAIL: g++.dg/ext/flexary9.C  -std=gnu++98 (test for excess errors)
FAIL: g++.dg/ext/selectany1.C  -std=c++98  scan-assembler
.section\\t.data\\\\\$foo[^\\n]*\\n\\t.linkonce discard
FAIL: g++.dg/ext/selectany1.C  -std=c++98  scan-assembler
.section\\t.data\\\\\$x[^\\n]*\\n\\t.linkonce discard
FAIL: g++.dg/ext/selectany1.C  -std=c++11  scan-assembler
.section\\t.data\\\\\$foo[^\\n]*\\n\\t.linkonce discard
FAIL: g++.dg/ext/selectany1.C  -std=c++11  scan-assembler
.section\\t.data\\\\\$x[^\\n]*\\n\\t.linkonce discard
FAIL: g++.dg/ext/selectany1.C  -std=c++14  scan-assembler
.section\\t.data\\\\\$foo[^\\n]*\\n\\t.linkonce discard
FAIL: g++.dg/ext/selectany1.C  -std=c++14  scan-assembler
.section\\t.data\\\\\$x[^\\n]*\\n\\t.linkonce discard
FAIL: g++.dg/ext/timevar1.C  -std=gnu++98 (test for excess errors)
FAIL: g++.dg/ext/timevar1.C  -std=gnu++11 (test for excess errors)
FAIL: g++.dg/ext/timevar1.C  -std=gnu++14 (test for excess errors)
FAIL: g++.dg/ext/timevar2.C  -std=gnu++98 (test for excess errors)
FAIL: g++.dg/ext/timevar2.C  -std=gnu++11 (test for excess errors)
FAIL: g++.dg/ext/timevar2.C  -std=gnu++14 (test for excess errors)
FAIL: g++.dg/ext/uow-3.C  -std=gnu++98  (test for errors, line 4)
FAIL: g++.dg/ext/uow-3.C  -std=gnu++98  (test for errors, line 6)
FAIL: g++.dg/ext/uow-3.C  -std=gnu++11  (test for errors, line 4)
FAIL: g++.dg/ext/uow-3.C  -std=gnu++11  (test for errors, line 6)
FAIL: g++.dg/ext/uow-3.C  -std=gnu++14  (test for errors, line 4)
FAIL: g++.dg/ext/uow-3.C  -std=gnu++14  (test for errors, line 6)
FAIL: g++.dg/ext/uow-4.C  -std=gnu++98  (test for errors, line 6)
FAIL: g++.dg/ext/uow-4.C  -std=gnu++98  (test for errors, line 8)
FAIL: g++.dg/ext/uow-4.C  -std=gnu++11  (test for errors, line 6)
FAIL: g++.dg/ext/uow-4.C  -std=gnu++11  (test for errors, line 8)
FAIL: g++.dg/ext/uow-4.C  -std=gnu++14  (test for errors, line 6)
FAIL: g++.dg/ext/uow-4.C  -std=gnu++14  (test for errors, line 8)
FAIL: g++.dg/init/cleanup3.C  -std=c++98  scan-assembler-not _tcf
FAIL: g++.dg/init/cleanup3.C  -std=c++11  scan-assembler-not _tcf
FAIL: g++.dg/init/cleanup3.C  -std=c++14  scan-assembler-not _tcf
FAIL: g++.dg/init/dso_handle2.C  -std=gnu++98  (test for errors, line 11)
FAIL: g++.dg/init/dso_handle2.C  -std=gnu++11  (test for errors, line 11)
FAIL: g++.dg/init/dso_handle2.C  -std=gnu++14  (test for errors, line 11)
FAIL: g++.dg/init/new40.C   execution test
FAIL: g++.dg/ipa/pr64146.C  -std=gnu++98  scan-ipa-dump icf "Equal
symbols: 1"
FAIL: g++.dg/ipa/pr64146.C  -std=gnu++11  scan-ipa-dump icf "Equal
symbols: 1"
FAIL: g++.dg/ipa/pr64146.C  -std=gnu++14  scan-ipa-dump icf "Equal
symbols: 1"
FAIL: g++.dg/ipa/pr67056.C   scan-ipa-dump cp "Speculative outer
type:struct CompositeClass"
FAIL: g++.dg/lookup/name-clash11.C  -std=gnu++98  (test for warnings,
line 16)
FAIL: g++.dg/lookup/name-clash11.C  -std=gnu++98  (test for warnings,
line 20)
FAIL: g++.dg/lookup/name-clash11.C  -std=gnu++98  (test for warnings,
line 28)
FAIL: g++.dg/lookup/name-clash11.C  -std=gnu++98  (test for warnings,
line 32)
FAIL: g++.dg/lookup/name-clash11.C  -std=gnu++98  (test for warnings,
line 43)
FAIL: g++.dg/lookup/name-clash11.C  -std=gnu++98  (test for warnings,
line 51)
FAIL: g++.dg/lookup/name-clash11.C  -std=gnu++98  (test for warnings,
line 61)
FAIL: g++.dg/lookup/name-clash11.C  -std=gnu++98  (test for warnings,
line 64)
FAIL: g++.dg/lookup/name-clash11.C  -std=gnu++98  (test for warnings,
line 74)
FAIL: g++.dg/lookup/name-clash11.C  -std=gnu++98  (test for warnings,
line 77)
FAIL: g++.dg/lookup/name-clash11.C  -std=gnu++11  (test for warnings,
line 16)
FAIL: g++.dg/lookup/name-clash11.C  -std=gnu++11  (test for warnings,
line 20)
FAIL: g++.dg/lookup/name-clash11.C  -std=gnu++11  (test for warnings,
line 28)
FAIL: g++.dg/lookup/name-clash11.C  -std=gnu++11  (test for warnings,
line 32)
FAIL: g++.dg/lookup/name-clash11.C  -std=gnu++11  (test for warnings,
line 43)
FAIL: g++.dg/lookup/name-clash11.C  -std=gnu++11  (test for warnings,
line 51)
FAIL: g++.dg/lookup/name-clash11.C  -std=gnu++11  (test for warnings,
line 61)
FAIL: g++.dg/lookup/name-clash11.C  -std=gnu++11  (test for warnings,
line 64)
FAIL: g++.dg/lookup/name-clash11.C  -std=gnu++11  (test for warnings,
line 74)
FAIL: g++.dg/lookup/name-clash11.C  -std=gnu++11  (test for warnings,
line 77)
FAIL: g++.dg/lookup/name-clash11.C  -std=gnu++14  (test for warnings,
line 16)
FAIL: g++.dg/lookup/name-clash11.C  -std=gnu++14  (test for warnings,
line 20)
FAIL: g++.dg/lookup/name-clash11.C  -std=gnu++14  (test for warnings,
line 28)
FAIL: g++.dg/lookup/name-clash11.C  -std=gnu++14  (test for warnings,
line 32)
FAIL: g++.dg/lookup/name-clash11.C  -std=gnu++14  (test for warnings,
line 43)
FAIL: g++.dg/lookup/name-clash11.C  -std=gnu++14  (test for warnings,
line 51)
FAIL: g++.dg/lookup/name-clash11.C  -std=gnu++14  (test for warnings,
line 61)
FAIL: g++.dg/lookup/name-clash11.C  -std=gnu++14  (test for warnings,
line 64)
FAIL: g++.dg/lookup/name-clash11.C  -std=gnu++14  (test for warnings,
line 74)
FAIL: g++.dg/lookup/name-clash11.C  -std=gnu++14  (test for warnings,
line 77)
FAIL: g++.dg/lookup/name-clash7.C  -std=c++98  (test for errors, line 3)
FAIL: g++.dg/lookup/name-clash7.C  -std=c++98  (test for errors, line 10)
FAIL: g++.dg/lookup/name-clash7.C  -std=c++11  (test for errors, line 3)
FAIL: g++.dg/lookup/name-clash7.C  -std=c++11  (test for errors, line 10)
FAIL: g++.dg/lookup/name-clash7.C  -std=c++14  (test for errors, line 3)
FAIL: g++.dg/lookup/name-clash7.C  -std=c++14  (test for errors, line 10)
FAIL: g++.dg/lookup/redecl1.C  -std=c++98  (test for errors, line 3)
FAIL: g++.dg/lookup/redecl1.C  -std=c++98  (test for errors, line 5)
FAIL: g++.dg/lookup/redecl1.C  -std=c++11  (test for errors, line 3)
FAIL: g++.dg/lookup/redecl1.C  -std=c++11  (test for errors, line 5)
FAIL: g++.dg/lookup/redecl1.C  -std=c++14  (test for errors, line 3)
FAIL: g++.dg/lookup/redecl1.C  -std=c++14  (test for errors, line 5)
FAIL: g++.dg/opt/pr55717.C  -std=gnu++98 (test for excess errors)
FAIL: g++.dg/opt/pr55717.C  -std=gnu++11 (test for excess errors)
FAIL: g++.dg/opt/pr55717.C  -std=gnu++14 (test for excess errors)
FAIL: g++.dg/opt/pr71529.C  -std=gnu++98 (internal compiler error)
FAIL: g++.dg/opt/pr71529.C  -std=gnu++98 (test for excess errors)
FAIL: g++.dg/opt/pr71529.C  -std=gnu++11 (internal compiler error)
FAIL: g++.dg/opt/pr71529.C  -std=gnu++11 (test for excess errors)
FAIL: g++.dg/opt/pr71529.C  -std=gnu++14 (internal compiler error)
FAIL: g++.dg/opt/pr71529.C  -std=gnu++14 (test for excess errors)
FAIL: g++.dg/other/anon5.C  -std=gnu++98 (test for excess errors)
FAIL: g++.dg/other/anon5.C  -std=gnu++11 (test for excess errors)
FAIL: g++.dg/other/anon5.C  -std=gnu++14 (test for excess errors)
FAIL: g++.dg/other/error34.C  -std=gnu++98 decl (test for errors, line 5)
FAIL: g++.dg/other/error34.C  -std=gnu++11 decl (test for errors, line 5)
FAIL: g++.dg/other/error34.C  -std=gnu++14 decl (test for errors, line 5)
FAIL: g++.dg/other/i386-9.C  -std=gnu++98 (test for excess errors)
UNRESOLVED: g++.dg/other/i386-9.C  -std=gnu++98 compilation failed to
produce executable
FAIL: g++.dg/other/i386-9.C  -std=gnu++11 (test for excess errors)
UNRESOLVED: g++.dg/other/i386-9.C  -std=gnu++11 compilation failed to
produce executable
FAIL: g++.dg/other/i386-9.C  -std=gnu++14 (test for excess errors)
UNRESOLVED: g++.dg/other/i386-9.C  -std=gnu++14 compilation failed to
produce executable
FAIL: g++.dg/other/pr66130.C  -std=c++98  (test for warnings, line 5)
FAIL: g++.dg/other/pr66130.C  -std=c++98  (test for errors, line 9)
FAIL: g++.dg/other/pr66130.C  -std=c++98 (test for excess errors)
FAIL: g++.dg/other/pr66130.C  -std=c++11  (test for warnings, line 5)
FAIL: g++.dg/other/pr66130.C  -std=c++11  (test for errors, line 9)
FAIL: g++.dg/other/pr66130.C  -std=c++11 (test for excess errors)
FAIL: g++.dg/other/pr66130.C  -std=c++14  (test for warnings, line 5)
FAIL: g++.dg/other/pr66130.C  -std=c++14  (test for errors, line 9)
FAIL: g++.dg/other/pr66130.C  -std=c++14 (test for excess errors)
FAIL: g++.dg/other/ptrmem8.C  -std=c++98 (internal compiler error)
FAIL: g++.dg/other/ptrmem8.C  -std=c++98  (test for errors, line 9)
FAIL: g++.dg/other/ptrmem8.C  -std=c++98  (test for errors, line 15)
FAIL: g++.dg/other/ptrmem8.C  -std=c++98 (test for excess errors)
FAIL: g++.dg/other/ptrmem8.C  -std=c++11 (internal compiler error)
FAIL: g++.dg/other/ptrmem8.C  -std=c++11  (test for errors, line 9)
FAIL: g++.dg/other/ptrmem8.C  -std=c++11  (test for errors, line 15)
FAIL: g++.dg/other/ptrmem8.C  -std=c++11 (test for excess errors)
FAIL: g++.dg/other/ptrmem8.C  -std=c++14 (internal compiler error)
FAIL: g++.dg/other/ptrmem8.C  -std=c++14  (test for errors, line 9)
FAIL: g++.dg/other/ptrmem8.C  -std=c++14  (test for errors, line 15)
FAIL: g++.dg/other/ptrmem8.C  -std=c++14 (test for excess errors)
FAIL: g++.dg/other/vararg-4.C  -std=c++98 (test for excess errors)
FAIL: g++.dg/other/vararg-4.C  -std=c++11 (test for excess errors)
FAIL: g++.dg/other/vararg-4.C  -std=c++14 (test for excess errors)
FAIL: g++.dg/parse/dot1.C  -std=c++98  (test for errors, line 4)
FAIL: g++.dg/parse/dot1.C  -std=c++98 (test for excess errors)
FAIL: g++.dg/parse/dot1.C  -std=c++11  (test for errors, line 4)
FAIL: g++.dg/parse/dot1.C  -std=c++11 (test for excess errors)
FAIL: g++.dg/parse/dot1.C  -std=c++14  (test for errors, line 4)
FAIL: g++.dg/parse/dot1.C  -std=c++14 (test for excess errors)
FAIL: g++.dg/parse/error43.C  -std=gnu++98 (test for excess errors)
FAIL: g++.dg/parse/error43.C  -std=gnu++11 (test for excess errors)
FAIL: g++.dg/parse/error43.C  -std=gnu++14 (test for excess errors)
FAIL: g++.dg/parse/error45.C  -std=c++98  (test for errors, line 8)
FAIL: g++.dg/parse/error45.C  -std=c++98 (test for excess errors)
FAIL: g++.dg/parse/error45.C  -std=c++11  (test for errors, line 8)
FAIL: g++.dg/parse/error45.C  -std=c++11 (test for excess errors)
FAIL: g++.dg/parse/error45.C  -std=c++14  (test for errors, line 8)
FAIL: g++.dg/parse/error45.C  -std=c++14 (test for excess errors)
FAIL: g++.dg/parse/ptrmem7.C  -std=gnu++98  (test for warnings, line 9)
FAIL: g++.dg/parse/ptrmem7.C  -std=gnu++11  (test for warnings, line 9)
FAIL: g++.dg/parse/ptrmem7.C  -std=gnu++14  (test for warnings, line 9)
FAIL: g++.dg/pr49718.C  -std=gnu++98  scan-assembler-times
__cyg_profile_func_enter 1
FAIL: g++.dg/pr49718.C  -std=gnu++11  scan-assembler-times
__cyg_profile_func_enter 1
FAIL: g++.dg/pr49718.C  -std=gnu++14  scan-assembler-times
__cyg_profile_func_enter 1
FAIL: g++.dg/pr71624.C  -std=gnu++98 (internal compiler error)
FAIL: g++.dg/pr71624.C  -std=gnu++98 (test for excess errors)
FAIL: g++.dg/pr71624.C  -std=gnu++11 (internal compiler error)
FAIL: g++.dg/pr71624.C  -std=gnu++11 (test for excess errors)
FAIL: g++.dg/pr71624.C  -std=gnu++14 (internal compiler error)
FAIL: g++.dg/pr71624.C  -std=gnu++14 (test for excess errors)
FAIL: g++.dg/pr71633.C  -std=gnu++98 (internal compiler error)
FAIL: g++.dg/pr71633.C  -std=gnu++98 (test for excess errors)
FAIL: g++.dg/pr71633.C  -std=gnu++11 (internal compiler error)
FAIL: g++.dg/pr71633.C  -std=gnu++11 (test for excess errors)
FAIL: g++.dg/pr71633.C  -std=gnu++14 (internal compiler error)
FAIL: g++.dg/pr71633.C  -std=gnu++14 (test for excess errors)
FAIL: g++.dg/pr71694.C  -std=gnu++98  scan-assembler-not movl
FAIL: g++.dg/pr71694.C  -std=gnu++11  scan-assembler-not movl
FAIL: g++.dg/pr71694.C  -std=gnu++14  scan-assembler-not movl
FAIL: g++.dg/pr79095-2.C  -std=gnu++98  (test for warnings, line )
FAIL: g++.dg/pr79095-2.C  -std=gnu++11  (test for warnings, line )
FAIL: g++.dg/pr79095-2.C  -std=gnu++14  (test for warnings, line )
FAIL: g++.dg/rtti/typeid8.C  -std=c++98  (test for errors, line 25)
FAIL: g++.dg/rtti/typeid8.C  -std=c++11  (test for errors, line 25)
FAIL: g++.dg/rtti/typeid8.C  -std=c++14  (test for errors, line 25)
FAIL: g++.dg/spellcheck-c++-11-keyword.C    (test for bogus messages,
line 14)
FAIL: g++.dg/spellcheck-c++-11-keyword.C    (test for errors, line 14)
FAIL: g++.dg/stackprotectexplicit2.C  -std=gnu++98  scan-assembler-times
stack_chk_fail 2
FAIL: g++.dg/stackprotectexplicit2.C  -std=gnu++11  scan-assembler-times
stack_chk_fail 2
FAIL: g++.dg/stackprotectexplicit2.C  -std=gnu++14  scan-assembler-times
stack_chk_fail 2
FAIL: g++.dg/template/crash37.C  -std=c++98  (test for errors, line 23)
FAIL: g++.dg/template/crash37.C  -std=c++11  (test for errors, line 23)
FAIL: g++.dg/template/crash37.C  -std=c++14  (test for errors, line 23)
FAIL: g++.dg/template/crash51.C  -std=c++98  (test for errors, line 10)
FAIL: g++.dg/template/crash51.C  -std=c++98 (test for excess errors)
FAIL: g++.dg/template/crash51.C  -std=c++11  (test for errors, line 10)
FAIL: g++.dg/template/crash51.C  -std=c++11 (test for excess errors)
FAIL: g++.dg/template/crash51.C  -std=c++14  (test for errors, line 10)
FAIL: g++.dg/template/crash51.C  -std=c++14 (test for excess errors)
FAIL: g++.dg/template/crash72.C  -std=c++98  (test for errors, line 16)
FAIL: g++.dg/template/crash72.C  -std=c++98 (test for excess errors)
FAIL: g++.dg/template/crash72.C  -std=c++11  (test for errors, line 16)
FAIL: g++.dg/template/crash72.C  -std=c++11 (test for excess errors)
FAIL: g++.dg/template/crash72.C  -std=c++14  (test for errors, line 16)
FAIL: g++.dg/template/crash72.C  -std=c++14 (test for excess errors)
FAIL: g++.dg/template/dependent-expr5.C  -std=c++98  (test for warnings,
line 9)
FAIL: g++.dg/template/dependent-expr5.C  -std=c++98  (test for warnings,
line 10)
FAIL: g++.dg/template/dependent-expr5.C  -std=c++98  (test for errors,
line 47)
FAIL: g++.dg/template/dependent-expr5.C  -std=c++98 candidate note (test
for warnings, line 47)
FAIL: g++.dg/template/dependent-expr5.C  -std=c++98  (test for errors,
line 63)
FAIL: g++.dg/template/dependent-expr5.C  -std=c++98 candidate note (test
for warnings, line 63)
FAIL: g++.dg/template/dependent-expr5.C  -std=c++98  (test for errors,
line 99)
FAIL: g++.dg/template/dependent-expr5.C  -std=c++98 candidate note (test
for warnings, line 99)
FAIL: g++.dg/template/dependent-expr5.C  -std=c++98  (test for errors,
line 115)
FAIL: g++.dg/template/dependent-expr5.C  -std=c++98 candidate note (test
for warnings, line 115)
FAIL: g++.dg/template/dependent-expr5.C  -std=c++98 (test for excess errors)
FAIL: g++.dg/template/dependent-expr5.C  -std=c++11  (test for warnings,
line 9)
FAIL: g++.dg/template/dependent-expr5.C  -std=c++11  (test for warnings,
line 10)
FAIL: g++.dg/template/dependent-expr5.C  -std=c++11  (test for errors,
line 47)
FAIL: g++.dg/template/dependent-expr5.C  -std=c++11 candidate note (test
for warnings, line 47)
FAIL: g++.dg/template/dependent-expr5.C  -std=c++11  (test for errors,
line 63)
FAIL: g++.dg/template/dependent-expr5.C  -std=c++11 candidate note (test
for warnings, line 63)
FAIL: g++.dg/template/dependent-expr5.C  -std=c++11  (test for errors,
line 99)
FAIL: g++.dg/template/dependent-expr5.C  -std=c++11 candidate note (test
for warnings, line 99)
FAIL: g++.dg/template/dependent-expr5.C  -std=c++11  (test for errors,
line 115)
FAIL: g++.dg/template/dependent-expr5.C  -std=c++11 candidate note (test
for warnings, line 115)
FAIL: g++.dg/template/dependent-expr5.C  -std=c++11 (test for excess errors)
FAIL: g++.dg/template/dependent-expr5.C  -std=c++14  (test for warnings,
line 9)
FAIL: g++.dg/template/dependent-expr5.C  -std=c++14  (test for warnings,
line 10)
FAIL: g++.dg/template/dependent-expr5.C  -std=c++14  (test for errors,
line 47)
FAIL: g++.dg/template/dependent-expr5.C  -std=c++14 candidate note (test
for warnings, line 47)
FAIL: g++.dg/template/dependent-expr5.C  -std=c++14  (test for errors,
line 63)
FAIL: g++.dg/template/dependent-expr5.C  -std=c++14 candidate note (test
for warnings, line 63)
FAIL: g++.dg/template/dependent-expr5.C  -std=c++14  (test for errors,
line 99)
FAIL: g++.dg/template/dependent-expr5.C  -std=c++14 candidate note (test
for warnings, line 99)
FAIL: g++.dg/template/dependent-expr5.C  -std=c++14  (test for errors,
line 115)
FAIL: g++.dg/template/dependent-expr5.C  -std=c++14 candidate note (test
for warnings, line 115)
FAIL: g++.dg/template/dependent-expr5.C  -std=c++14 (test for excess errors)
FAIL: g++.dg/template/dtor6.C  -std=c++98  (test for errors, line 8)
FAIL: g++.dg/template/dtor6.C  -std=c++98  (test for errors, line 14)
FAIL: g++.dg/template/dtor6.C  -std=c++98 (test for excess errors)
FAIL: g++.dg/template/dtor6.C  -std=c++11  (test for errors, line 8)
FAIL: g++.dg/template/dtor6.C  -std=c++11  (test for errors, line 14)
FAIL: g++.dg/template/dtor6.C  -std=c++11 (test for excess errors)
FAIL: g++.dg/template/dtor6.C  -std=c++14  (test for errors, line 8)
FAIL: g++.dg/template/dtor6.C  -std=c++14  (test for errors, line 14)
FAIL: g++.dg/template/dtor6.C  -std=c++14 (test for excess errors)
FAIL: g++.dg/template/overload6.C  -std=c++98  (test for errors, line 16)
FAIL: g++.dg/template/overload6.C  -std=c++98 (test for excess errors)
FAIL: g++.dg/template/overload6.C  -std=c++11  (test for errors, line 16)
FAIL: g++.dg/template/overload6.C  -std=c++11 (test for excess errors)
FAIL: g++.dg/template/overload6.C  -std=c++14  (test for errors, line 16)
FAIL: g++.dg/template/overload6.C  -std=c++14 (test for excess errors)
FAIL: g++.dg/template/pseudodtor3.C  -std=c++98  (test for errors, line 8)
FAIL: g++.dg/template/pseudodtor3.C  -std=c++98 (test for excess errors)
FAIL: g++.dg/template/pseudodtor3.C  -std=c++11  (test for errors, line 8)
FAIL: g++.dg/template/pseudodtor3.C  -std=c++11 (test for excess errors)
FAIL: g++.dg/template/pseudodtor3.C  -std=c++14  (test for errors, line 8)
FAIL: g++.dg/template/pseudodtor3.C  -std=c++14 (test for excess errors)
FAIL: g++.dg/template/ptrmem4.C  -std=c++98  (test for errors, line 19)
FAIL: g++.dg/template/ptrmem4.C  -std=c++98 (test for excess errors)
FAIL: g++.dg/template/ptrmem4.C  -std=c++11  (test for errors, line 19)
FAIL: g++.dg/template/ptrmem4.C  -std=c++11 (test for excess errors)
FAIL: g++.dg/template/ptrmem4.C  -std=c++14  (test for errors, line 19)
FAIL: g++.dg/template/ptrmem4.C  -std=c++14 (test for excess errors)
FAIL: g++.dg/template/spec39.C  -std=c++14  (test for warnings, line 1)
FAIL: g++.dg/template/spec39.C  -std=c++14  (test for errors, line 2)
FAIL: g++.dg/template/spec39.C  -std=c++14 (test for excess errors)
FAIL: g++.dg/warn/Wunused-parm-3.C  -std=gnu++98 (test for excess errors)
FAIL: g++.dg/warn/Wunused-parm-3.C  -std=gnu++11 (test for excess errors)
FAIL: g++.dg/warn/Wunused-parm-3.C  -std=gnu++14 (test for excess errors)
FAIL: g++.dg/warn/changes-meaning.C  -std=gnu++98  (test for warnings,
line 4)
FAIL: g++.dg/warn/changes-meaning.C  -std=gnu++98  (test for warnings,
line 9)
FAIL: g++.dg/warn/changes-meaning.C  -std=gnu++11  (test for warnings,
line 4)
FAIL: g++.dg/warn/changes-meaning.C  -std=gnu++11  (test for warnings,
line 9)
FAIL: g++.dg/warn/changes-meaning.C  -std=gnu++14  (test for warnings,
line 4)
FAIL: g++.dg/warn/changes-meaning.C  -std=gnu++14  (test for warnings,
line 9)
FAIL: g++.dg/warn/pmf1.C  -std=c++98  (test for errors, line 17)
FAIL: g++.dg/warn/pmf1.C  -std=c++11  (test for errors, line 17)
FAIL: g++.dg/warn/pmf1.C  -std=c++14  (test for errors, line 17)
FAIL: g++.dg/gcov/pr16855-priority.C  -std=gnu++98  line 22: is
#####:should be 1
FAIL: g++.dg/gcov/pr16855-priority.C  -std=gnu++98  gcov: 1 failures in
line counts, 0 in branch percentages, 0 in return percentages, 0 in
intermediate format
FAIL: g++.dg/gcov/pr16855-priority.C  -std=gnu++11  line 22: is
#####:should be 1
FAIL: g++.dg/gcov/pr16855-priority.C  -std=gnu++11  gcov: 1 failures in
line counts, 0 in branch percentages, 0 in return percentages, 0 in
intermediate format
FAIL: g++.dg/gcov/pr16855-priority.C  -std=gnu++14  line 22: is
#####:should be 1
FAIL: g++.dg/gcov/pr16855-priority.C  -std=gnu++14  gcov: 1 failures in
line counts, 0 in branch percentages, 0 in return percentages, 0 in
intermediate format
FAIL: g++.dg/gcov/pr16855.C  -std=gnu++98  line 21: is #####:should be 1
FAIL: g++.dg/gcov/pr16855.C  -std=gnu++98  gcov: 1 failures in line
counts, 0 in branch percentages, 0 in return percentages, 0 in
intermediate format
FAIL: g++.dg/gcov/pr16855.C  -std=gnu++11  line 21: is #####:should be 1
FAIL: g++.dg/gcov/pr16855.C  -std=gnu++11  gcov: 1 failures in line
counts, 0 in branch percentages, 0 in return percentages, 0 in
intermediate format
FAIL: g++.dg/gcov/pr16855.C  -std=gnu++14  line 21: is #####:should be 1
FAIL: g++.dg/gcov/pr16855.C  -std=gnu++14  gcov: 1 failures in line
counts, 0 in branch percentages, 0 in return percentages, 0 in
intermediate format
FAIL: g++.dg/guality/pr55665.C   -O2  line 23 p == 40
FAIL: g++.dg/guality/pr55665.C   -O3 -g  line 23 p == 40
FAIL: g++.dg/lto/pr64076 cp_lto_pr64076_0.o-cp_lto_pr64076_1.o link, -O0
-flto -flto-partition=1to1 -fno-use-linker-plugin
UNRESOLVED: g++.dg/lto/pr64076 cp_lto_pr64076_0.o-cp_lto_pr64076_1.o
execute -O0 -flto -flto-partition=1to1 -fno-use-linker-plugin
FAIL: g++.dg/lto/pr65475c cp_lto_pr65475c_0.o-cp_lto_pr65475c_1.o link, -O2
UNRESOLVED: g++.dg/lto/pr65475c cp_lto_pr65475c_0.o-cp_lto_pr65475c_1.o
execute -O2
FAIL: g++.dg/lto/pr65475c cp_lto_pr65475c_0.o-cp_lto_pr65475c_1.o link, -w
UNRESOLVED: g++.dg/lto/pr65475c cp_lto_pr65475c_0.o-cp_lto_pr65475c_1.o
execute -w
FAIL: g++.dg/tls/thread_local-order1.C  -std=c++11 execution test
FAIL: g++.dg/tls/thread_local-order1.C  -std=c++14 execution test
FAIL: g++.dg/tls/thread_local-order2.C  -std=c++11 execution test
FAIL: g++.dg/tls/thread_local-order2.C  -std=c++14 execution test
FAIL: g++.dg/tls/thread_local5.C  -std=gnu++11 execution test
FAIL: g++.dg/tls/thread_local5.C  -std=gnu++14 execution test
FAIL: g++.dg/tls/thread_local5g.C  -std=gnu++11 execution test
FAIL: g++.dg/tls/thread_local5g.C  -std=gnu++14 execution test
FAIL: g++.dg/tls/thread_local6.C  -std=c++11 execution test
FAIL: g++.dg/tls/thread_local6.C  -std=c++14 execution test
FAIL: g++.dg/tls/thread_local6g.C  -std=c++11 execution test
FAIL: g++.dg/tls/thread_local6g.C  -std=c++14 execution test
FAIL: g++.dg/tm/pr46941.C  -std=gnu++98  scan-assembler _ZGTtnw[mj]
FAIL: g++.dg/tm/pr46941.C  -std=gnu++98  scan-assembler _ZGTtna[mj]
FAIL: g++.dg/tm/pr46941.C  -std=gnu++11  scan-assembler _ZGTtnw[mj]
FAIL: g++.dg/tm/pr46941.C  -std=gnu++11  scan-assembler _ZGTtna[mj]
FAIL: g++.dg/tm/pr46941.C  -std=gnu++14  scan-assembler _ZGTtnw[mj]
FAIL: g++.dg/tm/pr46941.C  -std=gnu++14  scan-assembler _ZGTtna[mj]
FAIL: g++.dg/torture/pr58252.C   -O0   (test for warnings, line 17)
FAIL: g++.dg/torture/pr58252.C   -O1   (test for warnings, line 17)
FAIL: g++.dg/torture/pr58252.C   -O2   (test for warnings, line 17)
FAIL: g++.dg/torture/pr58252.C   -O3 -fomit-frame-pointer -funroll-loops
-fpeel-loops -ftracer -finline-functions   (test for warnings, line 17)
FAIL: g++.dg/torture/pr58252.C   -O3 -g   (test for warnings, line 17)
FAIL: g++.dg/torture/pr58252.C   -Os   (test for warnings, line 17)
FAIL: g++.dg/torture/pr58252.C   -O2 -flto -fno-use-linker-plugin
-flto-partition=none   (test for warnings, line 17)
FAIL: g++.dg/torture/pr58252.C   -O2 -flto -fuse-linker-plugin
-fno-fat-lto-objects   (test for warnings, line 17)
FAIL: g++.dg/vect/pr68762-1.cc  -std=c++98 execution test
FAIL: g++.dg/vect/pr68762-1.cc  -std=c++11 execution test
FAIL: g++.dg/vect/pr68762-1.cc  -std=c++14 execution test
FAIL: g++.old-deja/g++.benjamin/13908.C  -std=c++98 (internal compiler
error)
FAIL: g++.old-deja/g++.benjamin/13908.C  -std=c++98  (test for errors,
line 20)
FAIL: g++.old-deja/g++.benjamin/13908.C  -std=c++98 (test for excess errors)
FAIL: g++.old-deja/g++.benjamin/13908.C  -std=c++11 (internal compiler
error)
FAIL: g++.old-deja/g++.benjamin/13908.C  -std=c++11  (test for errors,
line 20)
FAIL: g++.old-deja/g++.benjamin/13908.C  -std=c++11 (test for excess errors)
FAIL: g++.old-deja/g++.benjamin/13908.C  -std=c++14 (internal compiler
error)
FAIL: g++.old-deja/g++.benjamin/13908.C  -std=c++14  (test for errors,
line 20)
FAIL: g++.old-deja/g++.benjamin/13908.C  -std=c++14 (test for excess errors)
FAIL: g++.old-deja/g++.brendan/arm3.C  -std=c++98  (test for errors, line 7)
FAIL: g++.old-deja/g++.brendan/arm3.C  -std=c++11  (test for errors, line 7)
FAIL: g++.old-deja/g++.brendan/arm3.C  -std=c++14  (test for errors, line 7)
FAIL: g++.old-deja/g++.brendan/prepost1.C  -std=c++98  (test for errors,
line 5)
FAIL: g++.old-deja/g++.brendan/prepost1.C  -std=c++11  (test for errors,
line 5)
FAIL: g++.old-deja/g++.brendan/prepost1.C  -std=c++14  (test for errors,
line 5)
FAIL: g++.old-deja/g++.brendan/prepost2.C  -std=c++98  (test for errors,
line 5)
FAIL: g++.old-deja/g++.brendan/prepost2.C  -std=c++98  (test for errors,
line 6)
FAIL: g++.old-deja/g++.brendan/prepost2.C  -std=c++11  (test for errors,
line 5)
FAIL: g++.old-deja/g++.brendan/prepost2.C  -std=c++11  (test for errors,
line 6)
FAIL: g++.old-deja/g++.brendan/prepost2.C  -std=c++14  (test for errors,
line 5)
FAIL: g++.old-deja/g++.brendan/prepost2.C  -std=c++14  (test for errors,
line 6)
FAIL: g++.old-deja/g++.bugs/900210_02.C  -std=gnu++11  (test for errors,
line 40)
FAIL: g++.old-deja/g++.bugs/900210_02.C  -std=gnu++11  (test for errors,
line 41)
FAIL: g++.old-deja/g++.bugs/900210_02.C  -std=gnu++11  (test for errors,
line 42)
FAIL: g++.old-deja/g++.bugs/900210_02.C  -std=gnu++11  (test for errors,
line 43)
FAIL: g++.old-deja/g++.bugs/900210_02.C  -std=gnu++11  (test for errors,
line 44)
FAIL: g++.old-deja/g++.bugs/900210_02.C  -std=gnu++11  (test for errors,
line 45)
FAIL: g++.old-deja/g++.bugs/900210_02.C  -std=gnu++11  (test for errors,
line 46)
FAIL: g++.old-deja/g++.bugs/900210_02.C  -std=gnu++11  (test for errors,
line 47)
FAIL: g++.old-deja/g++.bugs/900210_02.C  -std=gnu++11  (test for errors,
line 48)
FAIL: g++.old-deja/g++.bugs/900210_02.C  -std=gnu++11  (test for errors,
line 49)
FAIL: g++.old-deja/g++.bugs/900210_02.C  -std=gnu++11  (test for errors,
line 50)
FAIL: g++.old-deja/g++.bugs/900210_02.C  -std=gnu++11  (test for errors,
line 51)
FAIL: g++.old-deja/g++.bugs/900210_02.C  -std=gnu++11  (test for errors,
line 52)
FAIL: g++.old-deja/g++.bugs/900210_02.C  -std=gnu++11  (test for errors,
line 53)
FAIL: g++.old-deja/g++.bugs/900210_02.C  -std=gnu++11  (test for errors,
line 54)
FAIL: g++.old-deja/g++.bugs/900210_02.C  -std=gnu++11  (test for errors,
line 55)
FAIL: g++.old-deja/g++.bugs/900210_02.C  -std=gnu++11  (test for errors,
line 56)
FAIL: g++.old-deja/g++.bugs/900210_02.C  -std=gnu++11  (test for errors,
line 57)
FAIL: g++.old-deja/g++.bugs/900210_02.C  -std=gnu++11  (test for errors,
line 58)
FAIL: g++.old-deja/g++.bugs/900210_02.C  -std=gnu++11  (test for errors,
line 59)
FAIL: g++.old-deja/g++.bugs/900210_02.C  -std=gnu++11  (test for errors,
line 60)
FAIL: g++.old-deja/g++.bugs/900210_02.C  -std=gnu++11  (test for errors,
line 61)
FAIL: g++.old-deja/g++.bugs/900210_02.C  -std=gnu++11  (test for errors,
line 62)
FAIL: g++.old-deja/g++.bugs/900210_02.C  -std=gnu++11  (test for errors,
line 63)
FAIL: g++.old-deja/g++.bugs/900210_02.C  -std=gnu++11  (test for errors,
line 64)
FAIL: g++.old-deja/g++.bugs/900210_02.C  -std=gnu++11  (test for errors,
line 65)
FAIL: g++.old-deja/g++.bugs/900210_02.C  -std=gnu++11  (test for errors,
line 66)
FAIL: g++.old-deja/g++.bugs/900210_02.C  -std=gnu++11  (test for errors,
line 67)
FAIL: g++.old-deja/g++.bugs/900210_02.C  -std=gnu++11  (test for errors,
line 68)
FAIL: g++.old-deja/g++.bugs/900210_02.C  -std=gnu++11  (test for errors,
line 69)
FAIL: g++.old-deja/g++.bugs/900210_02.C  -std=gnu++11  (test for errors,
line 70)
FAIL: g++.old-deja/g++.bugs/900210_02.C  -std=gnu++11  (test for errors,
line 71)
FAIL: g++.old-deja/g++.bugs/900210_02.C  -std=gnu++11  (test for errors,
line 72)
FAIL: g++.old-deja/g++.bugs/900210_02.C  -std=gnu++11  (test for errors,
line 73)
FAIL: g++.old-deja/g++.bugs/900210_02.C  -std=gnu++11  (test for errors,
line 74)
FAIL: g++.old-deja/g++.bugs/900210_02.C  -std=gnu++11  (test for errors,
line 75)
FAIL: g++.old-deja/g++.bugs/900210_02.C  -std=gnu++11  (test for errors,
line 76)
FAIL: g++.old-deja/g++.bugs/900210_02.C  -std=gnu++11  (test for errors,
line 77)
FAIL: g++.old-deja/g++.bugs/900210_02.C  -std=gnu++11  (test for errors,
line 78)
FAIL: g++.old-deja/g++.bugs/900210_02.C  -std=gnu++11  (test for errors,
line 79)
FAIL: g++.old-deja/g++.bugs/900210_02.C  -std=gnu++11  (test for errors,
line 80)
FAIL: g++.old-deja/g++.bugs/900210_02.C  -std=gnu++11  (test for errors,
line 81)
FAIL: g++.old-deja/g++.bugs/900210_02.C  -std=gnu++11  (test for errors,
line 82)
FAIL: g++.old-deja/g++.bugs/900210_02.C  -std=gnu++11  (test for errors,
line 83)
FAIL: g++.old-deja/g++.bugs/900210_02.C  -std=gnu++11  (test for errors,
line 84)
FAIL: g++.old-deja/g++.bugs/900210_02.C  -std=gnu++11  (test for errors,
line 85)
FAIL: g++.old-deja/g++.bugs/900210_02.C  -std=gnu++11  (test for errors,
line 86)
FAIL: g++.old-deja/g++.bugs/900210_02.C  -std=gnu++11  (test for errors,
line 87)
FAIL: g++.old-deja/g++.bugs/900210_02.C  -std=gnu++11  (test for errors,
line 88)
FAIL: g++.old-deja/g++.bugs/900210_02.C  -std=gnu++11  (test for errors,
line 89)
FAIL: g++.old-deja/g++.bugs/900210_02.C  -std=gnu++11  (test for errors,
line 90)
FAIL: g++.old-deja/g++.bugs/900210_02.C  -std=gnu++11  (test for errors,
line 91)
FAIL: g++.old-deja/g++.bugs/900210_02.C  -std=gnu++11  (test for errors,
line 92)
FAIL: g++.old-deja/g++.bugs/900210_02.C  -std=gnu++11  (test for errors,
line 93)
FAIL: g++.old-deja/g++.bugs/900210_02.C  -std=gnu++11  (test for errors,
line 94)
FAIL: g++.old-deja/g++.bugs/900210_02.C  -std=gnu++11  (test for errors,
line 95)
FAIL: g++.old-deja/g++.bugs/900210_02.C  -std=gnu++11  (test for errors,
line 96)
FAIL: g++.old-deja/g++.bugs/900210_02.C  -std=gnu++11  (test for errors,
line 97)
FAIL: g++.old-deja/g++.bugs/900210_02.C  -std=gnu++11  (test for errors,
line 98)
FAIL: g++.old-deja/g++.bugs/900210_02.C  -std=gnu++11  (test for errors,
line 99)
FAIL: g++.old-deja/g++.bugs/900210_02.C  -std=gnu++11  (test for errors,
line 100)
FAIL: g++.old-deja/g++.bugs/900210_02.C  -std=gnu++11  (test for errors,
line 101)
FAIL: g++.old-deja/g++.bugs/900210_02.C  -std=gnu++11  (test for errors,
line 102)
FAIL: g++.old-deja/g++.bugs/900210_02.C  -std=gnu++11  (test for errors,
line 103)
FAIL: g++.old-deja/g++.bugs/900210_02.C  -std=gnu++11  (test for errors,
line 104)
FAIL: g++.old-deja/g++.bugs/900210_02.C  -std=gnu++11  (test for errors,
line 105)
FAIL: g++.old-deja/g++.bugs/900210_02.C  -std=gnu++11  (test for errors,
line 106)
FAIL: g++.old-deja/g++.bugs/900210_02.C  -std=gnu++11  (test for errors,
line 107)
FAIL: g++.old-deja/g++.bugs/900210_02.C  -std=gnu++11  (test for errors,
line 108)
FAIL: g++.old-deja/g++.bugs/900210_02.C  -std=gnu++11  (test for errors,
line 109)
FAIL: g++.old-deja/g++.bugs/900210_02.C  -std=gnu++11  (test for errors,
line 110)
FAIL: g++.old-deja/g++.bugs/900210_02.C  -std=gnu++11  (test for errors,
line 111)
FAIL: g++.old-deja/g++.bugs/900210_02.C  -std=gnu++11 (test for excess
errors)
FAIL: g++.old-deja/g++.bugs/900210_06.C  -std=c++14  (test for errors,
line 22)
FAIL: g++.old-deja/g++.bugs/900210_06.C  -std=c++14  (test for errors,
line 23)
FAIL: g++.old-deja/g++.bugs/900210_06.C  -std=c++14 (test for excess errors)
FAIL: g++.old-deja/g++.bugs/900213_03.C  -std=c++98  (test for errors,
line 24)
FAIL: g++.old-deja/g++.bugs/900213_03.C  -std=c++11  (test for errors,
line 24)
FAIL: g++.old-deja/g++.bugs/900213_03.C  -std=c++14  (test for errors,
line 24)
FAIL: g++.old-deja/g++.jason/member.C  -std=c++98  (test for errors,
line 28)
FAIL: g++.old-deja/g++.jason/member.C  -std=c++98  (test for errors,
line 34)
FAIL: g++.old-deja/g++.jason/member.C  -std=c++11  (test for errors,
line 28)
FAIL: g++.old-deja/g++.jason/member.C  -std=c++11  (test for errors,
line 34)
FAIL: g++.old-deja/g++.jason/member.C  -std=c++14  (test for errors,
line 28)
FAIL: g++.old-deja/g++.jason/member.C  -std=c++14  (test for errors,
line 34)
FAIL: g++.old-deja/g++.jason/pmf2.C  -std=c++98  (test for errors, line 12)
FAIL: g++.old-deja/g++.jason/pmf2.C  -std=c++11  (test for errors, line 12)
FAIL: g++.old-deja/g++.jason/pmf2.C  -std=c++14  (test for errors, line 12)
FAIL: g++.old-deja/g++.jason/pmf5.C  -std=gnu++98 assuming (test for
errors, line 18)
FAIL: g++.old-deja/g++.jason/pmf5.C  -std=gnu++98 note (test for
warnings, line 18)
FAIL: g++.old-deja/g++.jason/pmf5.C  -std=gnu++11 assuming (test for
errors, line 18)
FAIL: g++.old-deja/g++.jason/pmf5.C  -std=gnu++11 note (test for
warnings, line 18)
FAIL: g++.old-deja/g++.jason/pmf5.C  -std=gnu++14 assuming (test for
errors, line 18)
FAIL: g++.old-deja/g++.jason/pmf5.C  -std=gnu++14 note (test for
warnings, line 18)
FAIL: g++.old-deja/g++.jason/scoping8.C  -std=c++98  (test for errors,
line 4)
FAIL: g++.old-deja/g++.jason/scoping8.C  -std=c++98  (test for errors,
line 7)
FAIL: g++.old-deja/g++.jason/scoping8.C  -std=c++11  (test for errors,
line 4)
FAIL: g++.old-deja/g++.jason/scoping8.C  -std=c++11  (test for errors,
line 7)
FAIL: g++.old-deja/g++.jason/scoping8.C  -std=c++14  (test for errors,
line 4)
FAIL: g++.old-deja/g++.jason/scoping8.C  -std=c++14  (test for errors,
line 7)
FAIL: g++.old-deja/g++.jason/typeid1.C  -std=c++98  (test for errors,
line 11)
FAIL: g++.old-deja/g++.jason/typeid1.C  -std=c++11  (test for errors,
line 11)
FAIL: g++.old-deja/g++.jason/typeid1.C  -std=c++14  (test for errors,
line 11)
FAIL: g++.old-deja/g++.law/arm16.C  -std=gnu++98  (test for errors, line 14)
FAIL: g++.old-deja/g++.law/arm16.C  -std=gnu++11  (test for errors, line 14)
FAIL: g++.old-deja/g++.law/arm16.C  -std=gnu++14  (test for errors, line 14)
FAIL: g++.old-deja/g++.law/nest1.C  -std=c++98  (test for errors, line 9)
FAIL: g++.old-deja/g++.law/nest1.C  -std=c++98  (test for errors, line 13)
FAIL: g++.old-deja/g++.law/nest1.C  -std=c++11  (test for errors, line 9)
FAIL: g++.old-deja/g++.law/nest1.C  -std=c++11  (test for errors, line 13)
FAIL: g++.old-deja/g++.law/nest1.C  -std=c++14  (test for errors, line 9)
FAIL: g++.old-deja/g++.law/nest1.C  -std=c++14  (test for errors, line 13)
FAIL: g++.old-deja/g++.law/operators9.C  -std=c++98  (test for errors,
line 12)
FAIL: g++.old-deja/g++.law/operators9.C  -std=c++11  (test for errors,
line 12)
FAIL: g++.old-deja/g++.law/operators9.C  -std=c++14  (test for errors,
line 12)
FAIL: g++.old-deja/g++.mike/net31.C  -std=c++98  (test for errors, line 66)
FAIL: g++.old-deja/g++.mike/net31.C  -std=c++11  (test for errors, line 66)
FAIL: g++.old-deja/g++.mike/net31.C  -std=c++14  (test for errors, line 66)
FAIL: g++.old-deja/g++.mike/net36.C  -std=c++98  (test for errors, line 18)
FAIL: g++.old-deja/g++.mike/net36.C  -std=c++11  (test for errors, line 18)
FAIL: g++.old-deja/g++.mike/net36.C  -std=c++14  (test for errors, line 18)
FAIL: g++.old-deja/g++.mike/p11110.C  -std=c++98  (test for errors, line 20)
FAIL: g++.old-deja/g++.mike/p11110.C  -std=c++98 (test for excess errors)
FAIL: g++.old-deja/g++.mike/p11110.C  -std=c++11  (test for errors, line 20)
FAIL: g++.old-deja/g++.mike/p11110.C  -std=c++11 (test for excess errors)
FAIL: g++.old-deja/g++.mike/p11110.C  -std=c++14  (test for errors, line 20)
FAIL: g++.old-deja/g++.mike/p11110.C  -std=c++14 (test for excess errors)
FAIL: g++.old-deja/g++.mike/p646.C  -std=gnu++98  (test for warnings,
line 135)
FAIL: g++.old-deja/g++.mike/p646.C  -std=gnu++11  (test for warnings,
line 135)
FAIL: g++.old-deja/g++.mike/p646.C  -std=gnu++14  (test for warnings,
line 135)
FAIL: g++.old-deja/g++.mike/p755a.C  -std=c++14 execution test
FAIL: g++.old-deja/g++.oliva/overload1.C  -std=c++98  (test for errors,
line 16)
FAIL: g++.old-deja/g++.oliva/overload1.C  -std=c++98 note (test for
warnings, line 16)
FAIL: g++.old-deja/g++.oliva/overload1.C  -std=c++11  (test for errors,
line 16)
FAIL: g++.old-deja/g++.oliva/overload1.C  -std=c++11 note (test for
warnings, line 16)
FAIL: g++.old-deja/g++.oliva/overload1.C  -std=c++14  (test for errors,
line 16)
FAIL: g++.old-deja/g++.oliva/overload1.C  -std=c++14 note (test for
warnings, line 16)
FAIL: g++.old-deja/g++.other/decl6.C  -std=c++98  (test for errors, line 12)
FAIL: g++.old-deja/g++.other/decl6.C  -std=c++11  (test for errors, line 12)
FAIL: g++.old-deja/g++.other/decl6.C  -std=c++14  (test for errors, line 12)
FAIL: g++.old-deja/g++.other/init18.C  -std=c++98 execution test
FAIL: g++.old-deja/g++.other/init18.C  -std=c++11 execution test
FAIL: g++.old-deja/g++.other/init18.C  -std=c++14 execution test
FAIL: g++.old-deja/g++.other/init19.C  -std=c++98 execution test
FAIL: g++.old-deja/g++.other/init19.C  -std=c++11 execution test
FAIL: g++.old-deja/g++.other/init19.C  -std=c++14 execution test
FAIL: g++.old-deja/g++.other/pmf2.C  -std=c++98  (test for errors, line 17)
FAIL: g++.old-deja/g++.other/pmf2.C  -std=c++11  (test for errors, line 17)
FAIL: g++.old-deja/g++.other/pmf2.C  -std=c++14  (test for errors, line 17)
FAIL: g++.old-deja/g++.other/pmf3.C  -std=c++98  (test for errors, line 23)
FAIL: g++.old-deja/g++.other/pmf3.C  -std=c++98  (test for errors, line 24)
FAIL: g++.old-deja/g++.other/pmf3.C  -std=c++11  (test for errors, line 23)
FAIL: g++.old-deja/g++.other/pmf3.C  -std=c++11  (test for errors, line 24)
FAIL: g++.old-deja/g++.other/pmf3.C  -std=c++14  (test for errors, line 23)
FAIL: g++.old-deja/g++.other/pmf3.C  -std=c++14  (test for errors, line 24)
FAIL: g++.old-deja/g++.other/pmf7.C  -std=c++98  (test for errors, line 15)
FAIL: g++.old-deja/g++.other/pmf7.C  -std=c++11  (test for errors, line 15)
FAIL: g++.old-deja/g++.other/pmf7.C  -std=c++14  (test for errors, line 15)
FAIL: g++.old-deja/g++.other/ptrmem7.C  -std=c++98 err (test for errors,
line 23)
FAIL: g++.old-deja/g++.other/ptrmem7.C  -std=c++98 note (test for
warnings, line 23)
FAIL: g++.old-deja/g++.other/ptrmem7.C  -std=c++98 err (test for errors,
line 25)
FAIL: g++.old-deja/g++.other/ptrmem7.C  -std=c++98 err (test for errors,
line 26)
FAIL: g++.old-deja/g++.other/ptrmem7.C  -std=c++98  (test for errors,
line 34)
FAIL: g++.old-deja/g++.other/ptrmem7.C  -std=c++98  (test for errors,
line 35)
FAIL: g++.old-deja/g++.other/ptrmem7.C  -std=c++98  (test for errors,
line 36)
FAIL: g++.old-deja/g++.other/ptrmem7.C  -std=c++98  (test for errors,
line 38)
FAIL: g++.old-deja/g++.other/ptrmem7.C  -std=c++98  (test for errors,
line 39)
FAIL: g++.old-deja/g++.other/ptrmem7.C  -std=c++11 err (test for errors,
line 23)
FAIL: g++.old-deja/g++.other/ptrmem7.C  -std=c++11 note (test for
warnings, line 23)
FAIL: g++.old-deja/g++.other/ptrmem7.C  -std=c++11 err (test for errors,
line 25)
FAIL: g++.old-deja/g++.other/ptrmem7.C  -std=c++11 err (test for errors,
line 26)
FAIL: g++.old-deja/g++.other/ptrmem7.C  -std=c++11  (test for errors,
line 34)
FAIL: g++.old-deja/g++.other/ptrmem7.C  -std=c++11  (test for errors,
line 35)
FAIL: g++.old-deja/g++.other/ptrmem7.C  -std=c++11  (test for errors,
line 36)
FAIL: g++.old-deja/g++.other/ptrmem7.C  -std=c++11  (test for errors,
line 38)
FAIL: g++.old-deja/g++.other/ptrmem7.C  -std=c++11  (test for errors,
line 39)
FAIL: g++.old-deja/g++.other/ptrmem7.C  -std=c++14 err (test for errors,
line 23)
FAIL: g++.old-deja/g++.other/ptrmem7.C  -std=c++14 note (test for
warnings, line 23)
FAIL: g++.old-deja/g++.other/ptrmem7.C  -std=c++14 err (test for errors,
line 25)
FAIL: g++.old-deja/g++.other/ptrmem7.C  -std=c++14 err (test for errors,
line 26)
FAIL: g++.old-deja/g++.other/ptrmem7.C  -std=c++14  (test for errors,
line 34)
FAIL: g++.old-deja/g++.other/ptrmem7.C  -std=c++14  (test for errors,
line 35)
FAIL: g++.old-deja/g++.other/ptrmem7.C  -std=c++14  (test for errors,
line 36)
FAIL: g++.old-deja/g++.other/ptrmem7.C  -std=c++14  (test for errors,
line 38)
FAIL: g++.old-deja/g++.other/ptrmem7.C  -std=c++14  (test for errors,
line 39)
FAIL: g++.old-deja/g++.pt/ptrmem10.C  -std=c++98 (test for excess errors)
FAIL: g++.old-deja/g++.pt/ptrmem10.C  -std=c++11 (test for excess errors)
FAIL: g++.old-deja/g++.pt/ptrmem10.C  -std=c++14 (test for excess errors)
FAIL: g++.old-deja/g++.robertl/eb131.C  -std=c++98  (test for warnings,
line 13)
FAIL: g++.old-deja/g++.robertl/eb131.C  -std=c++98  (test for errors,
line 18)
FAIL: g++.old-deja/g++.robertl/eb131.C  -std=c++98  (test for errors,
line 19)
FAIL: g++.old-deja/g++.robertl/eb131.C  -std=c++11  (test for warnings,
line 13)
FAIL: g++.old-deja/g++.robertl/eb131.C  -std=c++11  (test for errors,
line 18)
FAIL: g++.old-deja/g++.robertl/eb131.C  -std=c++11  (test for errors,
line 19)
FAIL: g++.old-deja/g++.robertl/eb131.C  -std=c++14  (test for warnings,
line 13)
FAIL: g++.old-deja/g++.robertl/eb131.C  -std=c++14  (test for errors,
line 18)
FAIL: g++.old-deja/g++.robertl/eb131.C  -std=c++14  (test for errors,
line 19)
FAIL: g++.old-deja/g++.robertl/eb8.C  -std=c++98  (test for errors, line 5)
FAIL: g++.old-deja/g++.robertl/eb8.C  -std=c++98  (test for errors, line 6)
FAIL: g++.old-deja/g++.robertl/eb8.C  -std=c++11  (test for errors, line 5)
FAIL: g++.old-deja/g++.robertl/eb8.C  -std=c++11  (test for errors, line 6)
FAIL: g++.old-deja/g++.robertl/eb8.C  -std=c++14  (test for errors, line 5)
FAIL: g++.old-deja/g++.robertl/eb8.C  -std=c++14  (test for errors, line 6)

		=== g++ Summary ===

# of expected passes		104642
# of unexpected failures	668
# of unexpected successes	3
# of expected failures		381
# of unresolved testcases	8
# of unsupported tests		4607
/opt/devel/SCRATCH/tmp.dKHB6orV07/gcc-7.3.1/gcc-7.3.1/gcc/xg++  version
7.3.1 20181015 [gcc-7-branch revision 265163] (GCC)

		=== gcc tests ===


Running target unix
FAIL: gcc.c-torture/compile/limits-exprparen.c   -O0  (test for excess
errors)
FAIL: gcc.c-torture/compile/limits-exprparen.c   -O1  (test for excess
errors)
FAIL: gcc.c-torture/compile/limits-exprparen.c   -O2  (test for excess
errors)
FAIL: gcc.c-torture/compile/limits-exprparen.c   -O3 -g  (test for
excess errors)
FAIL: gcc.c-torture/compile/limits-exprparen.c   -Os  (test for excess
errors)
FAIL: gcc.c-torture/compile/limits-exprparen.c   -O2 -flto
-fno-use-linker-plugin -flto-partition=none  (test for excess errors)
FAIL: gcc.c-torture/compile/limits-exprparen.c   -O2 -flto
-fuse-linker-plugin -fno-fat-lto-objects  (test for excess errors)
FAIL: gcc.c-torture/compile/pr55569.c   -O0  (test for excess errors)
FAIL: gcc.c-torture/compile/pr55569.c   -O1  (test for excess errors)
FAIL: gcc.c-torture/compile/pr55569.c   -O2  (test for excess errors)
FAIL: gcc.c-torture/compile/pr55569.c   -O3 -fomit-frame-pointer
-funroll-loops -fpeel-loops -ftracer -finline-functions  (test for
excess errors)
FAIL: gcc.c-torture/compile/pr55569.c   -O3 -g  (test for excess errors)
FAIL: gcc.c-torture/compile/pr55569.c   -Os  (test for excess errors)
FAIL: gcc.c-torture/compile/pr55569.c   -O2 -flto -fno-use-linker-plugin
-flto-partition=none  (test for excess errors)
FAIL: gcc.c-torture/compile/pr55569.c   -O2 -flto -fuse-linker-plugin
-fno-fat-lto-objects  (test for excess errors)
FAIL: gcc.c-torture/execute/pr78622.c   -O0  execution test
FAIL: gcc.c-torture/execute/pr78622.c   -O1  execution test
FAIL: gcc.c-torture/execute/pr78622.c   -O2  execution test
FAIL: gcc.c-torture/execute/pr78622.c   -O3 -g  execution test
FAIL: gcc.c-torture/execute/pr78622.c   -Os  execution test
FAIL: gcc.c-torture/execute/pr78622.c   -O2 -flto -fno-use-linker-plugin
-flto-partition=none  execution test
FAIL: gcc.c-torture/execute/pr78622.c   -O2 -flto -fuse-linker-plugin
-fno-fat-lto-objects  execution test
FAIL: gcc.dg/compat/vector-1b c_compat_x_tst.o-c_compat_y_tst.o execute
FAIL: gcc.dg/compat/vector-2b c_compat_x_tst.o-c_compat_y_tst.o execute
FAIL: gcc.dg/cpp/_Pragma3.c (test for excess errors)
FAIL: gcc.dg/cpp/pr69985.c  (test for warnings, line 6)
FAIL: gcc.dg/cpp/pr69985.c (test for excess errors)
FAIL: gcc.dg/cpp/pr71681-2.c (test for excess errors)
FAIL: gcc.dg/Walloca-1.c  (test for warnings, line 27)
FAIL: gcc.dg/Walloca-1.c (test for excess errors)
XPASS: gcc.dg/Walloca-2.c  (test for bogus messages, line 16)
FAIL: gcc.dg/Walloca-2.c  (test for warnings, line 39)
FAIL: gcc.dg/Walloca-2.c (test for excess errors)
FAIL: gcc.dg/addr_builtin-1.c (test for excess errors)
FAIL: gcc.dg/anon-struct-1.c  (test for warnings, line 9)
FAIL: gcc.dg/anon-struct-1.c  (test for warnings, line 16)
FAIL: gcc.dg/anon-struct-1.c  (test for warnings, line 32)
FAIL: gcc.dg/anon-struct-1.c (test for excess errors)
FAIL: gcc.dg/anon-struct-11.c  (test for warnings, line 18)
FAIL: gcc.dg/anon-struct-11.c  (test for errors, line 37)
FAIL: gcc.dg/anon-struct-11.c  (test for warnings, line 50)
FAIL: gcc.dg/anon-struct-11.c  (test for warnings, line 53)
FAIL: gcc.dg/anon-struct-11.c  (test for errors, line 88)
FAIL: gcc.dg/anon-struct-11.c  (test for errors, line 90)
FAIL: gcc.dg/anon-struct-2.c  (test for warnings, line 9)
FAIL: gcc.dg/anon-struct-2.c  (test for warnings, line 16)
FAIL: gcc.dg/anon-struct-2.c  (test for warnings, line 32)
FAIL: gcc.dg/anon-struct-2.c (test for excess errors)
XPASS: gcc.dg/array-quals-1.c scan-assembler-not
\\\\.data(?!\\\\.rel\\\\.ro)
FAIL: gcc.dg/attr-weakref-1.c (test for excess errors)
UNRESOLVED: gcc.dg/attr-weakref-1.c compilation failed to produce executable
FAIL: gcc.dg/bss.c zero init (test for errors, line 5)
FAIL: gcc.dg/bss.c zero init (test for errors, line 6)
FAIL: gcc.dg/builtin-unreachable-6.c scan-tree-dump-times fab1 "lab
\\\\[[0-9.]+%\\\\]" 1
FAIL: gcc.dg/c11-anon-struct-2.c  (test for errors, line 14)
FAIL: gcc.dg/c11-anon-struct-2.c  (test for errors, line 20)
FAIL: gcc.dg/c11-anon-struct-2.c  (test for errors, line 41)
FAIL: gcc.dg/c11-anon-struct-3.c  (test for errors, line 19)
FAIL: gcc.dg/c11-anon-struct-3.c  (test for errors, line 29)
XPASS: gcc.dg/dll-10.c (test for excess errors)
XPASS: gcc.dg/dll-9.c (test for excess errors)
FAIL: gcc.dg/pic-2.c (test for excess errors)
FAIL: gcc.dg/pic-3.c (test for excess errors)
FAIL: gcc.dg/pic-4.c (test for excess errors)
FAIL: gcc.dg/pie-3.c (test for excess errors)
FAIL: gcc.dg/pie-4.c (test for excess errors)
FAIL: gcc.dg/pr52549.c (test for excess errors)
FAIL: gcc.dg/pr61053.c  (test for errors, line 34)
FAIL: gcc.dg/pr61053.c  (test for errors, line 37)
FAIL: gcc.dg/pr61053.c (test for excess errors)
FAIL: gcc.dg/pr64536.c (test for excess errors)
FAIL: gcc.dg/pr65658.c (test for excess errors)
FAIL: gcc.dg/pr70859-2.c (test for excess errors)
FAIL: gcc.dg/pr71558.c (test for excess errors)
FAIL: gcc.dg/pr78138.c  (test for warnings, line 21)
FAIL: gcc.dg/pr78138.c (test for excess errors)
XPASS: gcc.dg/pr78973-2.c ilp32 (test for warnings, line 16)
FAIL: gcc.dg/pr80163.c (test for excess errors)
FAIL: gcc.dg/pr80170.c (internal compiler error)
FAIL: gcc.dg/pr80170.c (test for excess errors)
UNRESOLVED: gcc.dg/pr80170.c compilation failed to produce executable
FAIL: gcc.dg/pr85859.c (test for excess errors)
FAIL: gcc.dg/sibcall-11.c scan-assembler jmp
FAIL: gcc.dg/uninit-19.c  (test for warnings, line 23)
FAIL: gcc.dg/uninit-19.c (test for excess errors)
FAIL: gcc.dg/format/branch-1.c    null format arg (test for warnings,
line 26)
FAIL: gcc.dg/format/branch-1.c    (test for excess errors)
FAIL: gcc.dg/format/branch-1.c   -DWIDE  null format arg (test for
warnings, line 26)
FAIL: gcc.dg/format/branch-1.c   -DWIDE  (test for excess errors)
FAIL: gcc.dg/format/c90-printf-1.c    null format string warning (test
for warnings, line 237)
FAIL: gcc.dg/format/c90-printf-1.c    (test for excess errors)
FAIL: gcc.dg/format/c90-printf-1.c   -DWIDE  null format string warning
(test for warnings, line 237)
FAIL: gcc.dg/format/c90-printf-1.c   -DWIDE  (test for excess errors)
FAIL: gcc.dg/format/c90-scanf-1.c    null format string warning (test
for warnings, line 116)
FAIL: gcc.dg/format/c90-scanf-1.c    (test for excess errors)
FAIL: gcc.dg/format/c90-scanf-1.c   -DWIDE  null format string warning
(test for warnings, line 116)
FAIL: gcc.dg/format/c90-scanf-1.c   -DWIDE  (test for excess errors)
FAIL: gcc.dg/format/ms-format2.c    bad argument types (test for
warnings, line 20)
FAIL: gcc.dg/format/ms-format2.c    (test for excess errors)
FAIL: gcc.dg/format/ms-format2.c   -DWIDE  bad argument types (test for
warnings, line 20)
FAIL: gcc.dg/format/ms-format2.c   -DWIDE  (test for excess errors)
FAIL: gcc.dg/graphite/id-15.c (test for excess errors)
FAIL: gcc.dg/graphite/scop-19.c scan-tree-dump-times graphite "number of
SCoPs: 0" 1
ERROR: child process exited abnormally
ERROR: child process exited abnormally
ERROR: child process exited abnormally
ERROR: child process exited abnormally
FAIL: gcc.dg/guality/const-volatile.c   -O0  line 50 type:main == int
(int, char **)
FAIL: gcc.dg/guality/const-volatile.c   -O0  line 50 type:i == int
FAIL: gcc.dg/guality/const-volatile.c   -O0  line 50 type:ci == const int
FAIL: gcc.dg/guality/const-volatile.c   -O0  line 50 type:vi == volatile int
FAIL: gcc.dg/guality/const-volatile.c   -O0  line 50 type:cvi == const
volatile int
FAIL: gcc.dg/guality/const-volatile.c   -O0  line 50 type:pi == int *
FAIL: gcc.dg/guality/const-volatile.c   -O0  line 50 type:pci == const int *
FAIL: gcc.dg/guality/const-volatile.c   -O0  line 50 type:pvi ==
volatile int *
FAIL: gcc.dg/guality/const-volatile.c   -O0  line 50 type:pcvi == const
volatile int *
FAIL: gcc.dg/guality/const-volatile.c   -O0  line 50 type:cip == int * const
FAIL: gcc.dg/guality/const-volatile.c   -O0  line 50 type:vip == int *
volatile
FAIL: gcc.dg/guality/const-volatile.c   -O0  line 50 type:cvip == int *
const volatile
FAIL: gcc.dg/guality/const-volatile.c   -O0  line 50 type:vs == volatile
struct { const long cli; const signed char csc; }
FAIL: gcc.dg/guality/const-volatile.c   -O0  line 50 type:cvip == int *
const volatile
FAIL: gcc.dg/guality/const-volatile.c   -O0  line 50 type:bar == struct
bar { short s; const short cs; volatile short vs; const volatile short
cvs; volatile long long vll; }
FAIL: gcc.dg/guality/const-volatile.c   -O0  line 50 type:foo == struct
foo { const long cli; const signed char csc; }
FAIL: gcc.dg/guality/const-volatile.c   -O0  line 50 type:cfoo == const
struct foo { const long cli; const signed char csc; }
FAIL: gcc.dg/guality/const-volatile.c   -O0  line 50 type:vfoo ==
volatile struct foo { const long cli; const signed char csc; }
FAIL: gcc.dg/guality/const-volatile.c   -O0  line 50 type:cvfoo == const
volatile struct foo { const long cli; const signed char csc; }
FAIL: gcc.dg/guality/const-volatile.c   -O0  line 58 type:s == volatile
signed char
FAIL: gcc.dg/guality/const-volatile.c   -O0  line 50 type:cs == const
volatile signed char
FAIL: gcc.dg/guality/const-volatile.c   -O0  line 50 type:f == int
(const char *, volatile struct foo *, const score)
FAIL: gcc.dg/guality/const-volatile.c   -O1  line 50 type:main == int
(int, char **)
FAIL: gcc.dg/guality/const-volatile.c   -O1  line 50 type:i == int
FAIL: gcc.dg/guality/const-volatile.c   -O1  line 50 type:ci == const int
FAIL: gcc.dg/guality/const-volatile.c   -O1  line 50 type:vi == volatile int
FAIL: gcc.dg/guality/const-volatile.c   -O1  line 50 type:cvi == const
volatile int
FAIL: gcc.dg/guality/const-volatile.c   -O1  line 50 type:pi == int *
FAIL: gcc.dg/guality/const-volatile.c   -O1  line 50 type:pci == const int *
FAIL: gcc.dg/guality/const-volatile.c   -O1  line 50 type:pvi ==
volatile int *
FAIL: gcc.dg/guality/const-volatile.c   -O1  line 50 type:pcvi == const
volatile int *
FAIL: gcc.dg/guality/const-volatile.c   -O1  line 50 type:cip == int * const
FAIL: gcc.dg/guality/const-volatile.c   -O1  line 50 type:vip == int *
volatile
FAIL: gcc.dg/guality/const-volatile.c   -O1  line 50 type:cvip == int *
const volatile
FAIL: gcc.dg/guality/const-volatile.c   -O1  line 50 type:vs == volatile
struct { const long cli; const signed char csc; }
FAIL: gcc.dg/guality/const-volatile.c   -O1  line 50 type:cvip == int *
const volatile
FAIL: gcc.dg/guality/const-volatile.c   -O1  line 50 type:bar == struct
bar { short s; const short cs; volatile short vs; const volatile short
cvs; volatile long long vll; }
FAIL: gcc.dg/guality/const-volatile.c   -O1  line 50 type:foo == struct
foo { const long cli; const signed char csc; }
FAIL: gcc.dg/guality/const-volatile.c   -O1  line 50 type:cfoo == const
struct foo { const long cli; const signed char csc; }
FAIL: gcc.dg/guality/const-volatile.c   -O1  line 50 type:vfoo ==
volatile struct foo { const long cli; const signed char csc; }
FAIL: gcc.dg/guality/const-volatile.c   -O1  line 50 type:cvfoo == const
volatile struct foo { const long cli; const signed char csc; }
FAIL: gcc.dg/guality/const-volatile.c   -O1  line 58 type:s == volatile
signed char
FAIL: gcc.dg/guality/const-volatile.c   -O1  line 50 type:cs == const
volatile signed char
FAIL: gcc.dg/guality/const-volatile.c   -O1  line 50 type:f == int
(const char *, volatile struct foo *, const score)
FAIL: gcc.dg/guality/const-volatile.c   -O2  line 50 type:main == int
(int, char **)
FAIL: gcc.dg/guality/const-volatile.c   -O2  line 50 type:i == int
FAIL: gcc.dg/guality/const-volatile.c   -O2  line 50 type:ci == const int
FAIL: gcc.dg/guality/const-volatile.c   -O2  line 50 type:vi == volatile int
FAIL: gcc.dg/guality/const-volatile.c   -O2  line 50 type:cvi == const
volatile int
FAIL: gcc.dg/guality/const-volatile.c   -O2  line 50 type:pi == int *
FAIL: gcc.dg/guality/const-volatile.c   -O2  line 50 type:pci == const int *
FAIL: gcc.dg/guality/const-volatile.c   -O2  line 50 type:pvi ==
volatile int *
FAIL: gcc.dg/guality/const-volatile.c   -O2  line 50 type:pcvi == const
volatile int *
FAIL: gcc.dg/guality/const-volatile.c   -O2  line 50 type:cip == int * const
FAIL: gcc.dg/guality/const-volatile.c   -O2  line 50 type:vip == int *
volatile
FAIL: gcc.dg/guality/const-volatile.c   -O2  line 50 type:cvip == int *
const volatile
FAIL: gcc.dg/guality/const-volatile.c   -O2  line 50 type:vs == volatile
struct { const long cli; const signed char csc; }
FAIL: gcc.dg/guality/const-volatile.c   -O2  line 50 type:cvip == int *
const volatile
FAIL: gcc.dg/guality/const-volatile.c   -O2  line 50 type:bar == struct
bar { short s; const short cs; volatile short vs; const volatile short
cvs; volatile long long vll; }
FAIL: gcc.dg/guality/const-volatile.c   -O2  line 50 type:foo == struct
foo { const long cli; const signed char csc; }
FAIL: gcc.dg/guality/const-volatile.c   -O2  line 50 type:cfoo == const
struct foo { const long cli; const signed char csc; }
FAIL: gcc.dg/guality/const-volatile.c   -O2  line 50 type:vfoo ==
volatile struct foo { const long cli; const signed char csc; }
FAIL: gcc.dg/guality/const-volatile.c   -O2  line 50 type:cvfoo == const
volatile struct foo { const long cli; const signed char csc; }
FAIL: gcc.dg/guality/const-volatile.c   -O2  line 58 type:s == volatile
signed char
FAIL: gcc.dg/guality/const-volatile.c   -O2  line 50 type:cs == const
volatile signed char
FAIL: gcc.dg/guality/const-volatile.c   -O2  line 50 type:f == int
(const char *, volatile struct foo *, const score)
FAIL: gcc.dg/guality/const-volatile.c   -O3 -g  line 50 type:main == int
(int, char **)
FAIL: gcc.dg/guality/const-volatile.c   -O3 -g  line 50 type:i == int
FAIL: gcc.dg/guality/const-volatile.c   -O3 -g  line 50 type:ci == const int
FAIL: gcc.dg/guality/const-volatile.c   -O3 -g  line 50 type:vi ==
volatile int
FAIL: gcc.dg/guality/const-volatile.c   -O3 -g  line 50 type:cvi ==
const volatile int
FAIL: gcc.dg/guality/const-volatile.c   -O3 -g  line 50 type:pi == int *
FAIL: gcc.dg/guality/const-volatile.c   -O3 -g  line 50 type:pci ==
const int *
FAIL: gcc.dg/guality/const-volatile.c   -O3 -g  line 50 type:pvi ==
volatile int *
FAIL: gcc.dg/guality/const-volatile.c   -O3 -g  line 50 type:pcvi ==
const volatile int *
FAIL: gcc.dg/guality/const-volatile.c   -O3 -g  line 50 type:cip == int
* const
FAIL: gcc.dg/guality/const-volatile.c   -O3 -g  line 50 type:vip == int
* volatile
FAIL: gcc.dg/guality/const-volatile.c   -O3 -g  line 50 type:cvip == int
* const volatile
FAIL: gcc.dg/guality/const-volatile.c   -O3 -g  line 50 type:vs ==
volatile struct { const long cli; const signed char csc; }
FAIL: gcc.dg/guality/const-volatile.c   -O3 -g  line 50 type:cvip == int
* const volatile
FAIL: gcc.dg/guality/const-volatile.c   -O3 -g  line 50 type:bar ==
struct bar { short s; const short cs; volatile short vs; const volatile
short cvs; volatile long long vll; }
FAIL: gcc.dg/guality/const-volatile.c   -O3 -g  line 50 type:foo ==
struct foo { const long cli; const signed char csc; }
FAIL: gcc.dg/guality/const-volatile.c   -O3 -g  line 50 type:cfoo ==
const struct foo { const long cli; const signed char csc; }
FAIL: gcc.dg/guality/const-volatile.c   -O3 -g  line 50 type:vfoo ==
volatile struct foo { const long cli; const signed char csc; }
FAIL: gcc.dg/guality/const-volatile.c   -O3 -g  line 50 type:cvfoo ==
const volatile struct foo { const long cli; const signed char csc; }
FAIL: gcc.dg/guality/const-volatile.c   -O3 -g  line 58 type:s ==
volatile signed char
FAIL: gcc.dg/guality/const-volatile.c   -O3 -g  line 50 type:cs == const
volatile signed char
FAIL: gcc.dg/guality/const-volatile.c   -O3 -g  line 50 type:f == int
(const char *, volatile struct foo *, const score)
FAIL: gcc.dg/guality/const-volatile.c   -Os  line 50 type:main == int
(int, char **)
FAIL: gcc.dg/guality/const-volatile.c   -Os  line 50 type:i == int
FAIL: gcc.dg/guality/const-volatile.c   -Os  line 50 type:ci == const int
FAIL: gcc.dg/guality/const-volatile.c   -Os  line 50 type:vi == volatile int
FAIL: gcc.dg/guality/const-volatile.c   -Os  line 50 type:cvi == const
volatile int
FAIL: gcc.dg/guality/const-volatile.c   -Os  line 50 type:pi == int *
FAIL: gcc.dg/guality/const-volatile.c   -Os  line 50 type:pci == const int *
FAIL: gcc.dg/guality/const-volatile.c   -Os  line 50 type:pvi ==
volatile int *
FAIL: gcc.dg/guality/const-volatile.c   -Os  line 50 type:pcvi == const
volatile int *
FAIL: gcc.dg/guality/const-volatile.c   -Os  line 50 type:cip == int * const
FAIL: gcc.dg/guality/const-volatile.c   -Os  line 50 type:vip == int *
volatile
FAIL: gcc.dg/guality/const-volatile.c   -Os  line 50 type:cvip == int *
const volatile
FAIL: gcc.dg/guality/const-volatile.c   -Os  line 50 type:vs == volatile
struct { const long cli; const signed char csc; }
FAIL: gcc.dg/guality/const-volatile.c   -Os  line 50 type:cvip == int *
const volatile
FAIL: gcc.dg/guality/const-volatile.c   -Os  line 50 type:bar == struct
bar { short s; const short cs; volatile short vs; const volatile short
cvs; volatile long long vll; }
FAIL: gcc.dg/guality/const-volatile.c   -Os  line 50 type:foo == struct
foo { const long cli; const signed char csc; }
FAIL: gcc.dg/guality/const-volatile.c   -Os  line 50 type:cfoo == const
struct foo { const long cli; const signed char csc; }
FAIL: gcc.dg/guality/const-volatile.c   -Os  line 50 type:vfoo ==
volatile struct foo { const long cli; const signed char csc; }
FAIL: gcc.dg/guality/const-volatile.c   -Os  line 50 type:cvfoo == const
volatile struct foo { const long cli; const signed char csc; }
FAIL: gcc.dg/guality/const-volatile.c   -Os  line 58 type:s == volatile
signed char
FAIL: gcc.dg/guality/const-volatile.c   -Os  line 50 type:cs == const
volatile signed char
FAIL: gcc.dg/guality/const-volatile.c   -Os  line 50 type:f == int
(const char *, volatile struct foo *, const score)
FAIL: gcc.dg/guality/const-volatile.c   -O2 -flto -fno-use-linker-plugin
-flto-partition=none  line 50 type:main == int (int, char **)
FAIL: gcc.dg/guality/const-volatile.c   -O2 -flto -fno-use-linker-plugin
-flto-partition=none  line 50 type:i == int
FAIL: gcc.dg/guality/const-volatile.c   -O2 -flto -fno-use-linker-plugin
-flto-partition=none  line 50 type:ci == const int
FAIL: gcc.dg/guality/const-volatile.c   -O2 -flto -fno-use-linker-plugin
-flto-partition=none  line 50 type:vi == volatile int
FAIL: gcc.dg/guality/const-volatile.c   -O2 -flto -fno-use-linker-plugin
-flto-partition=none  line 50 type:cvi == const volatile int
FAIL: gcc.dg/guality/const-volatile.c   -O2 -flto -fno-use-linker-plugin
-flto-partition=none  line 50 type:pi == int *
FAIL: gcc.dg/guality/const-volatile.c   -O2 -flto -fno-use-linker-plugin
-flto-partition=none  line 50 type:pci == const int *
FAIL: gcc.dg/guality/const-volatile.c   -O2 -flto -fno-use-linker-plugin
-flto-partition=none  line 50 type:pvi == volatile int *
FAIL: gcc.dg/guality/const-volatile.c   -O2 -flto -fno-use-linker-plugin
-flto-partition=none  line 50 type:pcvi == const volatile int *
FAIL: gcc.dg/guality/const-volatile.c   -O2 -flto -fno-use-linker-plugin
-flto-partition=none  line 50 type:cip == int * const
FAIL: gcc.dg/guality/const-volatile.c   -O2 -flto -fno-use-linker-plugin
-flto-partition=none  line 50 type:vip == int * volatile
FAIL: gcc.dg/guality/const-volatile.c   -O2 -flto -fno-use-linker-plugin
-flto-partition=none  line 50 type:cvip == int * const volatile
FAIL: gcc.dg/guality/const-volatile.c   -O2 -flto -fno-use-linker-plugin
-flto-partition=none  line 50 type:vs == volatile struct { const long
cli; const signed char csc; }
FAIL: gcc.dg/guality/const-volatile.c   -O2 -flto -fno-use-linker-plugin
-flto-partition=none  line 50 type:cvip == int * const volatile
FAIL: gcc.dg/guality/const-volatile.c   -O2 -flto -fno-use-linker-plugin
-flto-partition=none  line 50 type:bar == struct bar { short s; const
short cs; volatile short vs; const volatile short cvs; volatile long
long vll; }
FAIL: gcc.dg/guality/const-volatile.c   -O2 -flto -fno-use-linker-plugin
-flto-partition=none  line 50 type:foo == struct foo { const long cli;
const signed char csc; }
FAIL: gcc.dg/guality/const-volatile.c   -O2 -flto -fno-use-linker-plugin
-flto-partition=none  line 50 type:cfoo == const struct foo { const long
cli; const signed char csc; }
FAIL: gcc.dg/guality/const-volatile.c   -O2 -flto -fno-use-linker-plugin
-flto-partition=none  line 50 type:vfoo == volatile struct foo { const
long cli; const signed char csc; }
FAIL: gcc.dg/guality/const-volatile.c   -O2 -flto -fno-use-linker-plugin
-flto-partition=none  line 50 type:cvfoo == const volatile struct foo {
const long cli; const signed char csc; }
FAIL: gcc.dg/guality/const-volatile.c   -O2 -flto -fno-use-linker-plugin
-flto-partition=none  line 58 type:s == volatile signed char
FAIL: gcc.dg/guality/const-volatile.c   -O2 -flto -fno-use-linker-plugin
-flto-partition=none  line 50 type:cs == const volatile signed char
FAIL: gcc.dg/guality/const-volatile.c   -O2 -flto -fno-use-linker-plugin
-flto-partition=none  line 50 type:f == int (const char *, volatile
struct foo *, const score)
FAIL: gcc.dg/guality/const-volatile.c   -O2 -flto -fuse-linker-plugin
-fno-fat-lto-objects  line 50 type:main == int (int, char **)
FAIL: gcc.dg/guality/const-volatile.c   -O2 -flto -fuse-linker-plugin
-fno-fat-lto-objects  line 50 type:i == int
FAIL: gcc.dg/guality/const-volatile.c   -O2 -flto -fuse-linker-plugin
-fno-fat-lto-objects  line 50 type:ci == const int
FAIL: gcc.dg/guality/const-volatile.c   -O2 -flto -fuse-linker-plugin
-fno-fat-lto-objects  line 50 type:vi == volatile int
FAIL: gcc.dg/guality/const-volatile.c   -O2 -flto -fuse-linker-plugin
-fno-fat-lto-objects  line 50 type:cvi == const volatile int
FAIL: gcc.dg/guality/const-volatile.c   -O2 -flto -fuse-linker-plugin
-fno-fat-lto-objects  line 50 type:pi == int *
FAIL: gcc.dg/guality/const-volatile.c   -O2 -flto -fuse-linker-plugin
-fno-fat-lto-objects  line 50 type:pci == const int *
FAIL: gcc.dg/guality/const-volatile.c   -O2 -flto -fuse-linker-plugin
-fno-fat-lto-objects  line 50 type:pvi == volatile int *
FAIL: gcc.dg/guality/const-volatile.c   -O2 -flto -fuse-linker-plugin
-fno-fat-lto-objects  line 50 type:pcvi == const volatile int *
FAIL: gcc.dg/guality/const-volatile.c   -O2 -flto -fuse-linker-plugin
-fno-fat-lto-objects  line 50 type:cip == int * const
FAIL: gcc.dg/guality/const-volatile.c   -O2 -flto -fuse-linker-plugin
-fno-fat-lto-objects  line 50 type:vip == int * volatile
FAIL: gcc.dg/guality/const-volatile.c   -O2 -flto -fuse-linker-plugin
-fno-fat-lto-objects  line 50 type:cvip == int * const volatile
FAIL: gcc.dg/guality/const-volatile.c   -O2 -flto -fuse-linker-plugin
-fno-fat-lto-objects  line 50 type:vs == volatile struct { const long
cli; const signed char csc; }
FAIL: gcc.dg/guality/const-volatile.c   -O2 -flto -fuse-linker-plugin
-fno-fat-lto-objects  line 50 type:cvip == int * const volatile
FAIL: gcc.dg/guality/const-volatile.c   -O2 -flto -fuse-linker-plugin
-fno-fat-lto-objects  line 50 type:bar == struct bar { short s; const
short cs; volatile short vs; const volatile short cvs; volatile long
long vll; }
FAIL: gcc.dg/guality/const-volatile.c   -O2 -flto -fuse-linker-plugin
-fno-fat-lto-objects  line 50 type:foo == struct foo { const long cli;
const signed char csc; }
FAIL: gcc.dg/guality/const-volatile.c   -O2 -flto -fuse-linker-plugin
-fno-fat-lto-objects  line 50 type:cfoo == const struct foo { const long
cli; const signed char csc; }
FAIL: gcc.dg/guality/const-volatile.c   -O2 -flto -fuse-linker-plugin
-fno-fat-lto-objects  line 50 type:vfoo == volatile struct foo { const
long cli; const signed char csc; }
FAIL: gcc.dg/guality/const-volatile.c   -O2 -flto -fuse-linker-plugin
-fno-fat-lto-objects  line 50 type:cvfoo == const volatile struct foo {
const long cli; const signed char csc; }
FAIL: gcc.dg/guality/const-volatile.c   -O2 -flto -fuse-linker-plugin
-fno-fat-lto-objects  line 58 type:s == volatile signed char
FAIL: gcc.dg/guality/const-volatile.c   -O2 -flto -fuse-linker-plugin
-fno-fat-lto-objects  line 50 type:cs == const volatile signed char
FAIL: gcc.dg/guality/const-volatile.c   -O2 -flto -fuse-linker-plugin
-fno-fat-lto-objects  line 50 type:f == int (const char *, volatile
struct foo *, const score)
XPASS: gcc.dg/guality/example.c   -O0  execution test
XPASS: gcc.dg/guality/example.c   -O1  execution test
XPASS: gcc.dg/guality/example.c   -O2  execution test
XPASS: gcc.dg/guality/example.c   -O2 -flto -fno-use-linker-plugin
-flto-partition=none  execution test
XPASS: gcc.dg/guality/guality.c   -O0  execution test
XPASS: gcc.dg/guality/guality.c   -O1  execution test
XPASS: gcc.dg/guality/guality.c   -O2  execution test
XPASS: gcc.dg/guality/guality.c   -O3 -g  execution test
XPASS: gcc.dg/guality/guality.c   -Os  execution test
XPASS: gcc.dg/guality/guality.c   -O2 -flto -fno-use-linker-plugin
-flto-partition=none  execution test
XPASS: gcc.dg/guality/guality.c   -O2 -flto -fuse-linker-plugin
-fno-fat-lto-objects  execution test
XPASS: gcc.dg/guality/inline-params.c   -O2  execution test
XPASS: gcc.dg/guality/inline-params.c   -O3 -g  execution test
XPASS: gcc.dg/guality/inline-params.c   -Os  execution test
XPASS: gcc.dg/guality/inline-params.c   -O2 -flto -fno-use-linker-plugin
-flto-partition=none  execution test
XPASS: gcc.dg/guality/pr41353-1.c   -O0  line 28 j == 28 + 37
XPASS: gcc.dg/guality/pr41353-1.c   -O1  line 28 j == 28 + 37
XPASS: gcc.dg/guality/pr41353-1.c   -O2  line 28 j == 28 + 37
XPASS: gcc.dg/guality/pr41353-1.c   -O3 -g  line 28 j == 28 + 37
UNRESOLVED: gcc.dg/guality/pr41353-1.c   -Os  line 17 vari == 17
XPASS: gcc.dg/guality/pr41353-1.c   -Os  line 28 j == 28 + 37
XPASS: gcc.dg/guality/pr41353-1.c   -O2 -flto -fno-use-linker-plugin
-flto-partition=none  line 28 j == 28 + 37
XPASS: gcc.dg/guality/pr41353-1.c   -O2 -flto -fuse-linker-plugin
-fno-fat-lto-objects  line 28 j == 28 + 37
FAIL: gcc.dg/guality/pr41616-1.c   -O2 -flto -fuse-linker-plugin
-fno-fat-lto-objects  execution test
FAIL: gcc.dg/guality/pr43051-1.c   -O3 -fomit-frame-pointer
-funroll-loops -fpeel-loops -ftracer -finline-functions  line 39 c == &a[0]
UNRESOLVED: gcc.dg/guality/pr43177.c   -O0  line 15 l == 10
FAIL: gcc.dg/guality/pr45882.c   -O2 -flto -fuse-linker-plugin
-fno-fat-lto-objects  line 16 d == 112
FAIL: gcc.dg/guality/pr45882.c   -O2 -flto -fuse-linker-plugin
-fno-fat-lto-objects  line 16 e == 142
FAIL: gcc.dg/guality/pr54200.c   -Os  line 20 z == 3
UNRESOLVED: gcc.dg/guality/pr54519-1.c   -O0  line 23 y == 117
FAIL: gcc.dg/guality/pr54519-1.c   -O2 -flto -fno-use-linker-plugin
-flto-partition=none  line 20 y == 25
FAIL: gcc.dg/guality/pr54519-1.c   -O2 -flto -fno-use-linker-plugin
-flto-partition=none  line 20 z == 6
FAIL: gcc.dg/guality/pr54519-1.c   -O2 -flto -fno-use-linker-plugin
-flto-partition=none  line 23 y == 117
FAIL: gcc.dg/guality/pr54519-1.c   -O2 -flto -fno-use-linker-plugin
-flto-partition=none  line 23 z == 8
FAIL: gcc.dg/guality/pr54519-2.c   -O2 -flto -fno-use-linker-plugin
-flto-partition=none  line 17 y == 25
FAIL: gcc.dg/guality/pr54519-2.c   -O2 -flto -fuse-linker-plugin
-fno-fat-lto-objects  line 17 y == 25
FAIL: gcc.dg/guality/pr54519-3.c   -O2 -flto -fno-use-linker-plugin
-flto-partition=none  line 20 y == 25
FAIL: gcc.dg/guality/pr54519-3.c   -O2 -flto -fno-use-linker-plugin
-flto-partition=none  line 20 z == 6
FAIL: gcc.dg/guality/pr54519-3.c   -O2 -flto -fno-use-linker-plugin
-flto-partition=none  line 23 y == 117
FAIL: gcc.dg/guality/pr54519-3.c   -O2 -flto -fno-use-linker-plugin
-flto-partition=none  line 23 z == 8
FAIL: gcc.dg/guality/pr54519-3.c   -O2 -flto -fuse-linker-plugin
-fno-fat-lto-objects  line 20 y == 25
FAIL: gcc.dg/guality/pr54519-3.c   -O2 -flto -fuse-linker-plugin
-fno-fat-lto-objects  line 20 z == 6
FAIL: gcc.dg/guality/pr54519-3.c   -O2 -flto -fuse-linker-plugin
-fno-fat-lto-objects  line 23 y == 117
FAIL: gcc.dg/guality/pr54519-3.c   -O2 -flto -fuse-linker-plugin
-fno-fat-lto-objects  line 23 z == 8
FAIL: gcc.dg/guality/pr54519-4.c   -O2 -flto -fno-use-linker-plugin
-flto-partition=none  line 17 y == 25
FAIL: gcc.dg/guality/pr54519-4.c   -O2 -flto -fuse-linker-plugin
-fno-fat-lto-objects  line 17 y == 25
FAIL: gcc.dg/guality/pr54519-5.c   -O2 -flto -fno-use-linker-plugin
-flto-partition=none  line 17 y == 25
FAIL: gcc.dg/guality/pr54519-5.c   -O2 -flto -fuse-linker-plugin
-fno-fat-lto-objects  line 17 y == 25
FAIL: gcc.dg/guality/pr54693-2.c   -Os  line 21 x == 10 - i
FAIL: gcc.dg/guality/pr54693-2.c   -Os  line 21 y == 20 - 2 * i
FAIL: gcc.dg/guality/pr56154-1.c   -O1  line pr56154-1.c:17 x.a == 4
FAIL: gcc.dg/guality/pr56154-1.c   -O1  line pr56154-1.c:20 x.a == 6
FAIL: gcc.dg/guality/pr56154-1.c   -O2  line pr56154-1.c:17 x.a == 4
FAIL: gcc.dg/guality/pr56154-1.c   -O2  line pr56154-1.c:20 x.a == 6
FAIL: gcc.dg/guality/pr56154-1.c   -O3 -g  line pr56154-1.c:17 x.a == 4
FAIL: gcc.dg/guality/pr56154-1.c   -O3 -g  line pr56154-1.c:20 x.a == 6
FAIL: gcc.dg/guality/pr56154-1.c   -Os  line pr56154-1.c:17 x.a == 4
FAIL: gcc.dg/guality/pr56154-1.c   -Os  line pr56154-1.c:20 x.a == 6
FAIL: gcc.dg/guality/pr56154-2.c   -O1  line pr56154-2.c:30 x == 28
FAIL: gcc.dg/guality/pr56154-2.c   -O2  line pr56154-2.c:30 x == 28
FAIL: gcc.dg/guality/pr56154-2.c   -O3 -g  line pr56154-2.c:30 x == 28
FAIL: gcc.dg/guality/pr56154-2.c   -Os  line pr56154-2.c:30 x == 28
FAIL: gcc.dg/guality/pr56154-3.c   -O1  line pr56154-3.c:22 x == 28
FAIL: gcc.dg/guality/pr56154-3.c   -O2  line pr56154-3.c:22 x == 28
FAIL: gcc.dg/guality/pr56154-3.c   -O3 -g  line pr56154-3.c:22 x == 28
FAIL: gcc.dg/guality/pr56154-3.c   -Os  line pr56154-3.c:22 x == 28
FAIL: gcc.dg/guality/pr63300-const-volatile.c   -O0  line 9 type:v ==
const volatile int
FAIL: gcc.dg/guality/pr63300-const-volatile.c   -O1  line 9 type:v ==
const volatile int
FAIL: gcc.dg/guality/pr63300-const-volatile.c   -O2  line 9 type:v ==
const volatile int
FAIL: gcc.dg/guality/pr63300-const-volatile.c   -O3 -g  line 9 type:v ==
const volatile int
FAIL: gcc.dg/guality/pr63300-const-volatile.c   -Os  line 9 type:v ==
const volatile int
FAIL: gcc.dg/guality/pr63300-const-volatile.c   -O2 -flto
-fno-use-linker-plugin -flto-partition=none  line 9 type:v == const
volatile int
FAIL: gcc.dg/guality/pr63300-const-volatile.c   -O2 -flto
-fuse-linker-plugin -fno-fat-lto-objects  line 9 type:v == const
volatile int
FAIL: gcc.dg/guality/pr68037-1.c   -O0  execution test
FAIL: gcc.dg/guality/pr68037-1.c   -O0  line 31 frame->ip == 0x12345671
FAIL: gcc.dg/guality/pr68037-1.c   -O0  line 31 frame->cs == 0x12345672
FAIL: gcc.dg/guality/pr68037-2.c   -O0  execution test
FAIL: gcc.dg/guality/pr68037-2.c   -O0  line 30 frame->cs == 0x12345672
FAIL: gcc.dg/guality/pr68037-3.c   -O0  execution test
UNRESOLVED: gcc.dg/guality/pr68860-1.c   -Os  line 14 arg8 == 7
FAIL: gcc.dg/guality/pr68860-1.c   -O2 -flto -fno-use-linker-plugin
-flto-partition=none  line 14 arg1 == 1
FAIL: gcc.dg/guality/pr68860-1.c   -O2 -flto -fno-use-linker-plugin
-flto-partition=none  line 14 arg2 == 2
FAIL: gcc.dg/guality/pr68860-1.c   -O2 -flto -fno-use-linker-plugin
-flto-partition=none  line 14 arg3 == 3
FAIL: gcc.dg/guality/pr68860-1.c   -O2 -flto -fno-use-linker-plugin
-flto-partition=none  line 14 arg4 == 4
FAIL: gcc.dg/guality/pr68860-1.c   -O2 -flto -fno-use-linker-plugin
-flto-partition=none  line 14 arg5 == 5
FAIL: gcc.dg/guality/pr68860-1.c   -O2 -flto -fno-use-linker-plugin
-flto-partition=none  line 14 arg6 == 6
FAIL: gcc.dg/guality/pr68860-1.c   -O2 -flto -fno-use-linker-plugin
-flto-partition=none  line 16 arg1 == 1
FAIL: gcc.dg/guality/pr68860-1.c   -O2 -flto -fno-use-linker-plugin
-flto-partition=none  line 16 arg2 == 2
FAIL: gcc.dg/guality/pr68860-1.c   -O2 -flto -fno-use-linker-plugin
-flto-partition=none  line 16 arg3 == 3
FAIL: gcc.dg/guality/pr68860-1.c   -O2 -flto -fno-use-linker-plugin
-flto-partition=none  line 16 arg4 == 4
FAIL: gcc.dg/guality/pr68860-1.c   -O2 -flto -fno-use-linker-plugin
-flto-partition=none  line 16 arg5 == 5
FAIL: gcc.dg/guality/pr68860-1.c   -O2 -flto -fno-use-linker-plugin
-flto-partition=none  line 16 arg6 == 6
FAIL: gcc.dg/guality/pr68860-1.c   -O2 -flto -fuse-linker-plugin
-fno-fat-lto-objects  line 14 arg1 == 1
FAIL: gcc.dg/guality/pr68860-1.c   -O2 -flto -fuse-linker-plugin
-fno-fat-lto-objects  line 14 arg2 == 2
FAIL: gcc.dg/guality/pr68860-1.c   -O2 -flto -fuse-linker-plugin
-fno-fat-lto-objects  line 14 arg3 == 3
FAIL: gcc.dg/guality/pr68860-1.c   -O2 -flto -fuse-linker-plugin
-fno-fat-lto-objects  line 14 arg4 == 4
FAIL: gcc.dg/guality/pr68860-1.c   -O2 -flto -fuse-linker-plugin
-fno-fat-lto-objects  line 14 arg5 == 5
FAIL: gcc.dg/guality/pr68860-1.c   -O2 -flto -fuse-linker-plugin
-fno-fat-lto-objects  line 14 arg6 == 6
FAIL: gcc.dg/guality/pr68860-1.c   -O2 -flto -fuse-linker-plugin
-fno-fat-lto-objects  line 16 arg1 == 1
FAIL: gcc.dg/guality/pr68860-1.c   -O2 -flto -fuse-linker-plugin
-fno-fat-lto-objects  line 16 arg2 == 2
FAIL: gcc.dg/guality/pr68860-1.c   -O2 -flto -fuse-linker-plugin
-fno-fat-lto-objects  line 16 arg3 == 3
FAIL: gcc.dg/guality/pr68860-1.c   -O2 -flto -fuse-linker-plugin
-fno-fat-lto-objects  line 16 arg4 == 4
FAIL: gcc.dg/guality/pr68860-1.c   -O2 -flto -fuse-linker-plugin
-fno-fat-lto-objects  line 16 arg5 == 5
FAIL: gcc.dg/guality/pr68860-1.c   -O2 -flto -fuse-linker-plugin
-fno-fat-lto-objects  line 16 arg6 == 6
FAIL: gcc.dg/guality/restrict.c   -O0  line 30 type:ip == int *
FAIL: gcc.dg/guality/restrict.c   -O0  line 30 type:cip == const int *
FAIL: gcc.dg/guality/restrict.c   -O0  line 30 type:irp == int * restrict
FAIL: gcc.dg/guality/restrict.c   -O0  line 30 type:icp == int * const
FAIL: gcc.dg/guality/restrict.c   -O0  line 30 type:cirp == const int *
restrict
FAIL: gcc.dg/guality/restrict.c   -O0  line 30 type:icrp == int * const
restrict
FAIL: gcc.dg/guality/restrict.c   -O0  line 30 type:cicrp == const int *
const restrict
FAIL: gcc.dg/guality/restrict.c   -O0  line 30 type:cvirp == int * const
volatile restrict
FAIL: gcc.dg/guality/restrict.c   -O0  line 30 type:pcvir == const
volatile int * restrict
FAIL: gcc.dg/guality/restrict.c   -O0  line 30 type:main == int (int,
char **)
FAIL: gcc.dg/guality/restrict.c   -O0  line 30 type:cpy == void *(void *
restrict, const void * restrict, unsigned int)
FAIL: gcc.dg/guality/restrict.c   -O1  line 30 type:ip == int *
FAIL: gcc.dg/guality/restrict.c   -O1  line 30 type:cip == const int *
FAIL: gcc.dg/guality/restrict.c   -O1  line 30 type:irp == int * restrict
FAIL: gcc.dg/guality/restrict.c   -O1  line 30 type:icp == int * const
FAIL: gcc.dg/guality/restrict.c   -O1  line 30 type:cirp == const int *
restrict
FAIL: gcc.dg/guality/restrict.c   -O1  line 30 type:icrp == int * const
restrict
FAIL: gcc.dg/guality/restrict.c   -O1  line 30 type:cicrp == const int *
const restrict
FAIL: gcc.dg/guality/restrict.c   -O1  line 30 type:cvirp == int * const
volatile restrict
FAIL: gcc.dg/guality/restrict.c   -O1  line 30 type:pcvir == const
volatile int * restrict
FAIL: gcc.dg/guality/restrict.c   -O1  line 30 type:main == int (int,
char **)
FAIL: gcc.dg/guality/restrict.c   -O1  line 30 type:cpy == void *(void *
restrict, const void * restrict, unsigned int)
FAIL: gcc.dg/guality/restrict.c   -O2  line 30 type:ip == int *
FAIL: gcc.dg/guality/restrict.c   -O2  line 30 type:cip == const int *
FAIL: gcc.dg/guality/restrict.c   -O2  line 30 type:irp == int * restrict
FAIL: gcc.dg/guality/restrict.c   -O2  line 30 type:icp == int * const
FAIL: gcc.dg/guality/restrict.c   -O2  line 30 type:cirp == const int *
restrict
FAIL: gcc.dg/guality/restrict.c   -O2  line 30 type:icrp == int * const
restrict
FAIL: gcc.dg/guality/restrict.c   -O2  line 30 type:cicrp == const int *
const restrict
FAIL: gcc.dg/guality/restrict.c   -O2  line 30 type:cvirp == int * const
volatile restrict
FAIL: gcc.dg/guality/restrict.c   -O2  line 30 type:pcvir == const
volatile int * restrict
FAIL: gcc.dg/guality/restrict.c   -O2  line 30 type:main == int (int,
char **)
FAIL: gcc.dg/guality/restrict.c   -O2  line 30 type:cpy == void *(void *
restrict, const void * restrict, unsigned int)
FAIL: gcc.dg/guality/restrict.c   -O3 -fomit-frame-pointer
-funroll-loops -fpeel-loops -ftracer -finline-functions  line 30 type:ip
== int *
FAIL: gcc.dg/guality/restrict.c   -O3 -fomit-frame-pointer
-funroll-loops -fpeel-loops -ftracer -finline-functions  line 30
type:cip == const int *
FAIL: gcc.dg/guality/restrict.c   -O3 -fomit-frame-pointer
-funroll-loops -fpeel-loops -ftracer -finline-functions  line 30
type:irp == int * restrict
FAIL: gcc.dg/guality/restrict.c   -O3 -fomit-frame-pointer
-funroll-loops -fpeel-loops -ftracer -finline-functions  line 30
type:icp == int * const
FAIL: gcc.dg/guality/restrict.c   -O3 -fomit-frame-pointer
-funroll-loops -fpeel-loops -ftracer -finline-functions  line 30
type:cirp == const int * restrict
FAIL: gcc.dg/guality/restrict.c   -O3 -fomit-frame-pointer
-funroll-loops -fpeel-loops -ftracer -finline-functions  line 30
type:icrp == int * const restrict
FAIL: gcc.dg/guality/restrict.c   -O3 -fomit-frame-pointer
-funroll-loops -fpeel-loops -ftracer -finline-functions  line 30
type:cicrp == const int * const restrict
FAIL: gcc.dg/guality/restrict.c   -O3 -fomit-frame-pointer
-funroll-loops -fpeel-loops -ftracer -finline-functions  line 30
type:cvirp == int * const volatile restrict
FAIL: gcc.dg/guality/restrict.c   -O3 -fomit-frame-pointer
-funroll-loops -fpeel-loops -ftracer -finline-functions  line 30
type:pcvir == const volatile int * restrict
FAIL: gcc.dg/guality/restrict.c   -O3 -fomit-frame-pointer
-funroll-loops -fpeel-loops -ftracer -finline-functions  line 30
type:main == int (int, char **)
FAIL: gcc.dg/guality/restrict.c   -O3 -fomit-frame-pointer
-funroll-loops -fpeel-loops -ftracer -finline-functions  line 30
type:cpy == void *(void * restrict, const void * restrict, unsigned int)
FAIL: gcc.dg/guality/restrict.c   -O3 -g  line 30 type:ip == int *
FAIL: gcc.dg/guality/restrict.c   -O3 -g  line 30 type:cip == const int *
FAIL: gcc.dg/guality/restrict.c   -O3 -g  line 30 type:irp == int * restrict
FAIL: gcc.dg/guality/restrict.c   -O3 -g  line 30 type:icp == int * const
FAIL: gcc.dg/guality/restrict.c   -O3 -g  line 30 type:cirp == const int
* restrict
FAIL: gcc.dg/guality/restrict.c   -O3 -g  line 30 type:icrp == int *
const restrict
FAIL: gcc.dg/guality/restrict.c   -O3 -g  line 30 type:cicrp == const
int * const restrict
FAIL: gcc.dg/guality/restrict.c   -O3 -g  line 30 type:cvirp == int *
const volatile restrict
FAIL: gcc.dg/guality/restrict.c   -O3 -g  line 30 type:pcvir == const
volatile int * restrict
FAIL: gcc.dg/guality/restrict.c   -O3 -g  line 30 type:main == int (int,
char **)
FAIL: gcc.dg/guality/restrict.c   -O3 -g  line 30 type:cpy == void
*(void * restrict, const void * restrict, unsigned int)
FAIL: gcc.dg/guality/restrict.c   -Os  line 30 type:ip == int *
FAIL: gcc.dg/guality/restrict.c   -Os  line 30 type:cip == const int *
FAIL: gcc.dg/guality/restrict.c   -Os  line 30 type:irp == int * restrict
FAIL: gcc.dg/guality/restrict.c   -Os  line 30 type:icp == int * const
FAIL: gcc.dg/guality/restrict.c   -Os  line 30 type:cirp == const int *
restrict
FAIL: gcc.dg/guality/restrict.c   -Os  line 30 type:icrp == int * const
restrict
FAIL: gcc.dg/guality/restrict.c   -Os  line 30 type:cicrp == const int *
const restrict
FAIL: gcc.dg/guality/restrict.c   -Os  line 30 type:cvirp == int * const
volatile restrict
FAIL: gcc.dg/guality/restrict.c   -Os  line 30 type:pcvir == const
volatile int * restrict
FAIL: gcc.dg/guality/restrict.c   -Os  line 30 type:main == int (int,
char **)
FAIL: gcc.dg/guality/restrict.c   -Os  line 30 type:cpy == void *(void *
restrict, const void * restrict, unsigned int)
FAIL: gcc.dg/guality/restrict.c   -O2 -flto -fno-use-linker-plugin
-flto-partition=none  line 30 type:ip == int *
FAIL: gcc.dg/guality/restrict.c   -O2 -flto -fno-use-linker-plugin
-flto-partition=none  line 30 type:cip == const int *
FAIL: gcc.dg/guality/restrict.c   -O2 -flto -fno-use-linker-plugin
-flto-partition=none  line 30 type:irp == int * restrict
FAIL: gcc.dg/guality/restrict.c   -O2 -flto -fno-use-linker-plugin
-flto-partition=none  line 30 type:icp == int * const
FAIL: gcc.dg/guality/restrict.c   -O2 -flto -fno-use-linker-plugin
-flto-partition=none  line 30 type:cirp == const int * restrict
FAIL: gcc.dg/guality/restrict.c   -O2 -flto -fno-use-linker-plugin
-flto-partition=none  line 30 type:icrp == int * const restrict
FAIL: gcc.dg/guality/restrict.c   -O2 -flto -fno-use-linker-plugin
-flto-partition=none  line 30 type:cicrp == const int * const restrict
FAIL: gcc.dg/guality/restrict.c   -O2 -flto -fno-use-linker-plugin
-flto-partition=none  line 30 type:cvirp == int * const volatile restrict
FAIL: gcc.dg/guality/restrict.c   -O2 -flto -fno-use-linker-plugin
-flto-partition=none  line 30 type:pcvir == const volatile int * restrict
FAIL: gcc.dg/guality/restrict.c   -O2 -flto -fno-use-linker-plugin
-flto-partition=none  line 30 type:main == int (int, char **)
FAIL: gcc.dg/guality/restrict.c   -O2 -flto -fno-use-linker-plugin
-flto-partition=none  line 30 type:cpy == void *(void * restrict, const
void * restrict, unsigned int)
FAIL: gcc.dg/guality/restrict.c   -O2 -flto -fuse-linker-plugin
-fno-fat-lto-objects  line 30 type:ip == int *
FAIL: gcc.dg/guality/restrict.c   -O2 -flto -fuse-linker-plugin
-fno-fat-lto-objects  line 30 type:cip == const int *
FAIL: gcc.dg/guality/restrict.c   -O2 -flto -fuse-linker-plugin
-fno-fat-lto-objects  line 30 type:irp == int * restrict
FAIL: gcc.dg/guality/restrict.c   -O2 -flto -fuse-linker-plugin
-fno-fat-lto-objects  line 30 type:icp == int * const
FAIL: gcc.dg/guality/restrict.c   -O2 -flto -fuse-linker-plugin
-fno-fat-lto-objects  line 30 type:cirp == const int * restrict
FAIL: gcc.dg/guality/restrict.c   -O2 -flto -fuse-linker-plugin
-fno-fat-lto-objects  line 30 type:icrp == int * const restrict
FAIL: gcc.dg/guality/restrict.c   -O2 -flto -fuse-linker-plugin
-fno-fat-lto-objects  line 30 type:cicrp == const int * const restrict
FAIL: gcc.dg/guality/restrict.c   -O2 -flto -fuse-linker-plugin
-fno-fat-lto-objects  line 30 type:cvirp == int * const volatile restrict
FAIL: gcc.dg/guality/restrict.c   -O2 -flto -fuse-linker-plugin
-fno-fat-lto-objects  line 30 type:pcvir == const volatile int * restrict
FAIL: gcc.dg/guality/restrict.c   -O2 -flto -fuse-linker-plugin
-fno-fat-lto-objects  line 30 type:main == int (int, char **)
FAIL: gcc.dg/guality/restrict.c   -O2 -flto -fuse-linker-plugin
-fno-fat-lto-objects  line 30 type:cpy == void *(void * restrict, const
void * restrict, unsigned int)
FAIL: gcc.dg/guality/vla-1.c   -O1  line 17 sizeof (a) == 6
FAIL: gcc.dg/guality/vla-1.c   -O2  line 17 sizeof (a) == 6
FAIL: gcc.dg/guality/vla-1.c   -O3 -g  line 17 sizeof (a) == 6
FAIL: gcc.dg/guality/vla-1.c   -Os  line 17 sizeof (a) == 6
FAIL: gcc.dg/guality/vla-1.c   -O2 -flto -fno-use-linker-plugin
-flto-partition=none  line 17 sizeof (a) == 6
FAIL: gcc.dg/guality/vla-1.c   -O2 -flto -fuse-linker-plugin
-fno-fat-lto-objects  line 17 sizeof (a) == 6
FAIL: gcc.dg/ipa/pr63595.c (test for excess errors)
FAIL: gcc.dg/lto/pr50199 c_lto_pr50199_0.o-c_lto_pr50199_0.o execute -O2
-flto -fno-merge-constants --param=lto-min-partition=1
FAIL: gcc.dg/lto/pr60820 c_lto_pr60820_0.o-c_lto_pr60820_1.o link, -flto
-r -nostdlib -O2
UNRESOLVED: gcc.dg/lto/pr60820 c_lto_pr60820_0.o-c_lto_pr60820_1.o
execute -flto -r -nostdlib -O2
FAIL: gcc.dg/simulate-thread/atomic-other-longlong.c   -O3 -g  thread
simulation test
FAIL: gcc.dg/sso/p2.c   -O0  output pattern test
FAIL: gcc.dg/sso/p2.c   -O1 -fno-inline  output pattern test
FAIL: gcc.dg/sso/p2.c   -O2  output pattern test
FAIL: gcc.dg/sso/p2.c   -O3 -finline-functions  output pattern test
FAIL: gcc.dg/sso/p2.c   -Os  output pattern test
FAIL: gcc.dg/sso/p2.c   -Og -g  output pattern test
FAIL: gcc.dg/sso/p3.c   -O0  output pattern test
FAIL: gcc.dg/sso/p3.c   -O1 -fno-inline  output pattern test
FAIL: gcc.dg/sso/p3.c   -O2  output pattern test
FAIL: gcc.dg/sso/p3.c   -O3 -finline-functions  output pattern test
FAIL: gcc.dg/sso/p3.c   -Os  output pattern test
FAIL: gcc.dg/sso/p3.c   -Og -g  output pattern test
FAIL: gcc.dg/sso/q2.c   -O0  output pattern test
FAIL: gcc.dg/sso/q2.c   -O1 -fno-inline  output pattern test
FAIL: gcc.dg/sso/q2.c   -O2  output pattern test
FAIL: gcc.dg/sso/q2.c   -O3 -finline-functions  output pattern test
FAIL: gcc.dg/sso/q2.c   -Os  output pattern test
FAIL: gcc.dg/sso/q2.c   -Og -g  output pattern test
FAIL: gcc.dg/sso/q3.c   -O0  output pattern test
FAIL: gcc.dg/sso/q3.c   -O1 -fno-inline  output pattern test
FAIL: gcc.dg/sso/q3.c   -O2  output pattern test
FAIL: gcc.dg/sso/q3.c   -O3 -finline-functions  output pattern test
FAIL: gcc.dg/sso/q3.c   -Os  output pattern test
FAIL: gcc.dg/sso/q3.c   -Og -g  output pattern test
FAIL: gcc.dg/sso/r3.c   -O0  output pattern test
FAIL: gcc.dg/sso/r3.c   -O1 -fno-inline  output pattern test
FAIL: gcc.dg/sso/r3.c   -O2  output pattern test
FAIL: gcc.dg/sso/r3.c   -O3 -finline-functions  output pattern test
FAIL: gcc.dg/sso/r3.c   -Os  output pattern test
FAIL: gcc.dg/sso/r3.c   -Og -g  output pattern test
FAIL: gcc.dg/sso/s3.c   -O0  output pattern test
FAIL: gcc.dg/sso/s3.c   -O1 -fno-inline  output pattern test
FAIL: gcc.dg/sso/s3.c   -O2  output pattern test
FAIL: gcc.dg/sso/s3.c   -O3 -finline-functions  output pattern test
FAIL: gcc.dg/sso/s3.c   -Os  output pattern test
FAIL: gcc.dg/sso/s3.c   -Og -g  output pattern test
FAIL: gcc.dg/sso/t2.c   -O0  output pattern test
FAIL: gcc.dg/sso/t2.c   -O1 -fno-inline  output pattern test
FAIL: gcc.dg/sso/t2.c   -O2  output pattern test
FAIL: gcc.dg/sso/t2.c   -O3 -finline-functions  output pattern test
FAIL: gcc.dg/sso/t2.c   -Os  output pattern test
FAIL: gcc.dg/sso/t2.c   -Og -g  output pattern test
FAIL: gcc.dg/sso/t3.c   -O0  output pattern test
FAIL: gcc.dg/sso/t3.c   -O1 -fno-inline  output pattern test
FAIL: gcc.dg/sso/t3.c   -O2  output pattern test
FAIL: gcc.dg/sso/t3.c   -O3 -finline-functions  output pattern test
FAIL: gcc.dg/sso/t3.c   -Os  output pattern test
FAIL: gcc.dg/sso/t3.c   -Og -g  output pattern test
FAIL: gcc.dg/torture/pr57584.c   -O0  (test for excess errors)
FAIL: gcc.dg/torture/pr57584.c   -O1  (test for excess errors)
FAIL: gcc.dg/torture/pr57584.c   -O2  (test for excess errors)
FAIL: gcc.dg/torture/pr57584.c   -O3 -fomit-frame-pointer -funroll-loops
-fpeel-loops -ftracer -finline-functions  (test for excess errors)
FAIL: gcc.dg/torture/pr57584.c   -O3 -g  (test for excess errors)
FAIL: gcc.dg/torture/pr57584.c   -Os  (test for excess errors)
FAIL: gcc.dg/torture/pr57584.c   -O2 -flto -fno-use-linker-plugin
-flto-partition=none  (test for excess errors)
FAIL: gcc.dg/torture/pr57584.c   -O2 -flto -fuse-linker-plugin
-fno-fat-lto-objects  (test for excess errors)
FAIL: gcc.dg/torture/pr59330.c   -O2 -flto -fuse-linker-plugin
-fno-fat-lto-objects  (test for excess errors)
UNRESOLVED: gcc.dg/torture/pr59330.c   -O2 -flto -fuse-linker-plugin
-fno-fat-lto-objects  compilation failed to produce executable
FAIL: gcc.dg/torture/pr68037-1.c   -O0  execution test
FAIL: gcc.dg/torture/pr68037-2.c   -O0  execution test
FAIL: gcc.dg/torture/pr68037-3.c   -O0  execution test
FAIL: gcc.dg/torture/pr68264.c   -O0  execution test
FAIL: gcc.dg/torture/pr68264.c   -O1  execution test
FAIL: gcc.dg/torture/pr68264.c   -O2  execution test
FAIL: gcc.dg/torture/pr68264.c   -O3 -g  execution test
FAIL: gcc.dg/torture/pr68264.c   -Os  execution test
FAIL: gcc.dg/torture/pr68264.c   -O2 -flto -fno-use-linker-plugin
-flto-partition=none  execution test
FAIL: gcc.dg/torture/pr68264.c   -O2 -flto -fuse-linker-plugin
-fno-fat-lto-objects  execution test
FAIL: gcc.dg/torture/pr69613.c   -O0  execution test
FAIL: gcc.dg/torture/pr70935.c   -O0  (test for excess errors)
FAIL: gcc.dg/torture/pr70935.c   -O1  (test for excess errors)
FAIL: gcc.dg/torture/pr70935.c   -O2  (test for excess errors)
FAIL: gcc.dg/torture/pr70935.c   -O3 -fomit-frame-pointer -funroll-loops
-fpeel-loops -ftracer -finline-functions  (test for excess errors)
FAIL: gcc.dg/torture/pr70935.c   -O3 -g  (test for excess errors)
FAIL: gcc.dg/torture/pr70935.c   -Os  (test for excess errors)
FAIL: gcc.dg/torture/pr70935.c   -O2 -flto -fno-use-linker-plugin
-flto-partition=none  (test for excess errors)
FAIL: gcc.dg/torture/pr70935.c   -O2 -flto -fuse-linker-plugin
-fno-fat-lto-objects  (test for excess errors)
FAIL: gcc.dg/torture/pr80163.c   -O0  (test for excess errors)
FAIL: gcc.dg/torture/pr80163.c   -O1  (test for excess errors)
FAIL: gcc.dg/torture/pr80163.c   -O2  (test for excess errors)
FAIL: gcc.dg/torture/pr80163.c   -O3 -g  (test for excess errors)
FAIL: gcc.dg/torture/pr80163.c   -Os  (test for excess errors)
FAIL: gcc.dg/torture/pr80163.c   -O2 -flto -fno-use-linker-plugin
-flto-partition=none  (test for excess errors)
FAIL: gcc.dg/torture/pr80163.c   -O2 -flto -fuse-linker-plugin
-fno-fat-lto-objects  (test for excess errors)
FAIL: gcc.dg/tree-prof/comp-goto-1.c compilation,  -fprofile-generate
-D_PROFILE_GENERATE
UNRESOLVED: gcc.dg/tree-prof/comp-goto-1.c execution,
-fprofile-generate -D_PROFILE_GENERATE
UNRESOLVED: gcc.dg/tree-prof/comp-goto-1.c compilation,  -fprofile-use
-D_PROFILE_USE
UNRESOLVED: gcc.dg/tree-prof/comp-goto-1.c execution,    -fprofile-use
-D_PROFILE_USE
FAIL: gcc.dg/tree-prof/section-attr-1.c compilation,  -fprofile-generate
-D_PROFILE_GENERATE
UNRESOLVED: gcc.dg/tree-prof/section-attr-1.c execution,
-fprofile-generate -D_PROFILE_GENERATE
UNRESOLVED: gcc.dg/tree-prof/section-attr-1.c compilation,
-fprofile-use -D_PROFILE_USE
UNRESOLVED: gcc.dg/tree-prof/section-attr-1.c execution,
-fprofile-use -D_PROFILE_USE
FAIL: gcc.dg/tree-prof/time-profiler-2.c compilation,
-fprofile-generate -D_PROFILE_GENERATE
UNRESOLVED: gcc.dg/tree-prof/time-profiler-2.c execution,
-fprofile-generate -D_PROFILE_GENERATE
UNRESOLVED: gcc.dg/tree-prof/time-profiler-2.c compilation,
-fprofile-use -D_PROFILE_USE
UNRESOLVED: gcc.dg/tree-prof/time-profiler-2.c execution,
-fprofile-use -D_PROFILE_USE
FAIL: gcc.dg/tree-ssa/builtin-snprintf-3.c (test for excess errors)
FAIL: gcc.dg/tree-ssa/builtin-sprintf-2.c scan-tree-dump-times optimized
"> \\\\[[0-9.]+%\\\\]:\\n *must_not_eliminate" 96
FAIL: gcc.dg/tree-ssa/builtin-sprintf-6.c (test for excess errors)
FAIL: gcc.dg/tree-ssa/builtin-sprintf-warn-1.c  (test for warnings, line
469)
FAIL: gcc.dg/tree-ssa/builtin-sprintf-warn-1.c  (test for warnings, line
470)
FAIL: gcc.dg/tree-ssa/builtin-sprintf-warn-1.c  (test for warnings, line
472)
FAIL: gcc.dg/tree-ssa/builtin-sprintf-warn-1.c  (test for warnings, line
472)
FAIL: gcc.dg/tree-ssa/builtin-sprintf-warn-1.c  (test for warnings, line
764)
FAIL: gcc.dg/tree-ssa/builtin-sprintf-warn-1.c  (test for warnings, line
767)
FAIL: gcc.dg/tree-ssa/builtin-sprintf-warn-1.c  (test for warnings, line
768)
FAIL: gcc.dg/tree-ssa/builtin-sprintf-warn-1.c  (test for warnings, line
769)
FAIL: gcc.dg/tree-ssa/builtin-sprintf-warn-1.c  (test for warnings, line
771)
FAIL: gcc.dg/tree-ssa/builtin-sprintf-warn-1.c  (test for warnings, line
771)
FAIL: gcc.dg/tree-ssa/builtin-sprintf-warn-1.c  (test for warnings, line
1150)
FAIL: gcc.dg/tree-ssa/builtin-sprintf-warn-1.c  (test for warnings, line
1151)
FAIL: gcc.dg/tree-ssa/builtin-sprintf-warn-1.c  (test for warnings, line
1152)
FAIL: gcc.dg/tree-ssa/builtin-sprintf-warn-1.c (test for excess errors)
FAIL: gcc.dg/tree-ssa/builtin-sprintf-warn-10.c (test for excess errors)
FAIL: gcc.dg/tree-ssa/builtin-sprintf-warn-12.c (test for excess errors)
FAIL: gcc.dg/tree-ssa/builtin-sprintf-warn-13.c (test for excess errors)
FAIL: gcc.dg/tree-ssa/builtin-sprintf-warn-15.c (test for excess errors)
FAIL: gcc.dg/tree-ssa/builtin-sprintf-warn-16.c  (test for warnings,
line 72)
FAIL: gcc.dg/tree-ssa/builtin-sprintf-warn-16.c  (test for warnings,
line 74)
FAIL: gcc.dg/tree-ssa/builtin-sprintf-warn-16.c  (test for warnings,
line 121)
FAIL: gcc.dg/tree-ssa/builtin-sprintf-warn-16.c  (test for warnings,
line 123)
FAIL: gcc.dg/tree-ssa/builtin-sprintf-warn-16.c  (test for warnings,
line 175)
FAIL: gcc.dg/tree-ssa/builtin-sprintf-warn-16.c  (test for warnings,
line 177)
FAIL: gcc.dg/tree-ssa/builtin-sprintf-warn-16.c  (test for warnings,
line 224)
FAIL: gcc.dg/tree-ssa/builtin-sprintf-warn-16.c  (test for warnings,
line 226)
FAIL: gcc.dg/tree-ssa/builtin-sprintf-warn-16.c (test for excess errors)
FAIL: gcc.dg/tree-ssa/builtin-sprintf-warn-2.c -Wformat (test for
warnings, line 173)
FAIL: gcc.dg/tree-ssa/builtin-sprintf-warn-2.c -Wformat (test for
warnings, line 179)
FAIL: gcc.dg/tree-ssa/builtin-sprintf-warn-2.c -Wformat (test for
warnings, line 185)
FAIL: gcc.dg/tree-ssa/builtin-sprintf-warn-2.c -Wformat (test for
warnings, line 191)
FAIL: gcc.dg/tree-ssa/builtin-sprintf-warn-2.c -Wformat (test for
warnings, line 193)
FAIL: gcc.dg/tree-ssa/builtin-sprintf-warn-2.c -Wformat (test for
warnings, line 196)
FAIL: gcc.dg/tree-ssa/builtin-sprintf-warn-2.c (test for excess errors)
FAIL: gcc.dg/tree-ssa/builtin-sprintf-warn-3.c (test for excess errors)
FAIL: gcc.dg/tree-ssa/builtin-sprintf-warn-6.c (test for excess errors)
FAIL: gcc.dg/tree-ssa/builtin-sprintf-warn-9.c (test for excess errors)
FAIL: gcc.dg/tree-ssa/builtin-sprintf.c  (test for warnings, line 307)
FAIL: gcc.dg/tree-ssa/builtin-sprintf.c (test for excess errors)
FAIL: gcc.dg/tree-ssa/builtin-sprintf.c execution test
FAIL: gcc.dg/tree-ssa/dump-2.c scan-tree-dump optimized "<bb [0-9]>
\\\\[100\\\\.00%\\\\]:"
FAIL: gcc.dg/tree-ssa/pr56727.c scan-tree-dump optimized
"do_not_optimize .0"
FAIL: gcc.dg/tree-ssa/pr78886.c (test for excess errors)
FAIL: gcc.dg/tree-ssa/ssa-dom-thread-8.c execution test
XPASS: gcc.dg/tree-ssa/ssa-store-ccp-2.c scan-tree-dump-times optimized
"conststaticvariable" 1
FAIL: gcc.dg/tree-ssa/vrp101.c scan-tree-dump optimized "<bb 2>
\\\\[[0-9.]+%\\\\]:[\\n\\r ]*return 0;"
FAIL: gcc.dg/vect/vect-align-2.c -flto -ffat-lto-objects
scan-tree-dump-times vect "Alignment of access forced using peeling" 0
FAIL: gcc.dg/vect/vect-align-2.c scan-tree-dump-times vect "Alignment of
access forced using peeling" 0
FAIL: gcc.dg/vect/vect-simd-clone-4.c execution test
FAIL: gcc.dg/vect/vect-simd-clone-4.c -flto -ffat-lto-objects execution test
FAIL: gcc.target/i386/20060512-1.c execution test
FAIL: gcc.target/i386/align-limit.c scan-assembler .p2align 6,,1
FAIL: gcc.target/i386/amd64-abi-9.c scan-assembler-times xorl[\\\\t
]*\\\\%eax,[\\\\t ]*%eax 2
FAIL: gcc.target/i386/avx-1.c (test for excess errors)
FAIL: gcc.target/i386/avx-extract-1.c execution test
FAIL: gcc.target/i386/avx-pr57233.c execution test
FAIL: gcc.target/i386/avx-pr63594-2.c execution test
FAIL: gcc.target/i386/avx-set-v16hi-4.c execution test
FAIL: gcc.target/i386/avx-set-v16hi-5.c execution test
FAIL: gcc.target/i386/avx-set-v32qi-4.c execution test
FAIL: gcc.target/i386/avx-set-v32qi-5.c execution test
FAIL: gcc.target/i386/avx-set-v4df-4.c execution test
FAIL: gcc.target/i386/avx-set-v4di-4.c execution test
FAIL: gcc.target/i386/avx-set-v4di-5.c execution test
FAIL: gcc.target/i386/avx-set-v8sf-4.c execution test
FAIL: gcc.target/i386/avx-set-v8si-5.c execution test
FAIL: gcc.target/i386/avx-vextractf128-256-5.c  (test for warnings, line 7)
FAIL: gcc.target/i386/avx5124fmadd-v4fmaddps-2.c (test for excess errors)
UNRESOLVED: gcc.target/i386/avx5124fmadd-v4fmaddps-2.c compilation
failed to produce executable
FAIL: gcc.target/i386/avx5124fmadd-v4fnmaddps-2.c (test for excess errors)
UNRESOLVED: gcc.target/i386/avx5124fmadd-v4fnmaddps-2.c compilation
failed to produce executable
FAIL: gcc.target/i386/avx5124vnniw-vp4dpwssd-2.c (test for excess errors)
UNRESOLVED: gcc.target/i386/avx5124vnniw-vp4dpwssd-2.c compilation
failed to produce executable
FAIL: gcc.target/i386/avx5124vnniw-vp4dpwssds-2.c (test for excess errors)
UNRESOLVED: gcc.target/i386/avx5124vnniw-vp4dpwssds-2.c compilation
failed to produce executable
FAIL: gcc.target/i386/avx512bw-pr84524.c (test for excess errors)
UNRESOLVED: gcc.target/i386/avx512bw-pr84524.c compilation failed to
produce executable
FAIL: gcc.target/i386/avx512bw-vpmaddwd-3.c (test for excess errors)
FAIL: gcc.target/i386/avx512bw-vpsraw-3.c (test for excess errors)
FAIL: gcc.target/i386/avx512dq-concatv2di-1.c scan-assembler
vpinsrq[^\\n\\r]*\\\\\$1[^\\n\\r]*%rsi[^\\n\\r]*%xmm16[^\\n\\r]*%xmm17
FAIL: gcc.target/i386/avx512dq-concatv2di-1.c scan-assembler
vpinsrq[^\\n\\r]*\\\\\$1[^\\n\\r]*%[re]si[^\\n\\r]*%xmm18[^\\n\\r]*%xmm19
FAIL: gcc.target/i386/avx512dq-concatv2di-1.c scan-assembler
vmov[dq][^\\n\\r]*%rdi[^\\n\\r]*%xmm20
FAIL: gcc.target/i386/avx512dq-concatv2di-1.c scan-assembler
vmovq[^\\n\\r]*%[re]di[^\\n\\r]*%xmm21
FAIL: gcc.target/i386/avx512f-cvt-1.c (test for excess errors)
FAIL: gcc.target/i386/avx512f-pr84786-1.c (test for excess errors)
UNRESOLVED: gcc.target/i386/avx512f-pr84786-1.c compilation failed to
produce executable
FAIL: gcc.target/i386/avx512f-rint-sfix-vec-2.c scan-assembler-times
vcvtpd2dq[^\\n]+ymm[0-9](?:\\n|[ \\\\t]+#) 2
FAIL: gcc.target/i386/avx512f-rint-sfix-vec-2.c scan-assembler-times
vinserti64x4[^\\n]+zmm[0-9](?:\\n|[ \\\\t]+#) 1
FAIL: gcc.target/i386/avx512f-rintf-sfix-vec-2.c scan-assembler-times
vcvtps2dq[^\\n]+zmm[0-9](?:\\n|[ \\\\t]+#) 1
FAIL: gcc.target/i386/avx512f-roundf-sfix-vec-2.c scan-assembler-times
vrndscaleps[^\\n]+zmm[0-9](?:\\n|[ \\\\t]+#) 1
FAIL: gcc.target/i386/avx512f-roundf-sfix-vec-2.c scan-assembler-times
vcvttps2dq[^\\n]+zmm[0-9].{7}(?:\\n|[ \\\\t]+#) 1
FAIL: gcc.target/i386/avx512vl-concatv2di-1.c scan-assembler
vmovhps[^\\n\\r]*%[re]si[^\\n\\r]*%xmm18[^\\n\\r]*%xmm19
FAIL: gcc.target/i386/avx512vl-concatv2di-1.c scan-assembler
vmov[dq][^\\n\\r]*%rdi[^\\n\\r]*%xmm20
FAIL: gcc.target/i386/avx512vl-concatv2di-1.c scan-assembler
vmovq[^\\n\\r]*%[re]di[^\\n\\r]*%xmm21
FAIL: gcc.target/i386/avx512vl-gather-1.c (test for excess errors)
UNRESOLVED: gcc.target/i386/avx512vl-gather-1.c compilation failed to
produce executable
FAIL: gcc.target/i386/avx512vl-vbroadcast-3.c scan-assembler-times
vbroadcastss[^\\n\\r]*%[re]di[^\\n\\r]*%xmm16 4
FAIL: gcc.target/i386/avx512vl-vbroadcast-3.c scan-assembler-times
vbroadcastss[^\\n\\r]*%[re]di[^\\n\\r]*%ymm16 3
FAIL: gcc.target/i386/avx512vl-vcvtps2ph-3.c scan-assembler
vcvtps2ph[^\\n\\r]*\\\\\$1[^\\n\\r]*%ymm16[^\\n\\r]*%[re]di
FAIL: gcc.target/i386/avx512vl-vmovq-1.c (test for excess errors)
FAIL: gcc.target/i386/avx512vl-vpsrad-3.c (test for excess errors)
FAIL: gcc.target/i386/avx512vl-vround-2.c (test for excess errors)
UNRESOLVED: gcc.target/i386/avx512vl-vround-2.c compilation failed to
produce executable
FAIL: gcc.target/i386/chkp-hidden-def.c scan-assembler-not test.chkp
FAIL: gcc.target/i386/chkp-lifetime-1.c (internal compiler error)
FAIL: gcc.target/i386/chkp-lifetime-1.c (test for excess errors)
FAIL: gcc.target/i386/chkp-narrow-bounds.c scan-tree-dump chkp "bndcl"
FAIL: gcc.target/i386/chkp-narrow-bounds.c scan-tree-dump chkp "bndcu"
FAIL: gcc.target/i386/chkp-pr69044.c (test for excess errors)
FAIL: gcc.target/i386/conversion-2.c scan-assembler (ax|di), %xmm1
FAIL: gcc.target/i386/conversion-2.c scan-assembler (ax|di), %xmm3
FAIL: gcc.target/i386/fuse-caller-save-xmm.c scan-assembler-times
addpd\\t\\\\.?LC0.*, %xmm0 1
FAIL: gcc.target/i386/fuse-caller-save-xmm.c scan-assembler-times
movapd\\t%xmm0, %xmm1 1
FAIL: gcc.target/i386/fuse-caller-save.c scan-assembler-times
addl\\t%[re]?d[ix], %[re]?ax 1
FAIL: gcc.target/i386/indirect-thunk-1.c scan-assembler jmp[
\\t]*__x86_indirect_thunk_(r|e)ax
FAIL: gcc.target/i386/indirect-thunk-1.c scan-assembler jmp[ \\t]*.LIND
FAIL: gcc.target/i386/indirect-thunk-1.c scan-assembler call[ \\t]*.LIND
FAIL: gcc.target/i386/indirect-thunk-1.c scan-assembler \\\\tpause
FAIL: gcc.target/i386/indirect-thunk-1.c scan-assembler \\\\tlfence
FAIL: gcc.target/i386/indirect-thunk-2.c scan-assembler jmp[
\\t]*__x86_indirect_thunk_(r|e)ax
FAIL: gcc.target/i386/indirect-thunk-2.c scan-assembler jmp[ \\t]*.LIND
FAIL: gcc.target/i386/indirect-thunk-2.c scan-assembler call[ \\t]*.LIND
FAIL: gcc.target/i386/indirect-thunk-2.c scan-assembler \\\\tpause
FAIL: gcc.target/i386/indirect-thunk-2.c scan-assembler \\\\tlfence
FAIL: gcc.target/i386/indirect-thunk-3.c scan-assembler call[
\\t]*__x86_indirect_thunk_(r|e)ax
FAIL: gcc.target/i386/indirect-thunk-3.c scan-assembler jmp[ \\t]*.LIND
FAIL: gcc.target/i386/indirect-thunk-3.c scan-assembler call[ \\t]*.LIND
FAIL: gcc.target/i386/indirect-thunk-3.c scan-assembler \\\\tpause
FAIL: gcc.target/i386/indirect-thunk-3.c scan-assembler \\\\tlfence
FAIL: gcc.target/i386/indirect-thunk-4.c scan-assembler call[
\\t]*__x86_indirect_thunk_(r|e)ax
FAIL: gcc.target/i386/indirect-thunk-4.c scan-assembler jmp[ \\t]*.LIND
FAIL: gcc.target/i386/indirect-thunk-4.c scan-assembler call[ \\t]*.LIND
FAIL: gcc.target/i386/indirect-thunk-4.c scan-assembler \\\\tpause
FAIL: gcc.target/i386/indirect-thunk-4.c scan-assembler \\\\tlfence
FAIL: gcc.target/i386/indirect-thunk-7.c scan-assembler jmp[
\\t]*__x86_indirect_thunk_(r|e)ax
FAIL: gcc.target/i386/indirect-thunk-attr-1.c scan-assembler jmp[
\\t]*__x86_indirect_thunk_(r|e)ax
FAIL: gcc.target/i386/indirect-thunk-attr-1.c scan-assembler jmp[ \\t]*.LIND
FAIL: gcc.target/i386/indirect-thunk-attr-1.c scan-assembler call[
\\t]*.LIND
FAIL: gcc.target/i386/indirect-thunk-attr-1.c scan-assembler \\\\tpause
FAIL: gcc.target/i386/indirect-thunk-attr-1.c scan-assembler \\\\tlfence
FAIL: gcc.target/i386/indirect-thunk-attr-2.c scan-assembler jmp[
\\t]*__x86_indirect_thunk_(r|e)ax
FAIL: gcc.target/i386/indirect-thunk-attr-2.c scan-assembler jmp[ \\t]*.LIND
FAIL: gcc.target/i386/indirect-thunk-attr-2.c scan-assembler call[
\\t]*.LIND
FAIL: gcc.target/i386/indirect-thunk-attr-2.c scan-assembler \\\\tpause
FAIL: gcc.target/i386/indirect-thunk-attr-2.c scan-assembler \\\\tlfence
FAIL: gcc.target/i386/indirect-thunk-attr-3.c scan-assembler-times jmp[
\\t]*.LIND 2
FAIL: gcc.target/i386/indirect-thunk-attr-3.c scan-assembler-times call[
\\t]*.LIND 2
FAIL: gcc.target/i386/indirect-thunk-attr-3.c scan-assembler \\\\tpause
FAIL: gcc.target/i386/indirect-thunk-attr-3.c scan-assembler \\\\tlfence
FAIL: gcc.target/i386/indirect-thunk-attr-4.c scan-assembler-times jmp[
\\t]*.LIND 2
FAIL: gcc.target/i386/indirect-thunk-attr-4.c scan-assembler-times call[
\\t]*.LIND 2
FAIL: gcc.target/i386/indirect-thunk-attr-4.c scan-assembler \\\\tpause
FAIL: gcc.target/i386/indirect-thunk-attr-4.c scan-assembler \\\\tlfence
FAIL: gcc.target/i386/indirect-thunk-attr-5.c scan-assembler call[
\\t]*__x86_indirect_thunk_(r|e)ax
FAIL: gcc.target/i386/indirect-thunk-attr-6.c scan-assembler call[
\\t]*__x86_indirect_thunk_(r|e)ax
FAIL: gcc.target/i386/indirect-thunk-attr-7.c scan-assembler jmp[
\\t]*__x86_indirect_thunk_(r|e)ax
FAIL: gcc.target/i386/indirect-thunk-bnd-1.c scan-assembler jmp[ \\t]*.LIND
FAIL: gcc.target/i386/indirect-thunk-bnd-1.c scan-assembler bnd call[
\\t]*.LIND
FAIL: gcc.target/i386/indirect-thunk-bnd-1.c scan-assembler bnd ret
FAIL: gcc.target/i386/indirect-thunk-bnd-1.c scan-assembler \\\\tpause
FAIL: gcc.target/i386/indirect-thunk-bnd-1.c scan-assembler \\\\tlfence
FAIL: gcc.target/i386/indirect-thunk-bnd-2.c scan-assembler bnd call[
\\t]*__x86_indirect_thunk_bnd_(r|e)ax
FAIL: gcc.target/i386/indirect-thunk-bnd-2.c scan-assembler bnd call[
\\t]*.LIND
FAIL: gcc.target/i386/indirect-thunk-bnd-2.c scan-assembler \\\\tpause
FAIL: gcc.target/i386/indirect-thunk-bnd-2.c scan-assembler \\\\tlfence
FAIL: gcc.target/i386/indirect-thunk-extern-1.c scan-assembler jmp[
\\t]*__x86_indirect_thunk_(r|e)ax
FAIL: gcc.target/i386/indirect-thunk-extern-2.c scan-assembler jmp[
\\t]*__x86_indirect_thunk_(r|e)ax
FAIL: gcc.target/i386/indirect-thunk-extern-3.c scan-assembler call[
\\t]*__x86_indirect_thunk_(r|e)ax
FAIL: gcc.target/i386/indirect-thunk-extern-4.c scan-assembler call[
\\t]*__x86_indirect_thunk_(r|e)ax
FAIL: gcc.target/i386/indirect-thunk-extern-7.c scan-assembler jmp[
\\t]*__x86_indirect_thunk_(r|e)ax
FAIL: gcc.target/i386/indirect-thunk-inline-1.c scan-assembler jmp[
\\t]*.LIND
FAIL: gcc.target/i386/indirect-thunk-inline-1.c scan-assembler call[
\\t]*.LIND
FAIL: gcc.target/i386/indirect-thunk-inline-1.c scan-assembler \\\\tpause
FAIL: gcc.target/i386/indirect-thunk-inline-1.c scan-assembler \\\\tlfence
FAIL: gcc.target/i386/indirect-thunk-inline-2.c scan-assembler jmp[
\\t]*.LIND
FAIL: gcc.target/i386/indirect-thunk-inline-2.c scan-assembler call[
\\t]*.LIND
FAIL: gcc.target/i386/indirect-thunk-inline-2.c scan-assembler \\\\tpause
FAIL: gcc.target/i386/indirect-thunk-inline-2.c scan-assembler \\\\tlfence
FAIL: gcc.target/i386/indirect-thunk-inline-3.c scan-assembler-times
jmp[ \\t]*.LIND 2
FAIL: gcc.target/i386/indirect-thunk-inline-3.c scan-assembler-times
call[ \\t]*.LIND 2
FAIL: gcc.target/i386/indirect-thunk-inline-3.c scan-assembler-times
\\\\tpause 1
FAIL: gcc.target/i386/indirect-thunk-inline-3.c scan-assembler-times
\\\\tlfence 1
FAIL: gcc.target/i386/indirect-thunk-inline-4.c scan-assembler-times
jmp[ \\t]*.LIND 2
FAIL: gcc.target/i386/indirect-thunk-inline-4.c scan-assembler-times
call[ \\t]*.LIND 2
FAIL: gcc.target/i386/indirect-thunk-inline-4.c scan-assembler-times
\\\\tpause 1
FAIL: gcc.target/i386/indirect-thunk-inline-4.c scan-assembler-times
\\\\tlfence 1
FAIL: gcc.target/i386/indirect-thunk-register-1.c scan-assembler jmp[
\\t]*__x86_indirect_thunk_(r|e)ax
FAIL: gcc.target/i386/indirect-thunk-register-1.c scan-assembler jmp[
\\t]*.LIND
FAIL: gcc.target/i386/indirect-thunk-register-1.c scan-assembler call[
\\t]*.LIND
FAIL: gcc.target/i386/indirect-thunk-register-1.c scan-assembler mov[
\\t](%eax|%rax), \\\\((%esp|%rsp)\\\\)
FAIL: gcc.target/i386/indirect-thunk-register-1.c scan-assembler \\\\tpause
FAIL: gcc.target/i386/indirect-thunk-register-2.c scan-assembler jmp[
\\t]*.LIND
FAIL: gcc.target/i386/indirect-thunk-register-2.c scan-assembler call[
\\t]*.LIND
FAIL: gcc.target/i386/indirect-thunk-register-2.c scan-assembler mov[
\\t](%eax|%rax), \\\\((%esp|%rsp)\\\\)
FAIL: gcc.target/i386/indirect-thunk-register-2.c scan-assembler \\\\tpause
FAIL: gcc.target/i386/indirect-thunk-register-3.c scan-assembler jmp[
\\t]*__x86_indirect_thunk_(r|e)ax
FAIL: gcc.target/i386/interrupt-10.c scan-assembler-times
and[lq]?[^\\\\n]*-64,[^\\\\n]*sp 1
FAIL: gcc.target/i386/interrupt-9.c scan-assembler-times
and[lq]?[^\\\\n]*-64,[^\\\\n]*sp 1
FAIL: gcc.target/i386/interrupt-redzone-1.c scan-assembler-not
(sub|add)(l|q)[\\\\t ]*\\\\\$[0-9]*,[\\\\t ]*%[re]?sp
FAIL: gcc.target/i386/m256-1.c execution test
FAIL: gcc.target/i386/m256-2.c execution test
FAIL: gcc.target/i386/memcpy-strategy-3.c scan-assembler-times memcpy 2
FAIL: gcc.target/i386/memset-strategy-1.c scan-assembler-times memset 2
FAIL: gcc.target/i386/merge-1.c scan-assembler-times movsd 1
FAIL: gcc.target/i386/pad-2.c scan-assembler-times nop 6
FAIL: gcc.target/i386/pad-5b.c scan-assembler-times nop 2
FAIL: gcc.target/i386/pad-6b.c scan-assembler-times nop 4
FAIL: gcc.target/i386/pad-8.c scan-assembler-times nop 4
FAIL: gcc.target/i386/pad-9.c scan-assembler-times nop 2
FAIL: gcc.target/i386/pieces-memcpy-1.c scan-assembler-times movdqu[
\\\\t]+[^\\n]*%xmm 4
FAIL: gcc.target/i386/pieces-memcpy-1.c scan-assembler-times movups[
\\\\t]+[^\\n]*%xmm 4
FAIL: gcc.target/i386/pieces-memcpy-2.c scan-assembler-times movdqu[
\\\\t]+[^\\n]*%xmm 2
FAIL: gcc.target/i386/pieces-memcpy-2.c scan-assembler-times movups[
\\\\t]+[^\\n]*%xmm 2
FAIL: gcc.target/i386/pieces-memcpy-3.c scan-assembler-times movdqu[
\\\\t]+[^\\n]*%xmm 1
FAIL: gcc.target/i386/pieces-memcpy-3.c scan-assembler-times movups[
\\\\t]+[^\\n]*%xmm 1
FAIL: gcc.target/i386/pieces-memcpy-4.c scan-assembler-times vmovdqu[
\\\\t]+[^\\n]*%xmm 1
FAIL: gcc.target/i386/pieces-memcpy-4.c scan-assembler-times vmovups[
\\\\t]+[^\\n]*%xmm 1
FAIL: gcc.target/i386/pieces-memcpy-5.c scan-assembler-times vmovdqu[
\\\\t]+[^\\n]*%xmm 1
FAIL: gcc.target/i386/pieces-memcpy-5.c scan-assembler-times vmovups[
\\\\t]+[^\\n]*%xmm 1
FAIL: gcc.target/i386/pieces-memcpy-6.c scan-assembler-times vmovdqu[
\\\\t]+[^\\n]*%xmm 2
FAIL: gcc.target/i386/pieces-memcpy-6.c scan-assembler-times vmovups[
\\\\t]+[^\\n]*%xmm 2
FAIL: gcc.target/i386/pieces-strcpy-1.c scan-assembler-times movdqa[
\\\\t]+[^\\n]*%xmm 4
FAIL: gcc.target/i386/pieces-strcpy-1.c scan-assembler-times movups[
\\\\t]+[^\\n]*%xmm 4
FAIL: gcc.target/i386/pieces-strcpy-2.c scan-assembler-times vmovdqa[
\\\\t]+[^\\n]*%xmm 4
FAIL: gcc.target/i386/pieces-strcpy-2.c scan-assembler-times vmovups[
\\\\t]+[^\\n]*%xmm 4
FAIL: gcc.target/i386/pr34256.c scan-assembler-times mov 4
FAIL: gcc.target/i386/pr36222-1.c scan-assembler-not movdqa
FAIL: gcc.target/i386/pr37248-2.c scan-tree-dump optimized "&
(3758096391|0x0e0000007);"
FAIL: gcc.target/i386/pr37248-2.c scan-tree-dump optimized "==
(3758096391|0x0e0000007);"
FAIL: gcc.target/i386/pr45336-3.c scan-assembler pextrb
FAIL: gcc.target/i386/pr45336-3.c scan-assembler pextrw
FAIL: gcc.target/i386/pr45336-4.c scan-assembler pextrb
FAIL: gcc.target/i386/pr45336-4.c scan-assembler pextrw
FAIL: gcc.target/i386/pr57655.c  (test for errors, line 8)
FAIL: gcc.target/i386/pr59021.c scan-assembler-not vzeroupper
FAIL: gcc.target/i386/pr59501-1.c (test for excess errors)
FAIL: gcc.target/i386/pr59501-1.c execution test
FAIL: gcc.target/i386/pr59501-1a.c (test for excess errors)
FAIL: gcc.target/i386/pr59501-1a.c scan-assembler-not r10
FAIL: gcc.target/i386/pr59501-2.c execution test
FAIL: gcc.target/i386/pr59501-2a.c scan-assembler-not r10
FAIL: gcc.target/i386/pr59501-3.c (test for excess errors)
FAIL: gcc.target/i386/pr59501-3.c execution test
FAIL: gcc.target/i386/pr59501-3a.c (test for excess errors)
FAIL: gcc.target/i386/pr59501-4.c execution test
XPASS: gcc.target/i386/pr59501-4a.c scan-assembler-not and[^\\n\\r]*sp
FAIL: gcc.target/i386/pr59501-5.c (test for excess errors)
FAIL: gcc.target/i386/pr59501-5.c execution test
FAIL: gcc.target/i386/pr59501-6.c execution test
FAIL: gcc.target/i386/pr59929.c (test for excess errors)
FAIL: gcc.target/i386/pr63542-2.c (test for excess errors)
FAIL: gcc.target/i386/pr66470.c (internal compiler error)
FAIL: gcc.target/i386/pr66470.c (test for excess errors)
FAIL: gcc.target/i386/pr67447.c (test for excess errors)
FAIL: gcc.target/i386/pr68473-1.c  (test for errors, line 14)
FAIL: gcc.target/i386/pr68473-1.c expected multiline pattern lines 18-19
not found: "\\s*TEST_EQ \\(fmin\\);.*\\n            \\^\\n"
FAIL: gcc.target/i386/pr68473-1.c expected multiline pattern lines 23-24
not found: "   if \\(\\(long\\)FUNC##l\\(xl,xl\\) != \\(long\\)xl\\)
\\\\.*\\n             \\^~~~\\n"
FAIL: gcc.target/i386/pr68657.c  (test for errors, line 6)
FAIL: gcc.target/i386/pr68657.c  (test for warnings, line 6)
FAIL: gcc.target/i386/pr68674.c (test for excess errors)
FAIL: gcc.target/i386/pr68701-1.c  (test for warnings, line )
FAIL: gcc.target/i386/pr68701-1.c (test for excess errors)
FAIL: gcc.target/i386/pr68701-2.c  (test for warnings, line )
FAIL: gcc.target/i386/pr68701-2.c (test for excess errors)
FAIL: gcc.target/i386/pr69255-1.c  (test for warnings, line 15)
FAIL: gcc.target/i386/pr69255-2.c  (test for warnings, line 16)
FAIL: gcc.target/i386/pr69255-3.c  (test for warnings, line 15)
FAIL: gcc.target/i386/pr69577.c execution test
FAIL: gcc.target/i386/pr70155-1.c scan-assembler-times movv1ti_internal 2
FAIL: gcc.target/i386/pr70155-15.c scan-assembler-times movv1ti_internal 2
FAIL: gcc.target/i386/pr70155-17.c scan-assembler-times movv1ti_internal 8
FAIL: gcc.target/i386/pr70155-18.c scan-assembler-times movv1ti_internal 2
FAIL: gcc.target/i386/pr70155-19.c scan-assembler-times movv1ti_internal 2
FAIL: gcc.target/i386/pr70155-2.c scan-assembler-times movv1ti_internal 2
FAIL: gcc.target/i386/pr70155-22.c scan-assembler-times movv1ti_internal 2
FAIL: gcc.target/i386/pr70155-3.c scan-assembler-times movv1ti_internal 2
FAIL: gcc.target/i386/pr70155-4.c scan-assembler-times movv1ti_internal 2
FAIL: gcc.target/i386/pr70155-5.c scan-assembler-times movv1ti_internal 2
FAIL: gcc.target/i386/pr70155-6.c scan-assembler-times movv1ti_internal 2
FAIL: gcc.target/i386/pr70155-7.c scan-assembler-times movv1ti_internal 2
FAIL: gcc.target/i386/pr70155-8.c scan-assembler-times movv1ti_internal 2
FAIL: gcc.target/i386/pr70467-4.c scan-assembler-not mov[lq][ \\t]*.[0-9-]
FAIL: gcc.target/i386/pr70662.c (test for excess errors)
FAIL: gcc.target/i386/pr70738-1.c  (test for errors, line 7)
FAIL: gcc.target/i386/pr70738-1.c (test for excess errors)
FAIL: gcc.target/i386/pr70738-3.c  (test for warnings, line 8)
FAIL: gcc.target/i386/pr70738-5.c  (test for errors, line 14)
FAIL: gcc.target/i386/pr70738-6.c  (test for errors, line 9)
FAIL: gcc.target/i386/pr80193.c (test for excess errors)
FAIL: gcc.target/i386/pr80262.c (test for excess errors)
FAIL: gcc.target/i386/ret-thunk-1.c scan-assembler jmp[
\\t]*__x86_return_thunk
FAIL: gcc.target/i386/ret-thunk-10.c scan-assembler-times \\\\tpause 2
FAIL: gcc.target/i386/ret-thunk-10.c scan-assembler-times \\\\tlfence 2
FAIL: gcc.target/i386/ret-thunk-10.c scan-assembler call[
\\t]*__x86_indirect_thunk_(r|e)ax
FAIL: gcc.target/i386/ret-thunk-10.c scan-assembler
__x86_indirect_thunk_(r|e)ax:
FAIL: gcc.target/i386/ret-thunk-11.c scan-assembler jmp[
\\t]*__x86_return_thunk
FAIL: gcc.target/i386/ret-thunk-11.c scan-assembler-times \\\\tpause 1
FAIL: gcc.target/i386/ret-thunk-11.c scan-assembler-times \\\\tlfence 1
FAIL: gcc.target/i386/ret-thunk-11.c scan-assembler jmp[ \\t]*.LIND
FAIL: gcc.target/i386/ret-thunk-11.c scan-assembler call[ \\t]*.LIND
FAIL: gcc.target/i386/ret-thunk-11.c scan-assembler call[
\\t]*__x86_indirect_thunk_(r|e)ax
FAIL: gcc.target/i386/ret-thunk-11.c scan-assembler
__x86_indirect_thunk_(r|e)ax:
FAIL: gcc.target/i386/ret-thunk-12.c scan-assembler-times \\\\tpause 1
FAIL: gcc.target/i386/ret-thunk-12.c scan-assembler-times \\\\tlfence 1
FAIL: gcc.target/i386/ret-thunk-12.c scan-assembler jmp[ \\t]*.LIND
FAIL: gcc.target/i386/ret-thunk-12.c scan-assembler call[ \\t]*.LIND
FAIL: gcc.target/i386/ret-thunk-12.c scan-assembler call[
\\t]*__x86_indirect_thunk_(r|e)ax
FAIL: gcc.target/i386/ret-thunk-12.c scan-assembler
__x86_indirect_thunk_(r|e)ax:
FAIL: gcc.target/i386/ret-thunk-13.c scan-assembler jmp[
\\t]*__x86_return_thunk
FAIL: gcc.target/i386/ret-thunk-13.c scan-assembler-times \\\\tpause 2
FAIL: gcc.target/i386/ret-thunk-13.c scan-assembler-times \\\\tlfence 2
FAIL: gcc.target/i386/ret-thunk-13.c scan-assembler-times jmp[ \\t]*.LIND 3
FAIL: gcc.target/i386/ret-thunk-13.c scan-assembler-times call[ \\t]*.LIND 3
FAIL: gcc.target/i386/ret-thunk-14.c scan-assembler call[
\\t]*__x86_indirect_thunk_(r|e)ax
FAIL: gcc.target/i386/ret-thunk-15.c scan-assembler jmp[
\\t]*__x86_return_thunk
FAIL: gcc.target/i386/ret-thunk-15.c scan-assembler jmp[ \\t]*.LIND
FAIL: gcc.target/i386/ret-thunk-15.c scan-assembler call[ \\t]*.LIND
FAIL: gcc.target/i386/ret-thunk-15.c scan-assembler-times \\\\tpause 1
FAIL: gcc.target/i386/ret-thunk-15.c scan-assembler-times \\\\tlfence 1
FAIL: gcc.target/i386/ret-thunk-15.c scan-assembler call[
\\t]*__x86_indirect_thunk_(r|e)ax
FAIL: gcc.target/i386/ret-thunk-26.c execution test
FAIL: gcc.target/i386/ret-thunk-3.c scan-assembler jmp[
\\t]*__x86_return_thunk
FAIL: gcc.target/i386/ret-thunk-5.c scan-assembler jmp[
\\t]*__x86_return_thunk
FAIL: gcc.target/i386/ret-thunk-7.c scan-assembler jmp[
\\t]*__x86_return_thunk
FAIL: gcc.target/i386/ret-thunk-9.c scan-assembler jmp[
\\t]*__x86_return_thunk
FAIL: gcc.target/i386/ret-thunk-9.c scan-assembler __x86_return_thunk:
FAIL: gcc.target/i386/ret-thunk-9.c scan-assembler-times \\\\tpause 2
FAIL: gcc.target/i386/ret-thunk-9.c scan-assembler-times \\\\tlfence 2
FAIL: gcc.target/i386/ret-thunk-9.c scan-assembler call[
\\t]*__x86_indirect_thunk_(r|e)ax
FAIL: gcc.target/i386/shrink_wrap_1.c (test for excess errors)
FAIL: gcc.target/i386/shrink_wrap_1.c scan-rtl-dump pro_and_epilogue
"Performing shrink-wrapping"
FAIL: gcc.target/i386/sse2-load-multi.c scan-assembler-times movup 2
FAIL: gcc.target/i386/sse2-store-multi.c scan-assembler-times movup 2
FAIL: gcc.target/i386/vararg-10.c execution test
FAIL: gcc.target/i386/vararg-5.c execution test
FAIL: gcc.target/i386/vararg-6.c execution test
FAIL: gcc.target/i386/vararg-9.c execution test
FAIL: gcc.target/x86_64/abi/callabi/vaarg-4a.c execution test

		=== gcc Summary ===

# of expected passes		119125
# of unexpected failures	843
# of unexpected successes	29
# of expected failures		369
# of unresolved testcases	25
# of unsupported tests		2373
/opt/devel/SCRATCH/tmp.dKHB6orV07/gcc-7.3.1/gcc-7.3.1/gcc/xgcc  version
7.3.1 20181015 [gcc-7-branch revision 265163] (GCC)

		=== gfortran tests ===


Running target unix
FAIL: gfortran.dg/associate_5.f03   -O   (test for errors, line 33)
FAIL: gfortran.dg/associate_5.f03   -O  (test for excess errors)
FAIL: gfortran.dg/assumed_type_3.f90   -O   (test for errors, line 69)
FAIL: gfortran.dg/assumed_type_3.f90   -O  (test for excess errors)
FAIL: gfortran.dg/bind_c_array_params_2.f90   -O   scan-assembler-times
[ \\t][\$,_0-9]*myBindC 1
FAIL: gfortran.dg/bind_c_dts_3.f03   -O   (test for errors, line 17)
FAIL: gfortran.dg/bind_c_dts_3.f03   -O   (test for errors, line 21)
FAIL: gfortran.dg/bind_c_dts_3.f03   -O   (test for errors, line 25)
FAIL: gfortran.dg/bind_c_dts_3.f03   -O  (test for excess errors)
FAIL: gfortran.dg/bind_c_usage_3.f03   -O   (test for errors, line 6)
FAIL: gfortran.dg/bind_c_usage_3.f03   -O   (test for errors, line 10)
FAIL: gfortran.dg/bind_c_usage_3.f03   -O  (test for excess errors)
FAIL: gfortran.dg/binding_label_tests_10_main.f03   -O   (test for
errors, line 10)
FAIL: gfortran.dg/binding_label_tests_10_main.f03   -O  (test for excess
errors)
FAIL: gfortran.dg/binding_label_tests_11_main.f03   -O   (test for
errors, line 14)
FAIL: gfortran.dg/binding_label_tests_11_main.f03   -O  (test for excess
errors)
FAIL: gfortran.dg/binding_label_tests_13_main.f03   -O   (test for
errors, line 5)
FAIL: gfortran.dg/binding_label_tests_13_main.f03   -O  (test for excess
errors)
FAIL: gfortran.dg/binding_label_tests_17.f90   -O   (test for errors,
line 8)
FAIL: gfortran.dg/binding_label_tests_17.f90   -O  (test for excess errors)
FAIL: gfortran.dg/binding_label_tests_18.f90   -O   (test for errors,
line 8)
FAIL: gfortran.dg/binding_label_tests_18.f90   -O  (test for excess errors)
FAIL: gfortran.dg/binding_label_tests_20.f90   -O   (test for errors,
line 9)
FAIL: gfortran.dg/binding_label_tests_20.f90   -O  (test for excess errors)
FAIL: gfortran.dg/binding_label_tests_21.f90   -O   (test for errors,
line 6)
FAIL: gfortran.dg/binding_label_tests_21.f90   -O  (test for excess errors)
FAIL: gfortran.dg/binding_label_tests_22.f90   -O   (test for errors,
line 6)
FAIL: gfortran.dg/binding_label_tests_22.f90   -O  (test for excess errors)
FAIL: gfortran.dg/binding_label_tests_26b.f90   -O   (test for errors,
line 9)
FAIL: gfortran.dg/binding_label_tests_26b.f90   -O  (test for excess errors)
FAIL: gfortran.dg/binding_label_tests_4.f03   -O   (test for errors,
line 14)
FAIL: gfortran.dg/binding_label_tests_6.f03   -O   (test for errors, line 5)
FAIL: gfortran.dg/binding_label_tests_6.f03   -O  (test for excess errors)
FAIL: gfortran.dg/binding_label_tests_7.f03   -O   (test for errors,
line 10)
FAIL: gfortran.dg/binding_label_tests_7.f03   -O  (test for excess errors)
FAIL: gfortran.dg/binding_label_tests_8.f03   -O   (test for errors, line 4)
FAIL: gfortran.dg/binding_label_tests_8.f03   -O  (test for excess errors)
FAIL: gfortran.dg/charlen_12.f90   -O   (test for errors, line 6)
FAIL: gfortran.dg/charlen_12.f90   -O  (test for excess errors)
FAIL: gfortran.dg/coarray_3.f90   -O   (test for errors, line 59)
FAIL: gfortran.dg/coarray_3.f90   -O   (test for errors, line 70)
FAIL: gfortran.dg/coarray_3.f90   -O   (test for warnings, line 90)
FAIL: gfortran.dg/coarray_3.f90   -O   (test for errors, line 92)
FAIL: gfortran.dg/coarray_3.f90   -O   (test for errors, line 93)
FAIL: gfortran.dg/coarray_3.f90   -O   (test for warnings, line 94)
FAIL: gfortran.dg/coarray_3.f90   -O  (test for excess errors)
FAIL: gfortran.dg/coarray_6.f90   -O   (test for errors, line 12)
FAIL: gfortran.dg/coarray_6.f90   -O  (test for excess errors)
FAIL: gfortran.dg/coarray_lock_5.f90   -O   (test for errors, line 48)
FAIL: gfortran.dg/coarray_lock_5.f90   -O  (test for excess errors)
FAIL: gfortran.dg/common_20.f90   -O   (test for errors, line 8)
FAIL: gfortran.dg/common_20.f90   -O   (test for errors, line 15)
FAIL: gfortran.dg/common_20.f90   -O  (test for excess errors)
FAIL: gfortran.dg/common_7.f90   -O   (test for errors, line 9)
FAIL: gfortran.dg/common_7.f90   -O  (test for excess errors)
FAIL: gfortran.dg/common_errors_1.f90   -O   (test for errors, line 35)
FAIL: gfortran.dg/common_errors_1.f90   -O  (test for excess errors)
FAIL: gfortran.dg/constructor_4.f90   -O   (test for errors, line 17)
FAIL: gfortran.dg/constructor_4.f90   -O   (test for errors, line 30)
FAIL: gfortran.dg/constructor_4.f90   -O  (test for excess errors)
FAIL: gfortran.dg/constructor_7.f90   -O   (test for errors, line 31)
FAIL: gfortran.dg/constructor_7.f90   -O   (test for errors, line 45)
FAIL: gfortran.dg/constructor_7.f90   -O  (test for excess errors)
FAIL: gfortran.dg/ctrl-z.f90   -O  (test for excess errors)
FAIL: gfortran.dg/data_initialized_2.f90   -O   (test for errors, line 6)
FAIL: gfortran.dg/data_initialized_2.f90   -O  (test for excess errors)
FAIL: gfortran.dg/dec_structure_8.f90   -O   (test for errors, line 34)
FAIL: gfortran.dg/dec_structure_8.f90   -O   (test for errors, line 48)
FAIL: gfortran.dg/dec_structure_8.f90   -O   (test for errors, line 57)
FAIL: gfortran.dg/dec_structure_8.f90   -O  (test for excess errors)
FAIL: gfortran.dg/dec_union_7.f90   -O   (test for errors, line 24)
FAIL: gfortran.dg/dec_union_7.f90   -O  (test for excess errors)
FAIL: gfortran.dg/defined_operators_1.f90   -O   (test for errors, line 40)
FAIL: gfortran.dg/defined_operators_1.f90   -O  (test for excess errors)
FAIL: gfortran.dg/dev_null.F90   -O0  execution test
FAIL: gfortran.dg/dev_null.F90   -O1  execution test
FAIL: gfortran.dg/dev_null.F90   -O2  execution test
FAIL: gfortran.dg/dev_null.F90   -O3 -fomit-frame-pointer -funroll-loops
-fpeel-loops -ftracer -finline-functions  execution test
FAIL: gfortran.dg/dev_null.F90   -O3 -g  execution test
FAIL: gfortran.dg/dev_null.F90   -Os  execution test
FAIL: gfortran.dg/do_check_7.f90   -O   (test for errors, line 11)
FAIL: gfortran.dg/do_check_7.f90   -O   (test for errors, line 12)
FAIL: gfortran.dg/do_check_7.f90   -O   (test for errors, line 13)
FAIL: gfortran.dg/do_check_7.f90   -O   (test for errors, line 14)
FAIL: gfortran.dg/do_check_7.f90   -O  (test for excess errors)
FAIL: gfortran.dg/do_check_9.f90   -O   (test for errors, line 10)
FAIL: gfortran.dg/do_check_9.f90   -O   (test for errors, line 11)
FAIL: gfortran.dg/do_check_9.f90   -O   (test for errors, line 12)
FAIL: gfortran.dg/do_check_9.f90   -O  (test for excess errors)
FAIL: gfortran.dg/do_iterator.f90   -O  changing do-iterator 1 (test for
errors, line 4)
FAIL: gfortran.dg/do_iterator.f90   -O  changing do-iterator 2 (test for
errors, line 7)
FAIL: gfortran.dg/do_iterator.f90   -O  changing do-iterator 3 (test for
errors, line 10)
FAIL: gfortran.dg/do_iterator.f90   -O  (test for excess errors)
FAIL: gfortran.dg/dtio_13.f90   -O   (test for errors, line 141)
FAIL: gfortran.dg/dtio_13.f90   -O  (test for excess errors)
FAIL: gfortran.dg/equiv_1.f90   -O  d (test for errors, line 2)
FAIL: gfortran.dg/equiv_1.f90   -O  f (test for errors, line 6)
FAIL: gfortran.dg/equiv_1.f90   -O  (test for excess errors)
FAIL: gfortran.dg/execute_command_line_2.f90   -O0  execution test
FAIL: gfortran.dg/execute_command_line_2.f90   -O1  execution test
FAIL: gfortran.dg/execute_command_line_2.f90   -O2  execution test
FAIL: gfortran.dg/execute_command_line_2.f90   -O3 -fomit-frame-pointer
-funroll-loops -fpeel-loops -ftracer -finline-functions  execution test
FAIL: gfortran.dg/execute_command_line_2.f90   -O3 -g  execution test
FAIL: gfortran.dg/execute_command_line_2.f90   -Os  execution test
FAIL: gfortran.dg/execute_command_line_3.f90   -O  execution test
FAIL: gfortran.dg/extends_7.f03   -O   (test for errors, line 19)
FAIL: gfortran.dg/extends_7.f03   -O   (test for errors, line 20)
FAIL: gfortran.dg/extends_7.f03   -O  (test for excess errors)
FAIL: gfortran.dg/finalize_10.f90   -O   scan-tree-dump original
"__builtin_memcpy \\\\(\\\\(void .\\\\) y->_data, \\\\(void .\\\\)
y->_vptr->_def_init, \\\\((unsigned long|unsigned
int|character\\\\(kind=4\\\\))\\\\) y->_vptr->_size\\\\);"
FAIL: gfortran.dg/fmt_e.f90   -O0  execution test
FAIL: gfortran.dg/fmt_e.f90   -O1  execution test
FAIL: gfortran.dg/fmt_e.f90   -O2  execution test
FAIL: gfortran.dg/fmt_e.f90   -O3 -fomit-frame-pointer -funroll-loops
-fpeel-loops -ftracer -finline-functions  execution test
FAIL: gfortran.dg/fmt_e.f90   -O3 -g  execution test
FAIL: gfortran.dg/fmt_e.f90   -Os  execution test
FAIL: gfortran.dg/function_types_3.f90   -O  (test for excess errors)
FAIL: gfortran.dg/generic_26.f90   -O   (test for errors, line 17)
FAIL: gfortran.dg/generic_26.f90   -O  (test for excess errors)
FAIL: gfortran.dg/generic_34.f90   -O   (test for errors, line 19)
FAIL: gfortran.dg/generic_34.f90   -O  (test for excess errors)
FAIL: gfortran.dg/generic_7.f90   -O   (test for errors, line 14)
FAIL: gfortran.dg/generic_7.f90   -O  (test for excess errors)
FAIL: gfortran.dg/global_references_1.f90   -O   (test for errors, line 39)
FAIL: gfortran.dg/global_references_1.f90   -O   (test for errors, line 68)
FAIL: gfortran.dg/global_references_1.f90   -O   (test for errors, line 96)
FAIL: gfortran.dg/global_references_1.f90   -O  (test for excess errors)
FAIL: gfortran.dg/goto_2.f90   -O0   (test for warnings, line 9)
FAIL: gfortran.dg/goto_2.f90   -O0   (test for warnings, line 31)
FAIL: gfortran.dg/goto_2.f90   -O0  (test for excess errors)
FAIL: gfortran.dg/goto_2.f90   -O1   (test for warnings, line 9)
FAIL: gfortran.dg/goto_2.f90   -O1   (test for warnings, line 31)
FAIL: gfortran.dg/goto_2.f90   -O1  (test for excess errors)
FAIL: gfortran.dg/goto_2.f90   -O2   (test for warnings, line 9)
FAIL: gfortran.dg/goto_2.f90   -O2   (test for warnings, line 31)
FAIL: gfortran.dg/goto_2.f90   -O2  (test for excess errors)
FAIL: gfortran.dg/goto_2.f90   -O3 -fomit-frame-pointer -funroll-loops
-fpeel-loops -ftracer -finline-functions   (test for warnings, line 9)
FAIL: gfortran.dg/goto_2.f90   -O3 -fomit-frame-pointer -funroll-loops
-fpeel-loops -ftracer -finline-functions   (test for warnings, line 31)
FAIL: gfortran.dg/goto_2.f90   -O3 -fomit-frame-pointer -funroll-loops
-fpeel-loops -ftracer -finline-functions  (test for excess errors)
FAIL: gfortran.dg/goto_2.f90   -O3 -g   (test for warnings, line 9)
FAIL: gfortran.dg/goto_2.f90   -O3 -g   (test for warnings, line 31)
FAIL: gfortran.dg/goto_2.f90   -O3 -g  (test for excess errors)
FAIL: gfortran.dg/goto_2.f90   -Os   (test for warnings, line 9)
FAIL: gfortran.dg/goto_2.f90   -Os   (test for warnings, line 31)
FAIL: gfortran.dg/goto_2.f90   -Os  (test for excess errors)
FAIL: gfortran.dg/goto_3.f90   -O   (test for errors, line 6)
FAIL: gfortran.dg/goto_3.f90   -O   (test for errors, line 13)
FAIL: gfortran.dg/goto_3.f90   -O   (test for errors, line 19)
FAIL: gfortran.dg/goto_3.f90   -O   (test for errors, line 21)
FAIL: gfortran.dg/goto_3.f90   -O  (test for excess errors)
FAIL: gfortran.dg/goto_5.f90   -O   (test for warnings, line 8)
FAIL: gfortran.dg/goto_5.f90   -O   (test for warnings, line 20)
FAIL: gfortran.dg/goto_5.f90   -O   (test for warnings, line 39)
FAIL: gfortran.dg/goto_5.f90   -O   (test for warnings, line 40)
FAIL: gfortran.dg/goto_5.f90   -O   (test for warnings, line 41)
FAIL: gfortran.dg/goto_5.f90   -O  (test for excess errors)
FAIL: gfortran.dg/goto_8.f90   -O   (test for warnings, line 28)
FAIL: gfortran.dg/goto_8.f90   -O  (test for excess errors)
FAIL: gfortran.dg/host_assoc_call_2.f90   -O   (test for errors, line 10)
FAIL: gfortran.dg/host_assoc_call_2.f90   -O  (test for excess errors)
FAIL: gfortran.dg/host_assoc_types_1.f90   -O   (test for errors, line 13)
FAIL: gfortran.dg/host_assoc_types_1.f90   -O  (test for excess errors)
FAIL: gfortran.dg/include_9.f90   -O    (test for errors, line 3)
FAIL: gfortran.dg/include_9.f90   -O  (test for excess errors)
FAIL: gfortran.dg/interface_1.f90   -O   (test for warnings, line 27)
FAIL: gfortran.dg/interface_1.f90   -O  (test for excess errors)
FAIL: gfortran.dg/interface_37.f90   -O   (test for errors, line 7)
FAIL: gfortran.dg/interface_37.f90   -O  (test for excess errors)
FAIL: gfortran.dg/interface_5.f90   -O   (test for errors, line 50)
FAIL: gfortran.dg/interface_5.f90   -O  (test for excess errors)
FAIL: gfortran.dg/interface_6.f90   -O   (test for errors, line 10)
FAIL: gfortran.dg/interface_6.f90   -O  (test for excess errors)
FAIL: gfortran.dg/interface_7.f90   -O   (test for errors, line 14)
FAIL: gfortran.dg/interface_7.f90   -O  (test for excess errors)
FAIL: gfortran.dg/internal_references_1.f90   -O   (test for errors,
line 18)
FAIL: gfortran.dg/internal_references_1.f90   -O  (test for excess errors)
FAIL: gfortran.dg/invalid_procedure_name.f90   -O   (test for errors,
line 11)
FAIL: gfortran.dg/invalid_procedure_name.f90   -O  (test for excess errors)
FAIL: gfortran.dg/maxlocval_4.f90   -O0  execution test
FAIL: gfortran.dg/maxlocval_4.f90   -O1  execution test
FAIL: gfortran.dg/maxlocval_4.f90   -O2  execution test
FAIL: gfortran.dg/maxlocval_4.f90   -O3 -fomit-frame-pointer
-funroll-loops -fpeel-loops -ftracer -finline-functions  execution test
FAIL: gfortran.dg/maxlocval_4.f90   -O3 -g  execution test
FAIL: gfortran.dg/maxlocval_4.f90   -Os  execution test
FAIL: gfortran.dg/minlocval_3.f90   -O0  execution test
FAIL: gfortran.dg/minlocval_3.f90   -O1  execution test
FAIL: gfortran.dg/minlocval_3.f90   -O2  execution test
FAIL: gfortran.dg/minlocval_3.f90   -O3 -fomit-frame-pointer
-funroll-loops -fpeel-loops -ftracer -finline-functions  execution test
FAIL: gfortran.dg/minlocval_3.f90   -O3 -g  execution test
FAIL: gfortran.dg/minlocval_3.f90   -Os  execution test
FAIL: gfortran.dg/minlocval_4.f90   -O0  execution test
FAIL: gfortran.dg/minlocval_4.f90   -O1  execution test
FAIL: gfortran.dg/minlocval_4.f90   -O2  execution test
FAIL: gfortran.dg/minlocval_4.f90   -O3 -fomit-frame-pointer
-funroll-loops -fpeel-loops -ftracer -finline-functions  execution test
FAIL: gfortran.dg/minlocval_4.f90   -O3 -g  execution test
FAIL: gfortran.dg/minlocval_4.f90   -Os  execution test
FAIL: gfortran.dg/misplaced_implicit_character.f90   -O   (test for
errors, line 5)
FAIL: gfortran.dg/misplaced_implicit_character.f90   -O  (test for
excess errors)
FAIL: gfortran.dg/no_arg_check_3.f90   -O   (test for errors, line 58)
FAIL: gfortran.dg/no_arg_check_3.f90   -O   (test for errors, line 68)
FAIL: gfortran.dg/no_arg_check_3.f90   -O  (test for excess errors)
FAIL: gfortran.dg/operator_5.f90   -O   (test for errors, line 40)
FAIL: gfortran.dg/operator_5.f90   -O  (test for excess errors)
FAIL: gfortran.dg/pr65453.f90   -O   (test for errors, line 6)
FAIL: gfortran.dg/pr65453.f90   -O  (test for excess errors)
FAIL: gfortran.dg/pr68318_1.f90   -O   (test for errors, line 14)
FAIL: gfortran.dg/pr68318_1.f90   -O  (test for excess errors)
FAIL: gfortran.dg/pr68318_2.f90   -O   (test for errors, line 19)
FAIL: gfortran.dg/pr68318_2.f90   -O  (test for excess errors)
FAIL: gfortran.dg/pr69955.f90   -O0  execution test
FAIL: gfortran.dg/pr69955.f90   -O1  execution test
FAIL: gfortran.dg/pr69955.f90   -O2  execution test
FAIL: gfortran.dg/pr69955.f90   -O3 -fomit-frame-pointer -funroll-loops
-fpeel-loops -ftracer -finline-functions  execution test
FAIL: gfortran.dg/pr69955.f90   -O3 -g  execution test
FAIL: gfortran.dg/pr69955.f90   -Os  execution test
FAIL: gfortran.dg/pr77406.f90   -O   (test for errors, line 5)
FAIL: gfortran.dg/pr77406.f90   -O   (test for errors, line 23)
FAIL: gfortran.dg/pr77406.f90   -O   (test for errors, line 29)
FAIL: gfortran.dg/pr77406.f90   -O  (test for excess errors)
FAIL: gfortran.dg/pr77414.f90   -O   (test for errors, line 6)
FAIL: gfortran.dg/pr77414.f90   -O  (test for excess errors)
FAIL: gfortran.dg/pr79886.f90   -O   (test for warnings, line 8)
FAIL: gfortran.dg/pr79886.f90   -O   (test for warnings, line 10)
FAIL: gfortran.dg/proc_ptr_comp_20.f90   -O   (test for errors, line 38)
FAIL: gfortran.dg/proc_ptr_comp_20.f90   -O  (test for excess errors)
FAIL: gfortran.dg/proc_ptr_comp_3.f90   -O   (test for errors, line 35)
FAIL: gfortran.dg/proc_ptr_comp_3.f90   -O  (test for excess errors)
FAIL: gfortran.dg/read_dir.f90   -O0  execution test
FAIL: gfortran.dg/read_dir.f90   -O1  execution test
FAIL: gfortran.dg/read_dir.f90   -O2  execution test
FAIL: gfortran.dg/read_dir.f90   -O3 -fomit-frame-pointer -funroll-loops
-fpeel-loops -ftracer -finline-functions  execution test
FAIL: gfortran.dg/read_dir.f90   -O3 -g  execution test
FAIL: gfortran.dg/read_dir.f90   -Os  execution test
FAIL: gfortran.dg/same_name_2.f90   -O   (test for errors, line 12)
FAIL: gfortran.dg/same_name_2.f90   -O  (test for excess errors)
FAIL: gfortran.dg/scalar_mask_2.f90   -O0  execution test
FAIL: gfortran.dg/scalar_mask_2.f90   -O1  execution test
FAIL: gfortran.dg/scalar_mask_2.f90   -O2  execution test
FAIL: gfortran.dg/scalar_mask_2.f90   -O3 -fomit-frame-pointer
-funroll-loops -fpeel-loops -ftracer -finline-functions  execution test
FAIL: gfortran.dg/scalar_mask_2.f90   -O3 -g  execution test
FAIL: gfortran.dg/scalar_mask_2.f90   -Os  execution test
FAIL: gfortran.dg/select_4.f90   -O   (test for errors, line 7)
FAIL: gfortran.dg/select_4.f90   -O   (test for errors, line 11)
FAIL: gfortran.dg/select_4.f90   -O   (test for errors, line 15)
FAIL: gfortran.dg/select_4.f90   -O  (test for excess errors)
FAIL: gfortran.dg/select_type_1.f03   -O   (test for errors, line 54)
FAIL: gfortran.dg/select_type_1.f03   -O   (test for errors, line 65)
FAIL: gfortran.dg/select_type_1.f03   -O  (test for excess errors)
FAIL: gfortran.dg/submodule_9.f08   -O   (test for errors, line 21)
FAIL: gfortran.dg/submodule_9.f08   -O  (test for excess errors)
FAIL: gfortran.dg/test_common_binding_labels.f03   -O   (test for
errors, line 18)
FAIL: gfortran.dg/test_common_binding_labels.f03   -O   (test for
errors, line 32)
FAIL: gfortran.dg/test_common_binding_labels.f03   -O   (test for
errors, line 39)
FAIL: gfortran.dg/test_common_binding_labels.f03   -O  (test for excess
errors)
FAIL: gfortran.dg/test_common_binding_labels_2_main.f03   -O   (test for
errors, line 22)
FAIL: gfortran.dg/test_common_binding_labels_2_main.f03   -O   (test for
errors, line 23)
FAIL: gfortran.dg/test_common_binding_labels_2_main.f03   -O  (test for
excess errors)
FAIL: gfortran.dg/test_common_binding_labels_3_main.f03   -O   (test for
errors, line 10)
FAIL: gfortran.dg/test_common_binding_labels_3_main.f03   -O  (test for
excess errors)
FAIL: gfortran.dg/type_decl_3.f90   -O   (test for errors, line 6)
FAIL: gfortran.dg/type_decl_3.f90   -O  (test for excess errors)
FAIL: gfortran.dg/type_decl_4.f90   -O   (test for errors, line 5)
FAIL: gfortran.dg/type_decl_4.f90   -O  (test for excess errors)
FAIL: gfortran.dg/typed_subroutine_1.f90   -O   (test for errors, line 7)
FAIL: gfortran.dg/typed_subroutine_1.f90   -O  (test for excess errors)
FAIL: gfortran.dg/use_16.f90   -O   (test for errors, line 15)
FAIL: gfortran.dg/use_16.f90   -O  (test for excess errors)
FAIL: gfortran.dg/warn_alias.f90   -O   (test for warnings, line 12)
FAIL: gfortran.dg/warn_alias.f90   -O   (test for warnings, line 13)
FAIL: gfortran.dg/warn_alias.f90   -O   (test for warnings, line 14)
FAIL: gfortran.dg/warn_alias.f90   -O  (test for excess errors)
FAIL: gfortran.dg/widechar_select_2.f90   -O   (test for errors, line 31)
FAIL: gfortran.dg/widechar_select_2.f90   -O  (test for excess errors)
FAIL: gfortran.dg/write_to_null.F90   -O0  execution test
FAIL: gfortran.dg/write_to_null.F90   -O1  execution test
FAIL: gfortran.dg/write_to_null.F90   -O2  execution test
FAIL: gfortran.dg/write_to_null.F90   -O3 -fomit-frame-pointer
-funroll-loops -fpeel-loops -ftracer -finline-functions  execution test
FAIL: gfortran.dg/write_to_null.F90   -O3 -g  execution test
FAIL: gfortran.dg/write_to_null.F90   -Os  execution test
FAIL: gfortran.dg/g77/19990905-1.f   -O   (test for errors, line 18)
FAIL: gfortran.dg/g77/19990905-1.f   -O  (test for excess errors)
FAIL: gfortran.dg/gomp/collapse1.f90   -O  (test for excess errors)
FAIL: gfortran.dg/gomp/udr2.f90   -O   (test for errors, line 32)
FAIL: gfortran.dg/gomp/udr2.f90   -O  (test for excess errors)
FAIL: gfortran.dg/gomp/udr5.f90   -O  (test for excess errors)
FAIL: gfortran.dg/gomp/udr7.f90   -O  (test for excess errors)
FAIL: gfortran.dg/ieee/intrinsics_2.F90   -O0  execution test
FAIL: gfortran.dg/ieee/intrinsics_2.F90   -O1  execution test
FAIL: gfortran.dg/ieee/intrinsics_2.F90   -O2  execution test
FAIL: gfortran.dg/ieee/intrinsics_2.F90   -O3 -fomit-frame-pointer
-funroll-loops -fpeel-loops -ftracer -finline-functions  execution test
FAIL: gfortran.dg/ieee/intrinsics_2.F90   -O3 -g  execution test
FAIL: gfortran.dg/ieee/intrinsics_2.F90   -Os  execution test

		=== gfortran Summary ===

# of expected passes		45282
# of unexpected failures	291
# of expected failures		91
# of unsupported tests		182
/opt/devel/SCRATCH/tmp.dKHB6orV07/gcc-7.3.1/gcc-7.3.1/gcc/gfortran
version 7.3.1 20181015 [gcc-7-branch revision 265163] (GCC)

		=== gnat tests ===


Running target unix
FAIL: gnat.dg/entry_queues.adb execution test

		=== gnat Summary ===

# of expected passes		2592
# of unexpected failures	1
# of expected failures		25
# of unsupported tests		6
/opt/devel/SCRATCH/tmp.dKHB6orV07/gcc-7.3.1/gcc-7.3.1/gcc/gnatmake
version 7.3.1 20181015 [gcc-7-branch revision 265163]

		=== obj-c++ tests ===


Running target unix
FAIL: obj-c++.dg/bitfield-1.mm -fgnu-runtime PR23610 (test for bogus
messages, line 45)
FAIL: obj-c++.dg/bitfield-1.mm -fgnu-runtime PR23610 (test for bogus
messages, line 59)
FAIL: obj-c++.dg/bitfield-1.mm -fgnu-runtime PR23610 (test for bogus
messages, line 62)
FAIL: obj-c++.dg/bitfield-1.mm -fgnu-runtime PR23610 (test for bogus
messages, line 77)
FAIL: obj-c++.dg/bitfield-1.mm -fgnu-runtime PR23610 (test for bogus
messages, line 78)
FAIL: obj-c++.dg/bitfield-1.mm -fgnu-runtime execution test
FAIL: obj-c++.dg/bitfield-4.mm -fgnu-runtime PR23610 (test for bogus
messages, line 34)
FAIL: obj-c++.dg/objc-gc-3.mm -fgnu-runtime (test for excess errors)
FAIL: obj-c++.dg/proto-lossage-4.mm -fgnu-runtime (test for excess errors)

		=== obj-c++ Summary ===

# of expected passes		1434
# of unexpected failures	9
# of expected failures		2
# of unsupported tests		77
/opt/devel/SCRATCH/tmp.dKHB6orV07/gcc-7.3.1/gcc-7.3.1/gcc/xg++  version
7.3.1 20181015 [gcc-7-branch revision 265163] (GCC)

		=== objc tests ===


Running target unix
FAIL: objc.dg/bitfield-3.m -fgnu-runtime  (test for warnings, line 27)
FAIL: objc.dg/bitfield-5.m -fgnu-runtime  (test for warnings, line 40)
FAIL: objc.dg/bitfield-5.m -fgnu-runtime execution test
FAIL: objc.dg/objc-gc-4.m -fgnu-runtime (test for excess errors)
FAIL: objc/execute/exceptions/finally-1.m execution,  -O0 -fgnu-runtime
FAIL: objc/execute/exceptions/finally-1.m execution,  -O1 -fgnu-runtime
FAIL: objc/execute/exceptions/finally-1.m execution,  -O2 -fgnu-runtime
FAIL: objc/execute/exceptions/finally-1.m execution,  -O3 -g -fgnu-runtime
FAIL: objc/execute/exceptions/finally-1.m execution,  -Os -fgnu-runtime
FAIL: objc/execute/bf-10.m execution,  -O0 -fgnu-runtime
FAIL: objc/execute/bf-10.m execution,  -O1 -fgnu-runtime
FAIL: objc/execute/bf-10.m execution,  -O2 -fgnu-runtime
FAIL: objc/execute/bf-10.m execution,  -O3 -g -fgnu-runtime
FAIL: objc/execute/bf-10.m execution,  -Os -fgnu-runtime

		=== objc Summary ===

# of expected passes		2767
# of unexpected failures	14
# of expected failures		6
# of unsupported tests		68
/opt/devel/SCRATCH/tmp.dKHB6orV07/gcc-7.3.1/gcc-7.3.1/gcc/xgcc  version
7.3.1 20181015 [gcc-7-branch revision 265163] (GCC)

		=== libatomic tests ===


Running target unix

		=== libatomic Summary ===

# of expected passes		54
		=== libgomp tests ===


Running target unix
FAIL: libgomp.c/cancel-taskgroup-1.c (test for excess errors)
UNRESOLVED: libgomp.c/cancel-taskgroup-1.c compilation failed to produce
executable
FAIL: libgomp.c/examples-4/target-1.c execution test
FAIL: libgomp.c/examples-4/target-3.c execution test
FAIL: libgomp.c/examples-4/target-4.c execution test
WARNING: program timed out.
FAIL: libgomp.c/examples-4/target_data-4.c execution test
FAIL: libgomp.c++/cancel-taskgroup-1.C (test for excess errors)
UNRESOLVED: libgomp.c++/cancel-taskgroup-1.C compilation failed to
produce executable
FAIL: libgomp.fortran/declare-simd-1.f90   -O1  execution test
FAIL: libgomp.fortran/examples-4/declare_target-4.f90   -O3
-fomit-frame-pointer -funroll-loops -fpeel-loops -ftracer
-finline-functions  execution test
FAIL: libgomp.fortran/examples-4/target_data-5.f90   -O1  execution test
FAIL: libgomp.oacc-c/../libgomp.oacc-c-c++-common/kernels-loop-nest.c
-DACC_DEVICE_TYPE_host=1 -DACC_MEM_SHARED=1  -O2  execution test
FAIL: libgomp.oacc-c/../libgomp.oacc-c-c++-common/lib-88.c
-DACC_DEVICE_TYPE_host=1 -DACC_MEM_SHARED=1  -O2  (test for excess errors)
FAIL: libgomp.oacc-c/../libgomp.oacc-c-c++-common/lib-89.c
-DACC_DEVICE_TYPE_host=1 -DACC_MEM_SHARED=1  -O2  (test for excess errors)
FAIL: libgomp.oacc-c/../libgomp.oacc-c-c++-common/lib-92.c
-DACC_DEVICE_TYPE_host=1 -DACC_MEM_SHARED=1  -O2  (test for excess errors)
FAIL: libgomp.oacc-c/../libgomp.oacc-c-c++-common/loop-dim-default.c
-DACC_DEVICE_TYPE_host=1 -DACC_MEM_SHARED=1  -O2  (test for excess errors)
UNRESOLVED:
libgomp.oacc-c/../libgomp.oacc-c-c++-common/loop-dim-default.c
-DACC_DEVICE_TYPE_host=1 -DACC_MEM_SHARED=1  -O2  compilation failed to
produce executable
FAIL: libgomp.oacc-c++/../libgomp.oacc-c-c++-common/kernels-loop-nest.c
-DACC_DEVICE_TYPE_host=1 -DACC_MEM_SHARED=1  -O2  execution test
FAIL: libgomp.oacc-c++/../libgomp.oacc-c-c++-common/lib-88.c
-DACC_DEVICE_TYPE_host=1 -DACC_MEM_SHARED=1  -O2  (test for excess errors)
FAIL: libgomp.oacc-c++/../libgomp.oacc-c-c++-common/lib-89.c
-DACC_DEVICE_TYPE_host=1 -DACC_MEM_SHARED=1  -O2  (test for excess errors)
UNRESOLVED: libgomp.oacc-c++/../libgomp.oacc-c-c++-common/lib-89.c
-DACC_DEVICE_TYPE_host=1 -DACC_MEM_SHARED=1  -O2  compilation failed to
produce executable
FAIL: libgomp.oacc-c++/../libgomp.oacc-c-c++-common/lib-92.c
-DACC_DEVICE_TYPE_host=1 -DACC_MEM_SHARED=1  -O2  (test for excess errors)
UNRESOLVED: libgomp.oacc-c++/../libgomp.oacc-c-c++-common/lib-92.c
-DACC_DEVICE_TYPE_host=1 -DACC_MEM_SHARED=1  -O2  compilation failed to
produce executable
FAIL: libgomp.oacc-c++/../libgomp.oacc-c-c++-common/loop-dim-default.c
-DACC_DEVICE_TYPE_host=1 -DACC_MEM_SHARED=1  -O2  (test for excess errors)
UNRESOLVED:
libgomp.oacc-c++/../libgomp.oacc-c-c++-common/loop-dim-default.c
-DACC_DEVICE_TYPE_host=1 -DACC_MEM_SHARED=1  -O2  compilation failed to
produce executable

		=== libgomp Summary ===

# of expected passes		5239
# of unexpected failures	19
# of unresolved testcases	6
# of unsupported tests		321
		=== libstdc++ tests ===


Running target unix
FAIL: 18_support/cxa_vec.cc (test for excess errors)
UNRESOLVED: 18_support/cxa_vec.cc compilation failed to produce executable
FAIL: 21_strings/basic_string/numeric_conversions/wchar_t/stod.cc
execution test
FAIL: 22_locale/classification/isblank.cc execution test
FAIL: 22_locale/num_put/put/char/6.cc execution test
FAIL: 22_locale/num_put/put/wchar_t/6.cc execution test
FAIL: 22_locale/time_put/put/char/1.cc execution test
FAIL: 22_locale/time_put/put/char/5.cc execution test
FAIL: 22_locale/time_put/put/wchar_t/1.cc execution test
FAIL: 22_locale/time_put/put/wchar_t/5.cc execution test
FAIL: 26_numerics/complex/56111.cc (test for excess errors)
FAIL: 27_io/basic_istream/extractors_arithmetic/char/12.cc execution test
FAIL: 27_io/basic_istream/extractors_arithmetic/wchar_t/12.cc execution test
FAIL: 27_io/basic_istream/ignore/wchar_t/1.cc (test for excess errors)
UNRESOLVED: 27_io/basic_istream/ignore/wchar_t/1.cc compilation failed
to produce executable
FAIL: 27_io/basic_istream/ignore/wchar_t/2.cc (test for excess errors)
UNRESOLVED: 27_io/basic_istream/ignore/wchar_t/2.cc compilation failed
to produce executable
FAIL: 27_io/basic_istream/ignore/wchar_t/7220.cc (test for excess errors)
UNRESOLVED: 27_io/basic_istream/ignore/wchar_t/7220.cc compilation
failed to produce executable
FAIL: 27_io/basic_istream/peek/wchar_t/1.cc (test for excess errors)
UNRESOLVED: 27_io/basic_istream/peek/wchar_t/1.cc compilation failed to
produce executable
FAIL: 27_io/basic_ostream/inserters_arithmetic/char/1.cc execution test
FAIL: 27_io/basic_ostream/inserters_arithmetic/char/hexfloat.cc
execution test
FAIL: 27_io/basic_ostream/inserters_arithmetic/wchar_t/1.cc execution test
FAIL: 27_io/basic_ostream/seekp/wchar_t/2346-fstream.cc (test for excess
errors)
UNRESOLVED: 27_io/basic_ostream/seekp/wchar_t/2346-fstream.cc
compilation failed to produce executable
FAIL: 27_io/basic_ostream/seekp/wchar_t/2346-sstream.cc (test for excess
errors)
UNRESOLVED: 27_io/basic_ostream/seekp/wchar_t/2346-sstream.cc
compilation failed to produce executable
FAIL: 27_io/ios_base/storage/11584.cc execution test
FAIL: 28_regex/traits/wchar_t/isctype.cc execution test
FAIL: ext/codecvt/wchar_t.cc execution test
FAIL: ext/mt_allocator/check_new.cc execution test
FAIL: ext/pool_allocator/check_new.cc execution test

		=== libstdc++ Summary ===

# of expected passes		10537
# of unexpected failures	26
# of expected failures		66
# of unresolved testcases	7
# of unsupported tests		925

Compiler version: 7.3.1 20181015 [gcc-7-branch revision 265163] (GCC)
Platform: x86_64-w64-mingw32
configure flags:
--prefix=/opt/devel/gnu/gcc/MINGW_NT/x86_64-w64-mingw32/mingw-w64-runtime-trunk-svn/gcc-7.3.1
--with-gnu-as
--with-as=/opt/devel/gnu/gcc/MINGW_NT/x86_64-w64-mingw32/mingw-w64-runtime-trunk-svn/gcc-7.3.1/bin/as
--with-gnu-ld
--with-ld=/opt/devel/gnu/gcc/MINGW_NT/x86_64-w64-mingw32/mingw-w64-runtime-trunk-svn/gcc-7.3.1/bin/ld
--build=x86_64-w64-mingw32 --enable-threads=posix
--enable-languages=c,ada,c++,fortran,lto,objc,obj-c++
--with-gmp-include=/opt/devel/SCRATCH/tmp.dKHB6orV07/install/include
--with-gmp-lib=/opt/devel/SCRATCH/tmp.dKHB6orV07/install/lib64
--with-mpfr-include=/opt/devel/SCRATCH/tmp.dKHB6orV07/install/include
--with-mpfr-lib=/opt/devel/SCRATCH/tmp.dKHB6orV07/install/lib64
--with-mpc-include=/opt/devel/SCRATCH/tmp.dKHB6orV07/install/include
--with-mpc-lib=/opt/devel/SCRATCH/tmp.dKHB6orV07/install/lib64
--with-isl-include=/opt/devel/SCRATCH/tmp.dKHB6orV07/install/include
--with-isl-lib=/opt/devel/SCRATCH/tmp.dKHB6orV07/install/lib64
--with-local-prefix=/opt/devel/tec/devel/MINGW_NT/x86_64-w64-mingw32/mingw-w64-runtime-trunk-svn/gcc-7.3.1
--enable-libgomp --enable-fully-dynamic-string --disable-multilib
--enable-checking=release --disable-werror --with-sysroot=/x86_64-w64-trunk

binutils:
binutils-2.29.1

gmp-6.1.2
mpfr-3.1.6
mpc-1.0.3
isl-0.16.1

Build system:
MINGW64_NT-6.1 andromeda 2.10.0(0.325/5/3) 2018-02-09 15:25 x86_64 Msys

cc for building:
gcc
gcc.exe (GCC) 7.3.1 20181015 [gcc-7-branch revision 265163]
Copyright (C) 2017 Free Software Foundation, Inc.
This is free software; see the source for copying conditions.  There is NO
warranty; not even for MERCHANTABILITY or FITNESS FOR A PARTICULAR PURPOSE.


as for building:
GNU assembler (GNU Binutils) 2.29.1
Copyright (C) 2017 Free Software Foundation, Inc.
This program is free software; you may redistribute it under the terms of
the GNU General Public License version 3 or later.
This program has absolutely no warranty.
This assembler was configured for a target of \`x86_64-w64-mingw32'.

ld for building:
GNU ld (GNU Binutils) 2.29.1
Copyright (C) 2017 Free Software Foundation, Inc.
This program is free software; you may redistribute it under the terms of
the GNU General Public License version 3 or (at your option) a later
version.
This program has absolutely no warranty.

-------------- next part --------------
A non-text attachment was scrubbed...
Name: signature.asc
Type: application/pgp-signature
Size: 833 bytes
Desc: OpenPGP digital signature
URL: <http://gcc.gnu.org/pipermail/gcc-testresults/attachments/20181018/669770b4/attachment.sig>


More information about the Gcc-testresults mailing list