Results for 9.0.0 20181015 (experimental) [trunk revision 265156] (GCC) testsuite on x86_64-pc-linux-gnu

H.J. Lu (x32 -fpic) x32@gnu-nhm-1.sc.intel.com
Mon Oct 15 11:23:00 GMT 2018


Native configuration is x86_64-pc-linux-gnu

		=== gcc tests ===


Running target unix/-mx32 -fpic
FAIL: gcc.dg/debug/dwarf2/inline5.c scan-assembler-times DW_TAG_inlined_subroutine 2
FAIL: gcc.dg/debug/dwarf2/inline5.c scan-assembler-times DW_TAG_lexical_block\\\\)[^#/!]*[#/!] DW_AT_abstract_origin 2
FAIL: gcc.dg/debug/dwarf2/inline5.c scan-assembler-times DW_TAG_lexical_block\\\\)[^#/!]*[#/!] \\\\(DIE \\\\(0x[0-9a-f]*\\\\) DW_TAG_variable 1
FAIL: gcc.dg/pr69896.c (test for excess errors)
UNRESOLVED: gcc.dg/pr69896.c compilation failed to produce executable
FAIL: gcc.dg/pr79223.c  (test for warnings, line 26)
FAIL: gcc.dg/pr79223.c  (test for warnings, line 31)
FAIL: gcc.dg/pr79223.c  (test for warnings, line 36)
FAIL: gcc.dg/vla-1.c scan-tree-dump-times optimized " s=> i" 2
FAIL: gcc.dg/graphite/interchange-3.c scan-tree-dump graphite "tiled"
FAIL: gcc.dg/graphite/interchange-7.c scan-tree-dump graphite "tiled"
FAIL: gcc.dg/graphite/interchange-9.c scan-tree-dump graphite "tiled"
FAIL: gcc.dg/graphite/uns-interchange-9.c scan-tree-dump graphite "tiled"
XPASS: gcc.dg/guality/example.c   -O0  execution test
XPASS: gcc.dg/guality/guality.c   -O0  execution test
XPASS: gcc.dg/guality/guality.c   -O1  -DPREVENT_OPTIMIZATION  execution test
XPASS: gcc.dg/guality/guality.c   -O2  -DPREVENT_OPTIMIZATION  execution test
XPASS: gcc.dg/guality/guality.c   -O2 -flto -fno-use-linker-plugin -flto-partition=none  -DPREVENT_OPTIMIZATION execution test
XPASS: gcc.dg/guality/guality.c   -O2 -flto -fuse-linker-plugin -fno-fat-lto-objects  -DPREVENT_OPTIMIZATION execution test
XPASS: gcc.dg/guality/guality.c   -O3 -g  -DPREVENT_OPTIMIZATION  execution test
XPASS: gcc.dg/guality/guality.c   -Os  -DPREVENT_OPTIMIZATION  execution test
XPASS: gcc.dg/guality/guality.c  -Og -DPREVENT_OPTIMIZATION  execution test
XPASS: gcc.dg/guality/inline-params.c   -O2  -DPREVENT_OPTIMIZATION  execution test
XPASS: gcc.dg/guality/inline-params.c   -O2 -flto -fno-use-linker-plugin -flto-partition=none  -DPREVENT_OPTIMIZATION execution test
XPASS: gcc.dg/guality/inline-params.c   -O2 -flto -fuse-linker-plugin -fno-fat-lto-objects  -DPREVENT_OPTIMIZATION execution test
XPASS: gcc.dg/guality/inline-params.c   -O3 -g  -DPREVENT_OPTIMIZATION  execution test
XPASS: gcc.dg/guality/inline-params.c   -Os  -DPREVENT_OPTIMIZATION  execution test
FAIL: gcc.dg/guality/pr25967-1.c   -O0  (test for excess errors)
UNRESOLVED: gcc.dg/guality/pr25967-1.c   -O0  compilation failed to produce executable
FAIL: gcc.dg/guality/pr25967-1.c   -O1  -DPREVENT_OPTIMIZATION  (test for excess errors)
UNRESOLVED: gcc.dg/guality/pr25967-1.c   -O1  -DPREVENT_OPTIMIZATION  compilation failed to produce executable
FAIL: gcc.dg/guality/pr25967-1.c   -O2  -DPREVENT_OPTIMIZATION  (test for excess errors)
UNRESOLVED: gcc.dg/guality/pr25967-1.c   -O2  -DPREVENT_OPTIMIZATION  compilation failed to produce executable
FAIL: gcc.dg/guality/pr25967-1.c   -O2 -flto -fno-use-linker-plugin -flto-partition=none  -DPREVENT_OPTIMIZATION (test for excess errors)
UNRESOLVED: gcc.dg/guality/pr25967-1.c   -O2 -flto -fno-use-linker-plugin -flto-partition=none  -DPREVENT_OPTIMIZATION compilation failed to produce executable
FAIL: gcc.dg/guality/pr25967-1.c   -O2 -flto -fuse-linker-plugin -fno-fat-lto-objects  -DPREVENT_OPTIMIZATION (test for excess errors)
UNRESOLVED: gcc.dg/guality/pr25967-1.c   -O2 -flto -fuse-linker-plugin -fno-fat-lto-objects  -DPREVENT_OPTIMIZATION compilation failed to produce executable
FAIL: gcc.dg/guality/pr25967-1.c   -O3 -g  -DPREVENT_OPTIMIZATION  (test for excess errors)
UNRESOLVED: gcc.dg/guality/pr25967-1.c   -O3 -g  -DPREVENT_OPTIMIZATION  compilation failed to produce executable
FAIL: gcc.dg/guality/pr25967-1.c   -Os  -DPREVENT_OPTIMIZATION  (test for excess errors)
UNRESOLVED: gcc.dg/guality/pr25967-1.c   -Os  -DPREVENT_OPTIMIZATION  compilation failed to produce executable
FAIL: gcc.dg/guality/pr25967-1.c  -Og -DPREVENT_OPTIMIZATION  (test for excess errors)
UNRESOLVED: gcc.dg/guality/pr25967-1.c  -Og -DPREVENT_OPTIMIZATION  compilation failed to produce executable
FAIL: gcc.dg/guality/pr25967-2.c   -O0  (test for excess errors)
UNRESOLVED: gcc.dg/guality/pr25967-2.c   -O0  compilation failed to produce executable
FAIL: gcc.dg/guality/pr25967-2.c   -O1  -DPREVENT_OPTIMIZATION  (test for excess errors)
UNRESOLVED: gcc.dg/guality/pr25967-2.c   -O1  -DPREVENT_OPTIMIZATION  compilation failed to produce executable
FAIL: gcc.dg/guality/pr25967-2.c   -O2  -DPREVENT_OPTIMIZATION  (test for excess errors)
UNRESOLVED: gcc.dg/guality/pr25967-2.c   -O2  -DPREVENT_OPTIMIZATION  compilation failed to produce executable
FAIL: gcc.dg/guality/pr25967-2.c   -O2 -flto -fno-use-linker-plugin -flto-partition=none  -DPREVENT_OPTIMIZATION (test for excess errors)
UNRESOLVED: gcc.dg/guality/pr25967-2.c   -O2 -flto -fno-use-linker-plugin -flto-partition=none  -DPREVENT_OPTIMIZATION compilation failed to produce executable
FAIL: gcc.dg/guality/pr25967-2.c   -O2 -flto -fuse-linker-plugin -fno-fat-lto-objects  -DPREVENT_OPTIMIZATION (test for excess errors)
UNRESOLVED: gcc.dg/guality/pr25967-2.c   -O2 -flto -fuse-linker-plugin -fno-fat-lto-objects  -DPREVENT_OPTIMIZATION compilation failed to produce executable
FAIL: gcc.dg/guality/pr25967-2.c   -O3 -g  -DPREVENT_OPTIMIZATION  (test for excess errors)
UNRESOLVED: gcc.dg/guality/pr25967-2.c   -O3 -g  -DPREVENT_OPTIMIZATION  compilation failed to produce executable
FAIL: gcc.dg/guality/pr25967-2.c   -Os  -DPREVENT_OPTIMIZATION  (test for excess errors)
UNRESOLVED: gcc.dg/guality/pr25967-2.c   -Os  -DPREVENT_OPTIMIZATION  compilation failed to produce executable
FAIL: gcc.dg/guality/pr25967-2.c  -Og -DPREVENT_OPTIMIZATION  (test for excess errors)
UNRESOLVED: gcc.dg/guality/pr25967-2.c  -Og -DPREVENT_OPTIMIZATION  compilation failed to produce executable
FAIL: gcc.dg/guality/pr36728-2.c   -O1  -DPREVENT_OPTIMIZATION  line 18 *x == (char) 25
FAIL: gcc.dg/guality/pr36728-2.c   -O2  -DPREVENT_OPTIMIZATION  line 18 *x == (char) 25
FAIL: gcc.dg/guality/pr36728-2.c   -O2 -flto -fno-use-linker-plugin -flto-partition=none  -DPREVENT_OPTIMIZATION line 18 *x == (char) 25
FAIL: gcc.dg/guality/pr36728-2.c   -O3 -g  -DPREVENT_OPTIMIZATION  line 18 *x == (char) 25
FAIL: gcc.dg/guality/pr36728-2.c   -Os  -DPREVENT_OPTIMIZATION  line 18 *x == (char) 25
FAIL: gcc.dg/guality/pr36728-2.c  -Og -DPREVENT_OPTIMIZATION  line 18 *x == (char) 25
XPASS: gcc.dg/guality/pr41353-1.c   -O0  line 28 j == 28 + 37
XPASS: gcc.dg/guality/pr41353-1.c  -Og -DPREVENT_OPTIMIZATION  line 28 j == 28 + 37
FAIL: gcc.dg/guality/pr41616-1.c   -O2  -DPREVENT_OPTIMIZATION  execution test
FAIL: gcc.dg/guality/pr41616-1.c   -O2 -flto -fno-use-linker-plugin -flto-partition=none  -DPREVENT_OPTIMIZATION execution test
FAIL: gcc.dg/guality/pr41616-1.c   -O3 -g  -DPREVENT_OPTIMIZATION  execution test
FAIL: gcc.dg/guality/pr43051-1.c   -O1  -DPREVENT_OPTIMIZATION  line 36 e == &a[1]
FAIL: gcc.dg/guality/pr43051-1.c   -O1  -DPREVENT_OPTIMIZATION  line 41 e == &a[1]
FAIL: gcc.dg/guality/pr43051-1.c   -O2  -DPREVENT_OPTIMIZATION  line 36 e == &a[1]
FAIL: gcc.dg/guality/pr43051-1.c   -O2  -DPREVENT_OPTIMIZATION  line 41 e == &a[1]
FAIL: gcc.dg/guality/pr43051-1.c   -O2 -flto -fno-use-linker-plugin -flto-partition=none  -DPREVENT_OPTIMIZATION line 36 e == &a[1]
FAIL: gcc.dg/guality/pr43051-1.c   -O2 -flto -fno-use-linker-plugin -flto-partition=none  -DPREVENT_OPTIMIZATION line 41 e == &a[1]
FAIL: gcc.dg/guality/pr43051-1.c   -O2 -flto -fuse-linker-plugin -fno-fat-lto-objects  -DPREVENT_OPTIMIZATION line 36 e == &a[1]
FAIL: gcc.dg/guality/pr43051-1.c   -O2 -flto -fuse-linker-plugin -fno-fat-lto-objects  -DPREVENT_OPTIMIZATION line 41 e == &a[1]
FAIL: gcc.dg/guality/pr43051-1.c   -O3 -fomit-frame-pointer -funroll-loops -fpeel-loops -ftracer -finline-functions  -DPREVENT_OPTIMIZATION  line 39 c == &a[0]
FAIL: gcc.dg/guality/pr43051-1.c   -Os  -DPREVENT_OPTIMIZATION  line 34 c == &a[0]
FAIL: gcc.dg/guality/pr43051-1.c   -Os  -DPREVENT_OPTIMIZATION  line 36 e == &a[1]
FAIL: gcc.dg/guality/pr43051-1.c   -Os  -DPREVENT_OPTIMIZATION  line 39 c == &a[0]
FAIL: gcc.dg/guality/pr43051-1.c   -Os  -DPREVENT_OPTIMIZATION  line 41 e == &a[1]
FAIL: gcc.dg/guality/pr43051-1.c  -Og -DPREVENT_OPTIMIZATION  line 36 e == &a[1]
FAIL: gcc.dg/guality/pr43051-1.c  -Og -DPREVENT_OPTIMIZATION  line 41 e == &a[1]
FAIL: gcc.dg/guality/pr54200.c  -Og -DPREVENT_OPTIMIZATION  line 20 z == 3
FAIL: gcc.dg/guality/pr54519-1.c   -O2 -flto -fno-use-linker-plugin -flto-partition=none  -DPREVENT_OPTIMIZATION line 20 y == 25
FAIL: gcc.dg/guality/pr54519-1.c   -O2 -flto -fno-use-linker-plugin -flto-partition=none  -DPREVENT_OPTIMIZATION line 20 z == 6
FAIL: gcc.dg/guality/pr54519-1.c   -O2 -flto -fno-use-linker-plugin -flto-partition=none  -DPREVENT_OPTIMIZATION line 23 y == 117
FAIL: gcc.dg/guality/pr54519-1.c   -O2 -flto -fno-use-linker-plugin -flto-partition=none  -DPREVENT_OPTIMIZATION line 23 z == 8
FAIL: gcc.dg/guality/pr54519-1.c   -O2 -flto -fuse-linker-plugin -fno-fat-lto-objects  -DPREVENT_OPTIMIZATION line 20 y == 25
FAIL: gcc.dg/guality/pr54519-1.c   -O2 -flto -fuse-linker-plugin -fno-fat-lto-objects  -DPREVENT_OPTIMIZATION line 20 z == 6
FAIL: gcc.dg/guality/pr54519-1.c   -O2 -flto -fuse-linker-plugin -fno-fat-lto-objects  -DPREVENT_OPTIMIZATION line 23 y == 117
FAIL: gcc.dg/guality/pr54519-1.c   -O2 -flto -fuse-linker-plugin -fno-fat-lto-objects  -DPREVENT_OPTIMIZATION line 23 z == 8
FAIL: gcc.dg/guality/pr54519-2.c   -O2 -flto -fno-use-linker-plugin -flto-partition=none  -DPREVENT_OPTIMIZATION line 17 y == 25
FAIL: gcc.dg/guality/pr54519-2.c   -O2 -flto -fuse-linker-plugin -fno-fat-lto-objects  -DPREVENT_OPTIMIZATION line 17 y == 25
FAIL: gcc.dg/guality/pr54519-3.c   -O2 -flto -fno-use-linker-plugin -flto-partition=none  -DPREVENT_OPTIMIZATION line 20 y == 25
FAIL: gcc.dg/guality/pr54519-3.c   -O2 -flto -fno-use-linker-plugin -flto-partition=none  -DPREVENT_OPTIMIZATION line 20 z == 6
FAIL: gcc.dg/guality/pr54519-3.c   -O2 -flto -fno-use-linker-plugin -flto-partition=none  -DPREVENT_OPTIMIZATION line 23 y == 117
FAIL: gcc.dg/guality/pr54519-3.c   -O2 -flto -fno-use-linker-plugin -flto-partition=none  -DPREVENT_OPTIMIZATION line 23 z == 8
FAIL: gcc.dg/guality/pr54519-3.c   -O2 -flto -fuse-linker-plugin -fno-fat-lto-objects  -DPREVENT_OPTIMIZATION line 20 y == 25
FAIL: gcc.dg/guality/pr54519-3.c   -O2 -flto -fuse-linker-plugin -fno-fat-lto-objects  -DPREVENT_OPTIMIZATION line 20 z == 6
FAIL: gcc.dg/guality/pr54519-3.c   -O2 -flto -fuse-linker-plugin -fno-fat-lto-objects  -DPREVENT_OPTIMIZATION line 23 y == 117
FAIL: gcc.dg/guality/pr54519-3.c   -O2 -flto -fuse-linker-plugin -fno-fat-lto-objects  -DPREVENT_OPTIMIZATION line 23 z == 8
FAIL: gcc.dg/guality/pr54519-4.c   -O2 -flto -fno-use-linker-plugin -flto-partition=none  -DPREVENT_OPTIMIZATION line 17 y == 25
FAIL: gcc.dg/guality/pr54519-4.c   -O2 -flto -fuse-linker-plugin -fno-fat-lto-objects  -DPREVENT_OPTIMIZATION line 17 y == 25
FAIL: gcc.dg/guality/pr54519-5.c   -O2 -flto -fno-use-linker-plugin -flto-partition=none  -DPREVENT_OPTIMIZATION line 17 y == 25
FAIL: gcc.dg/guality/pr54519-5.c   -O2 -flto -fuse-linker-plugin -fno-fat-lto-objects  -DPREVENT_OPTIMIZATION line 17 y == 25
XPASS: gcc.dg/guality/pr54970.c   -O0  line 31 a[0] == 4
XPASS: gcc.dg/guality/pr54970.c   -O0  line 36 a[0] == 4
XPASS: gcc.dg/guality/pr54970.c   -O0  line 45 a[0] == 4
XPASS: gcc.dg/guality/pr54970.c   -O0  line 45 p[-2] == 4
XPASS: gcc.dg/guality/pr54970.c   -O0  line 45 q[-1] == 4
FAIL: gcc.dg/guality/pr54970.c  -Og -DPREVENT_OPTIMIZATION  line 15 *p == 3
FAIL: gcc.dg/guality/pr54970.c  -Og -DPREVENT_OPTIMIZATION  line 15 *q == 2
FAIL: gcc.dg/guality/pr54970.c  -Og -DPREVENT_OPTIMIZATION  line 15 a[0] == 1
FAIL: gcc.dg/guality/pr54970.c  -Og -DPREVENT_OPTIMIZATION  line 15 a[1] == 2
FAIL: gcc.dg/guality/pr54970.c  -Og -DPREVENT_OPTIMIZATION  line 15 a[2] == 3
FAIL: gcc.dg/guality/pr54970.c  -Og -DPREVENT_OPTIMIZATION  line 20 *p == 13
FAIL: gcc.dg/guality/pr54970.c  -Og -DPREVENT_OPTIMIZATION  line 20 *q == 2
FAIL: gcc.dg/guality/pr54970.c  -Og -DPREVENT_OPTIMIZATION  line 20 a[0] == 1
FAIL: gcc.dg/guality/pr54970.c  -Og -DPREVENT_OPTIMIZATION  line 20 a[1] == 2
FAIL: gcc.dg/guality/pr54970.c  -Og -DPREVENT_OPTIMIZATION  line 20 a[2] == 13
FAIL: gcc.dg/guality/pr54970.c  -Og -DPREVENT_OPTIMIZATION  line 25 *p == 13
FAIL: gcc.dg/guality/pr54970.c  -Og -DPREVENT_OPTIMIZATION  line 25 *q == 12
FAIL: gcc.dg/guality/pr54970.c  -Og -DPREVENT_OPTIMIZATION  line 25 a[0] == 1
FAIL: gcc.dg/guality/pr54970.c  -Og -DPREVENT_OPTIMIZATION  line 25 a[1] == 12
FAIL: gcc.dg/guality/pr54970.c  -Og -DPREVENT_OPTIMIZATION  line 25 a[2] == 13
FAIL: gcc.dg/guality/pr54970.c  -Og -DPREVENT_OPTIMIZATION  line 31 *p == 6
FAIL: gcc.dg/guality/pr54970.c  -Og -DPREVENT_OPTIMIZATION  line 31 *q == 5
FAIL: gcc.dg/guality/pr54970.c  -Og -DPREVENT_OPTIMIZATION  line 31 a[1] == 5
FAIL: gcc.dg/guality/pr54970.c  -Og -DPREVENT_OPTIMIZATION  line 31 a[2] == 6
FAIL: gcc.dg/guality/pr54970.c  -Og -DPREVENT_OPTIMIZATION  line 36 *p == 26
FAIL: gcc.dg/guality/pr54970.c  -Og -DPREVENT_OPTIMIZATION  line 36 *q == 5
FAIL: gcc.dg/guality/pr54970.c  -Og -DPREVENT_OPTIMIZATION  line 36 a[1] == 5
FAIL: gcc.dg/guality/pr54970.c  -Og -DPREVENT_OPTIMIZATION  line 36 a[2] == 26
FAIL: gcc.dg/guality/pr54970.c  -Og -DPREVENT_OPTIMIZATION  line 45 *p == 26
FAIL: gcc.dg/guality/pr54970.c  -Og -DPREVENT_OPTIMIZATION  line 45 *q == 25
FAIL: gcc.dg/guality/pr54970.c  -Og -DPREVENT_OPTIMIZATION  line 45 a[1] == 25
FAIL: gcc.dg/guality/pr54970.c  -Og -DPREVENT_OPTIMIZATION  line 45 a[2] == 26
FAIL: gcc.dg/guality/pr54970.c  -Og -DPREVENT_OPTIMIZATION  line 45 p[-1] == 25
FAIL: gcc.dg/guality/pr54970.c  -Og -DPREVENT_OPTIMIZATION  line 45 q[1] == 26
FAIL: gcc.dg/guality/pr56154-1.c  -Og -DPREVENT_OPTIMIZATION  line pr56154-1.c:20 x.a == 6
FAIL: gcc.dg/guality/pr59776.c  -Og -DPREVENT_OPTIMIZATION  line pr59776.c:17 s1.f == 5.0
FAIL: gcc.dg/guality/pr59776.c  -Og -DPREVENT_OPTIMIZATION  line pr59776.c:17 s1.g == 6.0
FAIL: gcc.dg/guality/pr59776.c  -Og -DPREVENT_OPTIMIZATION  line pr59776.c:17 s2.f == 0.0
FAIL: gcc.dg/guality/pr59776.c  -Og -DPREVENT_OPTIMIZATION  line pr59776.c:17 s2.g == 6.0
FAIL: gcc.dg/guality/pr59776.c  -Og -DPREVENT_OPTIMIZATION  line pr59776.c:20 s1.f == 5.0
FAIL: gcc.dg/guality/pr59776.c  -Og -DPREVENT_OPTIMIZATION  line pr59776.c:20 s1.g == 6.0
FAIL: gcc.dg/guality/pr59776.c  -Og -DPREVENT_OPTIMIZATION  line pr59776.c:20 s2.f == 5.0
FAIL: gcc.dg/guality/pr59776.c  -Og -DPREVENT_OPTIMIZATION  line pr59776.c:20 s2.g == 6.0
FAIL: gcc.dg/guality/pr68037-1.c   -O0  (test for excess errors)
UNRESOLVED: gcc.dg/guality/pr68037-1.c   -O0  compilation failed to produce executable
FAIL: gcc.dg/guality/pr68037-1.c   -O1  -DPREVENT_OPTIMIZATION  (test for excess errors)
UNRESOLVED: gcc.dg/guality/pr68037-1.c   -O1  -DPREVENT_OPTIMIZATION  compilation failed to produce executable
FAIL: gcc.dg/guality/pr68037-1.c   -O2  -DPREVENT_OPTIMIZATION  (test for excess errors)
UNRESOLVED: gcc.dg/guality/pr68037-1.c   -O2  -DPREVENT_OPTIMIZATION  compilation failed to produce executable
FAIL: gcc.dg/guality/pr68037-1.c   -O2 -flto -fno-use-linker-plugin -flto-partition=none  -DPREVENT_OPTIMIZATION (test for excess errors)
UNRESOLVED: gcc.dg/guality/pr68037-1.c   -O2 -flto -fno-use-linker-plugin -flto-partition=none  -DPREVENT_OPTIMIZATION compilation failed to produce executable
FAIL: gcc.dg/guality/pr68037-1.c   -O2 -flto -fuse-linker-plugin -fno-fat-lto-objects  -DPREVENT_OPTIMIZATION (test for excess errors)
UNRESOLVED: gcc.dg/guality/pr68037-1.c   -O2 -flto -fuse-linker-plugin -fno-fat-lto-objects  -DPREVENT_OPTIMIZATION compilation failed to produce executable
FAIL: gcc.dg/guality/pr68037-1.c   -O3 -g  -DPREVENT_OPTIMIZATION  (test for excess errors)
UNRESOLVED: gcc.dg/guality/pr68037-1.c   -O3 -g  -DPREVENT_OPTIMIZATION  compilation failed to produce executable
FAIL: gcc.dg/guality/pr68037-1.c   -Os  -DPREVENT_OPTIMIZATION  (test for excess errors)
UNRESOLVED: gcc.dg/guality/pr68037-1.c   -Os  -DPREVENT_OPTIMIZATION  compilation failed to produce executable
FAIL: gcc.dg/guality/pr68037-1.c  -Og -DPREVENT_OPTIMIZATION  (test for excess errors)
UNRESOLVED: gcc.dg/guality/pr68037-1.c  -Og -DPREVENT_OPTIMIZATION  compilation failed to produce executable
FAIL: gcc.dg/guality/pr68037-2.c   -O0  (test for excess errors)
UNRESOLVED: gcc.dg/guality/pr68037-2.c   -O0  compilation failed to produce executable
FAIL: gcc.dg/guality/pr68037-2.c   -O1  -DPREVENT_OPTIMIZATION  (test for excess errors)
UNRESOLVED: gcc.dg/guality/pr68037-2.c   -O1  -DPREVENT_OPTIMIZATION  compilation failed to produce executable
FAIL: gcc.dg/guality/pr68037-2.c   -O2  -DPREVENT_OPTIMIZATION  (test for excess errors)
UNRESOLVED: gcc.dg/guality/pr68037-2.c   -O2  -DPREVENT_OPTIMIZATION  compilation failed to produce executable
FAIL: gcc.dg/guality/pr68037-2.c   -O2 -flto -fno-use-linker-plugin -flto-partition=none  -DPREVENT_OPTIMIZATION (test for excess errors)
UNRESOLVED: gcc.dg/guality/pr68037-2.c   -O2 -flto -fno-use-linker-plugin -flto-partition=none  -DPREVENT_OPTIMIZATION compilation failed to produce executable
FAIL: gcc.dg/guality/pr68037-2.c   -O2 -flto -fuse-linker-plugin -fno-fat-lto-objects  -DPREVENT_OPTIMIZATION (test for excess errors)
UNRESOLVED: gcc.dg/guality/pr68037-2.c   -O2 -flto -fuse-linker-plugin -fno-fat-lto-objects  -DPREVENT_OPTIMIZATION compilation failed to produce executable
FAIL: gcc.dg/guality/pr68037-2.c   -O3 -g  -DPREVENT_OPTIMIZATION  (test for excess errors)
UNRESOLVED: gcc.dg/guality/pr68037-2.c   -O3 -g  -DPREVENT_OPTIMIZATION  compilation failed to produce executable
FAIL: gcc.dg/guality/pr68037-2.c   -Os  -DPREVENT_OPTIMIZATION  (test for excess errors)
UNRESOLVED: gcc.dg/guality/pr68037-2.c   -Os  -DPREVENT_OPTIMIZATION  compilation failed to produce executable
FAIL: gcc.dg/guality/pr68037-2.c  -Og -DPREVENT_OPTIMIZATION  (test for excess errors)
UNRESOLVED: gcc.dg/guality/pr68037-2.c  -Og -DPREVENT_OPTIMIZATION  compilation failed to produce executable
FAIL: gcc.dg/guality/pr68037-3.c   -O0  (test for excess errors)
UNRESOLVED: gcc.dg/guality/pr68037-3.c   -O0  compilation failed to produce executable
FAIL: gcc.dg/guality/pr68037-3.c   -O1  -DPREVENT_OPTIMIZATION  (test for excess errors)
UNRESOLVED: gcc.dg/guality/pr68037-3.c   -O1  -DPREVENT_OPTIMIZATION  compilation failed to produce executable
FAIL: gcc.dg/guality/pr68037-3.c   -O2  -DPREVENT_OPTIMIZATION  (test for excess errors)
UNRESOLVED: gcc.dg/guality/pr68037-3.c   -O2  -DPREVENT_OPTIMIZATION  compilation failed to produce executable
FAIL: gcc.dg/guality/pr68037-3.c   -O2 -flto -fno-use-linker-plugin -flto-partition=none  -DPREVENT_OPTIMIZATION (test for excess errors)
UNRESOLVED: gcc.dg/guality/pr68037-3.c   -O2 -flto -fno-use-linker-plugin -flto-partition=none  -DPREVENT_OPTIMIZATION compilation failed to produce executable
FAIL: gcc.dg/guality/pr68037-3.c   -O2 -flto -fuse-linker-plugin -fno-fat-lto-objects  -DPREVENT_OPTIMIZATION (test for excess errors)
UNRESOLVED: gcc.dg/guality/pr68037-3.c   -O2 -flto -fuse-linker-plugin -fno-fat-lto-objects  -DPREVENT_OPTIMIZATION compilation failed to produce executable
FAIL: gcc.dg/guality/pr68037-3.c   -O3 -g  -DPREVENT_OPTIMIZATION  (test for excess errors)
UNRESOLVED: gcc.dg/guality/pr68037-3.c   -O3 -g  -DPREVENT_OPTIMIZATION  compilation failed to produce executable
FAIL: gcc.dg/guality/pr68037-3.c   -Os  -DPREVENT_OPTIMIZATION  (test for excess errors)
UNRESOLVED: gcc.dg/guality/pr68037-3.c   -Os  -DPREVENT_OPTIMIZATION  compilation failed to produce executable
FAIL: gcc.dg/guality/pr68037-3.c  -Og -DPREVENT_OPTIMIZATION  (test for excess errors)
UNRESOLVED: gcc.dg/guality/pr68037-3.c  -Og -DPREVENT_OPTIMIZATION  compilation failed to produce executable
FAIL: gcc.dg/guality/pr68860-1.c   -O2 -flto -fno-use-linker-plugin -flto-partition=none  -DPREVENT_OPTIMIZATION line 14 arg1 == 1
FAIL: gcc.dg/guality/pr68860-1.c   -O2 -flto -fno-use-linker-plugin -flto-partition=none  -DPREVENT_OPTIMIZATION line 14 arg2 == 2
FAIL: gcc.dg/guality/pr68860-1.c   -O2 -flto -fno-use-linker-plugin -flto-partition=none  -DPREVENT_OPTIMIZATION line 14 arg3 == 3
FAIL: gcc.dg/guality/pr68860-1.c   -O2 -flto -fno-use-linker-plugin -flto-partition=none  -DPREVENT_OPTIMIZATION line 14 arg4 == 4
FAIL: gcc.dg/guality/pr68860-1.c   -O2 -flto -fno-use-linker-plugin -flto-partition=none  -DPREVENT_OPTIMIZATION line 14 arg5 == 5
FAIL: gcc.dg/guality/pr68860-1.c   -O2 -flto -fno-use-linker-plugin -flto-partition=none  -DPREVENT_OPTIMIZATION line 14 arg6 == 6
FAIL: gcc.dg/guality/pr68860-1.c   -O2 -flto -fno-use-linker-plugin -flto-partition=none  -DPREVENT_OPTIMIZATION line 16 arg1 == 1
FAIL: gcc.dg/guality/pr68860-1.c   -O2 -flto -fno-use-linker-plugin -flto-partition=none  -DPREVENT_OPTIMIZATION line 16 arg2 == 2
FAIL: gcc.dg/guality/pr68860-1.c   -O2 -flto -fno-use-linker-plugin -flto-partition=none  -DPREVENT_OPTIMIZATION line 16 arg3 == 3
FAIL: gcc.dg/guality/pr68860-1.c   -O2 -flto -fno-use-linker-plugin -flto-partition=none  -DPREVENT_OPTIMIZATION line 16 arg4 == 4
FAIL: gcc.dg/guality/pr68860-1.c   -O2 -flto -fno-use-linker-plugin -flto-partition=none  -DPREVENT_OPTIMIZATION line 16 arg5 == 5
FAIL: gcc.dg/guality/pr68860-1.c   -O2 -flto -fno-use-linker-plugin -flto-partition=none  -DPREVENT_OPTIMIZATION line 16 arg6 == 6
FAIL: gcc.dg/guality/pr68860-1.c   -O2 -flto -fuse-linker-plugin -fno-fat-lto-objects  -DPREVENT_OPTIMIZATION line 14 arg1 == 1
FAIL: gcc.dg/guality/pr68860-1.c   -O2 -flto -fuse-linker-plugin -fno-fat-lto-objects  -DPREVENT_OPTIMIZATION line 14 arg2 == 2
FAIL: gcc.dg/guality/pr68860-1.c   -O2 -flto -fuse-linker-plugin -fno-fat-lto-objects  -DPREVENT_OPTIMIZATION line 14 arg3 == 3
FAIL: gcc.dg/guality/pr68860-1.c   -O2 -flto -fuse-linker-plugin -fno-fat-lto-objects  -DPREVENT_OPTIMIZATION line 14 arg4 == 4
FAIL: gcc.dg/guality/pr68860-1.c   -O2 -flto -fuse-linker-plugin -fno-fat-lto-objects  -DPREVENT_OPTIMIZATION line 14 arg5 == 5
FAIL: gcc.dg/guality/pr68860-1.c   -O2 -flto -fuse-linker-plugin -fno-fat-lto-objects  -DPREVENT_OPTIMIZATION line 14 arg6 == 6
FAIL: gcc.dg/guality/pr68860-1.c   -O2 -flto -fuse-linker-plugin -fno-fat-lto-objects  -DPREVENT_OPTIMIZATION line 16 arg1 == 1
FAIL: gcc.dg/guality/pr68860-1.c   -O2 -flto -fuse-linker-plugin -fno-fat-lto-objects  -DPREVENT_OPTIMIZATION line 16 arg2 == 2
FAIL: gcc.dg/guality/pr68860-1.c   -O2 -flto -fuse-linker-plugin -fno-fat-lto-objects  -DPREVENT_OPTIMIZATION line 16 arg3 == 3
FAIL: gcc.dg/guality/pr68860-1.c   -O2 -flto -fuse-linker-plugin -fno-fat-lto-objects  -DPREVENT_OPTIMIZATION line 16 arg4 == 4
FAIL: gcc.dg/guality/pr68860-1.c   -O2 -flto -fuse-linker-plugin -fno-fat-lto-objects  -DPREVENT_OPTIMIZATION line 16 arg5 == 5
FAIL: gcc.dg/guality/pr68860-1.c   -O2 -flto -fuse-linker-plugin -fno-fat-lto-objects  -DPREVENT_OPTIMIZATION line 16 arg6 == 6
FAIL: gcc.dg/guality/sra-1.c   -O2  -DPREVENT_OPTIMIZATION  line 43 a.j == 14
FAIL: gcc.dg/guality/sra-1.c   -O2 -flto -fno-use-linker-plugin -flto-partition=none  -DPREVENT_OPTIMIZATION line 43 a.j == 14
FAIL: gcc.dg/guality/sra-1.c   -O3 -g  -DPREVENT_OPTIMIZATION  line 43 a.j == 14
FAIL: gcc.dg/guality/sra-1.c   -Os  -DPREVENT_OPTIMIZATION  line 43 a.j == 14
FAIL: gcc.dg/guality/sra-1.c  -Og -DPREVENT_OPTIMIZATION  line 21 a.i == 4
FAIL: gcc.dg/guality/sra-1.c  -Og -DPREVENT_OPTIMIZATION  line 21 a.j == 14
FAIL: gcc.dg/guality/sra-1.c  -Og -DPREVENT_OPTIMIZATION  line 32 a[0] == 4
FAIL: gcc.dg/guality/sra-1.c  -Og -DPREVENT_OPTIMIZATION  line 32 a[1] == 14
FAIL: gcc.dg/guality/sra-1.c  -Og -DPREVENT_OPTIMIZATION  line 43 a.i == 4
FAIL: gcc.dg/guality/sra-1.c  -Og -DPREVENT_OPTIMIZATION  line 43 a.j == 14
FAIL: gcc.dg/guality/vla-1.c   -O1  -DPREVENT_OPTIMIZATION  line 17 sizeof (a) == 6
FAIL: gcc.dg/guality/vla-1.c   -O2  -DPREVENT_OPTIMIZATION  line 17 sizeof (a) == 6
FAIL: gcc.dg/guality/vla-1.c   -O2 -flto -fno-use-linker-plugin -flto-partition=none  -DPREVENT_OPTIMIZATION line 17 sizeof (a) == 6
FAIL: gcc.dg/guality/vla-1.c   -O2 -flto -fuse-linker-plugin -fno-fat-lto-objects  -DPREVENT_OPTIMIZATION line 17 sizeof (a) == 6
FAIL: gcc.dg/guality/vla-1.c   -O3 -g  -DPREVENT_OPTIMIZATION  line 17 sizeof (a) == 6
FAIL: gcc.dg/guality/vla-1.c   -Os  -DPREVENT_OPTIMIZATION  line 17 sizeof (a) == 6
FAIL: gcc.dg/ipa/inline-7.c scan-tree-dump-times einline "Inlining a into m" 1
FAIL: gcc.dg/ipa/inline-8.c execution test
FAIL: gcc.dg/ipa/ipa-icf-28.c scan-ipa-dump icf "different decl attributes"
FAIL: gcc.dg/ipa/ipa-icf-merge-1.c scan-ipa-dump icf "= foo \\\\(\\\\);"
FAIL: gcc.dg/ipa/pr85734.c  (test for warnings, line 16)
FAIL: gcc.dg/ipa/propmalloc-4.c scan-tree-dump local-pure-const1 "Function found to be malloc: foo"
FAIL: gcc.dg/lto/pr69188 c_lto_pr69188_0.o-c_lto_pr69188_1.o link,  -flto -O0 -fprofile-generate 
FAIL: gcc.dg/torture/pr25967-1.c   -O0  (test for excess errors)
UNRESOLVED: gcc.dg/torture/pr25967-1.c   -O0  compilation failed to produce executable
FAIL: gcc.dg/torture/pr25967-1.c   -O1  (test for excess errors)
UNRESOLVED: gcc.dg/torture/pr25967-1.c   -O1  compilation failed to produce executable
FAIL: gcc.dg/torture/pr25967-1.c   -O2  (test for excess errors)
UNRESOLVED: gcc.dg/torture/pr25967-1.c   -O2  compilation failed to produce executable
FAIL: gcc.dg/torture/pr25967-1.c   -O2 -flto -fno-use-linker-plugin -flto-partition=none  (test for excess errors)
UNRESOLVED: gcc.dg/torture/pr25967-1.c   -O2 -flto -fno-use-linker-plugin -flto-partition=none  compilation failed to produce executable
FAIL: gcc.dg/torture/pr25967-1.c   -O2 -flto -fuse-linker-plugin -fno-fat-lto-objects  (test for excess errors)
UNRESOLVED: gcc.dg/torture/pr25967-1.c   -O2 -flto -fuse-linker-plugin -fno-fat-lto-objects  compilation failed to produce executable
FAIL: gcc.dg/torture/pr25967-1.c   -O3 -g  (test for excess errors)
UNRESOLVED: gcc.dg/torture/pr25967-1.c   -O3 -g  compilation failed to produce executable
FAIL: gcc.dg/torture/pr25967-1.c   -Os  (test for excess errors)
UNRESOLVED: gcc.dg/torture/pr25967-1.c   -Os  compilation failed to produce executable
FAIL: gcc.dg/torture/pr25967-2.c   -O0  (test for excess errors)
UNRESOLVED: gcc.dg/torture/pr25967-2.c   -O0  compilation failed to produce executable
FAIL: gcc.dg/torture/pr25967-2.c   -O1  (test for excess errors)
UNRESOLVED: gcc.dg/torture/pr25967-2.c   -O1  compilation failed to produce executable
FAIL: gcc.dg/torture/pr25967-2.c   -O2  (test for excess errors)
UNRESOLVED: gcc.dg/torture/pr25967-2.c   -O2  compilation failed to produce executable
FAIL: gcc.dg/torture/pr25967-2.c   -O2 -flto -fno-use-linker-plugin -flto-partition=none  (test for excess errors)
UNRESOLVED: gcc.dg/torture/pr25967-2.c   -O2 -flto -fno-use-linker-plugin -flto-partition=none  compilation failed to produce executable
FAIL: gcc.dg/torture/pr25967-2.c   -O2 -flto -fuse-linker-plugin -fno-fat-lto-objects  (test for excess errors)
UNRESOLVED: gcc.dg/torture/pr25967-2.c   -O2 -flto -fuse-linker-plugin -fno-fat-lto-objects  compilation failed to produce executable
FAIL: gcc.dg/torture/pr25967-2.c   -O3 -g  (test for excess errors)
UNRESOLVED: gcc.dg/torture/pr25967-2.c   -O3 -g  compilation failed to produce executable
FAIL: gcc.dg/torture/pr25967-2.c   -Os  (test for excess errors)
UNRESOLVED: gcc.dg/torture/pr25967-2.c   -Os  compilation failed to produce executable
FAIL: gcc.dg/torture/pr68037-1.c   -O0  (test for excess errors)
UNRESOLVED: gcc.dg/torture/pr68037-1.c   -O0  compilation failed to produce executable
FAIL: gcc.dg/torture/pr68037-1.c   -O1  (test for excess errors)
UNRESOLVED: gcc.dg/torture/pr68037-1.c   -O1  compilation failed to produce executable
FAIL: gcc.dg/torture/pr68037-1.c   -O2  (test for excess errors)
UNRESOLVED: gcc.dg/torture/pr68037-1.c   -O2  compilation failed to produce executable
FAIL: gcc.dg/torture/pr68037-1.c   -O2 -flto -fno-use-linker-plugin -flto-partition=none  (test for excess errors)
UNRESOLVED: gcc.dg/torture/pr68037-1.c   -O2 -flto -fno-use-linker-plugin -flto-partition=none  compilation failed to produce executable
FAIL: gcc.dg/torture/pr68037-1.c   -O2 -flto -fuse-linker-plugin -fno-fat-lto-objects  (test for excess errors)
UNRESOLVED: gcc.dg/torture/pr68037-1.c   -O2 -flto -fuse-linker-plugin -fno-fat-lto-objects  compilation failed to produce executable
FAIL: gcc.dg/torture/pr68037-1.c   -O3 -g  (test for excess errors)
UNRESOLVED: gcc.dg/torture/pr68037-1.c   -O3 -g  compilation failed to produce executable
FAIL: gcc.dg/torture/pr68037-1.c   -Os  (test for excess errors)
UNRESOLVED: gcc.dg/torture/pr68037-1.c   -Os  compilation failed to produce executable
FAIL: gcc.dg/torture/pr68037-2.c   -O0  (test for excess errors)
UNRESOLVED: gcc.dg/torture/pr68037-2.c   -O0  compilation failed to produce executable
FAIL: gcc.dg/torture/pr68037-2.c   -O1  (test for excess errors)
UNRESOLVED: gcc.dg/torture/pr68037-2.c   -O1  compilation failed to produce executable
FAIL: gcc.dg/torture/pr68037-2.c   -O2  (test for excess errors)
UNRESOLVED: gcc.dg/torture/pr68037-2.c   -O2  compilation failed to produce executable
FAIL: gcc.dg/torture/pr68037-2.c   -O2 -flto -fno-use-linker-plugin -flto-partition=none  (test for excess errors)
UNRESOLVED: gcc.dg/torture/pr68037-2.c   -O2 -flto -fno-use-linker-plugin -flto-partition=none  compilation failed to produce executable
FAIL: gcc.dg/torture/pr68037-2.c   -O2 -flto -fuse-linker-plugin -fno-fat-lto-objects  (test for excess errors)
UNRESOLVED: gcc.dg/torture/pr68037-2.c   -O2 -flto -fuse-linker-plugin -fno-fat-lto-objects  compilation failed to produce executable
FAIL: gcc.dg/torture/pr68037-2.c   -O3 -g  (test for excess errors)
UNRESOLVED: gcc.dg/torture/pr68037-2.c   -O3 -g  compilation failed to produce executable
FAIL: gcc.dg/torture/pr68037-2.c   -Os  (test for excess errors)
UNRESOLVED: gcc.dg/torture/pr68037-2.c   -Os  compilation failed to produce executable
FAIL: gcc.dg/torture/pr68037-3.c   -O0  (test for excess errors)
UNRESOLVED: gcc.dg/torture/pr68037-3.c   -O0  compilation failed to produce executable
FAIL: gcc.dg/torture/pr68037-3.c   -O1  (test for excess errors)
UNRESOLVED: gcc.dg/torture/pr68037-3.c   -O1  compilation failed to produce executable
FAIL: gcc.dg/torture/pr68037-3.c   -O2  (test for excess errors)
UNRESOLVED: gcc.dg/torture/pr68037-3.c   -O2  compilation failed to produce executable
FAIL: gcc.dg/torture/pr68037-3.c   -O2 -flto -fno-use-linker-plugin -flto-partition=none  (test for excess errors)
UNRESOLVED: gcc.dg/torture/pr68037-3.c   -O2 -flto -fno-use-linker-plugin -flto-partition=none  compilation failed to produce executable
FAIL: gcc.dg/torture/pr68037-3.c   -O2 -flto -fuse-linker-plugin -fno-fat-lto-objects  (test for excess errors)
UNRESOLVED: gcc.dg/torture/pr68037-3.c   -O2 -flto -fuse-linker-plugin -fno-fat-lto-objects  compilation failed to produce executable
FAIL: gcc.dg/torture/pr68037-3.c   -O3 -g  (test for excess errors)
UNRESOLVED: gcc.dg/torture/pr68037-3.c   -O3 -g  compilation failed to produce executable
FAIL: gcc.dg/torture/pr68037-3.c   -Os  (test for excess errors)
UNRESOLVED: gcc.dg/torture/pr68037-3.c   -Os  compilation failed to produce executable
FAIL: gcc.dg/torture/pr68661-1a.c   -O0  (test for excess errors)
UNRESOLVED: gcc.dg/torture/pr68661-1a.c   -O0  compilation failed to produce executable
FAIL: gcc.dg/torture/pr68661-1a.c   -O1  (test for excess errors)
UNRESOLVED: gcc.dg/torture/pr68661-1a.c   -O1  compilation failed to produce executable
FAIL: gcc.dg/torture/pr68661-1a.c   -O2  (test for excess errors)
UNRESOLVED: gcc.dg/torture/pr68661-1a.c   -O2  compilation failed to produce executable
FAIL: gcc.dg/torture/pr68661-1a.c   -O2 -flto -fno-use-linker-plugin -flto-partition=none  (test for excess errors)
UNRESOLVED: gcc.dg/torture/pr68661-1a.c   -O2 -flto -fno-use-linker-plugin -flto-partition=none  compilation failed to produce executable
FAIL: gcc.dg/torture/pr68661-1a.c   -O3 -g  (test for excess errors)
UNRESOLVED: gcc.dg/torture/pr68661-1a.c   -O3 -g  compilation failed to produce executable
FAIL: gcc.dg/torture/pr68661-1a.c   -Os  (test for excess errors)
UNRESOLVED: gcc.dg/torture/pr68661-1a.c   -Os  compilation failed to produce executable
FAIL: gcc.dg/tree-prof/inliner-1.c scan-tree-dump optimized "cold_function ..;"
FAIL: gcc.dg/tree-ssa/builtin-sprintf-10.c (test for excess errors)
FAIL: gcc.dg/tree-ssa/counts-1.c scan-tree-dump optimized "i_am_also_unlikely2[^\\r\\n]*(unlikely executed)"
FAIL: gcc.dg/tree-ssa/ifc-10.c scan-tree-dump-times ifcvt "Applying if-conversion" 1
FAIL: gcc.dg/tree-ssa/ifc-10.c scan-tree-dump-times ifcvt "Invalid sum of incoming counts" 1
FAIL: gcc.dg/tree-ssa/ifc-10.c scan-tree-dump-times ifcvt "Invalid sum of outgoing probabilities 200.0" 1
FAIL: gcc.dg/tree-ssa/ifc-12.c scan-tree-dump-times ifcvt "Applying if-conversion" 1
FAIL: gcc.dg/tree-ssa/ifc-12.c scan-tree-dump-times ifcvt "Invalid sum of incoming counts" 1
FAIL: gcc.dg/tree-ssa/ifc-12.c scan-tree-dump-times ifcvt "Invalid sum of outgoing probabilities 200.0" 1
FAIL: gcc.dg/tree-ssa/inline-10.c scan-tree-dump-not optimized "do_something \\\\(70\\\\)"
FAIL: gcc.dg/tree-ssa/inline-10.c scan-tree-dump-times optimized "do_something2" 1
FAIL: gcc.dg/tree-ssa/inline-10.c scan-tree-dump-times optimized "do_something3" 1
FAIL: gcc.dg/tree-ssa/inline-8.c scan-tree-dump-times einline "Inlining" 5
FAIL: gcc.dg/tree-ssa/inline-9.c scan-tree-dump-times optimized "q \\\\(15\\\\)" 1
FAIL: gcc.dg/tree-ssa/ipa-split-6.c scan-tree-dump optimized "part"
FAIL: gcc.dg/tree-ssa/pr77445.c scan-tree-dump-not thread3 "Invalid sum"
FAIL: gcc.dg/tree-ssa/pr77445.c scan-tree-dump-times thread3 "Registering FSM jump thread" 2
FAIL: gcc.dg/tree-ssa/pr83648.c scan-tree-dump local-pure-const1 "Function found to be malloc: g"
FAIL: gcc.dg/tree-ssa/ssa-fre-56.c scan-tree-dump-times fre1 " \\\\+ " 0
FAIL: gcc.dg/tree-ssa/ssa-fre-56.c scan-tree-dump-times fre1 "= x;" 1
FAIL: gcc.dg/vect/pr65947-1.c -flto -ffat-lto-objects  scan-tree-dump-times vect "LOOP VECTORIZED" 2
FAIL: gcc.dg/vect/pr65947-1.c -flto -ffat-lto-objects  scan-tree-dump-times vect "condition expression based on integer induction." 4
FAIL: gcc.dg/vect/pr65947-1.c scan-tree-dump-times vect "LOOP VECTORIZED" 2
FAIL: gcc.dg/vect/pr65947-1.c scan-tree-dump-times vect "condition expression based on integer induction." 4
FAIL: gcc.dg/vect/pr65947-10.c -flto -ffat-lto-objects  scan-tree-dump-times vect "LOOP VECTORIZED" 2
FAIL: gcc.dg/vect/pr65947-10.c scan-tree-dump-times vect "LOOP VECTORIZED" 2
FAIL: gcc.dg/vect/pr65947-12.c -flto -ffat-lto-objects  scan-tree-dump-times vect "LOOP VECTORIZED" 2
FAIL: gcc.dg/vect/pr65947-12.c scan-tree-dump-times vect "LOOP VECTORIZED" 2
FAIL: gcc.dg/vect/pr65947-13.c -flto -ffat-lto-objects  scan-tree-dump-times vect "LOOP VECTORIZED" 2
FAIL: gcc.dg/vect/pr65947-13.c -flto -ffat-lto-objects  scan-tree-dump-times vect "condition expression based on integer induction." 4
FAIL: gcc.dg/vect/pr65947-13.c scan-tree-dump-times vect "LOOP VECTORIZED" 2
FAIL: gcc.dg/vect/pr65947-13.c scan-tree-dump-times vect "condition expression based on integer induction." 4
FAIL: gcc.dg/vect/pr65947-14.c -flto -ffat-lto-objects  scan-tree-dump-times vect "LOOP VECTORIZED" 2
FAIL: gcc.dg/vect/pr65947-14.c -flto -ffat-lto-objects  scan-tree-dump-times vect "condition expression based on integer induction." 4
FAIL: gcc.dg/vect/pr65947-14.c scan-tree-dump-times vect "LOOP VECTORIZED" 2
FAIL: gcc.dg/vect/pr65947-14.c scan-tree-dump-times vect "condition expression based on integer induction." 4
FAIL: gcc.dg/vect/pr65947-2.c -flto -ffat-lto-objects  scan-tree-dump-times vect "LOOP VECTORIZED" 2
FAIL: gcc.dg/vect/pr65947-2.c scan-tree-dump-times vect "LOOP VECTORIZED" 2
FAIL: gcc.dg/vect/pr65947-3.c -flto -ffat-lto-objects  scan-tree-dump-times vect "LOOP VECTORIZED" 2
FAIL: gcc.dg/vect/pr65947-3.c scan-tree-dump-times vect "LOOP VECTORIZED" 2
FAIL: gcc.dg/vect/pr65947-4.c -flto -ffat-lto-objects  scan-tree-dump-times vect "LOOP VECTORIZED" 2
FAIL: gcc.dg/vect/pr65947-4.c -flto -ffat-lto-objects  scan-tree-dump-times vect "condition expression based on integer induction." 4
FAIL: gcc.dg/vect/pr65947-4.c scan-tree-dump-times vect "LOOP VECTORIZED" 2
FAIL: gcc.dg/vect/pr65947-4.c scan-tree-dump-times vect "condition expression based on integer induction." 4
FAIL: gcc.dg/vect/pr65947-5.c -flto -ffat-lto-objects  scan-tree-dump-times vect "LOOP VECTORIZED" 1
FAIL: gcc.dg/vect/pr65947-5.c scan-tree-dump-times vect "LOOP VECTORIZED" 1
FAIL: gcc.dg/vect/pr65947-6.c -flto -ffat-lto-objects  scan-tree-dump-times vect "LOOP VECTORIZED" 2
FAIL: gcc.dg/vect/pr65947-6.c scan-tree-dump-times vect "LOOP VECTORIZED" 2
FAIL: gcc.target/i386/amd64-abi-1.c  (test for errors, line 5)
FAIL: gcc.target/i386/amd64-abi-4.c (test for excess errors)
UNRESOLVED: gcc.target/i386/amd64-abi-4.c compilation failed to produce executable
FAIL: gcc.target/i386/amd64-abi-7.c (test for excess errors)
UNRESOLVED: gcc.target/i386/amd64-abi-7.c compilation failed to produce executable
FAIL: gcc.target/i386/amd64-abi-9.c scan-assembler-times xorl[\\\\t ]*\\\\%eax,[\\\\t ]*%eax 2
FAIL: gcc.target/i386/avx-pr80846.c (test for excess errors)
FAIL: gcc.target/i386/avx-vphminposuw-2.c (test for excess errors)
UNRESOLVED: gcc.target/i386/avx-vphminposuw-2.c compilation failed to produce executable
FAIL: gcc.target/i386/avx-vround-2.c (test for excess errors)
UNRESOLVED: gcc.target/i386/avx-vround-2.c compilation failed to produce executable
FAIL: gcc.target/i386/avx2-pr80846.c (test for excess errors)
FAIL: gcc.target/i386/avx512bw-vpmovswb-1.c scan-assembler-times vpmovswb[ \\\\t]+[^{\\n]*%xmm[0-9]+[^\\n]*res1[^\\n]*{%k[1-7]}(?:\\n|[ \\\\t]+#) 1
FAIL: gcc.target/i386/avx512bw-vpmovswb-1.c scan-assembler-times vpmovswb[ \\\\t]+[^{\\n]*%ymm[0-9]+[^\\n]*res2[^\\n]*{%k[1-7]}(?:\\n|[ \\\\t]+#) 1
FAIL: gcc.target/i386/avx512bw-vpmovswb-1.c scan-assembler-times vpmovswb[ \\\\t]+[^{\\n]*%zmm[0-9]+[^\\n]*res3[^\\n]*{%k[1-7]}(?:\\n|[ \\\\t]+#) 1
FAIL: gcc.target/i386/avx512bw-vpmovuswb-1.c scan-assembler-times vpmovuswb[ \\\\t]+[^{\\n]*%xmm[0-9]+[^\\n]*res1[^\\n]*{%k[1-7]}(?:\\n|[ \\\\t]+#) 1
FAIL: gcc.target/i386/avx512bw-vpmovuswb-1.c scan-assembler-times vpmovuswb[ \\\\t]+[^{\\n]*%ymm[0-9]+[^\\n]*res2[^\\n]*{%k[1-7]}(?:\\n|[ \\\\t]+#) 1
FAIL: gcc.target/i386/avx512bw-vpmovuswb-1.c scan-assembler-times vpmovuswb[ \\\\t]+[^{\\n]*%zmm[0-9]+[^\\n]*res3[^\\n]*{%k[1-7]}(?:\\n|[ \\\\t]+#) 1
FAIL: gcc.target/i386/avx512bw-vpmovwb-1.c scan-assembler-times vpmovwb[ \\\\t]+[^{\\n]*%xmm[0-9]+[^\\n]*res1[^\\n]*{%k[1-7]}(?:\\n|[ \\\\t]+#) 1
FAIL: gcc.target/i386/avx512bw-vpmovwb-1.c scan-assembler-times vpmovwb[ \\\\t]+[^{\\n]*%ymm[0-9]+[^\\n]*res2[^\\n]*{%k[1-7]}(?:\\n|[ \\\\t]+#) 1
FAIL: gcc.target/i386/avx512bw-vpmovwb-1.c scan-assembler-times vpmovwb[ \\\\t]+[^{\\n]*%zmm[0-9]+[^\\n]*res3[^\\n]*{%k[1-7]}(?:\\n|[ \\\\t]+#) 1
FAIL: gcc.target/i386/avx512vl-pr79299-2.c (test for excess errors)
FAIL: gcc.target/i386/cet-sjlj-6a.c scan-assembler-times movq\\t.*buf\\\\+8 1
FAIL: gcc.target/i386/cet-sjlj-6a.c scan-assembler-times subq\\tbuf\\\\+8 1
FAIL: gcc.target/i386/cet-sjlj-6b.c scan-assembler-times movq\\t.*buf\\\\+16 1
FAIL: gcc.target/i386/cet-sjlj-6b.c scan-assembler-times subq\\tbuf\\\\+16 1
FAIL: gcc.target/i386/fuse-caller-save-xmm.c scan-assembler-times addpd\\t\\\\.?LC0.*, %xmm0 1
FAIL: gcc.target/i386/fuse-caller-save-xmm.c scan-assembler-times movapd\\t%xmm0, %xmm1 1
FAIL: gcc.target/i386/interrupt-1.c scan-assembler-times iretq 1
FAIL: gcc.target/i386/interrupt-1.c scan-assembler-times popq[\\\\t ]*%r10 1
FAIL: gcc.target/i386/interrupt-1.c scan-assembler-times popq[\\\\t ]*%r11 1
FAIL: gcc.target/i386/interrupt-1.c scan-assembler-times popq[\\\\t ]*%r12 1
FAIL: gcc.target/i386/interrupt-1.c scan-assembler-times popq[\\\\t ]*%r13 1
FAIL: gcc.target/i386/interrupt-1.c scan-assembler-times popq[\\\\t ]*%r14 1
FAIL: gcc.target/i386/interrupt-1.c scan-assembler-times popq[\\\\t ]*%r15 1
FAIL: gcc.target/i386/interrupt-1.c scan-assembler-times popq[\\\\t ]*%r8 1
FAIL: gcc.target/i386/interrupt-1.c scan-assembler-times popq[\\\\t ]*%r9 1
FAIL: gcc.target/i386/interrupt-1.c scan-assembler-times popq[\\\\t ]*%rdi 1
FAIL: gcc.target/i386/interrupt-1.c scan-assembler-times pushq[\\\\t ]*%r10 1
FAIL: gcc.target/i386/interrupt-1.c scan-assembler-times pushq[\\\\t ]*%r11 1
FAIL: gcc.target/i386/interrupt-1.c scan-assembler-times pushq[\\\\t ]*%r12 1
FAIL: gcc.target/i386/interrupt-1.c scan-assembler-times pushq[\\\\t ]*%r13 1
FAIL: gcc.target/i386/interrupt-1.c scan-assembler-times pushq[\\\\t ]*%r14 1
FAIL: gcc.target/i386/interrupt-1.c scan-assembler-times pushq[\\\\t ]*%r15 1
FAIL: gcc.target/i386/interrupt-1.c scan-assembler-times pushq[\\\\t ]*%r8 1
FAIL: gcc.target/i386/interrupt-1.c scan-assembler-times pushq[\\\\t ]*%r9 1
FAIL: gcc.target/i386/interrupt-1.c scan-assembler-times pushq[\\\\t ]*%rdi 1
FAIL: gcc.target/i386/interrupt-10.c scan-assembler-times iretq 1
FAIL: gcc.target/i386/interrupt-11.c scan-assembler-times iretq 1
FAIL: gcc.target/i386/interrupt-11.c scan-assembler-times popq[\\\\t ]*%r10 1
FAIL: gcc.target/i386/interrupt-11.c scan-assembler-times popq[\\\\t ]*%r11 1
FAIL: gcc.target/i386/interrupt-11.c scan-assembler-times popq[\\\\t ]*%r8 1
FAIL: gcc.target/i386/interrupt-11.c scan-assembler-times popq[\\\\t ]*%r9 1
FAIL: gcc.target/i386/interrupt-11.c scan-assembler-times popq[\\\\t ]*%rdi 1
FAIL: gcc.target/i386/interrupt-11.c scan-assembler-times popq[\\\\t ]*%rsi 1
FAIL: gcc.target/i386/interrupt-11.c scan-assembler-times pushq[\\\\t ]*%r10 1
FAIL: gcc.target/i386/interrupt-11.c scan-assembler-times pushq[\\\\t ]*%r11 1
FAIL: gcc.target/i386/interrupt-11.c scan-assembler-times pushq[\\\\t ]*%r8 1
FAIL: gcc.target/i386/interrupt-11.c scan-assembler-times pushq[\\\\t ]*%r9 1
FAIL: gcc.target/i386/interrupt-11.c scan-assembler-times pushq[\\\\t ]*%rdi 1
FAIL: gcc.target/i386/interrupt-11.c scan-assembler-times pushq[\\\\t ]*%rsi 1
FAIL: gcc.target/i386/interrupt-12.c scan-assembler (add|lea)(?:l|q)[\\\\t ]*\\\\\$?8.*,[\\\\t ]*%[re]?sp
FAIL: gcc.target/i386/interrupt-12.c scan-assembler-not (push|pop)(l|q)[\\\\t ]*%(r|e)(b|c|d)x
FAIL: gcc.target/i386/interrupt-12.c scan-assembler-times iretq 1
FAIL: gcc.target/i386/interrupt-12.c scan-assembler-times popq[\\\\t ]*%rdi 1
FAIL: gcc.target/i386/interrupt-12.c scan-assembler-times pushq[\\\\t ]*%rdi 1
FAIL: gcc.target/i386/interrupt-13.c scan-assembler (add|lea)(?:l|q)[\\\\t ]*\\\\\$?8.*,[\\\\t ]*%[re]?sp
FAIL: gcc.target/i386/interrupt-13.c scan-assembler-not (push|pop)(l|q)[\\\\t ]*%(r|e)(b|c|d)x
FAIL: gcc.target/i386/interrupt-13.c scan-assembler-times iretq 1
FAIL: gcc.target/i386/interrupt-13.c scan-assembler-times popq[\\\\t ]*%rdi 1
FAIL: gcc.target/i386/interrupt-13.c scan-assembler-times pushq[\\\\t ]*%rdi 1
FAIL: gcc.target/i386/interrupt-14.c scan-assembler-times iretq 2
FAIL: gcc.target/i386/interrupt-14.c scan-assembler-times popq[\\\\t ]*%rdi 2
FAIL: gcc.target/i386/interrupt-14.c scan-assembler-times pushq[\\\\t ]*%rdi 2
FAIL: gcc.target/i386/interrupt-15.c scan-assembler (add|lea)(?:l|q)[\\\\t ]*\\\\\$?8.*,[\\\\t ]*%[re]?sp
FAIL: gcc.target/i386/interrupt-15.c scan-assembler-not (push|pop)(l|q)[\\\\t ]*%(r|e)(b|c|d)x
FAIL: gcc.target/i386/interrupt-15.c scan-assembler-times iretq 2
FAIL: gcc.target/i386/interrupt-15.c scan-assembler-times popq[\\\\t ]*%rdi 2
FAIL: gcc.target/i386/interrupt-15.c scan-assembler-times pushq[\\\\t ]*%rdi 2
FAIL: gcc.target/i386/interrupt-16.c scan-assembler-not (push|pop)(l|q)[\\\\t ]*%(r|e)(a|b|c|d)x
FAIL: gcc.target/i386/interrupt-16.c scan-assembler-times popq[\\\\t ]*%rdi 1
FAIL: gcc.target/i386/interrupt-16.c scan-assembler-times pushq[\\\\t ]*%rdi 1
FAIL: gcc.target/i386/interrupt-17.c scan-assembler-not (push|pop)(l|q)[\\\\t ]*%(r|e)(a|b|c|d)x
FAIL: gcc.target/i386/interrupt-17.c scan-assembler-times popq[\\\\t ]*%rdi 1
FAIL: gcc.target/i386/interrupt-17.c scan-assembler-times pushq[\\\\t ]*%rdi 1
FAIL: gcc.target/i386/interrupt-18.c scan-assembler-times iretq 1
FAIL: gcc.target/i386/interrupt-2.c scan-assembler-times iretq 1
FAIL: gcc.target/i386/interrupt-25.c scan-assembler-times popq[\\\\t ]*%r10 1
FAIL: gcc.target/i386/interrupt-25.c scan-assembler-times popq[\\\\t ]*%r11 1
FAIL: gcc.target/i386/interrupt-25.c scan-assembler-times popq[\\\\t ]*%r12 1
FAIL: gcc.target/i386/interrupt-25.c scan-assembler-times popq[\\\\t ]*%r13 1
FAIL: gcc.target/i386/interrupt-25.c scan-assembler-times popq[\\\\t ]*%r14 1
FAIL: gcc.target/i386/interrupt-25.c scan-assembler-times popq[\\\\t ]*%r15 1
FAIL: gcc.target/i386/interrupt-25.c scan-assembler-times popq[\\\\t ]*%r8 1
FAIL: gcc.target/i386/interrupt-25.c scan-assembler-times popq[\\\\t ]*%r9 1
FAIL: gcc.target/i386/interrupt-25.c scan-assembler-times popq[\\\\t ]*%rdi 1
FAIL: gcc.target/i386/interrupt-25.c scan-assembler-times pushq[\\\\t ]*%r10 1
FAIL: gcc.target/i386/interrupt-25.c scan-assembler-times pushq[\\\\t ]*%r11 1
FAIL: gcc.target/i386/interrupt-25.c scan-assembler-times pushq[\\\\t ]*%r12 1
FAIL: gcc.target/i386/interrupt-25.c scan-assembler-times pushq[\\\\t ]*%r13 1
FAIL: gcc.target/i386/interrupt-25.c scan-assembler-times pushq[\\\\t ]*%r14 1
FAIL: gcc.target/i386/interrupt-25.c scan-assembler-times pushq[\\\\t ]*%r15 1
FAIL: gcc.target/i386/interrupt-25.c scan-assembler-times pushq[\\\\t ]*%r8 1
FAIL: gcc.target/i386/interrupt-25.c scan-assembler-times pushq[\\\\t ]*%r9 1
FAIL: gcc.target/i386/interrupt-25.c scan-assembler-times pushq[\\\\t ]*%rdi 1
FAIL: gcc.target/i386/interrupt-27.c scan-assembler-times iretq 1
FAIL: gcc.target/i386/interrupt-28.c scan-assembler-times iretq 1
FAIL: gcc.target/i386/interrupt-3.c scan-assembler (add|lea)(?:l|q)[\\\\t ]*\\\\\$?8.*,[\\\\t ]*%[re]?sp
FAIL: gcc.target/i386/interrupt-3.c scan-assembler-times iretq 1
FAIL: gcc.target/i386/interrupt-4.c (test for excess errors)
FAIL: gcc.target/i386/interrupt-5.c (test for excess errors)
FAIL: gcc.target/i386/interrupt-8.c scan-assembler-times popq[\\\\t ]*%r10 1
FAIL: gcc.target/i386/interrupt-8.c scan-assembler-times popq[\\\\t ]*%r11 1
FAIL: gcc.target/i386/interrupt-8.c scan-assembler-times popq[\\\\t ]*%r8 1
FAIL: gcc.target/i386/interrupt-8.c scan-assembler-times popq[\\\\t ]*%r9 1
FAIL: gcc.target/i386/interrupt-8.c scan-assembler-times popq[\\\\t ]*%rdi 1
FAIL: gcc.target/i386/interrupt-8.c scan-assembler-times popq[\\\\t ]*%rsi 1
FAIL: gcc.target/i386/interrupt-8.c scan-assembler-times pushq[\\\\t ]*%r10 1
FAIL: gcc.target/i386/interrupt-8.c scan-assembler-times pushq[\\\\t ]*%r11 1
FAIL: gcc.target/i386/interrupt-8.c scan-assembler-times pushq[\\\\t ]*%r8 1
FAIL: gcc.target/i386/interrupt-8.c scan-assembler-times pushq[\\\\t ]*%r9 1
FAIL: gcc.target/i386/interrupt-8.c scan-assembler-times pushq[\\\\t ]*%rdi 1
FAIL: gcc.target/i386/interrupt-8.c scan-assembler-times pushq[\\\\t ]*%rsi 1
FAIL: gcc.target/i386/interrupt-9.c scan-assembler-times iretq 1
FAIL: gcc.target/i386/interrupt-redzone-1.c scan-assembler-not (sub|add)(l|q)[\\\\t ]*\\\\\$[0-9]*,[\\\\t ]*%[re]?sp
FAIL: gcc.target/i386/interrupt-sibcall-1.c scan-assembler-times iretq 1
FAIL: gcc.target/i386/interrupt-sibcall-2.c scan-assembler-times iretq 1
FAIL: gcc.target/i386/interrupt-switch-abi.c scan-assembler-times iretq 2
FAIL: gcc.target/i386/isa-10.c (test for excess errors)
UNRESOLVED: gcc.target/i386/isa-10.c compilation failed to produce executable
FAIL: gcc.target/i386/isa-11.c (test for excess errors)
UNRESOLVED: gcc.target/i386/isa-11.c compilation failed to produce executable
FAIL: gcc.target/i386/isa-12.c (test for excess errors)
UNRESOLVED: gcc.target/i386/isa-12.c compilation failed to produce executable
FAIL: gcc.target/i386/isa-13.c (test for excess errors)
UNRESOLVED: gcc.target/i386/isa-13.c compilation failed to produce executable
FAIL: gcc.target/i386/isa-14.c (test for excess errors)
UNRESOLVED: gcc.target/i386/isa-14.c compilation failed to produce executable
FAIL: gcc.target/i386/isa-4.c (test for excess errors)
UNRESOLVED: gcc.target/i386/isa-4.c compilation failed to produce executable
FAIL: gcc.target/i386/isa-5.c (test for excess errors)
UNRESOLVED: gcc.target/i386/isa-5.c compilation failed to produce executable
FAIL: gcc.target/i386/isa-6.c (test for excess errors)
UNRESOLVED: gcc.target/i386/isa-6.c compilation failed to produce executable
FAIL: gcc.target/i386/isa-7.c (test for excess errors)
UNRESOLVED: gcc.target/i386/isa-7.c compilation failed to produce executable
FAIL: gcc.target/i386/pieces-memcpy-1.c scan-assembler-times movdqu[ \\\\t]+[^\\n]*%xmm 4
FAIL: gcc.target/i386/pieces-memcpy-1.c scan-assembler-times movups[ \\\\t]+[^\\n]*%xmm 4
FAIL: gcc.target/i386/pieces-memcpy-2.c scan-assembler-times movdqu[ \\\\t]+[^\\n]*%xmm 2
FAIL: gcc.target/i386/pieces-memcpy-2.c scan-assembler-times movups[ \\\\t]+[^\\n]*%xmm 2
FAIL: gcc.target/i386/pieces-memcpy-3.c scan-assembler-times movdqu[ \\\\t]+[^\\n]*%xmm 1
FAIL: gcc.target/i386/pieces-memcpy-3.c scan-assembler-times movups[ \\\\t]+[^\\n]*%xmm 1
FAIL: gcc.target/i386/pieces-memcpy-4.c scan-assembler-times vmovdqu[ \\\\t]+[^\\n]*%xmm 1
FAIL: gcc.target/i386/pieces-memcpy-4.c scan-assembler-times vmovups[ \\\\t]+[^\\n]*%xmm 1
FAIL: gcc.target/i386/pieces-memcpy-6.c scan-assembler-times vmovdqu[ \\\\t]+[^\\n]*%xmm 2
FAIL: gcc.target/i386/pieces-memcpy-6.c scan-assembler-times vmovups[ \\\\t]+[^\\n]*%xmm 2
FAIL: gcc.target/i386/pieces-strcpy-1.c scan-assembler-times movdqa[ \\\\t]+[^\\n]*%xmm 4
FAIL: gcc.target/i386/pieces-strcpy-1.c scan-assembler-times movups[ \\\\t]+[^\\n]*%xmm 4
FAIL: gcc.target/i386/pieces-strcpy-2.c scan-assembler-times vmovdqa[ \\\\t]+[^\\n]*%xmm 4
FAIL: gcc.target/i386/pieces-strcpy-2.c scan-assembler-times vmovups[ \\\\t]+[^\\n]*%xmm 4
FAIL: gcc.target/i386/pr45685.c scan-assembler-times cmov 6
FAIL: gcc.target/i386/pr46716.c (test for excess errors)
UNRESOLVED: gcc.target/i386/pr46716.c compilation failed to produce executable
FAIL: gcc.target/i386/pr47312.c (test for excess errors)
FAIL: gcc.target/i386/pr53425-2.c  (test for warnings, line 14)
FAIL: gcc.target/i386/pr55247.c (test for excess errors)
FAIL: gcc.target/i386/pr56022.c (internal compiler error)
FAIL: gcc.target/i386/pr56022.c (test for excess errors)
FAIL: gcc.target/i386/pr57275.c (test for excess errors)
UNRESOLVED: gcc.target/i386/pr57275.c compilation failed to produce executable
FAIL: gcc.target/i386/pr57756_2.c (test for excess errors)
UNRESOLVED: gcc.target/i386/pr57756_2.c compilation failed to produce executable
FAIL: gcc.target/i386/pr59794-6.c  (test for errors, line 12)
FAIL: gcc.target/i386/pr59794-6.c (test for excess errors)
FAIL: gcc.target/i386/pr69551.c (test for excess errors)
UNRESOLVED: gcc.target/i386/pr69551.c compilation failed to produce executable
FAIL: gcc.target/i386/pr70738-1.c  (test for errors, line 7)
FAIL: gcc.target/i386/pr70738-1.c (test for excess errors)
FAIL: gcc.target/i386/pr70738-5.c  (test for errors, line 14)
FAIL: gcc.target/i386/pr70738-6.c  (test for errors, line 9)
FAIL: gcc.target/i386/pr70738-8.c (test for excess errors)
UNRESOLVED: gcc.target/i386/pr70738-8.c compilation failed to produce executable
FAIL: gcc.target/i386/pr70738-9.c (test for excess errors)
UNRESOLVED: gcc.target/i386/pr70738-9.c compilation failed to produce executable
FAIL: gcc.target/i386/pr71321.c scan-assembler-times lea.\\t\\\\(%[0-9a-z]+,%[0-9a-z]+,4 3
FAIL: gcc.target/i386/pr71321.c scan-assembler-times lea.\\t\\\\(%[0-9a-z]+,%[0-9a-z]+,8 1
FAIL: gcc.target/i386/pr78035.c scan-assembler-times cmp 2
FAIL: gcc.target/i386/pr79793-1.c (test for excess errors)
FAIL: gcc.target/i386/pr79793-1.c scan-assembler-times add[lq][\\t ]*\\\\\$400,[\\t ]*%[re]sp 1
FAIL: gcc.target/i386/pr79793-1.c scan-assembler-times fxsave64[\\t ]*-120\\\\(%[re]sp\\\\) 1
FAIL: gcc.target/i386/pr79793-1.c scan-assembler-times sub[lq][\\t ]*\\\\\$400,[\\t ]*%[re]sp 1
FAIL: gcc.target/i386/pr79793-2.c (test for excess errors)
FAIL: gcc.target/i386/pr79793-2.c scan-assembler-times add[lq][\\t ]*\\\\\$400,[\\t ]*%[re]sp 1
FAIL: gcc.target/i386/pr79793-2.c scan-assembler-times fxsave64[\\t ]*-120\\\\(%[re]sp\\\\) 1
FAIL: gcc.target/i386/pr79793-2.c scan-assembler-times sub[lq][\\t ]*\\\\\$392,[\\t ]*%[re]sp 1
FAIL: gcc.target/i386/pr83620.c (test for excess errors)
FAIL: gcc.target/i386/sse2-cvt-1.c (test for excess errors)
UNRESOLVED: gcc.target/i386/sse2-cvt-1.c compilation failed to produce executable
FAIL: gcc.target/i386/sse4_1-phminposuw-2.c (test for excess errors)
UNRESOLVED: gcc.target/i386/sse4_1-phminposuw-2.c compilation failed to produce executable
FAIL: gcc.target/i386/stack-prot-sym.c scan-assembler gs:my_guard
FAIL: gcc.target/i386/vect-sizes-1.c scan-assembler vmovapd[ \\\\t]+[^\\n]*%ymm
FAIL: gcc.target/i386/warn-vect-op-1.c  (test for warnings, line 15)
FAIL: gcc.target/i386/warn-vect-op-1.c (test for excess errors)
FAIL: gcc.target/i386/warn-vect-op-3.c  (test for warnings, line 12)
FAIL: gcc.target/i386/warn-vect-op-3.c  (test for warnings, line 13)
FAIL: gcc.target/i386/warn-vect-op-3.c (test for excess errors)
FAIL: gcc.target/i386/math-torture/ceil.c   -O0 -msse -mno-sse2 -mfpmath=sse  (test for excess errors)
FAIL: gcc.target/i386/math-torture/ceil.c   -O0 -msse -mno-sse2 -mfpmath=sse -ffast-math  (test for excess errors)
FAIL: gcc.target/i386/math-torture/ceil.c   -O0 -msse -mno-sse2 -mfpmath=sse,387  (test for excess errors)
FAIL: gcc.target/i386/math-torture/ceil.c   -O0 -msse -mno-sse2 -mfpmath=sse,387 -ffast-math  (test for excess errors)
FAIL: gcc.target/i386/math-torture/ceil.c   -O2 -msse -mno-sse2 -mfpmath=sse  (test for excess errors)
FAIL: gcc.target/i386/math-torture/ceil.c   -O2 -msse -mno-sse2 -mfpmath=sse -ffast-math  (test for excess errors)
FAIL: gcc.target/i386/math-torture/ceil.c   -O2 -msse -mno-sse2 -mfpmath=sse,387  (test for excess errors)
FAIL: gcc.target/i386/math-torture/ceil.c   -O2 -msse -mno-sse2 -mfpmath=sse,387 -ffast-math  (test for excess errors)
FAIL: gcc.target/i386/math-torture/floor.c   -O0 -msse -mno-sse2 -mfpmath=sse  (test for excess errors)
FAIL: gcc.target/i386/math-torture/floor.c   -O0 -msse -mno-sse2 -mfpmath=sse -ffast-math  (test for excess errors)
FAIL: gcc.target/i386/math-torture/floor.c   -O0 -msse -mno-sse2 -mfpmath=sse,387  (test for excess errors)
FAIL: gcc.target/i386/math-torture/floor.c   -O0 -msse -mno-sse2 -mfpmath=sse,387 -ffast-math  (test for excess errors)
FAIL: gcc.target/i386/math-torture/floor.c   -O2 -msse -mno-sse2 -mfpmath=sse  (test for excess errors)
FAIL: gcc.target/i386/math-torture/floor.c   -O2 -msse -mno-sse2 -mfpmath=sse -ffast-math  (test for excess errors)
FAIL: gcc.target/i386/math-torture/floor.c   -O2 -msse -mno-sse2 -mfpmath=sse,387  (test for excess errors)
FAIL: gcc.target/i386/math-torture/floor.c   -O2 -msse -mno-sse2 -mfpmath=sse,387 -ffast-math  (test for excess errors)
FAIL: gcc.target/i386/math-torture/lceil.c   -O0 -msse -mno-sse2 -mfpmath=sse  (test for excess errors)
FAIL: gcc.target/i386/math-torture/lceil.c   -O0 -msse -mno-sse2 -mfpmath=sse -ffast-math  (test for excess errors)
FAIL: gcc.target/i386/math-torture/lceil.c   -O0 -msse -mno-sse2 -mfpmath=sse,387  (test for excess errors)
FAIL: gcc.target/i386/math-torture/lceil.c   -O0 -msse -mno-sse2 -mfpmath=sse,387 -ffast-math  (test for excess errors)
FAIL: gcc.target/i386/math-torture/lceil.c   -O2 -msse -mno-sse2 -mfpmath=sse  (test for excess errors)
FAIL: gcc.target/i386/math-torture/lceil.c   -O2 -msse -mno-sse2 -mfpmath=sse -ffast-math  (test for excess errors)
FAIL: gcc.target/i386/math-torture/lceil.c   -O2 -msse -mno-sse2 -mfpmath=sse,387  (test for excess errors)
FAIL: gcc.target/i386/math-torture/lfloor.c   -O0 -msse -mno-sse2 -mfpmath=sse  (test for excess errors)
FAIL: gcc.target/i386/math-torture/lfloor.c   -O0 -msse -mno-sse2 -mfpmath=sse -ffast-math  (test for excess errors)
FAIL: gcc.target/i386/math-torture/lfloor.c   -O0 -msse -mno-sse2 -mfpmath=sse,387  (test for excess errors)
FAIL: gcc.target/i386/math-torture/lfloor.c   -O0 -msse -mno-sse2 -mfpmath=sse,387 -ffast-math  (test for excess errors)
FAIL: gcc.target/i386/math-torture/lfloor.c   -O2 -msse -mno-sse2 -mfpmath=sse  (test for excess errors)
FAIL: gcc.target/i386/math-torture/lfloor.c   -O2 -msse -mno-sse2 -mfpmath=sse -ffast-math  (test for excess errors)
FAIL: gcc.target/i386/math-torture/lfloor.c   -O2 -msse -mno-sse2 -mfpmath=sse,387  (test for excess errors)
FAIL: gcc.target/i386/math-torture/lrint.c   -O0 -msse -mno-sse2 -mfpmath=sse  (test for excess errors)
FAIL: gcc.target/i386/math-torture/lrint.c   -O0 -msse -mno-sse2 -mfpmath=sse -ffast-math  (test for excess errors)
FAIL: gcc.target/i386/math-torture/lrint.c   -O0 -msse -mno-sse2 -mfpmath=sse,387  (test for excess errors)
FAIL: gcc.target/i386/math-torture/lrint.c   -O0 -msse -mno-sse2 -mfpmath=sse,387 -ffast-math  (test for excess errors)
FAIL: gcc.target/i386/math-torture/lrint.c   -O2 -msse -mno-sse2 -mfpmath=sse  (test for excess errors)
FAIL: gcc.target/i386/math-torture/lrint.c   -O2 -msse -mno-sse2 -mfpmath=sse,387  (test for excess errors)
FAIL: gcc.target/i386/math-torture/lround.c   -O0 -msse -mno-sse2 -mfpmath=sse  (test for excess errors)
FAIL: gcc.target/i386/math-torture/lround.c   -O0 -msse -mno-sse2 -mfpmath=sse -ffast-math  (test for excess errors)
FAIL: gcc.target/i386/math-torture/lround.c   -O0 -msse -mno-sse2 -mfpmath=sse,387  (test for excess errors)
FAIL: gcc.target/i386/math-torture/lround.c   -O0 -msse -mno-sse2 -mfpmath=sse,387 -ffast-math  (test for excess errors)
FAIL: gcc.target/i386/math-torture/lround.c   -O2 -msse -mno-sse2 -mfpmath=sse  (test for excess errors)
FAIL: gcc.target/i386/math-torture/lround.c   -O2 -msse -mno-sse2 -mfpmath=sse -ffast-math  (test for excess errors)
FAIL: gcc.target/i386/math-torture/lround.c   -O2 -msse -mno-sse2 -mfpmath=sse,387  (test for excess errors)
FAIL: gcc.target/i386/math-torture/lround.c   -O2 -msse -mno-sse2 -mfpmath=sse,387 -ffast-math  (test for excess errors)
FAIL: gcc.target/i386/math-torture/nearbyint.c   -O0 -msse -mno-sse2 -mfpmath=sse  (test for excess errors)
FAIL: gcc.target/i386/math-torture/nearbyint.c   -O0 -msse -mno-sse2 -mfpmath=sse -ffast-math  (test for excess errors)
FAIL: gcc.target/i386/math-torture/nearbyint.c   -O0 -msse -mno-sse2 -mfpmath=sse,387  (test for excess errors)
FAIL: gcc.target/i386/math-torture/nearbyint.c   -O0 -msse -mno-sse2 -mfpmath=sse,387 -ffast-math  (test for excess errors)
FAIL: gcc.target/i386/math-torture/nearbyint.c   -O2 -msse -mno-sse2 -mfpmath=sse  (test for excess errors)
FAIL: gcc.target/i386/math-torture/nearbyint.c   -O2 -msse -mno-sse2 -mfpmath=sse -ffast-math  (test for excess errors)
FAIL: gcc.target/i386/math-torture/nearbyint.c   -O2 -msse -mno-sse2 -mfpmath=sse,387  (test for excess errors)
FAIL: gcc.target/i386/math-torture/rint.c   -O0 -msse -mno-sse2 -mfpmath=sse  (test for excess errors)
FAIL: gcc.target/i386/math-torture/rint.c   -O0 -msse -mno-sse2 -mfpmath=sse -ffast-math  (test for excess errors)
FAIL: gcc.target/i386/math-torture/rint.c   -O0 -msse -mno-sse2 -mfpmath=sse,387  (test for excess errors)
FAIL: gcc.target/i386/math-torture/rint.c   -O0 -msse -mno-sse2 -mfpmath=sse,387 -ffast-math  (test for excess errors)
FAIL: gcc.target/i386/math-torture/rint.c   -O2 -msse -mno-sse2 -mfpmath=sse  (test for excess errors)
FAIL: gcc.target/i386/math-torture/rint.c   -O2 -msse -mno-sse2 -mfpmath=sse -ffast-math  (test for excess errors)
FAIL: gcc.target/i386/math-torture/rint.c   -O2 -msse -mno-sse2 -mfpmath=sse,387  (test for excess errors)
FAIL: gcc.target/i386/math-torture/rint.c   -O2 -msse -mno-sse2 -mfpmath=sse,387 -ffast-math  (test for excess errors)
FAIL: gcc.target/i386/math-torture/round.c   -O0 -msse -mno-sse2 -mfpmath=sse  (test for excess errors)
FAIL: gcc.target/i386/math-torture/round.c   -O0 -msse -mno-sse2 -mfpmath=sse -ffast-math  (test for excess errors)
FAIL: gcc.target/i386/math-torture/round.c   -O0 -msse -mno-sse2 -mfpmath=sse,387  (test for excess errors)
FAIL: gcc.target/i386/math-torture/round.c   -O0 -msse -mno-sse2 -mfpmath=sse,387 -ffast-math  (test for excess errors)
FAIL: gcc.target/i386/math-torture/round.c   -O2 -msse -mno-sse2 -mfpmath=sse  (test for excess errors)
FAIL: gcc.target/i386/math-torture/round.c   -O2 -msse -mno-sse2 -mfpmath=sse -ffast-math  (test for excess errors)
FAIL: gcc.target/i386/math-torture/round.c   -O2 -msse -mno-sse2 -mfpmath=sse,387  (test for excess errors)
FAIL: gcc.target/i386/math-torture/round.c   -O2 -msse -mno-sse2 -mfpmath=sse,387 -ffast-math  (test for excess errors)
FAIL: gcc.target/i386/math-torture/trunc.c   -O0 -msse -mno-sse2 -mfpmath=sse  (test for excess errors)
FAIL: gcc.target/i386/math-torture/trunc.c   -O0 -msse -mno-sse2 -mfpmath=sse -ffast-math  (test for excess errors)
FAIL: gcc.target/i386/math-torture/trunc.c   -O0 -msse -mno-sse2 -mfpmath=sse,387  (test for excess errors)
FAIL: gcc.target/i386/math-torture/trunc.c   -O0 -msse -mno-sse2 -mfpmath=sse,387 -ffast-math  (test for excess errors)
FAIL: gcc.target/i386/math-torture/trunc.c   -O2 -msse -mno-sse2 -mfpmath=sse  (test for excess errors)
FAIL: gcc.target/i386/math-torture/trunc.c   -O2 -msse -mno-sse2 -mfpmath=sse -ffast-math  (test for excess errors)
FAIL: gcc.target/i386/math-torture/trunc.c   -O2 -msse -mno-sse2 -mfpmath=sse,387  (test for excess errors)
FAIL: gcc.target/i386/math-torture/trunc.c   -O2 -msse -mno-sse2 -mfpmath=sse,387 -ffast-math  (test for excess errors)

		=== gcc Summary ===

# of expected passes		136530
# of unexpected failures	534
# of unexpected successes	21
# of expected failures		514
# of unresolved testcases	103
# of unsupported tests		2707
/export/gnu/import/git/gcc-test-x32/bld/gcc/xgcc  version 9.0.0 20181015 (experimental) [trunk revision 265156] (GCC) 

		=== gfortran tests ===


Running target unix/-mx32 -fpic
UNRESOLVED: gfortran.dg/inline_matmul_24.f90   -O0   scan-tree-dump-times optimized "gamma5[__var_1_do \\\\* 4 \\\\+ __var_2_do]" 1
UNRESOLVED: gfortran.dg/inline_matmul_24.f90   -O1   scan-tree-dump-times optimized "gamma5[__var_1_do \\\\* 4 \\\\+ __var_2_do]" 1
UNRESOLVED: gfortran.dg/inline_matmul_24.f90   -O2   scan-tree-dump-times optimized "gamma5[__var_1_do \\\\* 4 \\\\+ __var_2_do]" 1
UNRESOLVED: gfortran.dg/inline_matmul_24.f90   -O3 -fomit-frame-pointer -funroll-loops -fpeel-loops -ftracer -finline-functions   scan-tree-dump-times optimized "gamma5[__var_1_do \\\\* 4 \\\\+ __var_2_do]" 1
UNRESOLVED: gfortran.dg/inline_matmul_24.f90   -O3 -g   scan-tree-dump-times optimized "gamma5[__var_1_do \\\\* 4 \\\\+ __var_2_do]" 1
UNRESOLVED: gfortran.dg/inline_matmul_24.f90   -Os   scan-tree-dump-times optimized "gamma5[__var_1_do \\\\* 4 \\\\+ __var_2_do]" 1
FAIL: gfortran.dg/pr48636-2.f90   -O   scan-ipa-dump cp "Creating a specialized node of [^\\n\\r]*bar/[0-9]*\\\\."
FAIL: gfortran.dg/pr48636-2.f90   -O   scan-ipa-dump-times cp "Aggregate replacements[^=]*=[^=]*=[^=]*=[^=]*=[^=]*=[^=]*=[^=]*=[^=]*=[^=]*=" 2
FAIL: gfortran.dg/pr48636.f90   -O   scan-ipa-dump inline "IPA hints: loop_iterations"
FAIL: gfortran.dg/pr48636.f90   -O   scan-ipa-dump inline "bar[^\\\\n]*inline copy in MAIN"
FAIL: gfortran.dg/pr79966.f90   -O   scan-ipa-dump inline "Inlined tp_sum into runtptests"

		=== gfortran Summary ===

# of expected passes		47980
# of unexpected failures	5
# of expected failures		104
# of unresolved testcases	6
# of unsupported tests		68
/export/gnu/import/git/gcc-test-x32/bld/gcc/gfortran  version 9.0.0 20181015 (experimental) [trunk revision 265156] (GCC) 

		=== g++ tests ===


Running target unix/-mx32 -fpic
FAIL: c-c++-common/asan/inc.c   -O0   scan-tree-dump-times asan0 "ASAN_" 4
FAIL: g++.dg/ipa/devirt-40.C  -std=gnu++11  scan-tree-dump-not fre3 "\\\\n  OBJ_TYPE_REF"
FAIL: g++.dg/ipa/devirt-40.C  -std=gnu++14  scan-tree-dump-not fre3 "\\\\n  OBJ_TYPE_REF"
FAIL: g++.dg/ipa/devirt-40.C  -std=gnu++98  scan-tree-dump-not fre3 "\\\\n  OBJ_TYPE_REF"
FAIL: g++.dg/ipa/devirt-42.C  -std=gnu++11  scan-ipa-dump-times inline "Discovered a virtual call to a known target" 2
FAIL: g++.dg/ipa/devirt-42.C  -std=gnu++11  scan-tree-dump-times optimized "return 2" 3
FAIL: g++.dg/ipa/devirt-42.C  -std=gnu++14  scan-ipa-dump-times inline "Discovered a virtual call to a known target" 2
FAIL: g++.dg/ipa/devirt-42.C  -std=gnu++14  scan-tree-dump-times optimized "return 2" 3
FAIL: g++.dg/ipa/devirt-42.C  -std=gnu++98  scan-ipa-dump-times inline "Discovered a virtual call to a known target" 2
FAIL: g++.dg/ipa/devirt-42.C  -std=gnu++98  scan-tree-dump-times optimized "return 2" 3
FAIL: g++.dg/ipa/devirt-c-8.C  -std=gnu++11  scan-ipa-dump cp "Discovered a virtual call to a known target.*A::foo"
FAIL: g++.dg/ipa/devirt-c-8.C  -std=gnu++11  scan-tree-dump-times optimized "OBJ_TYPE_REF" 0
FAIL: g++.dg/ipa/devirt-c-8.C  -std=gnu++14  scan-ipa-dump cp "Discovered a virtual call to a known target.*A::foo"
FAIL: g++.dg/ipa/devirt-c-8.C  -std=gnu++14  scan-tree-dump-times optimized "OBJ_TYPE_REF" 0
FAIL: g++.dg/ipa/devirt-c-8.C  -std=gnu++98  scan-ipa-dump cp "Discovered a virtual call to a known target.*A::foo"
FAIL: g++.dg/ipa/devirt-c-8.C  -std=gnu++98  scan-tree-dump-times optimized "OBJ_TYPE_REF" 0
FAIL: g++.dg/ipa/ipa-icf-3.C  -std=gnu++11  scan-ipa-dump icf "Equal symbols: 2"
FAIL: g++.dg/ipa/ipa-icf-3.C  -std=gnu++11  scan-ipa-dump icf "Semantic equality hit:.*bar.*->.*foo.*"
FAIL: g++.dg/ipa/ipa-icf-3.C  -std=gnu++14  scan-ipa-dump icf "Equal symbols: 2"
FAIL: g++.dg/ipa/ipa-icf-3.C  -std=gnu++14  scan-ipa-dump icf "Semantic equality hit:.*bar.*->.*foo.*"
FAIL: g++.dg/ipa/ipa-icf-3.C  -std=gnu++98  scan-ipa-dump icf "Equal symbols: 2"
FAIL: g++.dg/ipa/ipa-icf-3.C  -std=gnu++98  scan-ipa-dump icf "Semantic equality hit:.*bar.*->.*foo.*"
FAIL: g++.dg/pr71694.C  -std=gnu++11  scan-assembler-not movl
FAIL: g++.dg/pr71694.C  -std=gnu++14  scan-assembler-not movl
FAIL: g++.dg/pr71694.C  -std=gnu++98  scan-assembler-not movl
FAIL: g++.dg/pr83239.C  -std=gnu++98 (test for excess errors)
FAIL: g++.dg/guality/pr55665.C   -O2 -flto -fno-use-linker-plugin -flto-partition=none  line 23 p == 40

		=== g++ Summary ===

# of expected passes		127607
# of unexpected failures	27
# of expected failures		531
# of unsupported tests		5124
/export/gnu/import/git/gcc-test-x32/bld/gcc/xg++  version 9.0.0 20181015 (experimental) [trunk revision 265156] (GCC) 

		=== objc tests ===


Running target unix/-mx32 -fpic

		=== objc Summary ===

# of expected passes		2797
# of expected failures		6
# of unsupported tests		68
/export/gnu/import/git/gcc-test-x32/bld/gcc/xgcc  version 9.0.0 20181015 (experimental) [trunk revision 265156] (GCC) 

		=== libatomic tests ===


Running target unix/-mx32 -fpic

		=== libatomic Summary ===

# of expected passes		54
		=== libgomp tests ===


Running target unix/-mx32 -fpic

		=== libgomp Summary ===

# of expected passes		6110
# of expected failures		1
# of unsupported tests		334
		=== libitm tests ===


Running target unix/-mx32 -fpic

		=== libitm Summary ===

# of expected passes		42
# of expected failures		3
# of unsupported tests		1
		=== libstdc++ tests ===


Running target unix/-mx32 -fpic
FAIL: 21_strings/basic_string_view/operators/wchar_t/2.cc execution test
FAIL: experimental/string_view/operators/wchar_t/2.cc execution test
FAIL: libstdc++-prettyprinters/80276.cc whatis p4
FAIL: libstdc++-prettyprinters/80276.cc whatis p4
FAIL: libstdc++-prettyprinters/cxx17.cc print p
FAIL: libstdc++-prettyprinters/cxx17.cc print p
FAIL: libstdc++-prettyprinters/cxx17.cc print q
FAIL: libstdc++-prettyprinters/cxx17.cc print q
FAIL: libstdc++-prettyprinters/cxx17.cc print wp
FAIL: libstdc++-prettyprinters/cxx17.cc print wp
FAIL: libstdc++-prettyprinters/cxx17.cc print wq
FAIL: libstdc++-prettyprinters/cxx17.cc print wq
FAIL: libstdc++-prettyprinters/shared_ptr.cc print sp1
FAIL: libstdc++-prettyprinters/shared_ptr.cc print sp1
FAIL: libstdc++-prettyprinters/shared_ptr.cc print wp1
FAIL: libstdc++-prettyprinters/shared_ptr.cc print wp1
FAIL: libstdc++-prettyprinters/shared_ptr.cc print wp2
FAIL: libstdc++-prettyprinters/shared_ptr.cc print wp2

		=== libstdc++ Summary ===

# of expected passes		13323
# of unexpected failures	18
# of expected failures		77
# of unsupported tests		273

Compiler version: 9.0.0 20181015 (experimental) [trunk revision 265156] (GCC) 
Platform: x86_64-pc-linux-gnu
configure flags: --prefix=/usr/9.0.0 --enable-clocale=gnu --with-system-zlib --enable-shared --enable-cet --with-demangler-in-ld --enable-libmpx --with-multilib-list=m32,m64,mx32 --with-fpmath=sse



More information about the Gcc-testresults mailing list